I20260710 10:59:54.124136 20923 raft_consensus.cc:359] T d241126869c940ed9dad1bcef738ee8e P d6d9c6b42117474f8559ed9da2ae7821 [term 0 FOLLOWER]: Replica starting. Triggering 0 pending ops. Active config: opid_index: -1 OBSOLETE_local: false peers { permanent_uuid: "d6d9c6b42117474f8559ed9da2ae7821" member_type: VOTER last_known_addr { host: "127.19.163.1" port: 35089 } } peers { permanent_uuid: "610ed5b45afd4742a73781629274f795" member_type: VOTER last_known_addr { host: "127.19.163.2" port: 40099 } } peers { permanent_uuid: "a9e520fd521f4fbabac709c244cc3c77" member_type: VOTER last_known_addr { host: "127.19.163.3" port: 44613 } }
I20260710 10:59:54.124884 20923 raft_consensus.cc:385] T d241126869c940ed9dad1bcef738ee8e P d6d9c6b42117474f8559ed9da2ae7821 [term 0 FOLLOWER]: Consensus starting up: Expiring failure detector timer to make a prompt election more likely
I20260710 10:59:54.125280 20923 raft_consensus.cc:740] T d241126869c940ed9dad1bcef738ee8e P d6d9c6b42117474f8559ed9da2ae7821 [term 0 FOLLOWER]: Becoming Follower/Learner. State: Replica: d6d9c6b42117474f8559ed9da2ae7821, State: Initialized, Role: FOLLOWER
I20260710 10:59:54.124936 20925 raft_consensus.cc:359] T 1ed5f2b651014491a4c4685fd7559e13 P a9e520fd521f4fbabac709c244cc3c77 [term 0 FOLLOWER]: Replica starting. Triggering 0 pending ops. Active config: opid_index: -1 OBSOLETE_local: false peers { permanent_uuid: "d6d9c6b42117474f8559ed9da2ae7821" member_type: VOTER last_known_addr { host: "127.19.163.1" port: 35089 } } peers { permanent_uuid: "a9e520fd521f4fbabac709c244cc3c77" member_type: VOTER last_known_addr { host: "127.19.163.3" port: 44613 } } peers { permanent_uuid: "610ed5b45afd4742a73781629274f795" member_type: VOTER last_known_addr { host: "127.19.163.2" port: 40099 } }
I20260710 10:59:54.125851 20925 raft_consensus.cc:385] T 1ed5f2b651014491a4c4685fd7559e13 P a9e520fd521f4fbabac709c244cc3c77 [term 0 FOLLOWER]: Consensus starting up: Expiring failure detector timer to make a prompt election more likely
I20260710 10:59:54.126178 20925 raft_consensus.cc:740] T 1ed5f2b651014491a4c4685fd7559e13 P a9e520fd521f4fbabac709c244cc3c77 [term 0 FOLLOWER]: Becoming Follower/Learner. State: Replica: a9e520fd521f4fbabac709c244cc3c77, State: Initialized, Role: FOLLOWER
I20260710 10:59:54.126135 20923 consensus_queue.cc:260] T d241126869c940ed9dad1bcef738ee8e P d6d9c6b42117474f8559ed9da2ae7821 [NON_LEADER]: Queue going to NON_LEADER mode. State: All replicated index: 0, Majority replicated index: 0, Committed index: 0, Last appended: 0.0, Last appended by leader: 0, Current term: 0, Majority size: -1, State: 0, Mode: NON_LEADER, active raft config: opid_index: -1 OBSOLETE_local: false peers { permanent_uuid: "d6d9c6b42117474f8559ed9da2ae7821" member_type: VOTER last_known_addr { host: "127.19.163.1" port: 35089 } } peers { permanent_uuid: "610ed5b45afd4742a73781629274f795" member_type: VOTER last_known_addr { host: "127.19.163.2" port: 40099 } } peers { permanent_uuid: "a9e520fd521f4fbabac709c244cc3c77" member_type: VOTER last_known_addr { host: "127.19.163.3" port: 44613 } }
I20260710 10:59:54.127295 20925 consensus_queue.cc:260] T 1ed5f2b651014491a4c4685fd7559e13 P a9e520fd521f4fbabac709c244cc3c77 [NON_LEADER]: Queue going to NON_LEADER mode. State: All replicated index: 0, Majority replicated index: 0, Committed index: 0, Last appended: 0.0, Last appended by leader: 0, Current term: 0, Majority size: -1, State: 0, Mode: NON_LEADER, active raft config: opid_index: -1 OBSOLETE_local: false peers { permanent_uuid: "d6d9c6b42117474f8559ed9da2ae7821" member_type: VOTER last_known_addr { host: "127.19.163.1" port: 35089 } } peers { permanent_uuid: "a9e520fd521f4fbabac709c244cc3c77" member_type: VOTER last_known_addr { host: "127.19.163.3" port: 44613 } } peers { permanent_uuid: "610ed5b45afd4742a73781629274f795" member_type: VOTER last_known_addr { host: "127.19.163.2" port: 40099 } }
I20260710 10:59:54.128860 20923 ts_tablet_manager.cc:1434] T d241126869c940ed9dad1bcef738ee8e P d6d9c6b42117474f8559ed9da2ae7821: Time spent starting tablet: real 0.008s	user 0.006s	sys 0.000s
I20260710 10:59:54.129793 20923 tablet_bootstrap.cc:492] T 97e78b4519c344cba5d4656faf960596 P d6d9c6b42117474f8559ed9da2ae7821: Bootstrap starting.
W20260710 10:59:54.131615 20680 auto_rebalancer.cc:288] Could not retrieve cluster info: Service unavailable: Tablet not running
I20260710 10:59:54.133947 20925 ts_tablet_manager.cc:1434] T 1ed5f2b651014491a4c4685fd7559e13 P a9e520fd521f4fbabac709c244cc3c77: Time spent starting tablet: real 0.012s	user 0.007s	sys 0.001s
I20260710 10:59:54.135529 20925 tablet_bootstrap.cc:492] T d241126869c940ed9dad1bcef738ee8e P a9e520fd521f4fbabac709c244cc3c77: Bootstrap starting.
I20260710 10:59:54.139907 20923 tablet_bootstrap.cc:654] T 97e78b4519c344cba5d4656faf960596 P d6d9c6b42117474f8559ed9da2ae7821: Neither blocks nor log segments found. Creating new log.
I20260710 10:59:54.143287 20928 tablet_bootstrap.cc:492] T 47e1995a6867444c8d00ef3cb3db0e37 P 610ed5b45afd4742a73781629274f795: No bootstrap required, opened a new log
I20260710 10:59:54.143868 20928 ts_tablet_manager.cc:1403] T 47e1995a6867444c8d00ef3cb3db0e37 P 610ed5b45afd4742a73781629274f795: Time spent bootstrapping tablet: real 0.028s	user 0.015s	sys 0.012s
I20260710 10:59:54.147413 20928 raft_consensus.cc:359] T 47e1995a6867444c8d00ef3cb3db0e37 P 610ed5b45afd4742a73781629274f795 [term 0 FOLLOWER]: Replica starting. Triggering 0 pending ops. Active config: opid_index: -1 OBSOLETE_local: false peers { permanent_uuid: "d6d9c6b42117474f8559ed9da2ae7821" member_type: VOTER last_known_addr { host: "127.19.163.1" port: 35089 } } peers { permanent_uuid: "610ed5b45afd4742a73781629274f795" member_type: VOTER last_known_addr { host: "127.19.163.2" port: 40099 } } peers { permanent_uuid: "a9e520fd521f4fbabac709c244cc3c77" member_type: VOTER last_known_addr { host: "127.19.163.3" port: 44613 } }
I20260710 10:59:54.148252 20928 raft_consensus.cc:385] T 47e1995a6867444c8d00ef3cb3db0e37 P 610ed5b45afd4742a73781629274f795 [term 0 FOLLOWER]: Consensus starting up: Expiring failure detector timer to make a prompt election more likely
I20260710 10:59:54.148648 20928 raft_consensus.cc:740] T 47e1995a6867444c8d00ef3cb3db0e37 P 610ed5b45afd4742a73781629274f795 [term 0 FOLLOWER]: Becoming Follower/Learner. State: Replica: 610ed5b45afd4742a73781629274f795, State: Initialized, Role: FOLLOWER
I20260710 10:59:54.148954 20937 raft_consensus.cc:493] T d241126869c940ed9dad1bcef738ee8e P d6d9c6b42117474f8559ed9da2ae7821 [term 0 FOLLOWER]: Starting pre-election (no leader contacted us within the election timeout)
I20260710 10:59:54.149462 20937 raft_consensus.cc:515] T d241126869c940ed9dad1bcef738ee8e P d6d9c6b42117474f8559ed9da2ae7821 [term 0 FOLLOWER]: Starting pre-election with config: opid_index: -1 OBSOLETE_local: false peers { permanent_uuid: "d6d9c6b42117474f8559ed9da2ae7821" member_type: VOTER last_known_addr { host: "127.19.163.1" port: 35089 } } peers { permanent_uuid: "610ed5b45afd4742a73781629274f795" member_type: VOTER last_known_addr { host: "127.19.163.2" port: 40099 } } peers { permanent_uuid: "a9e520fd521f4fbabac709c244cc3c77" member_type: VOTER last_known_addr { host: "127.19.163.3" port: 44613 } }
I20260710 10:59:54.149578 20928 consensus_queue.cc:260] T 47e1995a6867444c8d00ef3cb3db0e37 P 610ed5b45afd4742a73781629274f795 [NON_LEADER]: Queue going to NON_LEADER mode. State: All replicated index: 0, Majority replicated index: 0, Committed index: 0, Last appended: 0.0, Last appended by leader: 0, Current term: 0, Majority size: -1, State: 0, Mode: NON_LEADER, active raft config: opid_index: -1 OBSOLETE_local: false peers { permanent_uuid: "d6d9c6b42117474f8559ed9da2ae7821" member_type: VOTER last_known_addr { host: "127.19.163.1" port: 35089 } } peers { permanent_uuid: "610ed5b45afd4742a73781629274f795" member_type: VOTER last_known_addr { host: "127.19.163.2" port: 40099 } } peers { permanent_uuid: "a9e520fd521f4fbabac709c244cc3c77" member_type: VOTER last_known_addr { host: "127.19.163.3" port: 44613 } }
I20260710 10:59:54.151548 20925 tablet_bootstrap.cc:654] T d241126869c940ed9dad1bcef738ee8e P a9e520fd521f4fbabac709c244cc3c77: Neither blocks nor log segments found. Creating new log.
I20260710 10:59:54.151626 20937 leader_election.cc:290] T d241126869c940ed9dad1bcef738ee8e P d6d9c6b42117474f8559ed9da2ae7821 [CANDIDATE]: Term 1 pre-election: Requested pre-vote from peers 610ed5b45afd4742a73781629274f795 (127.19.163.2:40099), a9e520fd521f4fbabac709c244cc3c77 (127.19.163.3:44613)
I20260710 10:59:54.152366 20928 ts_tablet_manager.cc:1434] T 47e1995a6867444c8d00ef3cb3db0e37 P 610ed5b45afd4742a73781629274f795: Time spent starting tablet: real 0.008s	user 0.007s	sys 0.000s
I20260710 10:59:54.153483 20928 tablet_bootstrap.cc:492] T 3398f417e0f14721bf71c0becc8c1e07 P 610ed5b45afd4742a73781629274f795: Bootstrap starting.
I20260710 10:59:54.154022 20809 tablet_service.cc:1917] Received RequestConsensusVote() RPC: tablet_id: "d241126869c940ed9dad1bcef738ee8e" candidate_uuid: "d6d9c6b42117474f8559ed9da2ae7821" candidate_term: 1 candidate_status { last_received { term: 0 index: 0 } } ignore_live_leader: false dest_uuid: "610ed5b45afd4742a73781629274f795" is_pre_election: true
I20260710 10:59:54.154651 20809 raft_consensus.cc:2468] T d241126869c940ed9dad1bcef738ee8e P 610ed5b45afd4742a73781629274f795 [term 0 FOLLOWER]: Leader pre-election vote request: Granting yes vote for candidate d6d9c6b42117474f8559ed9da2ae7821 in term 0.
I20260710 10:59:54.155884 20699 leader_election.cc:304] T d241126869c940ed9dad1bcef738ee8e P d6d9c6b42117474f8559ed9da2ae7821 [CANDIDATE]: Term 1 pre-election: Election decided. Result: candidate won. Election summary: received 2 responses out of 3 voters: 2 yes votes; 0 no votes. yes voters: 610ed5b45afd4742a73781629274f795, d6d9c6b42117474f8559ed9da2ae7821; no voters: 
I20260710 10:59:54.156992 20883 tablet_service.cc:1917] Received RequestConsensusVote() RPC: tablet_id: "d241126869c940ed9dad1bcef738ee8e" candidate_uuid: "d6d9c6b42117474f8559ed9da2ae7821" candidate_term: 1 candidate_status { last_received { term: 0 index: 0 } } ignore_live_leader: false dest_uuid: "a9e520fd521f4fbabac709c244cc3c77" is_pre_election: true
W20260710 10:59:54.158402 20698 leader_election.cc:343] T d241126869c940ed9dad1bcef738ee8e P d6d9c6b42117474f8559ed9da2ae7821 [CANDIDATE]: Term 1 pre-election: Tablet error from VoteRequest() call to peer a9e520fd521f4fbabac709c244cc3c77 (127.19.163.3:44613): Illegal state: must be running to vote when last-logged opid is not known
I20260710 10:59:54.159312 20937 raft_consensus.cc:2804] T d241126869c940ed9dad1bcef738ee8e P d6d9c6b42117474f8559ed9da2ae7821 [term 0 FOLLOWER]: Leader pre-election won for term 1
I20260710 10:59:54.159693 20937 raft_consensus.cc:493] T d241126869c940ed9dad1bcef738ee8e P d6d9c6b42117474f8559ed9da2ae7821 [term 0 FOLLOWER]: Starting leader election (no leader contacted us within the election timeout)
I20260710 10:59:54.160002 20937 raft_consensus.cc:3060] T d241126869c940ed9dad1bcef738ee8e P d6d9c6b42117474f8559ed9da2ae7821 [term 0 FOLLOWER]: Advancing to term 1
I20260710 10:59:54.162426 20928 tablet_bootstrap.cc:654] T 3398f417e0f14721bf71c0becc8c1e07 P 610ed5b45afd4742a73781629274f795: Neither blocks nor log segments found. Creating new log.
I20260710 10:59:54.167260 20937 raft_consensus.cc:515] T d241126869c940ed9dad1bcef738ee8e P d6d9c6b42117474f8559ed9da2ae7821 [term 1 FOLLOWER]: Starting leader election with config: opid_index: -1 OBSOLETE_local: false peers { permanent_uuid: "d6d9c6b42117474f8559ed9da2ae7821" member_type: VOTER last_known_addr { host: "127.19.163.1" port: 35089 } } peers { permanent_uuid: "610ed5b45afd4742a73781629274f795" member_type: VOTER last_known_addr { host: "127.19.163.2" port: 40099 } } peers { permanent_uuid: "a9e520fd521f4fbabac709c244cc3c77" member_type: VOTER last_known_addr { host: "127.19.163.3" port: 44613 } }
I20260710 10:59:54.169965 20925 tablet_bootstrap.cc:492] T d241126869c940ed9dad1bcef738ee8e P a9e520fd521f4fbabac709c244cc3c77: No bootstrap required, opened a new log
I20260710 10:59:54.170307 20809 tablet_service.cc:1917] Received RequestConsensusVote() RPC: tablet_id: "d241126869c940ed9dad1bcef738ee8e" candidate_uuid: "d6d9c6b42117474f8559ed9da2ae7821" candidate_term: 1 candidate_status { last_received { term: 0 index: 0 } } ignore_live_leader: false dest_uuid: "610ed5b45afd4742a73781629274f795"
I20260710 10:59:54.170519 20925 ts_tablet_manager.cc:1403] T d241126869c940ed9dad1bcef738ee8e P a9e520fd521f4fbabac709c244cc3c77: Time spent bootstrapping tablet: real 0.035s	user 0.013s	sys 0.011s
I20260710 10:59:54.170948 20809 raft_consensus.cc:3060] T d241126869c940ed9dad1bcef738ee8e P 610ed5b45afd4742a73781629274f795 [term 0 FOLLOWER]: Advancing to term 1
I20260710 10:59:54.172274 20937 leader_election.cc:290] T d241126869c940ed9dad1bcef738ee8e P d6d9c6b42117474f8559ed9da2ae7821 [CANDIDATE]: Term 1 election: Requested vote from peers 610ed5b45afd4742a73781629274f795 (127.19.163.2:40099), a9e520fd521f4fbabac709c244cc3c77 (127.19.163.3:44613)
I20260710 10:59:54.174036 20925 raft_consensus.cc:359] T d241126869c940ed9dad1bcef738ee8e P a9e520fd521f4fbabac709c244cc3c77 [term 0 FOLLOWER]: Replica starting. Triggering 0 pending ops. Active config: opid_index: -1 OBSOLETE_local: false peers { permanent_uuid: "d6d9c6b42117474f8559ed9da2ae7821" member_type: VOTER last_known_addr { host: "127.19.163.1" port: 35089 } } peers { permanent_uuid: "610ed5b45afd4742a73781629274f795" member_type: VOTER last_known_addr { host: "127.19.163.2" port: 40099 } } peers { permanent_uuid: "a9e520fd521f4fbabac709c244cc3c77" member_type: VOTER last_known_addr { host: "127.19.163.3" port: 44613 } }
I20260710 10:59:54.174602 20923 tablet_bootstrap.cc:492] T 97e78b4519c344cba5d4656faf960596 P d6d9c6b42117474f8559ed9da2ae7821: No bootstrap required, opened a new log
I20260710 10:59:54.174911 20925 raft_consensus.cc:385] T d241126869c940ed9dad1bcef738ee8e P a9e520fd521f4fbabac709c244cc3c77 [term 0 FOLLOWER]: Consensus starting up: Expiring failure detector timer to make a prompt election more likely
I20260710 10:59:54.175276 20925 raft_consensus.cc:740] T d241126869c940ed9dad1bcef738ee8e P a9e520fd521f4fbabac709c244cc3c77 [term 0 FOLLOWER]: Becoming Follower/Learner. State: Replica: a9e520fd521f4fbabac709c244cc3c77, State: Initialized, Role: FOLLOWER
I20260710 10:59:54.175931 20926 raft_consensus.cc:515] T e797929f0ead425aa65c4702b2e853e3 P d6d9c6b42117474f8559ed9da2ae7821 [term 1 FOLLOWER]: Starting leader election with config: opid_index: -1 OBSOLETE_local: false peers { permanent_uuid: "d6d9c6b42117474f8559ed9da2ae7821" member_type: VOTER last_known_addr { host: "127.19.163.1" port: 35089 } } peers { permanent_uuid: "610ed5b45afd4742a73781629274f795" member_type: VOTER last_known_addr { host: "127.19.163.2" port: 40099 } } peers { permanent_uuid: "a9e520fd521f4fbabac709c244cc3c77" member_type: VOTER last_known_addr { host: "127.19.163.3" port: 44613 } }
I20260710 10:59:54.176316 20925 consensus_queue.cc:260] T d241126869c940ed9dad1bcef738ee8e P a9e520fd521f4fbabac709c244cc3c77 [NON_LEADER]: Queue going to NON_LEADER mode. State: All replicated index: 0, Majority replicated index: 0, Committed index: 0, Last appended: 0.0, Last appended by leader: 0, Current term: 0, Majority size: -1, State: 0, Mode: NON_LEADER, active raft config: opid_index: -1 OBSOLETE_local: false peers { permanent_uuid: "d6d9c6b42117474f8559ed9da2ae7821" member_type: VOTER last_known_addr { host: "127.19.163.1" port: 35089 } } peers { permanent_uuid: "610ed5b45afd4742a73781629274f795" member_type: VOTER last_known_addr { host: "127.19.163.2" port: 40099 } } peers { permanent_uuid: "a9e520fd521f4fbabac709c244cc3c77" member_type: VOTER last_known_addr { host: "127.19.163.3" port: 44613 } }
I20260710 10:59:54.175282 20923 ts_tablet_manager.cc:1403] T 97e78b4519c344cba5d4656faf960596 P d6d9c6b42117474f8559ed9da2ae7821: Time spent bootstrapping tablet: real 0.046s	user 0.017s	sys 0.001s
I20260710 10:59:54.178651 20809 raft_consensus.cc:2468] T d241126869c940ed9dad1bcef738ee8e P 610ed5b45afd4742a73781629274f795 [term 1 FOLLOWER]: Leader election vote request: Granting yes vote for candidate d6d9c6b42117474f8559ed9da2ae7821 in term 1.
I20260710 10:59:54.179831 20883 tablet_service.cc:1917] Received RequestConsensusVote() RPC: tablet_id: "d241126869c940ed9dad1bcef738ee8e" candidate_uuid: "d6d9c6b42117474f8559ed9da2ae7821" candidate_term: 1 candidate_status { last_received { term: 0 index: 0 } } ignore_live_leader: false dest_uuid: "a9e520fd521f4fbabac709c244cc3c77"
I20260710 10:59:54.180459 20883 raft_consensus.cc:3060] T d241126869c940ed9dad1bcef738ee8e P a9e520fd521f4fbabac709c244cc3c77 [term 0 FOLLOWER]: Advancing to term 1
I20260710 10:59:54.181304 20699 leader_election.cc:304] T d241126869c940ed9dad1bcef738ee8e P d6d9c6b42117474f8559ed9da2ae7821 [CANDIDATE]: Term 1 election: Election decided. Result: candidate won. Election summary: received 2 responses out of 3 voters: 2 yes votes; 0 no votes. yes voters: 610ed5b45afd4742a73781629274f795, d6d9c6b42117474f8559ed9da2ae7821; no voters: 
I20260710 10:59:54.182190 20882 tablet_service.cc:1917] Received RequestConsensusVote() RPC: tablet_id: "e797929f0ead425aa65c4702b2e853e3" candidate_uuid: "d6d9c6b42117474f8559ed9da2ae7821" candidate_term: 1 candidate_status { last_received { term: 0 index: 0 } } ignore_live_leader: false dest_uuid: "a9e520fd521f4fbabac709c244cc3c77"
I20260710 10:59:54.182564 20923 raft_consensus.cc:359] T 97e78b4519c344cba5d4656faf960596 P d6d9c6b42117474f8559ed9da2ae7821 [term 0 FOLLOWER]: Replica starting. Triggering 0 pending ops. Active config: opid_index: -1 OBSOLETE_local: false peers { permanent_uuid: "d6d9c6b42117474f8559ed9da2ae7821" member_type: VOTER last_known_addr { host: "127.19.163.1" port: 35089 } } peers { permanent_uuid: "610ed5b45afd4742a73781629274f795" member_type: VOTER last_known_addr { host: "127.19.163.2" port: 40099 } } peers { permanent_uuid: "a9e520fd521f4fbabac709c244cc3c77" member_type: VOTER last_known_addr { host: "127.19.163.3" port: 44613 } }
I20260710 10:59:54.182840 20882 raft_consensus.cc:3060] T e797929f0ead425aa65c4702b2e853e3 P a9e520fd521f4fbabac709c244cc3c77 [term 0 FOLLOWER]: Advancing to term 1
I20260710 10:59:54.182884 20808 tablet_service.cc:1917] Received RequestConsensusVote() RPC: tablet_id: "e797929f0ead425aa65c4702b2e853e3" candidate_uuid: "d6d9c6b42117474f8559ed9da2ae7821" candidate_term: 1 candidate_status { last_received { term: 0 index: 0 } } ignore_live_leader: false dest_uuid: "610ed5b45afd4742a73781629274f795"
I20260710 10:59:54.183317 20923 raft_consensus.cc:385] T 97e78b4519c344cba5d4656faf960596 P d6d9c6b42117474f8559ed9da2ae7821 [term 0 FOLLOWER]: Consensus starting up: Expiring failure detector timer to make a prompt election more likely
I20260710 10:59:54.183710 20923 raft_consensus.cc:740] T 97e78b4519c344cba5d4656faf960596 P d6d9c6b42117474f8559ed9da2ae7821 [term 0 FOLLOWER]: Becoming Follower/Learner. State: Replica: d6d9c6b42117474f8559ed9da2ae7821, State: Initialized, Role: FOLLOWER
W20260710 10:59:54.184530 20699 leader_election.cc:343] T e797929f0ead425aa65c4702b2e853e3 P d6d9c6b42117474f8559ed9da2ae7821 [CANDIDATE]: Term 1 election: Tablet error from VoteRequest() call to peer 610ed5b45afd4742a73781629274f795 (127.19.163.2:40099): Illegal state: must be running to vote when last-logged opid is not known
I20260710 10:59:54.184566 20923 consensus_queue.cc:260] T 97e78b4519c344cba5d4656faf960596 P d6d9c6b42117474f8559ed9da2ae7821 [NON_LEADER]: Queue going to NON_LEADER mode. State: All replicated index: 0, Majority replicated index: 0, Committed index: 0, Last appended: 0.0, Last appended by leader: 0, Current term: 0, Majority size: -1, State: 0, Mode: NON_LEADER, active raft config: opid_index: -1 OBSOLETE_local: false peers { permanent_uuid: "d6d9c6b42117474f8559ed9da2ae7821" member_type: VOTER last_known_addr { host: "127.19.163.1" port: 35089 } } peers { permanent_uuid: "610ed5b45afd4742a73781629274f795" member_type: VOTER last_known_addr { host: "127.19.163.2" port: 40099 } } peers { permanent_uuid: "a9e520fd521f4fbabac709c244cc3c77" member_type: VOTER last_known_addr { host: "127.19.163.3" port: 44613 } }
I20260710 10:59:54.179028 20925 ts_tablet_manager.cc:1434] T d241126869c940ed9dad1bcef738ee8e P a9e520fd521f4fbabac709c244cc3c77: Time spent starting tablet: real 0.008s	user 0.005s	sys 0.000s
I20260710 10:59:54.186357 20925 tablet_bootstrap.cc:492] T 97e78b4519c344cba5d4656faf960596 P a9e520fd521f4fbabac709c244cc3c77: Bootstrap starting.
I20260710 10:59:54.187546 20937 raft_consensus.cc:2804] T d241126869c940ed9dad1bcef738ee8e P d6d9c6b42117474f8559ed9da2ae7821 [term 1 FOLLOWER]: Leader election won for term 1
I20260710 10:59:54.170334 20928 tablet_bootstrap.cc:492] T 3398f417e0f14721bf71c0becc8c1e07 P 610ed5b45afd4742a73781629274f795: No bootstrap required, opened a new log
I20260710 10:59:54.194691 20928 ts_tablet_manager.cc:1403] T 3398f417e0f14721bf71c0becc8c1e07 P 610ed5b45afd4742a73781629274f795: Time spent bootstrapping tablet: real 0.041s	user 0.015s	sys 0.000s
I20260710 10:59:54.198446 20923 ts_tablet_manager.cc:1434] T 97e78b4519c344cba5d4656faf960596 P d6d9c6b42117474f8559ed9da2ae7821: Time spent starting tablet: real 0.019s	user 0.013s	sys 0.004s
I20260710 10:59:54.199505 20923 tablet_bootstrap.cc:492] T 402c3df4825643afb22bd97cd6a5a621 P d6d9c6b42117474f8559ed9da2ae7821: Bootstrap starting.
I20260710 10:59:54.199936 20928 raft_consensus.cc:359] T 3398f417e0f14721bf71c0becc8c1e07 P 610ed5b45afd4742a73781629274f795 [term 0 FOLLOWER]: Replica starting. Triggering 0 pending ops. Active config: opid_index: -1 OBSOLETE_local: false peers { permanent_uuid: "d6d9c6b42117474f8559ed9da2ae7821" member_type: VOTER last_known_addr { host: "127.19.163.1" port: 35089 } } peers { permanent_uuid: "610ed5b45afd4742a73781629274f795" member_type: VOTER last_known_addr { host: "127.19.163.2" port: 40099 } } peers { permanent_uuid: "a9e520fd521f4fbabac709c244cc3c77" member_type: VOTER last_known_addr { host: "127.19.163.3" port: 44613 } }
I20260710 10:59:54.200248 20883 raft_consensus.cc:2468] T d241126869c940ed9dad1bcef738ee8e P a9e520fd521f4fbabac709c244cc3c77 [term 1 FOLLOWER]: Leader election vote request: Granting yes vote for candidate d6d9c6b42117474f8559ed9da2ae7821 in term 1.
I20260710 10:59:54.200762 20928 raft_consensus.cc:385] T 3398f417e0f14721bf71c0becc8c1e07 P 610ed5b45afd4742a73781629274f795 [term 0 FOLLOWER]: Consensus starting up: Expiring failure detector timer to make a prompt election more likely
I20260710 10:59:54.191133 20926 leader_election.cc:290] T e797929f0ead425aa65c4702b2e853e3 P d6d9c6b42117474f8559ed9da2ae7821 [CANDIDATE]: Term 1 election: Requested vote from peers 610ed5b45afd4742a73781629274f795 (127.19.163.2:40099), a9e520fd521f4fbabac709c244cc3c77 (127.19.163.3:44613)
I20260710 10:59:54.201171 20928 raft_consensus.cc:740] T 3398f417e0f14721bf71c0becc8c1e07 P 610ed5b45afd4742a73781629274f795 [term 0 FOLLOWER]: Becoming Follower/Learner. State: Replica: 610ed5b45afd4742a73781629274f795, State: Initialized, Role: FOLLOWER
I20260710 10:59:54.193509 20937 raft_consensus.cc:697] T d241126869c940ed9dad1bcef738ee8e P d6d9c6b42117474f8559ed9da2ae7821 [term 1 LEADER]: Becoming Leader. State: Replica: d6d9c6b42117474f8559ed9da2ae7821, State: Running, Role: LEADER
I20260710 10:59:54.194775 20925 tablet_bootstrap.cc:654] T 97e78b4519c344cba5d4656faf960596 P a9e520fd521f4fbabac709c244cc3c77: Neither blocks nor log segments found. Creating new log.
I20260710 10:59:54.202196 20928 consensus_queue.cc:260] T 3398f417e0f14721bf71c0becc8c1e07 P 610ed5b45afd4742a73781629274f795 [NON_LEADER]: Queue going to NON_LEADER mode. State: All replicated index: 0, Majority replicated index: 0, Committed index: 0, Last appended: 0.0, Last appended by leader: 0, Current term: 0, Majority size: -1, State: 0, Mode: NON_LEADER, active raft config: opid_index: -1 OBSOLETE_local: false peers { permanent_uuid: "d6d9c6b42117474f8559ed9da2ae7821" member_type: VOTER last_known_addr { host: "127.19.163.1" port: 35089 } } peers { permanent_uuid: "610ed5b45afd4742a73781629274f795" member_type: VOTER last_known_addr { host: "127.19.163.2" port: 40099 } } peers { permanent_uuid: "a9e520fd521f4fbabac709c244cc3c77" member_type: VOTER last_known_addr { host: "127.19.163.3" port: 44613 } }
I20260710 10:59:54.190646 20882 raft_consensus.cc:2468] T e797929f0ead425aa65c4702b2e853e3 P a9e520fd521f4fbabac709c244cc3c77 [term 1 FOLLOWER]: Leader election vote request: Granting yes vote for candidate d6d9c6b42117474f8559ed9da2ae7821 in term 1.
I20260710 10:59:54.205852 20698 leader_election.cc:304] T e797929f0ead425aa65c4702b2e853e3 P d6d9c6b42117474f8559ed9da2ae7821 [CANDIDATE]: Term 1 election: Election decided. Result: candidate won. Election summary: received 3 responses out of 3 voters: 2 yes votes; 1 no votes. yes voters: a9e520fd521f4fbabac709c244cc3c77, d6d9c6b42117474f8559ed9da2ae7821; no voters: 610ed5b45afd4742a73781629274f795
I20260710 10:59:54.207396 20923 tablet_bootstrap.cc:654] T 402c3df4825643afb22bd97cd6a5a621 P d6d9c6b42117474f8559ed9da2ae7821: Neither blocks nor log segments found. Creating new log.
I20260710 10:59:54.207736 20926 raft_consensus.cc:2804] T e797929f0ead425aa65c4702b2e853e3 P d6d9c6b42117474f8559ed9da2ae7821 [term 1 FOLLOWER]: Leader election won for term 1
I20260710 10:59:54.208544 20926 raft_consensus.cc:697] T e797929f0ead425aa65c4702b2e853e3 P d6d9c6b42117474f8559ed9da2ae7821 [term 1 LEADER]: Becoming Leader. State: Replica: d6d9c6b42117474f8559ed9da2ae7821, State: Running, Role: LEADER
I20260710 10:59:54.209072 20928 ts_tablet_manager.cc:1434] T 3398f417e0f14721bf71c0becc8c1e07 P 610ed5b45afd4742a73781629274f795: Time spent starting tablet: real 0.012s	user 0.006s	sys 0.000s
I20260710 10:59:54.205878 20937 consensus_queue.cc:237] T d241126869c940ed9dad1bcef738ee8e P d6d9c6b42117474f8559ed9da2ae7821 [LEADER]: Queue going to LEADER mode. State: All replicated index: 0, Majority replicated index: 0, Committed index: 0, Last appended: 0.0, Last appended by leader: 0, Current term: 1, Majority size: 2, State: 0, Mode: LEADER, active raft config: opid_index: -1 OBSOLETE_local: false peers { permanent_uuid: "d6d9c6b42117474f8559ed9da2ae7821" member_type: VOTER last_known_addr { host: "127.19.163.1" port: 35089 } } peers { permanent_uuid: "610ed5b45afd4742a73781629274f795" member_type: VOTER last_known_addr { host: "127.19.163.2" port: 40099 } } peers { permanent_uuid: "a9e520fd521f4fbabac709c244cc3c77" member_type: VOTER last_known_addr { host: "127.19.163.3" port: 44613 } }
I20260710 10:59:54.212384 20928 tablet_bootstrap.cc:492] T 402c3df4825643afb22bd97cd6a5a621 P 610ed5b45afd4742a73781629274f795: Bootstrap starting.
I20260710 10:59:54.212589 20925 tablet_bootstrap.cc:492] T 97e78b4519c344cba5d4656faf960596 P a9e520fd521f4fbabac709c244cc3c77: No bootstrap required, opened a new log
I20260710 10:59:54.213006 20925 ts_tablet_manager.cc:1403] T 97e78b4519c344cba5d4656faf960596 P a9e520fd521f4fbabac709c244cc3c77: Time spent bootstrapping tablet: real 0.027s	user 0.015s	sys 0.000s
I20260710 10:59:54.211053 20926 consensus_queue.cc:237] T e797929f0ead425aa65c4702b2e853e3 P d6d9c6b42117474f8559ed9da2ae7821 [LEADER]: Queue going to LEADER mode. State: All replicated index: 0, Majority replicated index: 0, Committed index: 0, Last appended: 0.0, Last appended by leader: 0, Current term: 1, Majority size: 2, State: 0, Mode: LEADER, active raft config: opid_index: -1 OBSOLETE_local: false peers { permanent_uuid: "d6d9c6b42117474f8559ed9da2ae7821" member_type: VOTER last_known_addr { host: "127.19.163.1" port: 35089 } } peers { permanent_uuid: "610ed5b45afd4742a73781629274f795" member_type: VOTER last_known_addr { host: "127.19.163.2" port: 40099 } } peers { permanent_uuid: "a9e520fd521f4fbabac709c244cc3c77" member_type: VOTER last_known_addr { host: "127.19.163.3" port: 44613 } }
I20260710 10:59:54.215607 20925 raft_consensus.cc:359] T 97e78b4519c344cba5d4656faf960596 P a9e520fd521f4fbabac709c244cc3c77 [term 0 FOLLOWER]: Replica starting. Triggering 0 pending ops. Active config: opid_index: -1 OBSOLETE_local: false peers { permanent_uuid: "d6d9c6b42117474f8559ed9da2ae7821" member_type: VOTER last_known_addr { host: "127.19.163.1" port: 35089 } } peers { permanent_uuid: "610ed5b45afd4742a73781629274f795" member_type: VOTER last_known_addr { host: "127.19.163.2" port: 40099 } } peers { permanent_uuid: "a9e520fd521f4fbabac709c244cc3c77" member_type: VOTER last_known_addr { host: "127.19.163.3" port: 44613 } }
I20260710 10:59:54.216276 20925 raft_consensus.cc:385] T 97e78b4519c344cba5d4656faf960596 P a9e520fd521f4fbabac709c244cc3c77 [term 0 FOLLOWER]: Consensus starting up: Expiring failure detector timer to make a prompt election more likely
I20260710 10:59:54.216548 20925 raft_consensus.cc:740] T 97e78b4519c344cba5d4656faf960596 P a9e520fd521f4fbabac709c244cc3c77 [term 0 FOLLOWER]: Becoming Follower/Learner. State: Replica: a9e520fd521f4fbabac709c244cc3c77, State: Initialized, Role: FOLLOWER
I20260710 10:59:54.217199 20925 consensus_queue.cc:260] T 97e78b4519c344cba5d4656faf960596 P a9e520fd521f4fbabac709c244cc3c77 [NON_LEADER]: Queue going to NON_LEADER mode. State: All replicated index: 0, Majority replicated index: 0, Committed index: 0, Last appended: 0.0, Last appended by leader: 0, Current term: 0, Majority size: -1, State: 0, Mode: NON_LEADER, active raft config: opid_index: -1 OBSOLETE_local: false peers { permanent_uuid: "d6d9c6b42117474f8559ed9da2ae7821" member_type: VOTER last_known_addr { host: "127.19.163.1" port: 35089 } } peers { permanent_uuid: "610ed5b45afd4742a73781629274f795" member_type: VOTER last_known_addr { host: "127.19.163.2" port: 40099 } } peers { permanent_uuid: "a9e520fd521f4fbabac709c244cc3c77" member_type: VOTER last_known_addr { host: "127.19.163.3" port: 44613 } }
I20260710 10:59:54.219086 20925 ts_tablet_manager.cc:1434] T 97e78b4519c344cba5d4656faf960596 P a9e520fd521f4fbabac709c244cc3c77: Time spent starting tablet: real 0.006s	user 0.002s	sys 0.002s
I20260710 10:59:54.223907 20923 tablet_bootstrap.cc:492] T 402c3df4825643afb22bd97cd6a5a621 P d6d9c6b42117474f8559ed9da2ae7821: No bootstrap required, opened a new log
I20260710 10:59:54.224387 20923 ts_tablet_manager.cc:1403] T 402c3df4825643afb22bd97cd6a5a621 P d6d9c6b42117474f8559ed9da2ae7821: Time spent bootstrapping tablet: real 0.025s	user 0.014s	sys 0.000s
I20260710 10:59:54.225836 20928 tablet_bootstrap.cc:654] T 402c3df4825643afb22bd97cd6a5a621 P 610ed5b45afd4742a73781629274f795: Neither blocks nor log segments found. Creating new log.
I20260710 10:59:54.227133 20923 raft_consensus.cc:359] T 402c3df4825643afb22bd97cd6a5a621 P d6d9c6b42117474f8559ed9da2ae7821 [term 0 FOLLOWER]: Replica starting. Triggering 0 pending ops. Active config: opid_index: -1 OBSOLETE_local: false peers { permanent_uuid: "d6d9c6b42117474f8559ed9da2ae7821" member_type: VOTER last_known_addr { host: "127.19.163.1" port: 35089 } } peers { permanent_uuid: "610ed5b45afd4742a73781629274f795" member_type: VOTER last_known_addr { host: "127.19.163.2" port: 40099 } } peers { permanent_uuid: "a9e520fd521f4fbabac709c244cc3c77" member_type: VOTER last_known_addr { host: "127.19.163.3" port: 44613 } }
I20260710 10:59:54.227835 20923 raft_consensus.cc:385] T 402c3df4825643afb22bd97cd6a5a621 P d6d9c6b42117474f8559ed9da2ae7821 [term 0 FOLLOWER]: Consensus starting up: Expiring failure detector timer to make a prompt election more likely
I20260710 10:59:54.228098 20923 raft_consensus.cc:740] T 402c3df4825643afb22bd97cd6a5a621 P d6d9c6b42117474f8559ed9da2ae7821 [term 0 FOLLOWER]: Becoming Follower/Learner. State: Replica: d6d9c6b42117474f8559ed9da2ae7821, State: Initialized, Role: FOLLOWER
I20260710 10:59:54.229117 20923 consensus_queue.cc:260] T 402c3df4825643afb22bd97cd6a5a621 P d6d9c6b42117474f8559ed9da2ae7821 [NON_LEADER]: Queue going to NON_LEADER mode. State: All replicated index: 0, Majority replicated index: 0, Committed index: 0, Last appended: 0.0, Last appended by leader: 0, Current term: 0, Majority size: -1, State: 0, Mode: NON_LEADER, active raft config: opid_index: -1 OBSOLETE_local: false peers { permanent_uuid: "d6d9c6b42117474f8559ed9da2ae7821" member_type: VOTER last_known_addr { host: "127.19.163.1" port: 35089 } } peers { permanent_uuid: "610ed5b45afd4742a73781629274f795" member_type: VOTER last_known_addr { host: "127.19.163.2" port: 40099 } } peers { permanent_uuid: "a9e520fd521f4fbabac709c244cc3c77" member_type: VOTER last_known_addr { host: "127.19.163.3" port: 44613 } }
I20260710 10:59:54.230311 20925 tablet_bootstrap.cc:492] T 3398f417e0f14721bf71c0becc8c1e07 P a9e520fd521f4fbabac709c244cc3c77: Bootstrap starting.
I20260710 10:59:54.231480 20923 ts_tablet_manager.cc:1434] T 402c3df4825643afb22bd97cd6a5a621 P d6d9c6b42117474f8559ed9da2ae7821: Time spent starting tablet: real 0.007s	user 0.007s	sys 0.000s
I20260710 10:59:54.232683 20923 tablet_bootstrap.cc:492] T 47e1995a6867444c8d00ef3cb3db0e37 P d6d9c6b42117474f8559ed9da2ae7821: Bootstrap starting.
I20260710 10:59:54.233381 20630 catalog_manager.cc:5697] T d241126869c940ed9dad1bcef738ee8e P d6d9c6b42117474f8559ed9da2ae7821 reported cstate change: term changed from 0 to 1, leader changed from <none> to d6d9c6b42117474f8559ed9da2ae7821 (127.19.163.1). New cstate: current_term: 1 leader_uuid: "d6d9c6b42117474f8559ed9da2ae7821" committed_config { opid_index: -1 OBSOLETE_local: false peers { permanent_uuid: "d6d9c6b42117474f8559ed9da2ae7821" member_type: VOTER last_known_addr { host: "127.19.163.1" port: 35089 } health_report { overall_health: HEALTHY } } peers { permanent_uuid: "610ed5b45afd4742a73781629274f795" member_type: VOTER last_known_addr { host: "127.19.163.2" port: 40099 } health_report { overall_health: UNKNOWN } } peers { permanent_uuid: "a9e520fd521f4fbabac709c244cc3c77" member_type: VOTER last_known_addr { host: "127.19.163.3" port: 44613 } health_report { overall_health: UNKNOWN } } }
I20260710 10:59:54.239300 20925 tablet_bootstrap.cc:654] T 3398f417e0f14721bf71c0becc8c1e07 P a9e520fd521f4fbabac709c244cc3c77: Neither blocks nor log segments found. Creating new log.
I20260710 10:59:54.242837 20923 tablet_bootstrap.cc:654] T 47e1995a6867444c8d00ef3cb3db0e37 P d6d9c6b42117474f8559ed9da2ae7821: Neither blocks nor log segments found. Creating new log.
I20260710 10:59:54.248428 20926 raft_consensus.cc:493] T 1ed5f2b651014491a4c4685fd7559e13 P d6d9c6b42117474f8559ed9da2ae7821 [term 0 FOLLOWER]: Starting pre-election (no leader contacted us within the election timeout)
I20260710 10:59:54.249579 20928 tablet_bootstrap.cc:492] T 402c3df4825643afb22bd97cd6a5a621 P 610ed5b45afd4742a73781629274f795: No bootstrap required, opened a new log
I20260710 10:59:54.249197 20926 raft_consensus.cc:515] T 1ed5f2b651014491a4c4685fd7559e13 P d6d9c6b42117474f8559ed9da2ae7821 [term 0 FOLLOWER]: Starting pre-election with config: opid_index: -1 OBSOLETE_local: false peers { permanent_uuid: "d6d9c6b42117474f8559ed9da2ae7821" member_type: VOTER last_known_addr { host: "127.19.163.1" port: 35089 } } peers { permanent_uuid: "a9e520fd521f4fbabac709c244cc3c77" member_type: VOTER last_known_addr { host: "127.19.163.3" port: 44613 } } peers { permanent_uuid: "610ed5b45afd4742a73781629274f795" member_type: VOTER last_known_addr { host: "127.19.163.2" port: 40099 } }
I20260710 10:59:54.250062 20928 ts_tablet_manager.cc:1403] T 402c3df4825643afb22bd97cd6a5a621 P 610ed5b45afd4742a73781629274f795: Time spent bootstrapping tablet: real 0.038s	user 0.016s	sys 0.008s
I20260710 10:59:54.253686 20882 tablet_service.cc:1917] Received RequestConsensusVote() RPC: tablet_id: "1ed5f2b651014491a4c4685fd7559e13" candidate_uuid: "d6d9c6b42117474f8559ed9da2ae7821" candidate_term: 1 candidate_status { last_received { term: 0 index: 0 } } ignore_live_leader: false dest_uuid: "a9e520fd521f4fbabac709c244cc3c77" is_pre_election: true
I20260710 10:59:54.253468 20928 raft_consensus.cc:359] T 402c3df4825643afb22bd97cd6a5a621 P 610ed5b45afd4742a73781629274f795 [term 0 FOLLOWER]: Replica starting. Triggering 0 pending ops. Active config: opid_index: -1 OBSOLETE_local: false peers { permanent_uuid: "d6d9c6b42117474f8559ed9da2ae7821" member_type: VOTER last_known_addr { host: "127.19.163.1" port: 35089 } } peers { permanent_uuid: "610ed5b45afd4742a73781629274f795" member_type: VOTER last_known_addr { host: "127.19.163.2" port: 40099 } } peers { permanent_uuid: "a9e520fd521f4fbabac709c244cc3c77" member_type: VOTER last_known_addr { host: "127.19.163.3" port: 44613 } }
I20260710 10:59:54.254669 20928 raft_consensus.cc:385] T 402c3df4825643afb22bd97cd6a5a621 P 610ed5b45afd4742a73781629274f795 [term 0 FOLLOWER]: Consensus starting up: Expiring failure detector timer to make a prompt election more likely
I20260710 10:59:54.254752 20882 raft_consensus.cc:2468] T 1ed5f2b651014491a4c4685fd7559e13 P a9e520fd521f4fbabac709c244cc3c77 [term 0 FOLLOWER]: Leader pre-election vote request: Granting yes vote for candidate d6d9c6b42117474f8559ed9da2ae7821 in term 0.
I20260710 10:59:54.255120 20928 raft_consensus.cc:740] T 402c3df4825643afb22bd97cd6a5a621 P 610ed5b45afd4742a73781629274f795 [term 0 FOLLOWER]: Becoming Follower/Learner. State: Replica: 610ed5b45afd4742a73781629274f795, State: Initialized, Role: FOLLOWER
I20260710 10:59:54.256313 20928 consensus_queue.cc:260] T 402c3df4825643afb22bd97cd6a5a621 P 610ed5b45afd4742a73781629274f795 [NON_LEADER]: Queue going to NON_LEADER mode. State: All replicated index: 0, Majority replicated index: 0, Committed index: 0, Last appended: 0.0, Last appended by leader: 0, Current term: 0, Majority size: -1, State: 0, Mode: NON_LEADER, active raft config: opid_index: -1 OBSOLETE_local: false peers { permanent_uuid: "d6d9c6b42117474f8559ed9da2ae7821" member_type: VOTER last_known_addr { host: "127.19.163.1" port: 35089 } } peers { permanent_uuid: "610ed5b45afd4742a73781629274f795" member_type: VOTER last_known_addr { host: "127.19.163.2" port: 40099 } } peers { permanent_uuid: "a9e520fd521f4fbabac709c244cc3c77" member_type: VOTER last_known_addr { host: "127.19.163.3" port: 44613 } }
I20260710 10:59:54.258677 20698 leader_election.cc:304] T 1ed5f2b651014491a4c4685fd7559e13 P d6d9c6b42117474f8559ed9da2ae7821 [CANDIDATE]: Term 1 pre-election: Election decided. Result: candidate won. Election summary: received 2 responses out of 3 voters: 2 yes votes; 0 no votes. yes voters: a9e520fd521f4fbabac709c244cc3c77, d6d9c6b42117474f8559ed9da2ae7821; no voters: 
I20260710 10:59:54.259925 20937 raft_consensus.cc:2804] T 1ed5f2b651014491a4c4685fd7559e13 P d6d9c6b42117474f8559ed9da2ae7821 [term 0 FOLLOWER]: Leader pre-election won for term 1
I20260710 10:59:54.260380 20937 raft_consensus.cc:493] T 1ed5f2b651014491a4c4685fd7559e13 P d6d9c6b42117474f8559ed9da2ae7821 [term 0 FOLLOWER]: Starting leader election (no leader contacted us within the election timeout)
I20260710 10:59:54.260761 20937 raft_consensus.cc:3060] T 1ed5f2b651014491a4c4685fd7559e13 P d6d9c6b42117474f8559ed9da2ae7821 [term 0 FOLLOWER]: Advancing to term 1
I20260710 10:59:54.262218 20809 tablet_service.cc:1917] Received RequestConsensusVote() RPC: tablet_id: "1ed5f2b651014491a4c4685fd7559e13" candidate_uuid: "d6d9c6b42117474f8559ed9da2ae7821" candidate_term: 1 candidate_status { last_received { term: 0 index: 0 } } ignore_live_leader: false dest_uuid: "610ed5b45afd4742a73781629274f795" is_pre_election: true
I20260710 10:59:54.262940 20809 raft_consensus.cc:2468] T 1ed5f2b651014491a4c4685fd7559e13 P 610ed5b45afd4742a73781629274f795 [term 0 FOLLOWER]: Leader pre-election vote request: Granting yes vote for candidate d6d9c6b42117474f8559ed9da2ae7821 in term 0.
I20260710 10:59:54.264582 20953 raft_consensus.cc:493] T 402c3df4825643afb22bd97cd6a5a621 P d6d9c6b42117474f8559ed9da2ae7821 [term 0 FOLLOWER]: Starting pre-election (no leader contacted us within the election timeout)
I20260710 10:59:54.264822 20926 leader_election.cc:290] T 1ed5f2b651014491a4c4685fd7559e13 P d6d9c6b42117474f8559ed9da2ae7821 [CANDIDATE]: Term 1 pre-election: Requested pre-vote from peers a9e520fd521f4fbabac709c244cc3c77 (127.19.163.3:44613), 610ed5b45afd4742a73781629274f795 (127.19.163.2:40099)
I20260710 10:59:54.265089 20953 raft_consensus.cc:515] T 402c3df4825643afb22bd97cd6a5a621 P d6d9c6b42117474f8559ed9da2ae7821 [term 0 FOLLOWER]: Starting pre-election with config: opid_index: -1 OBSOLETE_local: false peers { permanent_uuid: "d6d9c6b42117474f8559ed9da2ae7821" member_type: VOTER last_known_addr { host: "127.19.163.1" port: 35089 } } peers { permanent_uuid: "610ed5b45afd4742a73781629274f795" member_type: VOTER last_known_addr { host: "127.19.163.2" port: 40099 } } peers { permanent_uuid: "a9e520fd521f4fbabac709c244cc3c77" member_type: VOTER last_known_addr { host: "127.19.163.3" port: 44613 } }
I20260710 10:59:54.267156 20928 ts_tablet_manager.cc:1434] T 402c3df4825643afb22bd97cd6a5a621 P 610ed5b45afd4742a73781629274f795: Time spent starting tablet: real 0.017s	user 0.009s	sys 0.000s
I20260710 10:59:54.267395 20925 tablet_bootstrap.cc:492] T 3398f417e0f14721bf71c0becc8c1e07 P a9e520fd521f4fbabac709c244cc3c77: No bootstrap required, opened a new log
I20260710 10:59:54.268013 20925 ts_tablet_manager.cc:1403] T 3398f417e0f14721bf71c0becc8c1e07 P a9e520fd521f4fbabac709c244cc3c77: Time spent bootstrapping tablet: real 0.038s	user 0.023s	sys 0.007s
I20260710 10:59:54.268651 20809 tablet_service.cc:1917] Received RequestConsensusVote() RPC: tablet_id: "402c3df4825643afb22bd97cd6a5a621" candidate_uuid: "d6d9c6b42117474f8559ed9da2ae7821" candidate_term: 1 candidate_status { last_received { term: 0 index: 0 } } ignore_live_leader: false dest_uuid: "610ed5b45afd4742a73781629274f795" is_pre_election: true
I20260710 10:59:54.267407 20953 leader_election.cc:290] T 402c3df4825643afb22bd97cd6a5a621 P d6d9c6b42117474f8559ed9da2ae7821 [CANDIDATE]: Term 1 pre-election: Requested pre-vote from peers 610ed5b45afd4742a73781629274f795 (127.19.163.2:40099), a9e520fd521f4fbabac709c244cc3c77 (127.19.163.3:44613)
I20260710 10:59:54.269382 20809 raft_consensus.cc:2468] T 402c3df4825643afb22bd97cd6a5a621 P 610ed5b45afd4742a73781629274f795 [term 0 FOLLOWER]: Leader pre-election vote request: Granting yes vote for candidate d6d9c6b42117474f8559ed9da2ae7821 in term 0.
I20260710 10:59:54.271212 20699 leader_election.cc:304] T 402c3df4825643afb22bd97cd6a5a621 P d6d9c6b42117474f8559ed9da2ae7821 [CANDIDATE]: Term 1 pre-election: Election decided. Result: candidate won. Election summary: received 2 responses out of 3 voters: 2 yes votes; 0 no votes. yes voters: 610ed5b45afd4742a73781629274f795, d6d9c6b42117474f8559ed9da2ae7821; no voters: 
I20260710 10:59:54.271641 20882 tablet_service.cc:1917] Received RequestConsensusVote() RPC: tablet_id: "402c3df4825643afb22bd97cd6a5a621" candidate_uuid: "d6d9c6b42117474f8559ed9da2ae7821" candidate_term: 1 candidate_status { last_received { term: 0 index: 0 } } ignore_live_leader: false dest_uuid: "a9e520fd521f4fbabac709c244cc3c77" is_pre_election: true
I20260710 10:59:54.272154 20953 raft_consensus.cc:2804] T 402c3df4825643afb22bd97cd6a5a621 P d6d9c6b42117474f8559ed9da2ae7821 [term 0 FOLLOWER]: Leader pre-election won for term 1
I20260710 10:59:54.268623 20937 raft_consensus.cc:515] T 1ed5f2b651014491a4c4685fd7559e13 P d6d9c6b42117474f8559ed9da2ae7821 [term 1 FOLLOWER]: Starting leader election with config: opid_index: -1 OBSOLETE_local: false peers { permanent_uuid: "d6d9c6b42117474f8559ed9da2ae7821" member_type: VOTER last_known_addr { host: "127.19.163.1" port: 35089 } } peers { permanent_uuid: "a9e520fd521f4fbabac709c244cc3c77" member_type: VOTER last_known_addr { host: "127.19.163.3" port: 44613 } } peers { permanent_uuid: "610ed5b45afd4742a73781629274f795" member_type: VOTER last_known_addr { host: "127.19.163.2" port: 40099 } }
I20260710 10:59:54.272377 20882 raft_consensus.cc:2468] T 402c3df4825643afb22bd97cd6a5a621 P a9e520fd521f4fbabac709c244cc3c77 [term 0 FOLLOWER]: Leader pre-election vote request: Granting yes vote for candidate d6d9c6b42117474f8559ed9da2ae7821 in term 0.
I20260710 10:59:54.272513 20953 raft_consensus.cc:493] T 402c3df4825643afb22bd97cd6a5a621 P d6d9c6b42117474f8559ed9da2ae7821 [term 0 FOLLOWER]: Starting leader election (no leader contacted us within the election timeout)
I20260710 10:59:54.271679 20928 tablet_bootstrap.cc:492] T 815d3171d86c47ffa467576f8731a1fc P 610ed5b45afd4742a73781629274f795: Bootstrap starting.
I20260710 10:59:54.272979 20953 raft_consensus.cc:3060] T 402c3df4825643afb22bd97cd6a5a621 P d6d9c6b42117474f8559ed9da2ae7821 [term 0 FOLLOWER]: Advancing to term 1
I20260710 10:59:54.273886 20923 tablet_bootstrap.cc:492] T 47e1995a6867444c8d00ef3cb3db0e37 P d6d9c6b42117474f8559ed9da2ae7821: No bootstrap required, opened a new log
I20260710 10:59:54.274344 20923 ts_tablet_manager.cc:1403] T 47e1995a6867444c8d00ef3cb3db0e37 P d6d9c6b42117474f8559ed9da2ae7821: Time spent bootstrapping tablet: real 0.042s	user 0.010s	sys 0.004s
I20260710 10:59:54.271212 20925 raft_consensus.cc:359] T 3398f417e0f14721bf71c0becc8c1e07 P a9e520fd521f4fbabac709c244cc3c77 [term 0 FOLLOWER]: Replica starting. Triggering 0 pending ops. Active config: opid_index: -1 OBSOLETE_local: false peers { permanent_uuid: "d6d9c6b42117474f8559ed9da2ae7821" member_type: VOTER last_known_addr { host: "127.19.163.1" port: 35089 } } peers { permanent_uuid: "610ed5b45afd4742a73781629274f795" member_type: VOTER last_known_addr { host: "127.19.163.2" port: 40099 } } peers { permanent_uuid: "a9e520fd521f4fbabac709c244cc3c77" member_type: VOTER last_known_addr { host: "127.19.163.3" port: 44613 } }
I20260710 10:59:54.277503 20925 raft_consensus.cc:385] T 3398f417e0f14721bf71c0becc8c1e07 P a9e520fd521f4fbabac709c244cc3c77 [term 0 FOLLOWER]: Consensus starting up: Expiring failure detector timer to make a prompt election more likely
I20260710 10:59:54.277760 20925 raft_consensus.cc:740] T 3398f417e0f14721bf71c0becc8c1e07 P a9e520fd521f4fbabac709c244cc3c77 [term 0 FOLLOWER]: Becoming Follower/Learner. State: Replica: a9e520fd521f4fbabac709c244cc3c77, State: Initialized, Role: FOLLOWER
I20260710 10:59:54.278450 20925 consensus_queue.cc:260] T 3398f417e0f14721bf71c0becc8c1e07 P a9e520fd521f4fbabac709c244cc3c77 [NON_LEADER]: Queue going to NON_LEADER mode. State: All replicated index: 0, Majority replicated index: 0, Committed index: 0, Last appended: 0.0, Last appended by leader: 0, Current term: 0, Majority size: -1, State: 0, Mode: NON_LEADER, active raft config: opid_index: -1 OBSOLETE_local: false peers { permanent_uuid: "d6d9c6b42117474f8559ed9da2ae7821" member_type: VOTER last_known_addr { host: "127.19.163.1" port: 35089 } } peers { permanent_uuid: "610ed5b45afd4742a73781629274f795" member_type: VOTER last_known_addr { host: "127.19.163.2" port: 40099 } } peers { permanent_uuid: "a9e520fd521f4fbabac709c244cc3c77" member_type: VOTER last_known_addr { host: "127.19.163.3" port: 44613 } }
I20260710 10:59:54.278614 20923 raft_consensus.cc:359] T 47e1995a6867444c8d00ef3cb3db0e37 P d6d9c6b42117474f8559ed9da2ae7821 [term 0 FOLLOWER]: Replica starting. Triggering 0 pending ops. Active config: opid_index: -1 OBSOLETE_local: false peers { permanent_uuid: "d6d9c6b42117474f8559ed9da2ae7821" member_type: VOTER last_known_addr { host: "127.19.163.1" port: 35089 } } peers { permanent_uuid: "610ed5b45afd4742a73781629274f795" member_type: VOTER last_known_addr { host: "127.19.163.2" port: 40099 } } peers { permanent_uuid: "a9e520fd521f4fbabac709c244cc3c77" member_type: VOTER last_known_addr { host: "127.19.163.3" port: 44613 } }
I20260710 10:59:54.279314 20923 raft_consensus.cc:385] T 47e1995a6867444c8d00ef3cb3db0e37 P d6d9c6b42117474f8559ed9da2ae7821 [term 0 FOLLOWER]: Consensus starting up: Expiring failure detector timer to make a prompt election more likely
I20260710 10:59:54.279620 20923 raft_consensus.cc:740] T 47e1995a6867444c8d00ef3cb3db0e37 P d6d9c6b42117474f8559ed9da2ae7821 [term 0 FOLLOWER]: Becoming Follower/Learner. State: Replica: d6d9c6b42117474f8559ed9da2ae7821, State: Initialized, Role: FOLLOWER
I20260710 10:59:54.280465 20925 ts_tablet_manager.cc:1434] T 3398f417e0f14721bf71c0becc8c1e07 P a9e520fd521f4fbabac709c244cc3c77: Time spent starting tablet: real 0.012s	user 0.005s	sys 0.000s
I20260710 10:59:54.281389 20925 tablet_bootstrap.cc:492] T f238dc8c29584253b3d895a5bcb8302d P a9e520fd521f4fbabac709c244cc3c77: Bootstrap starting.
I20260710 10:59:54.283880 20953 raft_consensus.cc:515] T 402c3df4825643afb22bd97cd6a5a621 P d6d9c6b42117474f8559ed9da2ae7821 [term 1 FOLLOWER]: Starting leader election with config: opid_index: -1 OBSOLETE_local: false peers { permanent_uuid: "d6d9c6b42117474f8559ed9da2ae7821" member_type: VOTER last_known_addr { host: "127.19.163.1" port: 35089 } } peers { permanent_uuid: "610ed5b45afd4742a73781629274f795" member_type: VOTER last_known_addr { host: "127.19.163.2" port: 40099 } } peers { permanent_uuid: "a9e520fd521f4fbabac709c244cc3c77" member_type: VOTER last_known_addr { host: "127.19.163.3" port: 44613 } }
I20260710 10:59:54.284605 20928 tablet_bootstrap.cc:654] T 815d3171d86c47ffa467576f8731a1fc P 610ed5b45afd4742a73781629274f795: Neither blocks nor log segments found. Creating new log.
I20260710 10:59:54.285713 20933 raft_consensus.cc:493] T 815d3171d86c47ffa467576f8731a1fc P a9e520fd521f4fbabac709c244cc3c77 [term 0 FOLLOWER]: Starting pre-election (no leader contacted us within the election timeout)
