W20260710 11:02:11.966797  9443 instance_detector.cc:116] could not retrieve AWS instance metadata: Network error: curl error: HTTP response code said error: The requested URL returned error: 404
W20260710 11:02:11.968381  9444 instance_detector.cc:116] could not retrieve Azure instance metadata: Network error: curl error: HTTP response code said error: The requested URL returned error: 404
W20260710 11:02:11.970110  9446 instance_detector.cc:116] could not retrieve OpenStack instance metadata: Network error: curl error: HTTP response code said error: The requested URL returned error: 404
I20260710 11:02:11.970798  8397 server_base.cc:1061] running on GCE node
I20260710 11:02:11.971732  8397 hybrid_clock.cc:584] initializing the hybrid clock with 'system_unsync' time source
W20260710 11:02:11.971936  8397 system_unsync_time.cc:38] NTP support is disabled. Clock error bounds will not be accurate. This configuration is not suitable for distributed clusters.
I20260710 11:02:11.972131  8397 hybrid_clock.cc:648] HybridClock initialized: now 1783681331972117 us; error 0 us; skew 500 ppm
I20260710 11:02:11.972710  8397 server_base.cc:861] Flag tcmalloc_max_total_thread_cache_bytes is not working since tcmalloc is not enabled.
I20260710 11:02:11.975497  8397 webserver.cc:533] Webserver started at http://127.8.51.65:46337/ using document root <none> and password file <none>
I20260710 11:02:11.975986  8397 fs_manager.cc:362] Metadata directory not provided
I20260710 11:02:11.976199  8397 fs_manager.cc:368] Using write-ahead log directory (fs_wal_dir) as metadata directory
I20260710 11:02:11.976475  8397 server_base.cc:909] This appears to be a new deployment of Kudu; creating new FS layout
I20260710 11:02:11.977510  8397 fs_manager.cc:1068] Generated new instance metadata in path /tmp/dist-test-taskYa8NmR/test-tmp/auto_leader_rebalancer-test.0.LeaderRebalancerTest.AddTserver.1783681308853334-8397-0/minicluster-data/ts-0-root/instance:
uuid: "e935faf7bf5b4532b9dd75d23112c2d7"
format_stamp: "Formatted at 2026-07-10 11:02:11 on dist-test-slave-w8qh"
I20260710 11:02:11.982226  8397 fs_manager.cc:696] Time spent creating directory manager: real 0.004s	user 0.002s	sys 0.004s
I20260710 11:02:11.987030  9451 log_block_manager.cc:4127] Time spent loading block containers with low live blocks: real 0.000s	user 0.000s	sys 0.000s
I20260710 11:02:11.987877  8397 fs_manager.cc:730] Time spent opening block manager: real 0.004s	user 0.002s	sys 0.002s
I20260710 11:02:11.988298  8397 fs_manager.cc:647] Opened local filesystem: /tmp/dist-test-taskYa8NmR/test-tmp/auto_leader_rebalancer-test.0.LeaderRebalancerTest.AddTserver.1783681308853334-8397-0/minicluster-data/ts-0-root
uuid: "e935faf7bf5b4532b9dd75d23112c2d7"
format_stamp: "Formatted at 2026-07-10 11:02:11 on dist-test-slave-w8qh"
I20260710 11:02:11.988662  8397 fs_report.cc:389] FS layout report
--------------------
wal directory: /tmp/dist-test-taskYa8NmR/test-tmp/auto_leader_rebalancer-test.0.LeaderRebalancerTest.AddTserver.1783681308853334-8397-0/minicluster-data/ts-0-root
metadata directory: /tmp/dist-test-taskYa8NmR/test-tmp/auto_leader_rebalancer-test.0.LeaderRebalancerTest.AddTserver.1783681308853334-8397-0/minicluster-data/ts-0-root
1 data directories: /tmp/dist-test-taskYa8NmR/test-tmp/auto_leader_rebalancer-test.0.LeaderRebalancerTest.AddTserver.1783681308853334-8397-0/minicluster-data/ts-0-root/data
Total live blocks: 0
Total live bytes: 0
Total live bytes (after alignment): 0
Total number of LBM containers: 0 (0 full)
Did not check for missing blocks
Did not check for orphaned blocks
Total full LBM containers with extra space: 0 (0 repaired)
Total full LBM container extra space in bytes: 0 (0 repaired)
Total incomplete LBM containers: 0 (0 repaired)
Total LBM partial records: 0 (0 repaired)
Total corrupted LBM metadata records in RocksDB: 0 (0 repaired)
I20260710 11:02:12.005594  8397 rpc_server.cc:225] running with OpenSSL 1.1.1  11 Sep 2018
I20260710 11:02:12.006929  8397 kserver.cc:163] Server-wide thread pool size limit: 3276
I20260710 11:02:12.008315  8397 txn_system_client.cc:432] TxnSystemClient initialization is disabled...
I20260710 11:02:12.010614  8397 ts_tablet_manager.cc:585] Loaded tablet metadata (0 total tablets, 0 live tablets)
I20260710 11:02:12.010819  8397 ts_tablet_manager.cc:531] Time spent load tablet metadata: real 0.000s	user 0.000s	sys 0.000s
I20260710 11:02:12.011080  8397 ts_tablet_manager.cc:616] Registered 0 tablets
I20260710 11:02:12.011356  8397 ts_tablet_manager.cc:595] Time spent register tablets: real 0.000s	user 0.000s	sys 0.000s
I20260710 11:02:12.052975  8397 rpc_server.cc:307] RPC server started. Bound to: 127.8.51.65:33227
I20260710 11:02:12.053089  9513 acceptor_pool.cc:272] collecting diagnostics on the listening RPC socket 127.8.51.65:33227 every 8 connection(s)
I20260710 11:02:12.057909  8397 file_cache.cc:504] Constructed file cache file cache with capacity 419430
W20260710 11:02:12.065488  9518 instance_detector.cc:116] could not retrieve AWS instance metadata: Network error: curl error: HTTP response code said error: The requested URL returned error: 404
W20260710 11:02:12.068027  9521 instance_detector.cc:116] could not retrieve OpenStack instance metadata: Network error: curl error: HTTP response code said error: The requested URL returned error: 404
W20260710 11:02:12.068252  9519 instance_detector.cc:116] could not retrieve Azure instance metadata: Network error: curl error: HTTP response code said error: The requested URL returned error: 404
I20260710 11:02:12.070747  8397 server_base.cc:1061] running on GCE node
I20260710 11:02:12.071408  9514 heartbeater.cc:344] Connected to a master server at 127.8.51.126:34127
I20260710 11:02:12.071774  9514 heartbeater.cc:461] Registering TS with master...
I20260710 11:02:12.072021  8397 hybrid_clock.cc:584] initializing the hybrid clock with 'system_unsync' time source
W20260710 11:02:12.072270  8397 system_unsync_time.cc:38] NTP support is disabled. Clock error bounds will not be accurate. This configuration is not suitable for distributed clusters.
I20260710 11:02:12.072443  8397 hybrid_clock.cc:648] HybridClock initialized: now 1783681332072423 us; error 0 us; skew 500 ppm
I20260710 11:02:12.072548  9514 heartbeater.cc:507] Master 127.8.51.126:34127 requested a full tablet report, sending...
I20260710 11:02:12.073137  8397 server_base.cc:861] Flag tcmalloc_max_total_thread_cache_bytes is not working since tcmalloc is not enabled.
I20260710 11:02:12.075565  9387 ts_manager.cc:194] Registered new tserver with Master: e935faf7bf5b4532b9dd75d23112c2d7 (127.8.51.65:33227)
I20260710 11:02:12.076743  8397 webserver.cc:533] Webserver started at http://127.8.51.66:44195/ using document root <none> and password file <none>
I20260710 11:02:12.077291  8397 fs_manager.cc:362] Metadata directory not provided
I20260710 11:02:12.077517  8397 fs_manager.cc:368] Using write-ahead log directory (fs_wal_dir) as metadata directory
I20260710 11:02:12.077605  9387 master_service.cc:502] Signed X509 certificate for tserver {username='slave'} at 127.0.0.1:44334
I20260710 11:02:12.077795  8397 server_base.cc:909] This appears to be a new deployment of Kudu; creating new FS layout
I20260710 11:02:12.079316  8397 fs_manager.cc:1068] Generated new instance metadata in path /tmp/dist-test-taskYa8NmR/test-tmp/auto_leader_rebalancer-test.0.LeaderRebalancerTest.AddTserver.1783681308853334-8397-0/minicluster-data/ts-1-root/instance:
uuid: "9e21547bf0094a7086f731ec8800ac7f"
format_stamp: "Formatted at 2026-07-10 11:02:12 on dist-test-slave-w8qh"
I20260710 11:02:12.084153  8397 fs_manager.cc:696] Time spent creating directory manager: real 0.004s	user 0.002s	sys 0.003s
I20260710 11:02:12.087512  9526 log_block_manager.cc:4127] Time spent loading block containers with low live blocks: real 0.000s	user 0.000s	sys 0.000s
I20260710 11:02:12.088377  8397 fs_manager.cc:730] Time spent opening block manager: real 0.002s	user 0.002s	sys 0.001s
I20260710 11:02:12.088690  8397 fs_manager.cc:647] Opened local filesystem: /tmp/dist-test-taskYa8NmR/test-tmp/auto_leader_rebalancer-test.0.LeaderRebalancerTest.AddTserver.1783681308853334-8397-0/minicluster-data/ts-1-root
uuid: "9e21547bf0094a7086f731ec8800ac7f"
format_stamp: "Formatted at 2026-07-10 11:02:12 on dist-test-slave-w8qh"
I20260710 11:02:12.089016  8397 fs_report.cc:389] FS layout report
--------------------
wal directory: /tmp/dist-test-taskYa8NmR/test-tmp/auto_leader_rebalancer-test.0.LeaderRebalancerTest.AddTserver.1783681308853334-8397-0/minicluster-data/ts-1-root
metadata directory: /tmp/dist-test-taskYa8NmR/test-tmp/auto_leader_rebalancer-test.0.LeaderRebalancerTest.AddTserver.1783681308853334-8397-0/minicluster-data/ts-1-root
1 data directories: /tmp/dist-test-taskYa8NmR/test-tmp/auto_leader_rebalancer-test.0.LeaderRebalancerTest.AddTserver.1783681308853334-8397-0/minicluster-data/ts-1-root/data
Total live blocks: 0
Total live bytes: 0
Total live bytes (after alignment): 0
Total number of LBM containers: 0 (0 full)
Did not check for missing blocks
Did not check for orphaned blocks
Total full LBM containers with extra space: 0 (0 repaired)
Total full LBM container extra space in bytes: 0 (0 repaired)
Total incomplete LBM containers: 0 (0 repaired)
Total LBM partial records: 0 (0 repaired)
Total corrupted LBM metadata records in RocksDB: 0 (0 repaired)
I20260710 11:02:12.131217  8397 rpc_server.cc:225] running with OpenSSL 1.1.1  11 Sep 2018
I20260710 11:02:12.132450  8397 kserver.cc:163] Server-wide thread pool size limit: 3276
I20260710 11:02:12.133970  8397 txn_system_client.cc:432] TxnSystemClient initialization is disabled...
I20260710 11:02:12.136200  8397 ts_tablet_manager.cc:585] Loaded tablet metadata (0 total tablets, 0 live tablets)
I20260710 11:02:12.136420  8397 ts_tablet_manager.cc:531] Time spent load tablet metadata: real 0.000s	user 0.000s	sys 0.000s
I20260710 11:02:12.136723  8397 ts_tablet_manager.cc:616] Registered 0 tablets
I20260710 11:02:12.136912  8397 ts_tablet_manager.cc:595] Time spent register tablets: real 0.000s	user 0.000s	sys 0.000s
I20260710 11:02:12.181092  8397 rpc_server.cc:307] RPC server started. Bound to: 127.8.51.66:37469
I20260710 11:02:12.181196  9588 acceptor_pool.cc:272] collecting diagnostics on the listening RPC socket 127.8.51.66:37469 every 8 connection(s)
I20260710 11:02:12.185789  8397 file_cache.cc:504] Constructed file cache file cache with capacity 419430
W20260710 11:02:12.192477  9592 instance_detector.cc:116] could not retrieve AWS instance metadata: Network error: curl error: HTTP response code said error: The requested URL returned error: 404
W20260710 11:02:12.194587  9593 instance_detector.cc:116] could not retrieve Azure instance metadata: Network error: curl error: HTTP response code said error: The requested URL returned error: 404
I20260710 11:02:12.196646  8397 server_base.cc:1061] running on GCE node
W20260710 11:02:12.196827  9595 instance_detector.cc:116] could not retrieve OpenStack instance metadata: Network error: curl error: HTTP response code said error: The requested URL returned error: 404
I20260710 11:02:12.197966  8397 hybrid_clock.cc:584] initializing the hybrid clock with 'system_unsync' time source
W20260710 11:02:12.198362  8397 system_unsync_time.cc:38] NTP support is disabled. Clock error bounds will not be accurate. This configuration is not suitable for distributed clusters.
I20260710 11:02:12.198578  9589 heartbeater.cc:344] Connected to a master server at 127.8.51.126:34127
I20260710 11:02:12.198625  8397 hybrid_clock.cc:648] HybridClock initialized: now 1783681332198605 us; error 0 us; skew 500 ppm
I20260710 11:02:12.199052  9589 heartbeater.cc:461] Registering TS with master...
I20260710 11:02:12.199546  8397 server_base.cc:861] Flag tcmalloc_max_total_thread_cache_bytes is not working since tcmalloc is not enabled.
I20260710 11:02:12.200001  9589 heartbeater.cc:507] Master 127.8.51.126:34127 requested a full tablet report, sending...
I20260710 11:02:12.202436  8397 webserver.cc:533] Webserver started at http://127.8.51.67:38333/ using document root <none> and password file <none>
I20260710 11:02:12.202507  9387 ts_manager.cc:194] Registered new tserver with Master: 9e21547bf0094a7086f731ec8800ac7f (127.8.51.66:37469)
I20260710 11:02:12.203018  8397 fs_manager.cc:362] Metadata directory not provided
I20260710 11:02:12.203241  8397 fs_manager.cc:368] Using write-ahead log directory (fs_wal_dir) as metadata directory
I20260710 11:02:12.203502  8397 server_base.cc:909] This appears to be a new deployment of Kudu; creating new FS layout
I20260710 11:02:12.204066  9387 master_service.cc:502] Signed X509 certificate for tserver {username='slave'} at 127.0.0.1:44342
I20260710 11:02:12.204658  8397 fs_manager.cc:1068] Generated new instance metadata in path /tmp/dist-test-taskYa8NmR/test-tmp/auto_leader_rebalancer-test.0.LeaderRebalancerTest.AddTserver.1783681308853334-8397-0/minicluster-data/ts-2-root/instance:
uuid: "cc959b6334b344cdaa09eab1f606bdb6"
format_stamp: "Formatted at 2026-07-10 11:02:12 on dist-test-slave-w8qh"
I20260710 11:02:12.209470  8397 fs_manager.cc:696] Time spent creating directory manager: real 0.004s	user 0.004s	sys 0.003s
I20260710 11:02:12.213038  9600 log_block_manager.cc:4127] Time spent loading block containers with low live blocks: real 0.000s	user 0.000s	sys 0.000s
I20260710 11:02:12.213872  8397 fs_manager.cc:730] Time spent opening block manager: real 0.002s	user 0.002s	sys 0.000s
I20260710 11:02:12.214174  8397 fs_manager.cc:647] Opened local filesystem: /tmp/dist-test-taskYa8NmR/test-tmp/auto_leader_rebalancer-test.0.LeaderRebalancerTest.AddTserver.1783681308853334-8397-0/minicluster-data/ts-2-root
uuid: "cc959b6334b344cdaa09eab1f606bdb6"
format_stamp: "Formatted at 2026-07-10 11:02:12 on dist-test-slave-w8qh"
I20260710 11:02:12.214535  8397 fs_report.cc:389] FS layout report
--------------------
wal directory: /tmp/dist-test-taskYa8NmR/test-tmp/auto_leader_rebalancer-test.0.LeaderRebalancerTest.AddTserver.1783681308853334-8397-0/minicluster-data/ts-2-root
metadata directory: /tmp/dist-test-taskYa8NmR/test-tmp/auto_leader_rebalancer-test.0.LeaderRebalancerTest.AddTserver.1783681308853334-8397-0/minicluster-data/ts-2-root
1 data directories: /tmp/dist-test-taskYa8NmR/test-tmp/auto_leader_rebalancer-test.0.LeaderRebalancerTest.AddTserver.1783681308853334-8397-0/minicluster-data/ts-2-root/data
Total live blocks: 0
Total live bytes: 0
Total live bytes (after alignment): 0
Total number of LBM containers: 0 (0 full)
Did not check for missing blocks
Did not check for orphaned blocks
Total full LBM containers with extra space: 0 (0 repaired)
Total full LBM container extra space in bytes: 0 (0 repaired)
Total incomplete LBM containers: 0 (0 repaired)
Total LBM partial records: 0 (0 repaired)
Total corrupted LBM metadata records in RocksDB: 0 (0 repaired)
I20260710 11:02:12.242280  8397 rpc_server.cc:225] running with OpenSSL 1.1.1  11 Sep 2018
I20260710 11:02:12.243484  8397 kserver.cc:163] Server-wide thread pool size limit: 3276
I20260710 11:02:12.244942  8397 txn_system_client.cc:432] TxnSystemClient initialization is disabled...
I20260710 11:02:12.247174  8397 ts_tablet_manager.cc:585] Loaded tablet metadata (0 total tablets, 0 live tablets)
I20260710 11:02:12.247413  8397 ts_tablet_manager.cc:531] Time spent load tablet metadata: real 0.000s	user 0.000s	sys 0.000s
I20260710 11:02:12.247655  8397 ts_tablet_manager.cc:616] Registered 0 tablets
I20260710 11:02:12.247843  8397 ts_tablet_manager.cc:595] Time spent register tablets: real 0.000s	user 0.000s	sys 0.000s
I20260710 11:02:12.287560  8397 rpc_server.cc:307] RPC server started. Bound to: 127.8.51.67:33387
I20260710 11:02:12.287660  9662 acceptor_pool.cc:272] collecting diagnostics on the listening RPC socket 127.8.51.67:33387 every 8 connection(s)
I20260710 11:02:12.301697  9663 heartbeater.cc:344] Connected to a master server at 127.8.51.126:34127
I20260710 11:02:12.302081  9663 heartbeater.cc:461] Registering TS with master...
I20260710 11:02:12.302860  9663 heartbeater.cc:507] Master 127.8.51.126:34127 requested a full tablet report, sending...
I20260710 11:02:12.304708  9387 ts_manager.cc:194] Registered new tserver with Master: cc959b6334b344cdaa09eab1f606bdb6 (127.8.51.67:33387)
I20260710 11:02:12.305263  8397 internal_mini_cluster.cc:371] 3 TS(s) registered with all masters after 0.014619528s
I20260710 11:02:12.306449  9387 master_service.cc:502] Signed X509 certificate for tserver {username='slave'} at 127.0.0.1:44352
I20260710 11:02:12.333513  9387 catalog_manager.cc:2283] Servicing CreateTable request from {username='slave'} at 127.0.0.1:44364:
name: "test-workload"
schema {
  columns {
    name: "key"
    type: INT32
    is_key: true
    is_nullable: false
    encoding: AUTO_ENCODING
    compression: DEFAULT_COMPRESSION
    cfile_block_size: 0
    immutable: false
  }
  columns {
    name: "int_val"
    type: INT32
    is_key: false
    is_nullable: false
    encoding: AUTO_ENCODING
    compression: DEFAULT_COMPRESSION
    cfile_block_size: 0
    immutable: false
  }
  columns {
    name: "string_val"
    type: STRING
    is_key: false
    is_nullable: true
    encoding: AUTO_ENCODING
    compression: DEFAULT_COMPRESSION
    cfile_block_size: 0
    immutable: false
  }
}
num_replicas: 3
split_rows_range_bounds {
  rows: "\004\001\000UUU\005\004\001\000\252\252\252\n\004\001\000\377\377\377\017\004\001\000TUU\025\004\001\000\251\252\252\032\004\001\000\376\377\377\037\004\001\000SUU%\004\001\000\250\252\252*\004\001\000\375\377\377/\004\001\000RUU5\004\001\000\247\252\252:\004\001\000\374\377\377?\004\001\000QUUE\004\001\000\246\252\252J\004\001\000\373\377\377O\004\001\000PUUU\004\001\000\245\252\252Z\004\001\000\372\377\377_\004\001\000OUUe\004\001\000\244\252\252j\004\001\000\371\377\377o\004\001\000NUUu\004\001\000\243\252\252z""\004\001\000UUU\005\004\001\000\252\252\252\n\004\001\000\377\377\377\017\004\001\000TUU\025\004\001\000\251\252\252\032\004\001\000\376\377\377\037\004\001\000SUU%\004\001\000\250\252\252*\004\001\000\375\377\377/\004\001\000RUU5\004\001\000\247\252\252:\004\001\000\374\377\377?\004\001\000QUUE\004\001\000\246\252\252J\004\001\000\373\377\377O\004\001\000PUUU\004\001\000\245\252\252Z\004\001\000\372\377\377_\004\001\000OUUe\004\001\000\244\252\252j\004\001\000\371\377\377o\004\001\000NUUu\004\001\000\243\252\252z"
  indirect_data: """"
}
partition_schema {
  range_schema {
    columns {
      name: "key"
    }
  }
}
W20260710 11:02:12.337366  9387 catalog_manager.cc:7077] The number of live tablet servers is not enough to re-replicate a tablet replica of the newly created table test-workload in case of a server failure: 4 tablet servers would be needed, 3 are available. Consider bringing up more tablet servers.
I20260710 11:02:12.464215  9479 tablet_service.cc:1511] Processing CreateTablet for tablet 95eb77fabc8d4daeb4688a3827cc50d3 (DEFAULT_TABLE table=test-workload [id=ccd7af444e924b1fbecc31be8cf4c335]), partition=RANGE (key) PARTITION VALUES < 89478485
I20260710 11:02:12.465685  9479 data_dirs.cc:400] Could only allocate 1 dirs of requested 3 for tablet 95eb77fabc8d4daeb4688a3827cc50d3. 1 dirs total, 0 dirs full, 0 dirs failed
I20260710 11:02:12.472532  9478 tablet_service.cc:1511] Processing CreateTablet for tablet 4bd7e3ff7c7b4236bef423ec59479cd2 (DEFAULT_TABLE table=test-workload [id=ccd7af444e924b1fbecc31be8cf4c335]), partition=RANGE (key) PARTITION 89478485 <= VALUES < 178956970
I20260710 11:02:12.473315  9554 tablet_service.cc:1511] Processing CreateTablet for tablet 95eb77fabc8d4daeb4688a3827cc50d3 (DEFAULT_TABLE table=test-workload [id=ccd7af444e924b1fbecc31be8cf4c335]), partition=RANGE (key) PARTITION VALUES < 89478485
I20260710 11:02:12.474109  9478 data_dirs.cc:400] Could only allocate 1 dirs of requested 3 for tablet 4bd7e3ff7c7b4236bef423ec59479cd2. 1 dirs total, 0 dirs full, 0 dirs failed
I20260710 11:02:12.474877  9554 data_dirs.cc:400] Could only allocate 1 dirs of requested 3 for tablet 95eb77fabc8d4daeb4688a3827cc50d3. 1 dirs total, 0 dirs full, 0 dirs failed
I20260710 11:02:12.476397  9473 tablet_service.cc:1511] Processing CreateTablet for tablet 1c8089036990433283b3d8ded4721c4b (DEFAULT_TABLE table=test-workload [id=ccd7af444e924b1fbecc31be8cf4c335]), partition=RANGE (key) PARTITION 536870910 <= VALUES < 626349395
I20260710 11:02:12.477782  9473 data_dirs.cc:400] Could only allocate 1 dirs of requested 3 for tablet 1c8089036990433283b3d8ded4721c4b. 1 dirs total, 0 dirs full, 0 dirs failed
I20260710 11:02:12.479121  9628 tablet_service.cc:1511] Processing CreateTablet for tablet 95eb77fabc8d4daeb4688a3827cc50d3 (DEFAULT_TABLE table=test-workload [id=ccd7af444e924b1fbecc31be8cf4c335]), partition=RANGE (key) PARTITION VALUES < 89478485
I20260710 11:02:12.479343  9477 tablet_service.cc:1511] Processing CreateTablet for tablet cea1aafd84dd46eba45ecd2216e321b4 (DEFAULT_TABLE table=test-workload [id=ccd7af444e924b1fbecc31be8cf4c335]), partition=RANGE (key) PARTITION 178956970 <= VALUES < 268435455
I20260710 11:02:12.480527  9628 data_dirs.cc:400] Could only allocate 1 dirs of requested 3 for tablet 95eb77fabc8d4daeb4688a3827cc50d3. 1 dirs total, 0 dirs full, 0 dirs failed
I20260710 11:02:12.480659  9553 tablet_service.cc:1511] Processing CreateTablet for tablet 4bd7e3ff7c7b4236bef423ec59479cd2 (DEFAULT_TABLE table=test-workload [id=ccd7af444e924b1fbecc31be8cf4c335]), partition=RANGE (key) PARTITION 89478485 <= VALUES < 178956970
I20260710 11:02:12.482043  9553 data_dirs.cc:400] Could only allocate 1 dirs of requested 3 for tablet 4bd7e3ff7c7b4236bef423ec59479cd2. 1 dirs total, 0 dirs full, 0 dirs failed
I20260710 11:02:12.481760  9476 tablet_service.cc:1511] Processing CreateTablet for tablet 2136e25edb1f434aa73854e542866bad (DEFAULT_TABLE table=test-workload [id=ccd7af444e924b1fbecc31be8cf4c335]), partition=RANGE (key) PARTITION 268435455 <= VALUES < 357913940
I20260710 11:02:12.482453  9622 tablet_service.cc:1511] Processing CreateTablet for tablet 1c8089036990433283b3d8ded4721c4b (DEFAULT_TABLE table=test-workload [id=ccd7af444e924b1fbecc31be8cf4c335]), partition=RANGE (key) PARTITION 536870910 <= VALUES < 626349395
I20260710 11:02:12.483752  9622 data_dirs.cc:400] Could only allocate 1 dirs of requested 3 for tablet 1c8089036990433283b3d8ded4721c4b. 1 dirs total, 0 dirs full, 0 dirs failed
I20260710 11:02:12.483642  9551 tablet_service.cc:1511] Processing CreateTablet for tablet 2136e25edb1f434aa73854e542866bad (DEFAULT_TABLE table=test-workload [id=ccd7af444e924b1fbecc31be8cf4c335]), partition=RANGE (key) PARTITION 268435455 <= VALUES < 357913940
I20260710 11:02:12.484143  9475 tablet_service.cc:1511] Processing CreateTablet for tablet 93fa49fb0cb54e909622195ec5b56102 (DEFAULT_TABLE table=test-workload [id=ccd7af444e924b1fbecc31be8cf4c335]), partition=RANGE (key) PARTITION 357913940 <= VALUES < 447392425
I20260710 11:02:12.485970  9551 data_dirs.cc:400] Could only allocate 1 dirs of requested 3 for tablet 2136e25edb1f434aa73854e542866bad. 1 dirs total, 0 dirs full, 0 dirs failed
I20260710 11:02:12.486912  9626 tablet_service.cc:1511] Processing CreateTablet for tablet cea1aafd84dd46eba45ecd2216e321b4 (DEFAULT_TABLE table=test-workload [id=ccd7af444e924b1fbecc31be8cf4c335]), partition=RANGE (key) PARTITION 178956970 <= VALUES < 268435455
I20260710 11:02:12.486966  9623 tablet_service.cc:1511] Processing CreateTablet for tablet c46edfddad084853a520ff28e9b225b4 (DEFAULT_TABLE table=test-workload [id=ccd7af444e924b1fbecc31be8cf4c335]), partition=RANGE (key) PARTITION 447392425 <= VALUES < 536870910
I20260710 11:02:12.487300  9471 tablet_service.cc:1511] Processing CreateTablet for tablet 8d7b58e8aef74d2489ac89229cd9c6be (DEFAULT_TABLE table=test-workload [id=ccd7af444e924b1fbecc31be8cf4c335]), partition=RANGE (key) PARTITION 715827880 <= VALUES < 805306365
I20260710 11:02:12.488874  9627 tablet_service.cc:1511] Processing CreateTablet for tablet 4bd7e3ff7c7b4236bef423ec59479cd2 (DEFAULT_TABLE table=test-workload [id=ccd7af444e924b1fbecc31be8cf4c335]), partition=RANGE (key) PARTITION 89478485 <= VALUES < 178956970
I20260710 11:02:12.489007  9624 tablet_service.cc:1511] Processing CreateTablet for tablet 93fa49fb0cb54e909622195ec5b56102 (DEFAULT_TABLE table=test-workload [id=ccd7af444e924b1fbecc31be8cf4c335]), partition=RANGE (key) PARTITION 357913940 <= VALUES < 447392425
I20260710 11:02:12.490447  9474 tablet_service.cc:1511] Processing CreateTablet for tablet c46edfddad084853a520ff28e9b225b4 (DEFAULT_TABLE table=test-workload [id=ccd7af444e924b1fbecc31be8cf4c335]), partition=RANGE (key) PARTITION 447392425 <= VALUES < 536870910
I20260710 11:02:12.489081  9472 tablet_service.cc:1511] Processing CreateTablet for tablet 5483b2638a6f46a1b39174bce720e0c0 (DEFAULT_TABLE table=test-workload [id=ccd7af444e924b1fbecc31be8cf4c335]), partition=RANGE (key) PARTITION 626349395 <= VALUES < 715827880
I20260710 11:02:12.490880  9621 tablet_service.cc:1511] Processing CreateTablet for tablet 5483b2638a6f46a1b39174bce720e0c0 (DEFAULT_TABLE table=test-workload [id=ccd7af444e924b1fbecc31be8cf4c335]), partition=RANGE (key) PARTITION 626349395 <= VALUES < 715827880
I20260710 11:02:12.492693  9552 tablet_service.cc:1511] Processing CreateTablet for tablet cea1aafd84dd46eba45ecd2216e321b4 (DEFAULT_TABLE table=test-workload [id=ccd7af444e924b1fbecc31be8cf4c335]), partition=RANGE (key) PARTITION 178956970 <= VALUES < 268435455
I20260710 11:02:12.480551  9477 data_dirs.cc:400] Could only allocate 1 dirs of requested 3 for tablet cea1aafd84dd46eba45ecd2216e321b4. 1 dirs total, 0 dirs full, 0 dirs failed
I20260710 11:02:12.494586  9472 data_dirs.cc:400] Could only allocate 1 dirs of requested 3 for tablet 5483b2638a6f46a1b39174bce720e0c0. 1 dirs total, 0 dirs full, 0 dirs failed
I20260710 11:02:12.495385  9625 tablet_service.cc:1511] Processing CreateTablet for tablet 2136e25edb1f434aa73854e542866bad (DEFAULT_TABLE table=test-workload [id=ccd7af444e924b1fbecc31be8cf4c335]), partition=RANGE (key) PARTITION 268435455 <= VALUES < 357913940
I20260710 11:02:12.496657  9552 data_dirs.cc:400] Could only allocate 1 dirs of requested 3 for tablet cea1aafd84dd46eba45ecd2216e321b4. 1 dirs total, 0 dirs full, 0 dirs failed
I20260710 11:02:12.498648  9471 data_dirs.cc:400] Could only allocate 1 dirs of requested 3 for tablet 8d7b58e8aef74d2489ac89229cd9c6be. 1 dirs total, 0 dirs full, 0 dirs failed
I20260710 11:02:12.499650  9626 data_dirs.cc:400] Could only allocate 1 dirs of requested 3 for tablet cea1aafd84dd46eba45ecd2216e321b4. 1 dirs total, 0 dirs full, 0 dirs failed
I20260710 11:02:12.502696  9474 data_dirs.cc:400] Could only allocate 1 dirs of requested 3 for tablet c46edfddad084853a520ff28e9b225b4. 1 dirs total, 0 dirs full, 0 dirs failed
I20260710 11:02:12.503147  9627 data_dirs.cc:400] Could only allocate 1 dirs of requested 3 for tablet 4bd7e3ff7c7b4236bef423ec59479cd2. 1 dirs total, 0 dirs full, 0 dirs failed
I20260710 11:02:12.504750  9476 data_dirs.cc:400] Could only allocate 1 dirs of requested 3 for tablet 2136e25edb1f434aa73854e542866bad. 1 dirs total, 0 dirs full, 0 dirs failed
I20260710 11:02:12.506059  9621 data_dirs.cc:400] Could only allocate 1 dirs of requested 3 for tablet 5483b2638a6f46a1b39174bce720e0c0. 1 dirs total, 0 dirs full, 0 dirs failed
I20260710 11:02:12.506625  9475 data_dirs.cc:400] Could only allocate 1 dirs of requested 3 for tablet 93fa49fb0cb54e909622195ec5b56102. 1 dirs total, 0 dirs full, 0 dirs failed
I20260710 11:02:12.509868  9624 data_dirs.cc:400] Could only allocate 1 dirs of requested 3 for tablet 93fa49fb0cb54e909622195ec5b56102. 1 dirs total, 0 dirs full, 0 dirs failed
I20260710 11:02:12.511686  9625 data_dirs.cc:400] Could only allocate 1 dirs of requested 3 for tablet 2136e25edb1f434aa73854e542866bad. 1 dirs total, 0 dirs full, 0 dirs failed
I20260710 11:02:12.513842  9623 data_dirs.cc:400] Could only allocate 1 dirs of requested 3 for tablet c46edfddad084853a520ff28e9b225b4. 1 dirs total, 0 dirs full, 0 dirs failed
I20260710 11:02:12.528802  9550 tablet_service.cc:1511] Processing CreateTablet for tablet 93fa49fb0cb54e909622195ec5b56102 (DEFAULT_TABLE table=test-workload [id=ccd7af444e924b1fbecc31be8cf4c335]), partition=RANGE (key) PARTITION 357913940 <= VALUES < 447392425
I20260710 11:02:12.530833  9550 data_dirs.cc:400] Could only allocate 1 dirs of requested 3 for tablet 93fa49fb0cb54e909622195ec5b56102. 1 dirs total, 0 dirs full, 0 dirs failed
I20260710 11:02:12.536587  9549 tablet_service.cc:1511] Processing CreateTablet for tablet c46edfddad084853a520ff28e9b225b4 (DEFAULT_TABLE table=test-workload [id=ccd7af444e924b1fbecc31be8cf4c335]), partition=RANGE (key) PARTITION 447392425 <= VALUES < 536870910
I20260710 11:02:12.538761  9549 data_dirs.cc:400] Could only allocate 1 dirs of requested 3 for tablet c46edfddad084853a520ff28e9b225b4. 1 dirs total, 0 dirs full, 0 dirs failed
I20260710 11:02:12.553455  9620 tablet_service.cc:1511] Processing CreateTablet for tablet 8d7b58e8aef74d2489ac89229cd9c6be (DEFAULT_TABLE table=test-workload [id=ccd7af444e924b1fbecc31be8cf4c335]), partition=RANGE (key) PARTITION 715827880 <= VALUES < 805306365
I20260710 11:02:12.555078  9620 data_dirs.cc:400] Could only allocate 1 dirs of requested 3 for tablet 8d7b58e8aef74d2489ac89229cd9c6be. 1 dirs total, 0 dirs full, 0 dirs failed
I20260710 11:02:12.554949  9470 tablet_service.cc:1511] Processing CreateTablet for tablet e615acb625ef4601af5caf58de8ef14a (DEFAULT_TABLE table=test-workload [id=ccd7af444e924b1fbecc31be8cf4c335]), partition=RANGE (key) PARTITION 805306365 <= VALUES < 894784850
I20260710 11:02:12.556478  9470 data_dirs.cc:400] Could only allocate 1 dirs of requested 3 for tablet e615acb625ef4601af5caf58de8ef14a. 1 dirs total, 0 dirs full, 0 dirs failed
I20260710 11:02:12.556627  9548 tablet_service.cc:1511] Processing CreateTablet for tablet 1c8089036990433283b3d8ded4721c4b (DEFAULT_TABLE table=test-workload [id=ccd7af444e924b1fbecc31be8cf4c335]), partition=RANGE (key) PARTITION 536870910 <= VALUES < 626349395
I20260710 11:02:12.558836  9548 data_dirs.cc:400] Could only allocate 1 dirs of requested 3 for tablet 1c8089036990433283b3d8ded4721c4b. 1 dirs total, 0 dirs full, 0 dirs failed
I20260710 11:02:12.564590  9547 tablet_service.cc:1511] Processing CreateTablet for tablet 5483b2638a6f46a1b39174bce720e0c0 (DEFAULT_TABLE table=test-workload [id=ccd7af444e924b1fbecc31be8cf4c335]), partition=RANGE (key) PARTITION 626349395 <= VALUES < 715827880
I20260710 11:02:12.566648  9547 data_dirs.cc:400] Could only allocate 1 dirs of requested 3 for tablet 5483b2638a6f46a1b39174bce720e0c0. 1 dirs total, 0 dirs full, 0 dirs failed
I20260710 11:02:12.572037  9546 tablet_service.cc:1511] Processing CreateTablet for tablet 8d7b58e8aef74d2489ac89229cd9c6be (DEFAULT_TABLE table=test-workload [id=ccd7af444e924b1fbecc31be8cf4c335]), partition=RANGE (key) PARTITION 715827880 <= VALUES < 805306365
I20260710 11:02:12.573379  9546 data_dirs.cc:400] Could only allocate 1 dirs of requested 3 for tablet 8d7b58e8aef74d2489ac89229cd9c6be. 1 dirs total, 0 dirs full, 0 dirs failed
I20260710 11:02:12.595973  9545 tablet_service.cc:1511] Processing CreateTablet for tablet e615acb625ef4601af5caf58de8ef14a (DEFAULT_TABLE table=test-workload [id=ccd7af444e924b1fbecc31be8cf4c335]), partition=RANGE (key) PARTITION 805306365 <= VALUES < 894784850
I20260710 11:02:12.597378  9545 data_dirs.cc:400] Could only allocate 1 dirs of requested 3 for tablet e615acb625ef4601af5caf58de8ef14a. 1 dirs total, 0 dirs full, 0 dirs failed
I20260710 11:02:12.601538  9619 tablet_service.cc:1511] Processing CreateTablet for tablet e615acb625ef4601af5caf58de8ef14a (DEFAULT_TABLE table=test-workload [id=ccd7af444e924b1fbecc31be8cf4c335]), partition=RANGE (key) PARTITION 805306365 <= VALUES < 894784850
I20260710 11:02:12.602953  9619 data_dirs.cc:400] Could only allocate 1 dirs of requested 3 for tablet e615acb625ef4601af5caf58de8ef14a. 1 dirs total, 0 dirs full, 0 dirs failed
I20260710 11:02:12.609158  9627 tablet_service.cc:1511] Processing CreateTablet for tablet 1ea7eceee978429d9af0e1a3bd5eecc2 (DEFAULT_TABLE table=test-workload [id=ccd7af444e924b1fbecc31be8cf4c335]), partition=RANGE (key) PARTITION 894784850 <= VALUES < 984263335
I20260710 11:02:12.610564  9627 data_dirs.cc:400] Could only allocate 1 dirs of requested 3 for tablet 1ea7eceee978429d9af0e1a3bd5eecc2. 1 dirs total, 0 dirs full, 0 dirs failed
I20260710 11:02:12.624112  9546 tablet_service.cc:1511] Processing CreateTablet for tablet 1ea7eceee978429d9af0e1a3bd5eecc2 (DEFAULT_TABLE table=test-workload [id=ccd7af444e924b1fbecc31be8cf4c335]), partition=RANGE (key) PARTITION 894784850 <= VALUES < 984263335
I20260710 11:02:12.625396  9546 data_dirs.cc:400] Could only allocate 1 dirs of requested 3 for tablet 1ea7eceee978429d9af0e1a3bd5eecc2. 1 dirs total, 0 dirs full, 0 dirs failed
I20260710 11:02:12.642531  9679 tablet_bootstrap.cc:492] T 95eb77fabc8d4daeb4688a3827cc50d3 P e935faf7bf5b4532b9dd75d23112c2d7: Bootstrap starting.
I20260710 11:02:12.644757  9622 tablet_service.cc:1511] Processing CreateTablet for tablet fd0fc29f10434f9e8a64ecd18ed2dcd5 (DEFAULT_TABLE table=test-workload [id=ccd7af444e924b1fbecc31be8cf4c335]), partition=RANGE (key) PARTITION 984263335 <= VALUES < 1073741820
I20260710 11:02:12.646533  9622 data_dirs.cc:400] Could only allocate 1 dirs of requested 3 for tablet fd0fc29f10434f9e8a64ecd18ed2dcd5. 1 dirs total, 0 dirs full, 0 dirs failed
I20260710 11:02:12.649325  9679 tablet_bootstrap.cc:654] T 95eb77fabc8d4daeb4688a3827cc50d3 P e935faf7bf5b4532b9dd75d23112c2d7: Neither blocks nor log segments found. Creating new log.
I20260710 11:02:12.655829  9478 tablet_service.cc:1511] Processing CreateTablet for tablet 1ea7eceee978429d9af0e1a3bd5eecc2 (DEFAULT_TABLE table=test-workload [id=ccd7af444e924b1fbecc31be8cf4c335]), partition=RANGE (key) PARTITION 894784850 <= VALUES < 984263335
I20260710 11:02:12.657090  9478 data_dirs.cc:400] Could only allocate 1 dirs of requested 3 for tablet 1ea7eceee978429d9af0e1a3bd5eecc2. 1 dirs total, 0 dirs full, 0 dirs failed
I20260710 11:02:12.661437  9477 tablet_service.cc:1511] Processing CreateTablet for tablet 59838ff5ede94995903279281dc00fc3 (DEFAULT_TABLE table=test-workload [id=ccd7af444e924b1fbecc31be8cf4c335]), partition=RANGE (key) PARTITION 1073741820 <= VALUES < 1163220305
I20260710 11:02:12.688412  9680 tablet_bootstrap.cc:492] T c46edfddad084853a520ff28e9b225b4 P cc959b6334b344cdaa09eab1f606bdb6: Bootstrap starting.
I20260710 11:02:12.688139  9553 tablet_service.cc:1511] Processing CreateTablet for tablet fd0fc29f10434f9e8a64ecd18ed2dcd5 (DEFAULT_TABLE table=test-workload [id=ccd7af444e924b1fbecc31be8cf4c335]), partition=RANGE (key) PARTITION 984263335 <= VALUES < 1073741820
I20260710 11:02:12.706676  9475 tablet_service.cc:1511] Processing CreateTablet for tablet aafab91df4a74107b544b2b7e29b63ea (DEFAULT_TABLE table=test-workload [id=ccd7af444e924b1fbecc31be8cf4c335]), partition=RANGE (key) PARTITION 1163220305 <= VALUES < 1252698790
I20260710 11:02:12.707954  9475 data_dirs.cc:400] Could only allocate 1 dirs of requested 3 for tablet aafab91df4a74107b544b2b7e29b63ea. 1 dirs total, 0 dirs full, 0 dirs failed
I20260710 11:02:12.709894  9679 tablet_bootstrap.cc:492] T 95eb77fabc8d4daeb4688a3827cc50d3 P e935faf7bf5b4532b9dd75d23112c2d7: No bootstrap required, opened a new log
I20260710 11:02:12.709957  9473 tablet_service.cc:1511] Processing CreateTablet for tablet d8484e05b6e243b0b205bde416ea604b (DEFAULT_TABLE table=test-workload [id=ccd7af444e924b1fbecc31be8cf4c335]), partition=RANGE (key) PARTITION 1252698790 <= VALUES < 1342177275
I20260710 11:02:12.710474  9679 ts_tablet_manager.cc:1403] T 95eb77fabc8d4daeb4688a3827cc50d3 P e935faf7bf5b4532b9dd75d23112c2d7: Time spent bootstrapping tablet: real 0.068s	user 0.004s	sys 0.014s
I20260710 11:02:12.711236  9473 data_dirs.cc:400] Could only allocate 1 dirs of requested 3 for tablet d8484e05b6e243b0b205bde416ea604b. 1 dirs total, 0 dirs full, 0 dirs failed
I20260710 11:02:12.715404  9476 tablet_service.cc:1511] Processing CreateTablet for tablet fd0fc29f10434f9e8a64ecd18ed2dcd5 (DEFAULT_TABLE table=test-workload [id=ccd7af444e924b1fbecc31be8cf4c335]), partition=RANGE (key) PARTITION 984263335 <= VALUES < 1073741820
I20260710 11:02:12.717846  9679 raft_consensus.cc:359] T 95eb77fabc8d4daeb4688a3827cc50d3 P e935faf7bf5b4532b9dd75d23112c2d7 [term 0 FOLLOWER]: Replica starting. Triggering 0 pending ops. Active config: opid_index: -1 OBSOLETE_local: false peers { permanent_uuid: "e935faf7bf5b4532b9dd75d23112c2d7" member_type: VOTER last_known_addr { host: "127.8.51.65" port: 33227 } } peers { permanent_uuid: "cc959b6334b344cdaa09eab1f606bdb6" member_type: VOTER last_known_addr { host: "127.8.51.67" port: 33387 } } peers { permanent_uuid: "9e21547bf0094a7086f731ec8800ac7f" member_type: VOTER last_known_addr { host: "127.8.51.66" port: 37469 } }
I20260710 11:02:12.723604  9679 raft_consensus.cc:385] T 95eb77fabc8d4daeb4688a3827cc50d3 P e935faf7bf5b4532b9dd75d23112c2d7 [term 0 FOLLOWER]: Consensus starting up: Expiring failure detector timer to make a prompt election more likely
I20260710 11:02:12.724004  9679 raft_consensus.cc:740] T 95eb77fabc8d4daeb4688a3827cc50d3 P e935faf7bf5b4532b9dd75d23112c2d7 [term 0 FOLLOWER]: Becoming Follower/Learner. State: Replica: e935faf7bf5b4532b9dd75d23112c2d7, State: Initialized, Role: FOLLOWER
I20260710 11:02:12.723764  9619 tablet_service.cc:1511] Processing CreateTablet for tablet 59838ff5ede94995903279281dc00fc3 (DEFAULT_TABLE table=test-workload [id=ccd7af444e924b1fbecc31be8cf4c335]), partition=RANGE (key) PARTITION 1073741820 <= VALUES < 1163220305
I20260710 11:02:12.725028  9619 data_dirs.cc:400] Could only allocate 1 dirs of requested 3 for tablet 59838ff5ede94995903279281dc00fc3. 1 dirs total, 0 dirs full, 0 dirs failed
I20260710 11:02:12.724640  9470 tablet_service.cc:1511] Processing CreateTablet for tablet 098b189145ea47f0811244d4c75c6753 (DEFAULT_TABLE table=test-workload [id=ccd7af444e924b1fbecc31be8cf4c335]), partition=RANGE (key) PARTITION 1431655760 <= VALUES < 1521134245
I20260710 11:02:12.724831  9679 consensus_queue.cc:260] T 95eb77fabc8d4daeb4688a3827cc50d3 P e935faf7bf5b4532b9dd75d23112c2d7 [NON_LEADER]: Queue going to NON_LEADER mode. State: All replicated index: 0, Majority replicated index: 0, Committed index: 0, Last appended: 0.0, Last appended by leader: 0, Current term: 0, Majority size: -1, State: 0, Mode: NON_LEADER, active raft config: opid_index: -1 OBSOLETE_local: false peers { permanent_uuid: "e935faf7bf5b4532b9dd75d23112c2d7" member_type: VOTER last_known_addr { host: "127.8.51.65" port: 33227 } } peers { permanent_uuid: "cc959b6334b344cdaa09eab1f606bdb6" member_type: VOTER last_known_addr { host: "127.8.51.67" port: 33387 } } peers { permanent_uuid: "9e21547bf0094a7086f731ec8800ac7f" member_type: VOTER last_known_addr { host: "127.8.51.66" port: 37469 } }
I20260710 11:02:12.725571  9623 tablet_service.cc:1511] Processing CreateTablet for tablet 6aa7c41d3e94490e8215c8198008b056 (DEFAULT_TABLE table=test-workload [id=ccd7af444e924b1fbecc31be8cf4c335]), partition=RANGE (key) PARTITION 1342177275 <= VALUES < 1431655760
I20260710 11:02:12.724643  9628 tablet_service.cc:1511] Processing CreateTablet for tablet d8484e05b6e243b0b205bde416ea604b (DEFAULT_TABLE table=test-workload [id=ccd7af444e924b1fbecc31be8cf4c335]), partition=RANGE (key) PARTITION 1252698790 <= VALUES < 1342177275
I20260710 11:02:12.723779  9474 tablet_service.cc:1511] Processing CreateTablet for tablet 6aa7c41d3e94490e8215c8198008b056 (DEFAULT_TABLE table=test-workload [id=ccd7af444e924b1fbecc31be8cf4c335]), partition=RANGE (key) PARTITION 1342177275 <= VALUES < 1431655760
I20260710 11:02:12.727425  9627 tablet_service.cc:1511] Processing CreateTablet for tablet aafab91df4a74107b544b2b7e29b63ea (DEFAULT_TABLE table=test-workload [id=ccd7af444e924b1fbecc31be8cf4c335]), partition=RANGE (key) PARTITION 1163220305 <= VALUES < 1252698790
I20260710 11:02:12.727993  9623 data_dirs.cc:400] Could only allocate 1 dirs of requested 3 for tablet 6aa7c41d3e94490e8215c8198008b056. 1 dirs total, 0 dirs full, 0 dirs failed
I20260710 11:02:12.728579  9627 data_dirs.cc:400] Could only allocate 1 dirs of requested 3 for tablet aafab91df4a74107b544b2b7e29b63ea. 1 dirs total, 0 dirs full, 0 dirs failed
I20260710 11:02:12.729307  9628 data_dirs.cc:400] Could only allocate 1 dirs of requested 3 for tablet d8484e05b6e243b0b205bde416ea604b. 1 dirs total, 0 dirs full, 0 dirs failed
I20260710 11:02:12.731899  9553 data_dirs.cc:400] Could only allocate 1 dirs of requested 3 for tablet fd0fc29f10434f9e8a64ecd18ed2dcd5. 1 dirs total, 0 dirs full, 0 dirs failed
I20260710 11:02:12.740388  9620 tablet_service.cc:1511] Processing CreateTablet for tablet 098b189145ea47f0811244d4c75c6753 (DEFAULT_TABLE table=test-workload [id=ccd7af444e924b1fbecc31be8cf4c335]), partition=RANGE (key) PARTITION 1431655760 <= VALUES < 1521134245
I20260710 11:02:12.742918  9472 tablet_service.cc:1511] Processing CreateTablet for tablet 666af7d476d643699604e0750bba747c (DEFAULT_TABLE table=test-workload [id=ccd7af444e924b1fbecc31be8cf4c335]), partition=RANGE (key) PARTITION 1521134245 <= VALUES < 1610612730
I20260710 11:02:12.743620  9626 tablet_service.cc:1511] Processing CreateTablet for tablet 666af7d476d643699604e0750bba747c (DEFAULT_TABLE table=test-workload [id=ccd7af444e924b1fbecc31be8cf4c335]), partition=RANGE (key) PARTITION 1521134245 <= VALUES < 1610612730
I20260710 11:02:12.746618  9620 data_dirs.cc:400] Could only allocate 1 dirs of requested 3 for tablet 098b189145ea47f0811244d4c75c6753. 1 dirs total, 0 dirs full, 0 dirs failed
I20260710 11:02:12.749830  9626 data_dirs.cc:400] Could only allocate 1 dirs of requested 3 for tablet 666af7d476d643699604e0750bba747c. 1 dirs total, 0 dirs full, 0 dirs failed
I20260710 11:02:12.753285  9619 tablet_service.cc:1511] Processing CreateTablet for tablet 3272bbba4d424514a87ee9eb87f63975 (DEFAULT_TABLE table=test-workload [id=ccd7af444e924b1fbecc31be8cf4c335]), partition=RANGE (key) PARTITION 1610612730 <= VALUES < 1700091215
I20260710 11:02:12.754648  9619 data_dirs.cc:400] Could only allocate 1 dirs of requested 3 for tablet 3272bbba4d424514a87ee9eb87f63975. 1 dirs total, 0 dirs full, 0 dirs failed
I20260710 11:02:12.755697  9554 tablet_service.cc:1511] Processing CreateTablet for tablet 59838ff5ede94995903279281dc00fc3 (DEFAULT_TABLE table=test-workload [id=ccd7af444e924b1fbecc31be8cf4c335]), partition=RANGE (key) PARTITION 1073741820 <= VALUES < 1163220305
I20260710 11:02:12.758116  9551 tablet_service.cc:1511] Processing CreateTablet for tablet aafab91df4a74107b544b2b7e29b63ea (DEFAULT_TABLE table=test-workload [id=ccd7af444e924b1fbecc31be8cf4c335]), partition=RANGE (key) PARTITION 1163220305 <= VALUES < 1252698790
I20260710 11:02:12.760550  9545 tablet_service.cc:1511] Processing CreateTablet for tablet d8484e05b6e243b0b205bde416ea604b (DEFAULT_TABLE table=test-workload [id=ccd7af444e924b1fbecc31be8cf4c335]), partition=RANGE (key) PARTITION 1252698790 <= VALUES < 1342177275
I20260710 11:02:12.762847  9546 tablet_service.cc:1511] Processing CreateTablet for tablet 6aa7c41d3e94490e8215c8198008b056 (DEFAULT_TABLE table=test-workload [id=ccd7af444e924b1fbecc31be8cf4c335]), partition=RANGE (key) PARTITION 1342177275 <= VALUES < 1431655760
I20260710 11:02:12.754129  9477 data_dirs.cc:400] Could only allocate 1 dirs of requested 3 for tablet 59838ff5ede94995903279281dc00fc3. 1 dirs total, 0 dirs full, 0 dirs failed
I20260710 11:02:12.765874  9471 tablet_service.cc:1511] Processing CreateTablet for tablet dc945da51a53435788a8d520d227db11 (DEFAULT_TABLE table=test-workload [id=ccd7af444e924b1fbecc31be8cf4c335]), partition=RANGE (key) PARTITION 1700091215 <= VALUES < 1789569700
I20260710 11:02:12.766916  9474 data_dirs.cc:400] Could only allocate 1 dirs of requested 3 for tablet 6aa7c41d3e94490e8215c8198008b056. 1 dirs total, 0 dirs full, 0 dirs failed
I20260710 11:02:12.767503  9471 data_dirs.cc:400] Could only allocate 1 dirs of requested 3 for tablet dc945da51a53435788a8d520d227db11. 1 dirs total, 0 dirs full, 0 dirs failed
I20260710 11:02:12.767798  9545 data_dirs.cc:400] Could only allocate 1 dirs of requested 3 for tablet d8484e05b6e243b0b205bde416ea604b. 1 dirs total, 0 dirs full, 0 dirs failed
I20260710 11:02:12.768059  9470 data_dirs.cc:400] Could only allocate 1 dirs of requested 3 for tablet 098b189145ea47f0811244d4c75c6753. 1 dirs total, 0 dirs full, 0 dirs failed
I20260710 11:02:12.770475  9476 data_dirs.cc:400] Could only allocate 1 dirs of requested 3 for tablet fd0fc29f10434f9e8a64ecd18ed2dcd5. 1 dirs total, 0 dirs full, 0 dirs failed
I20260710 11:02:12.771749  9549 tablet_service.cc:1511] Processing CreateTablet for tablet 666af7d476d643699604e0750bba747c (DEFAULT_TABLE table=test-workload [id=ccd7af444e924b1fbecc31be8cf4c335]), partition=RANGE (key) PARTITION 1521134245 <= VALUES < 1610612730
I20260710 11:02:12.772838  9546 data_dirs.cc:400] Could only allocate 1 dirs of requested 3 for tablet 6aa7c41d3e94490e8215c8198008b056. 1 dirs total, 0 dirs full, 0 dirs failed
I20260710 11:02:12.774915  9549 data_dirs.cc:400] Could only allocate 1 dirs of requested 3 for tablet 666af7d476d643699604e0750bba747c. 1 dirs total, 0 dirs full, 0 dirs failed
I20260710 11:02:12.765769  9552 tablet_service.cc:1511] Processing CreateTablet for tablet 098b189145ea47f0811244d4c75c6753 (DEFAULT_TABLE table=test-workload [id=ccd7af444e924b1fbecc31be8cf4c335]), partition=RANGE (key) PARTITION 1431655760 <= VALUES < 1521134245
I20260710 11:02:12.784338  9475 tablet_service.cc:1511] Processing CreateTablet for tablet 3272bbba4d424514a87ee9eb87f63975 (DEFAULT_TABLE table=test-workload [id=ccd7af444e924b1fbecc31be8cf4c335]), partition=RANGE (key) PARTITION 1610612730 <= VALUES < 1700091215
I20260710 11:02:12.785738  9472 data_dirs.cc:400] Could only allocate 1 dirs of requested 3 for tablet 666af7d476d643699604e0750bba747c. 1 dirs total, 0 dirs full, 0 dirs failed
I20260710 11:02:12.786286  9679 ts_tablet_manager.cc:1434] T 95eb77fabc8d4daeb4688a3827cc50d3 P e935faf7bf5b4532b9dd75d23112c2d7: Time spent starting tablet: real 0.076s	user 0.011s	sys 0.005s
I20260710 11:02:12.786943  9678 tablet_bootstrap.cc:492] T 95eb77fabc8d4daeb4688a3827cc50d3 P 9e21547bf0094a7086f731ec8800ac7f: Bootstrap starting.
I20260710 11:02:12.786279  9680 tablet_bootstrap.cc:654] T c46edfddad084853a520ff28e9b225b4 P cc959b6334b344cdaa09eab1f606bdb6: Neither blocks nor log segments found. Creating new log.
I20260710 11:02:12.803090  9475 data_dirs.cc:400] Could only allocate 1 dirs of requested 3 for tablet 3272bbba4d424514a87ee9eb87f63975. 1 dirs total, 0 dirs full, 0 dirs failed
I20260710 11:02:12.794448  9622 tablet_service.cc:1511] Processing CreateTablet for tablet dc945da51a53435788a8d520d227db11 (DEFAULT_TABLE table=test-workload [id=ccd7af444e924b1fbecc31be8cf4c335]), partition=RANGE (key) PARTITION 1700091215 <= VALUES < 1789569700
I20260710 11:02:12.796083  9478 tablet_service.cc:1511] Processing CreateTablet for tablet 3057618649f44e29ba43cff224848dea (DEFAULT_TABLE table=test-workload [id=ccd7af444e924b1fbecc31be8cf4c335]), partition=RANGE (key) PARTITION 1789569700 <= VALUES < 1879048185
I20260710 11:02:12.807117  9478 data_dirs.cc:400] Could only allocate 1 dirs of requested 3 for tablet 3057618649f44e29ba43cff224848dea. 1 dirs total, 0 dirs full, 0 dirs failed
I20260710 11:02:12.793584  9550 tablet_service.cc:1511] Processing CreateTablet for tablet 3272bbba4d424514a87ee9eb87f63975 (DEFAULT_TABLE table=test-workload [id=ccd7af444e924b1fbecc31be8cf4c335]), partition=RANGE (key) PARTITION 1610612730 <= VALUES < 1700091215
I20260710 11:02:12.819614  9551 data_dirs.cc:400] Could only allocate 1 dirs of requested 3 for tablet aafab91df4a74107b544b2b7e29b63ea. 1 dirs total, 0 dirs full, 0 dirs failed
I20260710 11:02:12.820592  9622 data_dirs.cc:400] Could only allocate 1 dirs of requested 3 for tablet dc945da51a53435788a8d520d227db11. 1 dirs total, 0 dirs full, 0 dirs failed
I20260710 11:02:12.829699  9514 heartbeater.cc:499] Master 127.8.51.126:34127 was elected leader, sending a full tablet report...
I20260710 11:02:12.831173  9471 tablet_service.cc:1511] Processing CreateTablet for tablet 1554a6bb54464e2bab2b3b48cdd78d3b (DEFAULT_TABLE table=test-workload [id=ccd7af444e924b1fbecc31be8cf4c335]), partition=RANGE (key) PARTITION 1879048185 <= VALUES < 1968526670
I20260710 11:02:12.832041  9625 tablet_service.cc:1511] Processing CreateTablet for tablet 1554a6bb54464e2bab2b3b48cdd78d3b (DEFAULT_TABLE table=test-workload [id=ccd7af444e924b1fbecc31be8cf4c335]), partition=RANGE (key) PARTITION 1879048185 <= VALUES < 1968526670
I20260710 11:02:12.832504  9552 data_dirs.cc:400] Could only allocate 1 dirs of requested 3 for tablet 098b189145ea47f0811244d4c75c6753. 1 dirs total, 0 dirs full, 0 dirs failed
I20260710 11:02:12.833302  9625 data_dirs.cc:400] Could only allocate 1 dirs of requested 3 for tablet 1554a6bb54464e2bab2b3b48cdd78d3b. 1 dirs total, 0 dirs full, 0 dirs failed
I20260710 11:02:12.833015  9624 tablet_service.cc:1511] Processing CreateTablet for tablet 3057618649f44e29ba43cff224848dea (DEFAULT_TABLE table=test-workload [id=ccd7af444e924b1fbecc31be8cf4c335]), partition=RANGE (key) PARTITION 1789569700 <= VALUES < 1879048185
I20260710 11:02:12.834266  9624 data_dirs.cc:400] Could only allocate 1 dirs of requested 3 for tablet 3057618649f44e29ba43cff224848dea. 1 dirs total, 0 dirs full, 0 dirs failed
I20260710 11:02:12.839007  9679 tablet_bootstrap.cc:492] T 4bd7e3ff7c7b4236bef423ec59479cd2 P e935faf7bf5b4532b9dd75d23112c2d7: Bootstrap starting.
W20260710 11:02:12.842916  9435 auto_rebalancer.cc:288] Could not retrieve cluster info: Service unavailable: Tablet not running
