I20260710 11:02:24.927635 11711 tablet_copy_service.cc:342] P a1b90c4c1de84eca81a7141d9e635c8d: Request end of tablet copy session a0a2de01c8ef40468ad550ece6f295d9-253d05957fe64877b935f8d231d32d33 received from {username='slave'} at 127.0.0.1:48162
I20260710 11:02:24.928109 11711 tablet_copy_service.cc:434] P a1b90c4c1de84eca81a7141d9e635c8d: ending tablet copy session a0a2de01c8ef40468ad550ece6f295d9-253d05957fe64877b935f8d231d32d33 on tablet 253d05957fe64877b935f8d231d32d33 with peer a0a2de01c8ef40468ad550ece6f295d9
I20260710 11:02:24.933791 12170 tablet_bootstrap.cc:492] T 645ce2e6728e4a0cbe249070019a5ea4 P a0a2de01c8ef40468ad550ece6f295d9: Bootstrap starting.
I20260710 11:02:24.948608 12178 tablet_bootstrap.cc:492] T 09fbcca478d24940a38d3ddb05744804 P a0a2de01c8ef40468ad550ece6f295d9: Bootstrap replayed 1/1 log segments. Stats: ops{read=2 overwritten=0 applied=2 ignored=0} inserts{seen=0 ignored=0} mutations{seen=0 ignored=0} orphaned_commits=0. Pending: 0 replicates
I20260710 11:02:24.949530 12178 tablet_bootstrap.cc:492] T 09fbcca478d24940a38d3ddb05744804 P a0a2de01c8ef40468ad550ece6f295d9: Bootstrap complete.
I20260710 11:02:24.951363 12178 ts_tablet_manager.cc:1403] T 09fbcca478d24940a38d3ddb05744804 P a0a2de01c8ef40468ad550ece6f295d9: Time spent bootstrapping tablet: real 0.045s	user 0.016s	sys 0.014s
I20260710 11:02:24.955751 12178 raft_consensus.cc:359] T 09fbcca478d24940a38d3ddb05744804 P a0a2de01c8ef40468ad550ece6f295d9 [term 1 LEARNER]: Replica starting. Triggering 0 pending ops. Active config: opid_index: 2 OBSOLETE_local: false peers { permanent_uuid: "0001e16b65444856b7986b4d2919f87a" member_type: VOTER last_known_addr { host: "127.10.49.65" port: 40607 } } peers { permanent_uuid: "adb2b523072d48da9639836e34840122" member_type: VOTER last_known_addr { host: "127.10.49.66" port: 38517 } } peers { permanent_uuid: "a1b90c4c1de84eca81a7141d9e635c8d" member_type: VOTER last_known_addr { host: "127.10.49.67" port: 43619 } attrs { replace: true } } peers { permanent_uuid: "a0a2de01c8ef40468ad550ece6f295d9" member_type: NON_VOTER last_known_addr { host: "127.10.49.68" port: 38083 } attrs { promote: true } }
I20260710 11:02:24.956770 12178 raft_consensus.cc:740] T 09fbcca478d24940a38d3ddb05744804 P a0a2de01c8ef40468ad550ece6f295d9 [term 1 LEARNER]: Becoming Follower/Learner. State: Replica: a0a2de01c8ef40468ad550ece6f295d9, State: Initialized, Role: LEARNER
I20260710 11:02:24.957499 12178 consensus_queue.cc:260] T 09fbcca478d24940a38d3ddb05744804 P a0a2de01c8ef40468ad550ece6f295d9 [NON_LEADER]: Queue going to NON_LEADER mode. State: All replicated index: 0, Majority replicated index: 0, Committed index: 2, Last appended: 1.2, Last appended by leader: 2, Current term: 0, Majority size: -1, State: 0, Mode: NON_LEADER, active raft config: opid_index: 2 OBSOLETE_local: false peers { permanent_uuid: "0001e16b65444856b7986b4d2919f87a" member_type: VOTER last_known_addr { host: "127.10.49.65" port: 40607 } } peers { permanent_uuid: "adb2b523072d48da9639836e34840122" member_type: VOTER last_known_addr { host: "127.10.49.66" port: 38517 } } peers { permanent_uuid: "a1b90c4c1de84eca81a7141d9e635c8d" member_type: VOTER last_known_addr { host: "127.10.49.67" port: 43619 } attrs { replace: true } } peers { permanent_uuid: "a0a2de01c8ef40468ad550ece6f295d9" member_type: NON_VOTER last_known_addr { host: "127.10.49.68" port: 38083 } attrs { promote: true } }
I20260710 11:02:24.960286 12178 ts_tablet_manager.cc:1434] T 09fbcca478d24940a38d3ddb05744804 P a0a2de01c8ef40468ad550ece6f295d9: Time spent starting tablet: real 0.008s	user 0.004s	sys 0.004s
I20260710 11:02:24.962628 11562 tablet_copy_service.cc:342] P 0001e16b65444856b7986b4d2919f87a: Request end of tablet copy session a0a2de01c8ef40468ad550ece6f295d9-09fbcca478d24940a38d3ddb05744804 received from {username='slave'} at 127.0.0.1:58408
I20260710 11:02:24.963099 11562 tablet_copy_service.cc:434] P 0001e16b65444856b7986b4d2919f87a: ending tablet copy session a0a2de01c8ef40468ad550ece6f295d9-09fbcca478d24940a38d3ddb05744804 on tablet 09fbcca478d24940a38d3ddb05744804 with peer a0a2de01c8ef40468ad550ece6f295d9
I20260710 11:02:24.970311 12170 tablet_bootstrap.cc:492] T 645ce2e6728e4a0cbe249070019a5ea4 P a0a2de01c8ef40468ad550ece6f295d9: Bootstrap replayed 1/1 log segments. Stats: ops{read=2 overwritten=0 applied=2 ignored=0} inserts{seen=0 ignored=0} mutations{seen=0 ignored=0} orphaned_commits=0. Pending: 0 replicates
I20260710 11:02:24.971318 12170 tablet_bootstrap.cc:492] T 645ce2e6728e4a0cbe249070019a5ea4 P a0a2de01c8ef40468ad550ece6f295d9: Bootstrap complete.
I20260710 11:02:24.972066 12170 ts_tablet_manager.cc:1403] T 645ce2e6728e4a0cbe249070019a5ea4 P a0a2de01c8ef40468ad550ece6f295d9: Time spent bootstrapping tablet: real 0.039s	user 0.020s	sys 0.008s
I20260710 11:02:24.975134 12170 raft_consensus.cc:359] T 645ce2e6728e4a0cbe249070019a5ea4 P a0a2de01c8ef40468ad550ece6f295d9 [term 1 LEARNER]: Replica starting. Triggering 0 pending ops. Active config: opid_index: 2 OBSOLETE_local: false peers { permanent_uuid: "0001e16b65444856b7986b4d2919f87a" member_type: VOTER last_known_addr { host: "127.10.49.65" port: 40607 } attrs { replace: true } } peers { permanent_uuid: "adb2b523072d48da9639836e34840122" member_type: VOTER last_known_addr { host: "127.10.49.66" port: 38517 } } peers { permanent_uuid: "a1b90c4c1de84eca81a7141d9e635c8d" member_type: VOTER last_known_addr { host: "127.10.49.67" port: 43619 } } peers { permanent_uuid: "a0a2de01c8ef40468ad550ece6f295d9" member_type: NON_VOTER last_known_addr { host: "127.10.49.68" port: 38083 } attrs { promote: true } }
I20260710 11:02:24.975785 12170 raft_consensus.cc:740] T 645ce2e6728e4a0cbe249070019a5ea4 P a0a2de01c8ef40468ad550ece6f295d9 [term 1 LEARNER]: Becoming Follower/Learner. State: Replica: a0a2de01c8ef40468ad550ece6f295d9, State: Initialized, Role: LEARNER
I20260710 11:02:24.976353 12170 consensus_queue.cc:260] T 645ce2e6728e4a0cbe249070019a5ea4 P a0a2de01c8ef40468ad550ece6f295d9 [NON_LEADER]: Queue going to NON_LEADER mode. State: All replicated index: 0, Majority replicated index: 0, Committed index: 2, Last appended: 1.2, Last appended by leader: 2, Current term: 0, Majority size: -1, State: 0, Mode: NON_LEADER, active raft config: opid_index: 2 OBSOLETE_local: false peers { permanent_uuid: "0001e16b65444856b7986b4d2919f87a" member_type: VOTER last_known_addr { host: "127.10.49.65" port: 40607 } attrs { replace: true } } peers { permanent_uuid: "adb2b523072d48da9639836e34840122" member_type: VOTER last_known_addr { host: "127.10.49.66" port: 38517 } } peers { permanent_uuid: "a1b90c4c1de84eca81a7141d9e635c8d" member_type: VOTER last_known_addr { host: "127.10.49.67" port: 43619 } } peers { permanent_uuid: "a0a2de01c8ef40468ad550ece6f295d9" member_type: NON_VOTER last_known_addr { host: "127.10.49.68" port: 38083 } attrs { promote: true } }
I20260710 11:02:24.978739 12170 ts_tablet_manager.cc:1434] T 645ce2e6728e4a0cbe249070019a5ea4 P a0a2de01c8ef40468ad550ece6f295d9: Time spent starting tablet: real 0.006s	user 0.008s	sys 0.000s
I20260710 11:02:24.980546 11711 tablet_copy_service.cc:342] P a1b90c4c1de84eca81a7141d9e635c8d: Request end of tablet copy session a0a2de01c8ef40468ad550ece6f295d9-645ce2e6728e4a0cbe249070019a5ea4 received from {username='slave'} at 127.0.0.1:48162
I20260710 11:02:24.981009 11711 tablet_copy_service.cc:434] P a1b90c4c1de84eca81a7141d9e635c8d: ending tablet copy session a0a2de01c8ef40468ad550ece6f295d9-645ce2e6728e4a0cbe249070019a5ea4 on tablet 645ce2e6728e4a0cbe249070019a5ea4 with peer a0a2de01c8ef40468ad550ece6f295d9
I20260710 11:02:25.158342 11970 raft_consensus.cc:1217] T 203caec5d41b4a329b853eb9b0b03940 P a0a2de01c8ef40468ad550ece6f295d9 [term 1 LEARNER]: Deduplicated request from leader. Original: 1.1->[1.2-1.2]   Dedup: 1.2->[]
I20260710 11:02:25.311268 11970 raft_consensus.cc:1217] T 253d05957fe64877b935f8d231d32d33 P a0a2de01c8ef40468ad550ece6f295d9 [term 1 LEARNER]: Deduplicated request from leader. Original: 1.1->[1.2-1.2]   Dedup: 1.2->[]
I20260710 11:02:25.326812 11970 raft_consensus.cc:1217] T 09fbcca478d24940a38d3ddb05744804 P a0a2de01c8ef40468ad550ece6f295d9 [term 1 LEARNER]: Deduplicated request from leader. Original: 1.1->[1.2-1.2]   Dedup: 1.2->[]
I20260710 11:02:25.439023 11970 raft_consensus.cc:1217] T 645ce2e6728e4a0cbe249070019a5ea4 P a0a2de01c8ef40468ad550ece6f295d9 [term 1 LEARNER]: Deduplicated request from leader. Original: 1.1->[1.2-1.2]   Dedup: 1.2->[]
I20260710 11:02:25.640365 12148 raft_consensus.cc:1064] T 203caec5d41b4a329b853eb9b0b03940 P 0001e16b65444856b7986b4d2919f87a: attempting to promote NON_VOTER a0a2de01c8ef40468ad550ece6f295d9 to VOTER
I20260710 11:02:25.642460 12148 consensus_queue.cc:237] T 203caec5d41b4a329b853eb9b0b03940 P 0001e16b65444856b7986b4d2919f87a [LEADER]: Queue going to LEADER mode. State: All replicated index: 0, Majority replicated index: 2, Committed index: 2, Last appended: 1.2, Last appended by leader: 0, Current term: 1, Majority size: 3, State: 0, Mode: LEADER, active raft config: opid_index: 3 OBSOLETE_local: false peers { permanent_uuid: "0001e16b65444856b7986b4d2919f87a" member_type: VOTER last_known_addr { host: "127.10.49.65" port: 40607 } } peers { permanent_uuid: "adb2b523072d48da9639836e34840122" member_type: VOTER last_known_addr { host: "127.10.49.66" port: 38517 } attrs { replace: true } } peers { permanent_uuid: "a1b90c4c1de84eca81a7141d9e635c8d" member_type: VOTER last_known_addr { host: "127.10.49.67" port: 43619 } } peers { permanent_uuid: "a0a2de01c8ef40468ad550ece6f295d9" member_type: VOTER last_known_addr { host: "127.10.49.68" port: 38083 } attrs { promote: false } }
I20260710 11:02:25.648936 11970 raft_consensus.cc:1275] T 203caec5d41b4a329b853eb9b0b03940 P a0a2de01c8ef40468ad550ece6f295d9 [term 1 LEARNER]: Refusing update from remote peer 0001e16b65444856b7986b4d2919f87a: Log matching property violated. Preceding OpId in replica: term: 1 index: 2. Preceding OpId from leader: term: 1 index: 3. (index mismatch)
I20260710 11:02:25.649171 11623 raft_consensus.cc:1275] T 203caec5d41b4a329b853eb9b0b03940 P adb2b523072d48da9639836e34840122 [term 1 FOLLOWER]: Refusing update from remote peer 0001e16b65444856b7986b4d2919f87a: Log matching property violated. Preceding OpId in replica: term: 1 index: 2. Preceding OpId from leader: term: 1 index: 3. (index mismatch)
I20260710 11:02:25.649171 11700 raft_consensus.cc:1275] T 203caec5d41b4a329b853eb9b0b03940 P a1b90c4c1de84eca81a7141d9e635c8d [term 1 FOLLOWER]: Refusing update from remote peer 0001e16b65444856b7986b4d2919f87a: Log matching property violated. Preceding OpId in replica: term: 1 index: 2. Preceding OpId from leader: term: 1 index: 3. (index mismatch)
I20260710 11:02:25.650918 12148 consensus_queue.cc:1048] T 203caec5d41b4a329b853eb9b0b03940 P 0001e16b65444856b7986b4d2919f87a [LEADER]: Connected to new peer: Peer: permanent_uuid: "a0a2de01c8ef40468ad550ece6f295d9" member_type: VOTER last_known_addr { host: "127.10.49.68" port: 38083 } attrs { promote: false }, Status: LMP_MISMATCH, Last received: 0.0, Next index: 3, Last known committed idx: 2, Time since last communication: 0.000s
I20260710 11:02:25.651693 12186 consensus_queue.cc:1048] T 203caec5d41b4a329b853eb9b0b03940 P 0001e16b65444856b7986b4d2919f87a [LEADER]: Connected to new peer: Peer: permanent_uuid: "adb2b523072d48da9639836e34840122" member_type: VOTER last_known_addr { host: "127.10.49.66" port: 38517 } attrs { replace: true }, Status: LMP_MISMATCH, Last received: 0.0, Next index: 3, Last known committed idx: 2, Time since last communication: 0.000s
I20260710 11:02:25.652390 12150 consensus_queue.cc:1048] T 203caec5d41b4a329b853eb9b0b03940 P 0001e16b65444856b7986b4d2919f87a [LEADER]: Connected to new peer: Peer: permanent_uuid: "a1b90c4c1de84eca81a7141d9e635c8d" member_type: VOTER last_known_addr { host: "127.10.49.67" port: 43619 }, Status: LMP_MISMATCH, Last received: 0.0, Next index: 3, Last known committed idx: 2, Time since last communication: 0.000s
I20260710 11:02:25.672595 12186 raft_consensus.cc:2955] T 203caec5d41b4a329b853eb9b0b03940 P 0001e16b65444856b7986b4d2919f87a [term 1 LEADER]: Committing config change with OpId 1.3: config changed from index 2 to 3, a0a2de01c8ef40468ad550ece6f295d9 (127.10.49.68) changed from NON_VOTER to VOTER. New config: { opid_index: 3 OBSOLETE_local: false peers { permanent_uuid: "0001e16b65444856b7986b4d2919f87a" member_type: VOTER last_known_addr { host: "127.10.49.65" port: 40607 } } peers { permanent_uuid: "adb2b523072d48da9639836e34840122" member_type: VOTER last_known_addr { host: "127.10.49.66" port: 38517 } attrs { replace: true } } peers { permanent_uuid: "a1b90c4c1de84eca81a7141d9e635c8d" member_type: VOTER last_known_addr { host: "127.10.49.67" port: 43619 } } peers { permanent_uuid: "a0a2de01c8ef40468ad550ece6f295d9" member_type: VOTER last_known_addr { host: "127.10.49.68" port: 38083 } attrs { promote: false } } }
I20260710 11:02:25.674379 11623 raft_consensus.cc:2955] T 203caec5d41b4a329b853eb9b0b03940 P adb2b523072d48da9639836e34840122 [term 1 FOLLOWER]: Committing config change with OpId 1.3: config changed from index 2 to 3, a0a2de01c8ef40468ad550ece6f295d9 (127.10.49.68) changed from NON_VOTER to VOTER. New config: { opid_index: 3 OBSOLETE_local: false peers { permanent_uuid: "0001e16b65444856b7986b4d2919f87a" member_type: VOTER last_known_addr { host: "127.10.49.65" port: 40607 } } peers { permanent_uuid: "adb2b523072d48da9639836e34840122" member_type: VOTER last_known_addr { host: "127.10.49.66" port: 38517 } attrs { replace: true } } peers { permanent_uuid: "a1b90c4c1de84eca81a7141d9e635c8d" member_type: VOTER last_known_addr { host: "127.10.49.67" port: 43619 } } peers { permanent_uuid: "a0a2de01c8ef40468ad550ece6f295d9" member_type: VOTER last_known_addr { host: "127.10.49.68" port: 38083 } attrs { promote: false } } }
I20260710 11:02:25.679392 11962 raft_consensus.cc:2955] T 203caec5d41b4a329b853eb9b0b03940 P a0a2de01c8ef40468ad550ece6f295d9 [term 1 FOLLOWER]: Committing config change with OpId 1.3: config changed from index 2 to 3, a0a2de01c8ef40468ad550ece6f295d9 (127.10.49.68) changed from NON_VOTER to VOTER. New config: { opid_index: 3 OBSOLETE_local: false peers { permanent_uuid: "0001e16b65444856b7986b4d2919f87a" member_type: VOTER last_known_addr { host: "127.10.49.65" port: 40607 } } peers { permanent_uuid: "adb2b523072d48da9639836e34840122" member_type: VOTER last_known_addr { host: "127.10.49.66" port: 38517 } attrs { replace: true } } peers { permanent_uuid: "a1b90c4c1de84eca81a7141d9e635c8d" member_type: VOTER last_known_addr { host: "127.10.49.67" port: 43619 } } peers { permanent_uuid: "a0a2de01c8ef40468ad550ece6f295d9" member_type: VOTER last_known_addr { host: "127.10.49.68" port: 38083 } attrs { promote: false } } }
I20260710 11:02:25.683815 11700 raft_consensus.cc:2955] T 203caec5d41b4a329b853eb9b0b03940 P a1b90c4c1de84eca81a7141d9e635c8d [term 1 FOLLOWER]: Committing config change with OpId 1.3: config changed from index 2 to 3, a0a2de01c8ef40468ad550ece6f295d9 (127.10.49.68) changed from NON_VOTER to VOTER. New config: { opid_index: 3 OBSOLETE_local: false peers { permanent_uuid: "0001e16b65444856b7986b4d2919f87a" member_type: VOTER last_known_addr { host: "127.10.49.65" port: 40607 } } peers { permanent_uuid: "adb2b523072d48da9639836e34840122" member_type: VOTER last_known_addr { host: "127.10.49.66" port: 38517 } attrs { replace: true } } peers { permanent_uuid: "a1b90c4c1de84eca81a7141d9e635c8d" member_type: VOTER last_known_addr { host: "127.10.49.67" port: 43619 } } peers { permanent_uuid: "a0a2de01c8ef40468ad550ece6f295d9" member_type: VOTER last_known_addr { host: "127.10.49.68" port: 38083 } attrs { promote: false } } }
I20260710 11:02:25.689570 11449 catalog_manager.cc:5697] T 203caec5d41b4a329b853eb9b0b03940 P 0001e16b65444856b7986b4d2919f87a reported cstate change: config changed from index 2 to 3, a0a2de01c8ef40468ad550ece6f295d9 (127.10.49.68) changed from NON_VOTER to VOTER. New cstate: current_term: 1 leader_uuid: "0001e16b65444856b7986b4d2919f87a" committed_config { opid_index: 3 OBSOLETE_local: false peers { permanent_uuid: "0001e16b65444856b7986b4d2919f87a" member_type: VOTER last_known_addr { host: "127.10.49.65" port: 40607 } health_report { overall_health: HEALTHY } } peers { permanent_uuid: "adb2b523072d48da9639836e34840122" member_type: VOTER last_known_addr { host: "127.10.49.66" port: 38517 } attrs { replace: true } health_report { overall_health: HEALTHY } } peers { permanent_uuid: "a1b90c4c1de84eca81a7141d9e635c8d" member_type: VOTER last_known_addr { host: "127.10.49.67" port: 43619 } health_report { overall_health: HEALTHY } } peers { permanent_uuid: "a0a2de01c8ef40468ad550ece6f295d9" member_type: VOTER last_known_addr { host: "127.10.49.68" port: 38083 } attrs { promote: false } health_report { overall_health: HEALTHY } } }
I20260710 11:02:25.716506 11548 consensus_queue.cc:237] T 203caec5d41b4a329b853eb9b0b03940 P 0001e16b65444856b7986b4d2919f87a [LEADER]: Queue going to LEADER mode. State: All replicated index: 0, Majority replicated index: 3, Committed index: 3, Last appended: 1.3, Last appended by leader: 0, Current term: 1, Majority size: 2, State: 0, Mode: LEADER, active raft config: opid_index: 4 OBSOLETE_local: false peers { permanent_uuid: "0001e16b65444856b7986b4d2919f87a" member_type: VOTER last_known_addr { host: "127.10.49.65" port: 40607 } } peers { permanent_uuid: "a1b90c4c1de84eca81a7141d9e635c8d" member_type: VOTER last_known_addr { host: "127.10.49.67" port: 43619 } } peers { permanent_uuid: "a0a2de01c8ef40468ad550ece6f295d9" member_type: VOTER last_known_addr { host: "127.10.49.68" port: 38083 } attrs { promote: false } }
I20260710 11:02:25.728511 11962 raft_consensus.cc:1275] T 203caec5d41b4a329b853eb9b0b03940 P a0a2de01c8ef40468ad550ece6f295d9 [term 1 FOLLOWER]: Refusing update from remote peer 0001e16b65444856b7986b4d2919f87a: Log matching property violated. Preceding OpId in replica: term: 1 index: 3. Preceding OpId from leader: term: 1 index: 4. (index mismatch)
I20260710 11:02:25.731105 11700 raft_consensus.cc:1275] T 203caec5d41b4a329b853eb9b0b03940 P a1b90c4c1de84eca81a7141d9e635c8d [term 1 FOLLOWER]: Refusing update from remote peer 0001e16b65444856b7986b4d2919f87a: Log matching property violated. Preceding OpId in replica: term: 1 index: 3. Preceding OpId from leader: term: 1 index: 4. (index mismatch)
I20260710 11:02:25.733695 12148 consensus_queue.cc:1048] T 203caec5d41b4a329b853eb9b0b03940 P 0001e16b65444856b7986b4d2919f87a [LEADER]: Connected to new peer: Peer: permanent_uuid: "a0a2de01c8ef40468ad550ece6f295d9" member_type: VOTER last_known_addr { host: "127.10.49.68" port: 38083 } attrs { promote: false }, Status: LMP_MISMATCH, Last received: 0.0, Next index: 4, Last known committed idx: 3, Time since last communication: 0.001s
I20260710 11:02:25.734742 12150 consensus_queue.cc:1048] T 203caec5d41b4a329b853eb9b0b03940 P 0001e16b65444856b7986b4d2919f87a [LEADER]: Connected to new peer: Peer: permanent_uuid: "a1b90c4c1de84eca81a7141d9e635c8d" member_type: VOTER last_known_addr { host: "127.10.49.67" port: 43619 }, Status: LMP_MISMATCH, Last received: 0.0, Next index: 4, Last known committed idx: 3, Time since last communication: 0.000s
I20260710 11:02:25.745862 12118 raft_consensus.cc:1064] T 253d05957fe64877b935f8d231d32d33 P a1b90c4c1de84eca81a7141d9e635c8d: attempting to promote NON_VOTER a0a2de01c8ef40468ad550ece6f295d9 to VOTER
I20260710 11:02:25.748142 12118 consensus_queue.cc:237] T 253d05957fe64877b935f8d231d32d33 P a1b90c4c1de84eca81a7141d9e635c8d [LEADER]: Queue going to LEADER mode. State: All replicated index: 0, Majority replicated index: 2, Committed index: 2, Last appended: 1.2, Last appended by leader: 0, Current term: 1, Majority size: 3, State: 0, Mode: LEADER, active raft config: opid_index: 3 OBSOLETE_local: false peers { permanent_uuid: "0001e16b65444856b7986b4d2919f87a" member_type: VOTER last_known_addr { host: "127.10.49.65" port: 40607 } } peers { permanent_uuid: "adb2b523072d48da9639836e34840122" member_type: VOTER last_known_addr { host: "127.10.49.66" port: 38517 } attrs { replace: true } } peers { permanent_uuid: "a1b90c4c1de84eca81a7141d9e635c8d" member_type: VOTER last_known_addr { host: "127.10.49.67" port: 43619 } } peers { permanent_uuid: "a0a2de01c8ef40468ad550ece6f295d9" member_type: VOTER last_known_addr { host: "127.10.49.68" port: 38083 } attrs { promote: false } }
I20260710 11:02:25.750890 12150 raft_consensus.cc:2955] T 203caec5d41b4a329b853eb9b0b03940 P 0001e16b65444856b7986b4d2919f87a [term 1 LEADER]: Committing config change with OpId 1.4: config changed from index 3 to 4, VOTER adb2b523072d48da9639836e34840122 (127.10.49.66) evicted. New config: { opid_index: 4 OBSOLETE_local: false peers { permanent_uuid: "0001e16b65444856b7986b4d2919f87a" member_type: VOTER last_known_addr { host: "127.10.49.65" port: 40607 } } peers { permanent_uuid: "a1b90c4c1de84eca81a7141d9e635c8d" member_type: VOTER last_known_addr { host: "127.10.49.67" port: 43619 } } peers { permanent_uuid: "a0a2de01c8ef40468ad550ece6f295d9" member_type: VOTER last_known_addr { host: "127.10.49.68" port: 38083 } attrs { promote: false } } }
I20260710 11:02:25.753432 11970 raft_consensus.cc:2955] T 203caec5d41b4a329b853eb9b0b03940 P a0a2de01c8ef40468ad550ece6f295d9 [term 1 FOLLOWER]: Committing config change with OpId 1.4: config changed from index 3 to 4, VOTER adb2b523072d48da9639836e34840122 (127.10.49.66) evicted. New config: { opid_index: 4 OBSOLETE_local: false peers { permanent_uuid: "0001e16b65444856b7986b4d2919f87a" member_type: VOTER last_known_addr { host: "127.10.49.65" port: 40607 } } peers { permanent_uuid: "a1b90c4c1de84eca81a7141d9e635c8d" member_type: VOTER last_known_addr { host: "127.10.49.67" port: 43619 } } peers { permanent_uuid: "a0a2de01c8ef40468ad550ece6f295d9" member_type: VOTER last_known_addr { host: "127.10.49.68" port: 38083 } attrs { promote: false } } }
I20260710 11:02:25.754267 11700 raft_consensus.cc:2955] T 203caec5d41b4a329b853eb9b0b03940 P a1b90c4c1de84eca81a7141d9e635c8d [term 1 FOLLOWER]: Committing config change with OpId 1.4: config changed from index 3 to 4, VOTER adb2b523072d48da9639836e34840122 (127.10.49.66) evicted. New config: { opid_index: 4 OBSOLETE_local: false peers { permanent_uuid: "0001e16b65444856b7986b4d2919f87a" member_type: VOTER last_known_addr { host: "127.10.49.65" port: 40607 } } peers { permanent_uuid: "a1b90c4c1de84eca81a7141d9e635c8d" member_type: VOTER last_known_addr { host: "127.10.49.67" port: 43619 } } peers { permanent_uuid: "a0a2de01c8ef40468ad550ece6f295d9" member_type: VOTER last_known_addr { host: "127.10.49.68" port: 38083 } attrs { promote: false } } }
I20260710 11:02:25.768424 11448 catalog_manager.cc:5697] T 203caec5d41b4a329b853eb9b0b03940 P a0a2de01c8ef40468ad550ece6f295d9 reported cstate change: config changed from index 3 to 4, VOTER adb2b523072d48da9639836e34840122 (127.10.49.66) evicted. New cstate: current_term: 1 leader_uuid: "0001e16b65444856b7986b4d2919f87a" committed_config { opid_index: 4 OBSOLETE_local: false peers { permanent_uuid: "0001e16b65444856b7986b4d2919f87a" member_type: VOTER last_known_addr { host: "127.10.49.65" port: 40607 } } peers { permanent_uuid: "a1b90c4c1de84eca81a7141d9e635c8d" member_type: VOTER last_known_addr { host: "127.10.49.67" port: 43619 } } peers { permanent_uuid: "a0a2de01c8ef40468ad550ece6f295d9" member_type: VOTER last_known_addr { host: "127.10.49.68" port: 38083 } attrs { promote: false } } }
I20260710 11:02:25.769713 11436 catalog_manager.cc:5210] ChangeConfig:REMOVE_PEER RPC for tablet 203caec5d41b4a329b853eb9b0b03940 with cas_config_opid_index 3: ChangeConfig:REMOVE_PEER succeeded (attempt 1)
I20260710 11:02:25.779914 11970 raft_consensus.cc:1275] T 253d05957fe64877b935f8d231d32d33 P a0a2de01c8ef40468ad550ece6f295d9 [term 1 LEARNER]: Refusing update from remote peer a1b90c4c1de84eca81a7141d9e635c8d: Log matching property violated. Preceding OpId in replica: term: 1 index: 2. Preceding OpId from leader: term: 1 index: 3. (index mismatch)
I20260710 11:02:25.780023 11623 raft_consensus.cc:1275] T 253d05957fe64877b935f8d231d32d33 P adb2b523072d48da9639836e34840122 [term 1 FOLLOWER]: Refusing update from remote peer a1b90c4c1de84eca81a7141d9e635c8d: Log matching property violated. Preceding OpId in replica: term: 1 index: 2. Preceding OpId from leader: term: 1 index: 3. (index mismatch)
I20260710 11:02:25.781944 11548 raft_consensus.cc:1275] T 253d05957fe64877b935f8d231d32d33 P 0001e16b65444856b7986b4d2919f87a [term 1 FOLLOWER]: Refusing update from remote peer a1b90c4c1de84eca81a7141d9e635c8d: Log matching property violated. Preceding OpId in replica: term: 1 index: 2. Preceding OpId from leader: term: 1 index: 3. (index mismatch)
I20260710 11:02:25.782219 12118 consensus_queue.cc:1048] T 253d05957fe64877b935f8d231d32d33 P a1b90c4c1de84eca81a7141d9e635c8d [LEADER]: Connected to new peer: Peer: permanent_uuid: "a0a2de01c8ef40468ad550ece6f295d9" member_type: VOTER last_known_addr { host: "127.10.49.68" port: 38083 } attrs { promote: false }, Status: LMP_MISMATCH, Last received: 0.0, Next index: 3, Last known committed idx: 2, Time since last communication: 0.001s
I20260710 11:02:25.783779 12188 consensus_queue.cc:1048] T 253d05957fe64877b935f8d231d32d33 P a1b90c4c1de84eca81a7141d9e635c8d [LEADER]: Connected to new peer: Peer: permanent_uuid: "adb2b523072d48da9639836e34840122" member_type: VOTER last_known_addr { host: "127.10.49.66" port: 38517 } attrs { replace: true }, Status: LMP_MISMATCH, Last received: 0.0, Next index: 3, Last known committed idx: 2, Time since last communication: 0.000s
I20260710 11:02:25.785027 12189 consensus_queue.cc:1048] T 253d05957fe64877b935f8d231d32d33 P a1b90c4c1de84eca81a7141d9e635c8d [LEADER]: Connected to new peer: Peer: permanent_uuid: "0001e16b65444856b7986b4d2919f87a" member_type: VOTER last_known_addr { host: "127.10.49.65" port: 40607 }, Status: LMP_MISMATCH, Last received: 0.0, Next index: 3, Last known committed idx: 2, Time since last communication: 0.000s
I20260710 11:02:25.788151 11614 tablet_service.cc:1558] Processing DeleteTablet for tablet 203caec5d41b4a329b853eb9b0b03940 with delete_type TABLET_DATA_TOMBSTONED (TS adb2b523072d48da9639836e34840122 not found in new config with opid_index 4) from {username='slave'} at 127.0.0.1:48662
I20260710 11:02:25.790973 12199 tablet_replica.cc:333] T 203caec5d41b4a329b853eb9b0b03940 P adb2b523072d48da9639836e34840122: stopping tablet replica
I20260710 11:02:25.792734 12199 raft_consensus.cc:2243] T 203caec5d41b4a329b853eb9b0b03940 P adb2b523072d48da9639836e34840122 [term 1 FOLLOWER]: Raft consensus shutting down.
I20260710 11:02:25.793936 12199 raft_consensus.cc:2272] T 203caec5d41b4a329b853eb9b0b03940 P adb2b523072d48da9639836e34840122 [term 1 FOLLOWER]: Raft consensus is shut down!
I20260710 11:02:25.799495 12199 ts_tablet_manager.cc:1916] T 203caec5d41b4a329b853eb9b0b03940 P adb2b523072d48da9639836e34840122: Deleting tablet data with delete state TABLET_DATA_TOMBSTONED
I20260710 11:02:25.811492 12188 raft_consensus.cc:2955] T 253d05957fe64877b935f8d231d32d33 P a1b90c4c1de84eca81a7141d9e635c8d [term 1 LEADER]: Committing config change with OpId 1.3: config changed from index 2 to 3, a0a2de01c8ef40468ad550ece6f295d9 (127.10.49.68) changed from NON_VOTER to VOTER. New config: { opid_index: 3 OBSOLETE_local: false peers { permanent_uuid: "0001e16b65444856b7986b4d2919f87a" member_type: VOTER last_known_addr { host: "127.10.49.65" port: 40607 } } peers { permanent_uuid: "adb2b523072d48da9639836e34840122" member_type: VOTER last_known_addr { host: "127.10.49.66" port: 38517 } attrs { replace: true } } peers { permanent_uuid: "a1b90c4c1de84eca81a7141d9e635c8d" member_type: VOTER last_known_addr { host: "127.10.49.67" port: 43619 } } peers { permanent_uuid: "a0a2de01c8ef40468ad550ece6f295d9" member_type: VOTER last_known_addr { host: "127.10.49.68" port: 38083 } attrs { promote: false } } }
I20260710 11:02:25.818233 11962 raft_consensus.cc:2955] T 253d05957fe64877b935f8d231d32d33 P a0a2de01c8ef40468ad550ece6f295d9 [term 1 FOLLOWER]: Committing config change with OpId 1.3: config changed from index 2 to 3, a0a2de01c8ef40468ad550ece6f295d9 (127.10.49.68) changed from NON_VOTER to VOTER. New config: { opid_index: 3 OBSOLETE_local: false peers { permanent_uuid: "0001e16b65444856b7986b4d2919f87a" member_type: VOTER last_known_addr { host: "127.10.49.65" port: 40607 } } peers { permanent_uuid: "adb2b523072d48da9639836e34840122" member_type: VOTER last_known_addr { host: "127.10.49.66" port: 38517 } attrs { replace: true } } peers { permanent_uuid: "a1b90c4c1de84eca81a7141d9e635c8d" member_type: VOTER last_known_addr { host: "127.10.49.67" port: 43619 } } peers { permanent_uuid: "a0a2de01c8ef40468ad550ece6f295d9" member_type: VOTER last_known_addr { host: "127.10.49.68" port: 38083 } attrs { promote: false } } }
I20260710 11:02:25.824090 11623 raft_consensus.cc:2955] T 253d05957fe64877b935f8d231d32d33 P adb2b523072d48da9639836e34840122 [term 1 FOLLOWER]: Committing config change with OpId 1.3: config changed from index 2 to 3, a0a2de01c8ef40468ad550ece6f295d9 (127.10.49.68) changed from NON_VOTER to VOTER. New config: { opid_index: 3 OBSOLETE_local: false peers { permanent_uuid: "0001e16b65444856b7986b4d2919f87a" member_type: VOTER last_known_addr { host: "127.10.49.65" port: 40607 } } peers { permanent_uuid: "adb2b523072d48da9639836e34840122" member_type: VOTER last_known_addr { host: "127.10.49.66" port: 38517 } attrs { replace: true } } peers { permanent_uuid: "a1b90c4c1de84eca81a7141d9e635c8d" member_type: VOTER last_known_addr { host: "127.10.49.67" port: 43619 } } peers { permanent_uuid: "a0a2de01c8ef40468ad550ece6f295d9" member_type: VOTER last_known_addr { host: "127.10.49.68" port: 38083 } attrs { promote: false } } }
I20260710 11:02:25.826974 12199 ts_tablet_manager.cc:1929] T 203caec5d41b4a329b853eb9b0b03940 P adb2b523072d48da9639836e34840122: tablet deleted with delete type TABLET_DATA_TOMBSTONED: last-logged OpId 1.3
I20260710 11:02:25.827477 12199 log.cc:1199] T 203caec5d41b4a329b853eb9b0b03940 P adb2b523072d48da9639836e34840122: Deleting WAL directory at /tmp/dist-test-taskJwt_Av/test-tmp/auto_leader_rebalancer-test.0.LeaderRebalancerTest.AddTserver.1783681308490738-10437-0/minicluster-data/ts-1-root/wals/203caec5d41b4a329b853eb9b0b03940
I20260710 11:02:25.827652 11549 raft_consensus.cc:2955] T 253d05957fe64877b935f8d231d32d33 P 0001e16b65444856b7986b4d2919f87a [term 1 FOLLOWER]: Committing config change with OpId 1.3: config changed from index 2 to 3, a0a2de01c8ef40468ad550ece6f295d9 (127.10.49.68) changed from NON_VOTER to VOTER. New config: { opid_index: 3 OBSOLETE_local: false peers { permanent_uuid: "0001e16b65444856b7986b4d2919f87a" member_type: VOTER last_known_addr { host: "127.10.49.65" port: 40607 } } peers { permanent_uuid: "adb2b523072d48da9639836e34840122" member_type: VOTER last_known_addr { host: "127.10.49.66" port: 38517 } attrs { replace: true } } peers { permanent_uuid: "a1b90c4c1de84eca81a7141d9e635c8d" member_type: VOTER last_known_addr { host: "127.10.49.67" port: 43619 } } peers { permanent_uuid: "a0a2de01c8ef40468ad550ece6f295d9" member_type: VOTER last_known_addr { host: "127.10.49.68" port: 38083 } attrs { promote: false } } }
I20260710 11:02:25.829375 11437 catalog_manager.cc:5028] TS adb2b523072d48da9639836e34840122 (127.10.49.66:38517): tablet 203caec5d41b4a329b853eb9b0b03940 (table test-workload [id=4b5aeba8c81c40c79c44ff4112a37bc2]) successfully deleted
I20260710 11:02:25.830830 11447 catalog_manager.cc:5697] T 253d05957fe64877b935f8d231d32d33 P a1b90c4c1de84eca81a7141d9e635c8d reported cstate change: config changed from index 2 to 3, a0a2de01c8ef40468ad550ece6f295d9 (127.10.49.68) changed from NON_VOTER to VOTER. New cstate: current_term: 1 leader_uuid: "a1b90c4c1de84eca81a7141d9e635c8d" committed_config { opid_index: 3 OBSOLETE_local: false peers { permanent_uuid: "0001e16b65444856b7986b4d2919f87a" member_type: VOTER last_known_addr { host: "127.10.49.65" port: 40607 } health_report { overall_health: HEALTHY } } peers { permanent_uuid: "adb2b523072d48da9639836e34840122" member_type: VOTER last_known_addr { host: "127.10.49.66" port: 38517 } attrs { replace: true } health_report { overall_health: HEALTHY } } peers { permanent_uuid: "a1b90c4c1de84eca81a7141d9e635c8d" member_type: VOTER last_known_addr { host: "127.10.49.67" port: 43619 } health_report { overall_health: HEALTHY } } peers { permanent_uuid: "a0a2de01c8ef40468ad550ece6f295d9" member_type: VOTER last_known_addr { host: "127.10.49.68" port: 38083 } attrs { promote: false } health_report { overall_health: HEALTHY } } }
I20260710 11:02:25.844785 11700 consensus_queue.cc:237] T 253d05957fe64877b935f8d231d32d33 P a1b90c4c1de84eca81a7141d9e635c8d [LEADER]: Queue going to LEADER mode. State: All replicated index: 0, Majority replicated index: 3, Committed index: 3, Last appended: 1.3, Last appended by leader: 0, Current term: 1, Majority size: 2, State: 0, Mode: LEADER, active raft config: opid_index: 4 OBSOLETE_local: false peers { permanent_uuid: "0001e16b65444856b7986b4d2919f87a" member_type: VOTER last_known_addr { host: "127.10.49.65" port: 40607 } } peers { permanent_uuid: "a1b90c4c1de84eca81a7141d9e635c8d" member_type: VOTER last_known_addr { host: "127.10.49.67" port: 43619 } } peers { permanent_uuid: "a0a2de01c8ef40468ad550ece6f295d9" member_type: VOTER last_known_addr { host: "127.10.49.68" port: 38083 } attrs { promote: false } }
I20260710 11:02:25.856446 11549 raft_consensus.cc:1275] T 253d05957fe64877b935f8d231d32d33 P 0001e16b65444856b7986b4d2919f87a [term 1 FOLLOWER]: Refusing update from remote peer a1b90c4c1de84eca81a7141d9e635c8d: Log matching property violated. Preceding OpId in replica: term: 1 index: 3. Preceding OpId from leader: term: 1 index: 4. (index mismatch)
I20260710 11:02:25.858935 12118 consensus_queue.cc:1048] T 253d05957fe64877b935f8d231d32d33 P a1b90c4c1de84eca81a7141d9e635c8d [LEADER]: Connected to new peer: Peer: permanent_uuid: "0001e16b65444856b7986b4d2919f87a" member_type: VOTER last_known_addr { host: "127.10.49.65" port: 40607 }, Status: LMP_MISMATCH, Last received: 0.0, Next index: 4, Last known committed idx: 3, Time since last communication: 0.001s
I20260710 11:02:25.867527 11967 raft_consensus.cc:1275] T 253d05957fe64877b935f8d231d32d33 P a0a2de01c8ef40468ad550ece6f295d9 [term 1 FOLLOWER]: Refusing update from remote peer a1b90c4c1de84eca81a7141d9e635c8d: Log matching property violated. Preceding OpId in replica: term: 1 index: 3. Preceding OpId from leader: term: 1 index: 4. (index mismatch)
I20260710 11:02:25.871938 12118 consensus_queue.cc:1048] T 253d05957fe64877b935f8d231d32d33 P a1b90c4c1de84eca81a7141d9e635c8d [LEADER]: Connected to new peer: Peer: permanent_uuid: "a0a2de01c8ef40468ad550ece6f295d9" member_type: VOTER last_known_addr { host: "127.10.49.68" port: 38083 } attrs { promote: false }, Status: LMP_MISMATCH, Last received: 0.0, Next index: 4, Last known committed idx: 3, Time since last communication: 0.000s
I20260710 11:02:25.876339 12188 raft_consensus.cc:2955] T 253d05957fe64877b935f8d231d32d33 P a1b90c4c1de84eca81a7141d9e635c8d [term 1 LEADER]: Committing config change with OpId 1.4: config changed from index 3 to 4, VOTER adb2b523072d48da9639836e34840122 (127.10.49.66) evicted. New config: { opid_index: 4 OBSOLETE_local: false peers { permanent_uuid: "0001e16b65444856b7986b4d2919f87a" member_type: VOTER last_known_addr { host: "127.10.49.65" port: 40607 } } peers { permanent_uuid: "a1b90c4c1de84eca81a7141d9e635c8d" member_type: VOTER last_known_addr { host: "127.10.49.67" port: 43619 } } peers { permanent_uuid: "a0a2de01c8ef40468ad550ece6f295d9" member_type: VOTER last_known_addr { host: "127.10.49.68" port: 38083 } attrs { promote: false } } }
I20260710 11:02:25.888688 11967 raft_consensus.cc:2955] T 253d05957fe64877b935f8d231d32d33 P a0a2de01c8ef40468ad550ece6f295d9 [term 1 FOLLOWER]: Committing config change with OpId 1.4: config changed from index 3 to 4, VOTER adb2b523072d48da9639836e34840122 (127.10.49.66) evicted. New config: { opid_index: 4 OBSOLETE_local: false peers { permanent_uuid: "0001e16b65444856b7986b4d2919f87a" member_type: VOTER last_known_addr { host: "127.10.49.65" port: 40607 } } peers { permanent_uuid: "a1b90c4c1de84eca81a7141d9e635c8d" member_type: VOTER last_known_addr { host: "127.10.49.67" port: 43619 } } peers { permanent_uuid: "a0a2de01c8ef40468ad550ece6f295d9" member_type: VOTER last_known_addr { host: "127.10.49.68" port: 38083 } attrs { promote: false } } }
I20260710 11:02:25.893673 11549 raft_consensus.cc:2955] T 253d05957fe64877b935f8d231d32d33 P 0001e16b65444856b7986b4d2919f87a [term 1 FOLLOWER]: Committing config change with OpId 1.4: config changed from index 3 to 4, VOTER adb2b523072d48da9639836e34840122 (127.10.49.66) evicted. New config: { opid_index: 4 OBSOLETE_local: false peers { permanent_uuid: "0001e16b65444856b7986b4d2919f87a" member_type: VOTER last_known_addr { host: "127.10.49.65" port: 40607 } } peers { permanent_uuid: "a1b90c4c1de84eca81a7141d9e635c8d" member_type: VOTER last_known_addr { host: "127.10.49.67" port: 43619 } } peers { permanent_uuid: "a0a2de01c8ef40468ad550ece6f295d9" member_type: VOTER last_known_addr { host: "127.10.49.68" port: 38083 } attrs { promote: false } } }
I20260710 11:02:25.898749 11436 catalog_manager.cc:5210] ChangeConfig:REMOVE_PEER RPC for tablet 253d05957fe64877b935f8d231d32d33 with cas_config_opid_index 3: ChangeConfig:REMOVE_PEER succeeded (attempt 1)
I20260710 11:02:25.900907 11448 catalog_manager.cc:5697] T 253d05957fe64877b935f8d231d32d33 P a0a2de01c8ef40468ad550ece6f295d9 reported cstate change: config changed from index 3 to 4, VOTER adb2b523072d48da9639836e34840122 (127.10.49.66) evicted. New cstate: current_term: 1 leader_uuid: "a1b90c4c1de84eca81a7141d9e635c8d" committed_config { opid_index: 4 OBSOLETE_local: false peers { permanent_uuid: "0001e16b65444856b7986b4d2919f87a" member_type: VOTER last_known_addr { host: "127.10.49.65" port: 40607 } } peers { permanent_uuid: "a1b90c4c1de84eca81a7141d9e635c8d" member_type: VOTER last_known_addr { host: "127.10.49.67" port: 43619 } } peers { permanent_uuid: "a0a2de01c8ef40468ad550ece6f295d9" member_type: VOTER last_known_addr { host: "127.10.49.68" port: 38083 } attrs { promote: false } } }
I20260710 11:02:25.912562 11614 tablet_service.cc:1558] Processing DeleteTablet for tablet 253d05957fe64877b935f8d231d32d33 with delete_type TABLET_DATA_TOMBSTONED (TS adb2b523072d48da9639836e34840122 not found in new config with opid_index 4) from {username='slave'} at 127.0.0.1:48662
I20260710 11:02:25.913543 12199 tablet_replica.cc:333] T 253d05957fe64877b935f8d231d32d33 P adb2b523072d48da9639836e34840122: stopping tablet replica
I20260710 11:02:25.914424 12199 raft_consensus.cc:2243] T 253d05957fe64877b935f8d231d32d33 P adb2b523072d48da9639836e34840122 [term 1 FOLLOWER]: Raft consensus shutting down.
I20260710 11:02:25.915072 12199 raft_consensus.cc:2272] T 253d05957fe64877b935f8d231d32d33 P adb2b523072d48da9639836e34840122 [term 1 FOLLOWER]: Raft consensus is shut down!
I20260710 11:02:25.919409 12199 ts_tablet_manager.cc:1916] T 253d05957fe64877b935f8d231d32d33 P adb2b523072d48da9639836e34840122: Deleting tablet data with delete state TABLET_DATA_TOMBSTONED
I20260710 11:02:25.933802 12199 ts_tablet_manager.cc:1929] T 253d05957fe64877b935f8d231d32d33 P adb2b523072d48da9639836e34840122: tablet deleted with delete type TABLET_DATA_TOMBSTONED: last-logged OpId 1.3
I20260710 11:02:25.934165 12118 raft_consensus.cc:1064] T 645ce2e6728e4a0cbe249070019a5ea4 P a1b90c4c1de84eca81a7141d9e635c8d: attempting to promote NON_VOTER a0a2de01c8ef40468ad550ece6f295d9 to VOTER
I20260710 11:02:25.934182 12199 log.cc:1199] T 253d05957fe64877b935f8d231d32d33 P adb2b523072d48da9639836e34840122: Deleting WAL directory at /tmp/dist-test-taskJwt_Av/test-tmp/auto_leader_rebalancer-test.0.LeaderRebalancerTest.AddTserver.1783681308490738-10437-0/minicluster-data/ts-1-root/wals/253d05957fe64877b935f8d231d32d33
I20260710 11:02:25.936022 11437 catalog_manager.cc:5028] TS adb2b523072d48da9639836e34840122 (127.10.49.66:38517): tablet 253d05957fe64877b935f8d231d32d33 (table test-workload [id=4b5aeba8c81c40c79c44ff4112a37bc2]) successfully deleted
I20260710 11:02:25.937038 12118 consensus_queue.cc:237] T 645ce2e6728e4a0cbe249070019a5ea4 P a1b90c4c1de84eca81a7141d9e635c8d [LEADER]: Queue going to LEADER mode. State: All replicated index: 0, Majority replicated index: 2, Committed index: 2, Last appended: 1.2, Last appended by leader: 0, Current term: 1, Majority size: 3, State: 0, Mode: LEADER, active raft config: opid_index: 3 OBSOLETE_local: false peers { permanent_uuid: "0001e16b65444856b7986b4d2919f87a" member_type: VOTER last_known_addr { host: "127.10.49.65" port: 40607 } attrs { replace: true } } peers { permanent_uuid: "adb2b523072d48da9639836e34840122" member_type: VOTER last_known_addr { host: "127.10.49.66" port: 38517 } } peers { permanent_uuid: "a1b90c4c1de84eca81a7141d9e635c8d" member_type: VOTER last_known_addr { host: "127.10.49.67" port: 43619 } } peers { permanent_uuid: "a0a2de01c8ef40468ad550ece6f295d9" member_type: VOTER last_known_addr { host: "127.10.49.68" port: 38083 } attrs { promote: false } }
I20260710 11:02:25.944149 11623 raft_consensus.cc:1275] T 645ce2e6728e4a0cbe249070019a5ea4 P adb2b523072d48da9639836e34840122 [term 1 FOLLOWER]: Refusing update from remote peer a1b90c4c1de84eca81a7141d9e635c8d: Log matching property violated. Preceding OpId in replica: term: 1 index: 2. Preceding OpId from leader: term: 1 index: 3. (index mismatch)
I20260710 11:02:25.945725 11549 raft_consensus.cc:1275] T 645ce2e6728e4a0cbe249070019a5ea4 P 0001e16b65444856b7986b4d2919f87a [term 1 FOLLOWER]: Refusing update from remote peer a1b90c4c1de84eca81a7141d9e635c8d: Log matching property violated. Preceding OpId in replica: term: 1 index: 2. Preceding OpId from leader: term: 1 index: 3. (index mismatch)
I20260710 11:02:25.945665 12112 consensus_queue.cc:1048] T 645ce2e6728e4a0cbe249070019a5ea4 P a1b90c4c1de84eca81a7141d9e635c8d [LEADER]: Connected to new peer: Peer: permanent_uuid: "adb2b523072d48da9639836e34840122" member_type: VOTER last_known_addr { host: "127.10.49.66" port: 38517 }, Status: LMP_MISMATCH, Last received: 0.0, Next index: 3, Last known committed idx: 2, Time since last communication: 0.000s
I20260710 11:02:25.947890 11967 raft_consensus.cc:1275] T 645ce2e6728e4a0cbe249070019a5ea4 P a0a2de01c8ef40468ad550ece6f295d9 [term 1 LEARNER]: Refusing update from remote peer a1b90c4c1de84eca81a7141d9e635c8d: Log matching property violated. Preceding OpId in replica: term: 1 index: 2. Preceding OpId from leader: term: 1 index: 3. (index mismatch)
I20260710 11:02:25.947901 12112 consensus_queue.cc:1048] T 645ce2e6728e4a0cbe249070019a5ea4 P a1b90c4c1de84eca81a7141d9e635c8d [LEADER]: Connected to new peer: Peer: permanent_uuid: "0001e16b65444856b7986b4d2919f87a" member_type: VOTER last_known_addr { host: "127.10.49.65" port: 40607 } attrs { replace: true }, Status: LMP_MISMATCH, Last received: 0.0, Next index: 3, Last known committed idx: 2, Time since last communication: 0.001s
I20260710 11:02:25.953051 12186 raft_consensus.cc:1064] T 09fbcca478d24940a38d3ddb05744804 P 0001e16b65444856b7986b4d2919f87a: attempting to promote NON_VOTER a0a2de01c8ef40468ad550ece6f295d9 to VOTER
I20260710 11:02:25.954111 12112 consensus_queue.cc:1048] T 645ce2e6728e4a0cbe249070019a5ea4 P a1b90c4c1de84eca81a7141d9e635c8d [LEADER]: Connected to new peer: Peer: permanent_uuid: "a0a2de01c8ef40468ad550ece6f295d9" member_type: VOTER last_known_addr { host: "127.10.49.68" port: 38083 } attrs { promote: false }, Status: LMP_MISMATCH, Last received: 0.0, Next index: 3, Last known committed idx: 2, Time since last communication: 0.003s
I20260710 11:02:25.958675 12186 consensus_queue.cc:237] T 09fbcca478d24940a38d3ddb05744804 P 0001e16b65444856b7986b4d2919f87a [LEADER]: Queue going to LEADER mode. State: All replicated index: 0, Majority replicated index: 2, Committed index: 2, Last appended: 1.2, Last appended by leader: 0, Current term: 1, Majority size: 3, State: 0, Mode: LEADER, active raft config: opid_index: 3 OBSOLETE_local: false peers { permanent_uuid: "0001e16b65444856b7986b4d2919f87a" member_type: VOTER last_known_addr { host: "127.10.49.65" port: 40607 } } peers { permanent_uuid: "adb2b523072d48da9639836e34840122" member_type: VOTER last_known_addr { host: "127.10.49.66" port: 38517 } } peers { permanent_uuid: "a1b90c4c1de84eca81a7141d9e635c8d" member_type: VOTER last_known_addr { host: "127.10.49.67" port: 43619 } attrs { replace: true } } peers { permanent_uuid: "a0a2de01c8ef40468ad550ece6f295d9" member_type: VOTER last_known_addr { host: "127.10.49.68" port: 38083 } attrs { promote: false } }
I20260710 11:02:25.972940 11967 raft_consensus.cc:1275] T 09fbcca478d24940a38d3ddb05744804 P a0a2de01c8ef40468ad550ece6f295d9 [term 1 LEARNER]: Refusing update from remote peer 0001e16b65444856b7986b4d2919f87a: Log matching property violated. Preceding OpId in replica: term: 1 index: 2. Preceding OpId from leader: term: 1 index: 3. (index mismatch)
I20260710 11:02:25.972136 12188 raft_consensus.cc:2955] T 645ce2e6728e4a0cbe249070019a5ea4 P a1b90c4c1de84eca81a7141d9e635c8d [term 1 LEADER]: Committing config change with OpId 1.3: config changed from index 2 to 3, a0a2de01c8ef40468ad550ece6f295d9 (127.10.49.68) changed from NON_VOTER to VOTER. New config: { opid_index: 3 OBSOLETE_local: false peers { permanent_uuid: "0001e16b65444856b7986b4d2919f87a" member_type: VOTER last_known_addr { host: "127.10.49.65" port: 40607 } attrs { replace: true } } peers { permanent_uuid: "adb2b523072d48da9639836e34840122" member_type: VOTER last_known_addr { host: "127.10.49.66" port: 38517 } } peers { permanent_uuid: "a1b90c4c1de84eca81a7141d9e635c8d" member_type: VOTER last_known_addr { host: "127.10.49.67" port: 43619 } } peers { permanent_uuid: "a0a2de01c8ef40468ad550ece6f295d9" member_type: VOTER last_known_addr { host: "127.10.49.68" port: 38083 } attrs { promote: false } } }
I20260710 11:02:25.974629 12150 consensus_queue.cc:1048] T 09fbcca478d24940a38d3ddb05744804 P 0001e16b65444856b7986b4d2919f87a [LEADER]: Connected to new peer: Peer: permanent_uuid: "a0a2de01c8ef40468ad550ece6f295d9" member_type: VOTER last_known_addr { host: "127.10.49.68" port: 38083 } attrs { promote: false }, Status: LMP_MISMATCH, Last received: 0.0, Next index: 3, Last known committed idx: 2, Time since last communication: 0.000s
I20260710 11:02:25.977699 11962 raft_consensus.cc:2955] T 645ce2e6728e4a0cbe249070019a5ea4 P a0a2de01c8ef40468ad550ece6f295d9 [term 1 FOLLOWER]: Committing config change with OpId 1.3: config changed from index 2 to 3, a0a2de01c8ef40468ad550ece6f295d9 (127.10.49.68) changed from NON_VOTER to VOTER. New config: { opid_index: 3 OBSOLETE_local: false peers { permanent_uuid: "0001e16b65444856b7986b4d2919f87a" member_type: VOTER last_known_addr { host: "127.10.49.65" port: 40607 } attrs { replace: true } } peers { permanent_uuid: "adb2b523072d48da9639836e34840122" member_type: VOTER last_known_addr { host: "127.10.49.66" port: 38517 } } peers { permanent_uuid: "a1b90c4c1de84eca81a7141d9e635c8d" member_type: VOTER last_known_addr { host: "127.10.49.67" port: 43619 } } peers { permanent_uuid: "a0a2de01c8ef40468ad550ece6f295d9" member_type: VOTER last_known_addr { host: "127.10.49.68" port: 38083 } attrs { promote: false } } }
I20260710 11:02:25.980214 11700 raft_consensus.cc:1275] T 09fbcca478d24940a38d3ddb05744804 P a1b90c4c1de84eca81a7141d9e635c8d [term 1 FOLLOWER]: Refusing update from remote peer 0001e16b65444856b7986b4d2919f87a: Log matching property violated. Preceding OpId in replica: term: 1 index: 2. Preceding OpId from leader: term: 1 index: 3. (index mismatch)
I20260710 11:02:25.982034 12209 consensus_queue.cc:1048] T 09fbcca478d24940a38d3ddb05744804 P 0001e16b65444856b7986b4d2919f87a [LEADER]: Connected to new peer: Peer: permanent_uuid: "a1b90c4c1de84eca81a7141d9e635c8d" member_type: VOTER last_known_addr { host: "127.10.49.67" port: 43619 } attrs { replace: true }, Status: LMP_MISMATCH, Last received: 0.0, Next index: 3, Last known committed idx: 2, Time since last communication: 0.001s
I20260710 11:02:25.983016 11623 raft_consensus.cc:1275] T 09fbcca478d24940a38d3ddb05744804 P adb2b523072d48da9639836e34840122 [term 1 FOLLOWER]: Refusing update from remote peer 0001e16b65444856b7986b4d2919f87a: Log matching property violated. Preceding OpId in replica: term: 1 index: 2. Preceding OpId from leader: term: 1 index: 3. (index mismatch)
I20260710 11:02:25.984474 12186 consensus_queue.cc:1048] T 09fbcca478d24940a38d3ddb05744804 P 0001e16b65444856b7986b4d2919f87a [LEADER]: Connected to new peer: Peer: permanent_uuid: "adb2b523072d48da9639836e34840122" member_type: VOTER last_known_addr { host: "127.10.49.66" port: 38517 }, Status: LMP_MISMATCH, Last received: 0.0, Next index: 3, Last known committed idx: 2, Time since last communication: 0.000s
