I20260710 11:02:18.011296  4354 raft_consensus.cc:3060] T f083aa17c2294bc6be50b700ee0a0765 P 06495d547ebc4ecb99dd93cb6ac3a27c [term 0 FOLLOWER]: Advancing to term 1
I20260710 11:02:18.008204  4555 raft_consensus.cc:493] T a9e69e81f4c343ea9791bbce62f314f5 P 06495d547ebc4ecb99dd93cb6ac3a27c [term 0 FOLLOWER]: Starting pre-election (no leader contacted us within the election timeout)
I20260710 11:02:18.013063  4556 raft_consensus.cc:515] T 542baabc3e9040f79f6bba83286976b1 P f4569f9d91ac485dacb021203858172d [term 1 FOLLOWER]: Starting leader election with config: opid_index: -1 OBSOLETE_local: false peers { permanent_uuid: "f4569f9d91ac485dacb021203858172d" member_type: VOTER last_known_addr { host: "127.3.22.1" port: 44849 } } peers { permanent_uuid: "06495d547ebc4ecb99dd93cb6ac3a27c" member_type: VOTER last_known_addr { host: "127.3.22.2" port: 36917 } } peers { permanent_uuid: "d67e209a17be43a1b0812e469c1be5b3" member_type: VOTER last_known_addr { host: "127.3.22.3" port: 32989 } }
I20260710 11:02:18.013738  4555 raft_consensus.cc:515] T a9e69e81f4c343ea9791bbce62f314f5 P 06495d547ebc4ecb99dd93cb6ac3a27c [term 0 FOLLOWER]: Starting pre-election with config: opid_index: -1 OBSOLETE_local: false peers { permanent_uuid: "f4569f9d91ac485dacb021203858172d" member_type: VOTER last_known_addr { host: "127.3.22.1" port: 44849 } } peers { permanent_uuid: "06495d547ebc4ecb99dd93cb6ac3a27c" member_type: VOTER last_known_addr { host: "127.3.22.2" port: 36917 } } peers { permanent_uuid: "d67e209a17be43a1b0812e469c1be5b3" member_type: VOTER last_known_addr { host: "127.3.22.3" port: 32989 } }
I20260710 11:02:18.012095  4320 leader_election.cc:304] T 01d7c31028c440b1b5067e793107b695 P 06495d547ebc4ecb99dd93cb6ac3a27c [CANDIDATE]: Term 1 election: Election decided. Result: candidate won. Election summary: received 3 responses out of 3 voters: 2 yes votes; 1 no votes. yes voters: 06495d547ebc4ecb99dd93cb6ac3a27c, f4569f9d91ac485dacb021203858172d; no voters: d67e209a17be43a1b0812e469c1be5b3
I20260710 11:02:18.016278  4579 raft_consensus.cc:2804] T 01d7c31028c440b1b5067e793107b695 P 06495d547ebc4ecb99dd93cb6ac3a27c [term 1 FOLLOWER]: Leader election won for term 1
I20260710 11:02:18.016894  4579 raft_consensus.cc:697] T 01d7c31028c440b1b5067e793107b695 P 06495d547ebc4ecb99dd93cb6ac3a27c [term 1 LEADER]: Becoming Leader. State: Replica: 06495d547ebc4ecb99dd93cb6ac3a27c, State: Running, Role: LEADER
I20260710 11:02:18.017910  4476 leader_election.cc:290] T f083aa17c2294bc6be50b700ee0a0765 P f4569f9d91ac485dacb021203858172d [CANDIDATE]: Term 1 election: Requested vote from peers 06495d547ebc4ecb99dd93cb6ac3a27c (127.3.22.2:36917), d67e209a17be43a1b0812e469c1be5b3 (127.3.22.3:32989)
I20260710 11:02:18.018049  4579 consensus_queue.cc:237] T 01d7c31028c440b1b5067e793107b695 P 06495d547ebc4ecb99dd93cb6ac3a27c [LEADER]: Queue going to LEADER mode. State: All replicated index: 0, Majority replicated index: 0, Committed index: 0, Last appended: 0.0, Last appended by leader: 0, Current term: 1, Majority size: 2, State: 0, Mode: LEADER, active raft config: opid_index: -1 OBSOLETE_local: false peers { permanent_uuid: "f4569f9d91ac485dacb021203858172d" member_type: VOTER last_known_addr { host: "127.3.22.1" port: 44849 } } peers { permanent_uuid: "06495d547ebc4ecb99dd93cb6ac3a27c" member_type: VOTER last_known_addr { host: "127.3.22.2" port: 36917 } } peers { permanent_uuid: "d67e209a17be43a1b0812e469c1be5b3" member_type: VOTER last_known_addr { host: "127.3.22.3" port: 32989 } }
I20260710 11:02:18.018929  4469 tablet_bootstrap.cc:492] T 01d7c31028c440b1b5067e793107b695 P d67e209a17be43a1b0812e469c1be5b3: No bootstrap required, opened a new log
I20260710 11:02:18.022497  4469 ts_tablet_manager.cc:1403] T 01d7c31028c440b1b5067e793107b695 P d67e209a17be43a1b0812e469c1be5b3: Time spent bootstrapping tablet: real 0.171s	user 0.037s	sys 0.072s
I20260710 11:02:18.020351  4353 tablet_service.cc:1917] Received RequestConsensusVote() RPC: tablet_id: "542baabc3e9040f79f6bba83286976b1" candidate_uuid: "f4569f9d91ac485dacb021203858172d" candidate_term: 1 candidate_status { last_received { term: 0 index: 0 } } ignore_live_leader: false dest_uuid: "06495d547ebc4ecb99dd93cb6ac3a27c"
I20260710 11:02:18.024416  4556 leader_election.cc:290] T 542baabc3e9040f79f6bba83286976b1 P f4569f9d91ac485dacb021203858172d [CANDIDATE]: Term 1 election: Requested vote from peers 06495d547ebc4ecb99dd93cb6ac3a27c (127.3.22.2:36917), d67e209a17be43a1b0812e469c1be5b3 (127.3.22.3:32989)
I20260710 11:02:18.023438  4471 raft_consensus.cc:359] T d8a1249b3cf143538f8f23a26be6e910 P f4569f9d91ac485dacb021203858172d [term 0 FOLLOWER]: Replica starting. Triggering 0 pending ops. Active config: opid_index: -1 OBSOLETE_local: false peers { permanent_uuid: "f4569f9d91ac485dacb021203858172d" member_type: VOTER last_known_addr { host: "127.3.22.1" port: 44849 } } peers { permanent_uuid: "06495d547ebc4ecb99dd93cb6ac3a27c" member_type: VOTER last_known_addr { host: "127.3.22.2" port: 36917 } } peers { permanent_uuid: "d67e209a17be43a1b0812e469c1be5b3" member_type: VOTER last_known_addr { host: "127.3.22.3" port: 32989 } }
I20260710 11:02:18.025508  4471 raft_consensus.cc:385] T d8a1249b3cf143538f8f23a26be6e910 P f4569f9d91ac485dacb021203858172d [term 0 FOLLOWER]: Consensus starting up: Expiring failure detector timer to make a prompt election more likely
I20260710 11:02:18.025777  4471 raft_consensus.cc:740] T d8a1249b3cf143538f8f23a26be6e910 P f4569f9d91ac485dacb021203858172d [term 0 FOLLOWER]: Becoming Follower/Learner. State: Replica: f4569f9d91ac485dacb021203858172d, State: Initialized, Role: FOLLOWER
I20260710 11:02:18.026415  4469 raft_consensus.cc:359] T 01d7c31028c440b1b5067e793107b695 P d67e209a17be43a1b0812e469c1be5b3 [term 0 FOLLOWER]: Replica starting. Triggering 0 pending ops. Active config: opid_index: -1 OBSOLETE_local: false peers { permanent_uuid: "f4569f9d91ac485dacb021203858172d" member_type: VOTER last_known_addr { host: "127.3.22.1" port: 44849 } } peers { permanent_uuid: "06495d547ebc4ecb99dd93cb6ac3a27c" member_type: VOTER last_known_addr { host: "127.3.22.2" port: 36917 } } peers { permanent_uuid: "d67e209a17be43a1b0812e469c1be5b3" member_type: VOTER last_known_addr { host: "127.3.22.3" port: 32989 } }
I20260710 11:02:18.027710  4469 raft_consensus.cc:385] T 01d7c31028c440b1b5067e793107b695 P d67e209a17be43a1b0812e469c1be5b3 [term 0 FOLLOWER]: Consensus starting up: Expiring failure detector timer to make a prompt election more likely
I20260710 11:02:18.027992  4469 raft_consensus.cc:740] T 01d7c31028c440b1b5067e793107b695 P d67e209a17be43a1b0812e469c1be5b3 [term 0 FOLLOWER]: Becoming Follower/Learner. State: Replica: d67e209a17be43a1b0812e469c1be5b3, State: Initialized, Role: FOLLOWER
I20260710 11:02:18.029259  4469 consensus_queue.cc:260] T 01d7c31028c440b1b5067e793107b695 P d67e209a17be43a1b0812e469c1be5b3 [NON_LEADER]: Queue going to NON_LEADER mode. State: All replicated index: 0, Majority replicated index: 0, Committed index: 0, Last appended: 0.0, Last appended by leader: 0, Current term: 0, Majority size: -1, State: 0, Mode: NON_LEADER, active raft config: opid_index: -1 OBSOLETE_local: false peers { permanent_uuid: "f4569f9d91ac485dacb021203858172d" member_type: VOTER last_known_addr { host: "127.3.22.1" port: 44849 } } peers { permanent_uuid: "06495d547ebc4ecb99dd93cb6ac3a27c" member_type: VOTER last_known_addr { host: "127.3.22.2" port: 36917 } } peers { permanent_uuid: "d67e209a17be43a1b0812e469c1be5b3" member_type: VOTER last_known_addr { host: "127.3.22.3" port: 32989 } }
I20260710 11:02:18.033869  4471 consensus_queue.cc:260] T d8a1249b3cf143538f8f23a26be6e910 P f4569f9d91ac485dacb021203858172d [NON_LEADER]: Queue going to NON_LEADER mode. State: All replicated index: 0, Majority replicated index: 0, Committed index: 0, Last appended: 0.0, Last appended by leader: 0, Current term: 0, Majority size: -1, State: 0, Mode: NON_LEADER, active raft config: opid_index: -1 OBSOLETE_local: false peers { permanent_uuid: "f4569f9d91ac485dacb021203858172d" member_type: VOTER last_known_addr { host: "127.3.22.1" port: 44849 } } peers { permanent_uuid: "06495d547ebc4ecb99dd93cb6ac3a27c" member_type: VOTER last_known_addr { host: "127.3.22.2" port: 36917 } } peers { permanent_uuid: "d67e209a17be43a1b0812e469c1be5b3" member_type: VOTER last_known_addr { host: "127.3.22.3" port: 32989 } }
W20260710 11:02:18.036898  4243 leader_election.cc:343] T 542baabc3e9040f79f6bba83286976b1 P f4569f9d91ac485dacb021203858172d [CANDIDATE]: Term 1 election: Tablet error from VoteRequest() call to peer 06495d547ebc4ecb99dd93cb6ac3a27c (127.3.22.2:36917): Illegal state: must be running to vote when last-logged opid is not known
I20260710 11:02:18.041041  4471 ts_tablet_manager.cc:1434] T d8a1249b3cf143538f8f23a26be6e910 P f4569f9d91ac485dacb021203858172d: Time spent starting tablet: real 0.066s	user 0.006s	sys 0.002s
I20260710 11:02:18.037999  4470 raft_consensus.cc:359] T 72aa93feafbf4b0ca07f614e684c8744 P 06495d547ebc4ecb99dd93cb6ac3a27c [term 0 FOLLOWER]: Replica starting. Triggering 0 pending ops. Active config: opid_index: -1 OBSOLETE_local: false peers { permanent_uuid: "f4569f9d91ac485dacb021203858172d" member_type: VOTER last_known_addr { host: "127.3.22.1" port: 44849 } } peers { permanent_uuid: "06495d547ebc4ecb99dd93cb6ac3a27c" member_type: VOTER last_known_addr { host: "127.3.22.2" port: 36917 } } peers { permanent_uuid: "d67e209a17be43a1b0812e469c1be5b3" member_type: VOTER last_known_addr { host: "127.3.22.3" port: 32989 } }
I20260710 11:02:18.042181  4470 raft_consensus.cc:385] T 72aa93feafbf4b0ca07f614e684c8744 P 06495d547ebc4ecb99dd93cb6ac3a27c [term 0 FOLLOWER]: Consensus starting up: Expiring failure detector timer to make a prompt election more likely
I20260710 11:02:18.042393  4470 raft_consensus.cc:740] T 72aa93feafbf4b0ca07f614e684c8744 P 06495d547ebc4ecb99dd93cb6ac3a27c [term 0 FOLLOWER]: Becoming Follower/Learner. State: Replica: 06495d547ebc4ecb99dd93cb6ac3a27c, State: Initialized, Role: FOLLOWER
I20260710 11:02:18.043978  4469 ts_tablet_manager.cc:1434] T 01d7c31028c440b1b5067e793107b695 P d67e209a17be43a1b0812e469c1be5b3: Time spent starting tablet: real 0.021s	user 0.004s	sys 0.002s
I20260710 11:02:18.043071  4470 consensus_queue.cc:260] T 72aa93feafbf4b0ca07f614e684c8744 P 06495d547ebc4ecb99dd93cb6ac3a27c [NON_LEADER]: Queue going to NON_LEADER mode. State: All replicated index: 0, Majority replicated index: 0, Committed index: 0, Last appended: 0.0, Last appended by leader: 0, Current term: 0, Majority size: -1, State: 0, Mode: NON_LEADER, active raft config: opid_index: -1 OBSOLETE_local: false peers { permanent_uuid: "f4569f9d91ac485dacb021203858172d" member_type: VOTER last_known_addr { host: "127.3.22.1" port: 44849 } } peers { permanent_uuid: "06495d547ebc4ecb99dd93cb6ac3a27c" member_type: VOTER last_known_addr { host: "127.3.22.2" port: 36917 } } peers { permanent_uuid: "d67e209a17be43a1b0812e469c1be5b3" member_type: VOTER last_known_addr { host: "127.3.22.3" port: 32989 } }
I20260710 11:02:18.053316  4471 tablet_bootstrap.cc:492] T 72aa93feafbf4b0ca07f614e684c8744 P f4569f9d91ac485dacb021203858172d: Bootstrap starting.
I20260710 11:02:18.053344  4469 tablet_bootstrap.cc:492] T 694e72671c534c69acfc40ff2e54b99f P d67e209a17be43a1b0812e469c1be5b3: Bootstrap starting.
I20260710 11:02:18.055203  4427 tablet_service.cc:1917] Received RequestConsensusVote() RPC: tablet_id: "542baabc3e9040f79f6bba83286976b1" candidate_uuid: "f4569f9d91ac485dacb021203858172d" candidate_term: 1 candidate_status { last_received { term: 0 index: 0 } } ignore_live_leader: false dest_uuid: "d67e209a17be43a1b0812e469c1be5b3"
I20260710 11:02:18.055889  4427 raft_consensus.cc:3060] T 542baabc3e9040f79f6bba83286976b1 P d67e209a17be43a1b0812e469c1be5b3 [term 0 FOLLOWER]: Advancing to term 1
I20260710 11:02:18.067199  4470 ts_tablet_manager.cc:1434] T 72aa93feafbf4b0ca07f614e684c8744 P 06495d547ebc4ecb99dd93cb6ac3a27c: Time spent starting tablet: real 0.081s	user 0.008s	sys 0.000s
I20260710 11:02:18.068298  4470 tablet_bootstrap.cc:492] T 542baabc3e9040f79f6bba83286976b1 P 06495d547ebc4ecb99dd93cb6ac3a27c: Bootstrap starting.
I20260710 11:02:18.071900  4422 tablet_service.cc:1917] Received RequestConsensusVote() RPC: tablet_id: "f083aa17c2294bc6be50b700ee0a0765" candidate_uuid: "f4569f9d91ac485dacb021203858172d" candidate_term: 1 candidate_status { last_received { term: 0 index: 0 } } ignore_live_leader: false dest_uuid: "d67e209a17be43a1b0812e469c1be5b3"
I20260710 11:02:18.072561  4422 raft_consensus.cc:3060] T f083aa17c2294bc6be50b700ee0a0765 P d67e209a17be43a1b0812e469c1be5b3 [term 0 FOLLOWER]: Advancing to term 1
I20260710 11:02:18.066119  4556 raft_consensus.cc:493] T d8a1249b3cf143538f8f23a26be6e910 P f4569f9d91ac485dacb021203858172d [term 0 FOLLOWER]: Starting pre-election (no leader contacted us within the election timeout)
I20260710 11:02:18.086206  4427 raft_consensus.cc:2468] T 542baabc3e9040f79f6bba83286976b1 P d67e209a17be43a1b0812e469c1be5b3 [term 1 FOLLOWER]: Leader election vote request: Granting yes vote for candidate f4569f9d91ac485dacb021203858172d in term 1.
I20260710 11:02:18.079933  4555 leader_election.cc:290] T a9e69e81f4c343ea9791bbce62f314f5 P 06495d547ebc4ecb99dd93cb6ac3a27c [CANDIDATE]: Term 1 pre-election: Requested pre-vote from peers f4569f9d91ac485dacb021203858172d (127.3.22.1:44849), d67e209a17be43a1b0812e469c1be5b3 (127.3.22.3:32989)
I20260710 11:02:18.088101  4556 raft_consensus.cc:515] T d8a1249b3cf143538f8f23a26be6e910 P f4569f9d91ac485dacb021203858172d [term 0 FOLLOWER]: Starting pre-election with config: opid_index: -1 OBSOLETE_local: false peers { permanent_uuid: "f4569f9d91ac485dacb021203858172d" member_type: VOTER last_known_addr { host: "127.3.22.1" port: 44849 } } peers { permanent_uuid: "06495d547ebc4ecb99dd93cb6ac3a27c" member_type: VOTER last_known_addr { host: "127.3.22.2" port: 36917 } } peers { permanent_uuid: "d67e209a17be43a1b0812e469c1be5b3" member_type: VOTER last_known_addr { host: "127.3.22.3" port: 32989 } }
I20260710 11:02:18.100459  4353 raft_consensus.cc:3060] T 7c2e233eb3694f1a87b7ce94edec6b5e P 06495d547ebc4ecb99dd93cb6ac3a27c [term 0 FOLLOWER]: Advancing to term 1
I20260710 11:02:18.114359  4245 leader_election.cc:304] T 542baabc3e9040f79f6bba83286976b1 P f4569f9d91ac485dacb021203858172d [CANDIDATE]: Term 1 election: Election decided. Result: candidate won. Election summary: received 3 responses out of 3 voters: 2 yes votes; 1 no votes. yes voters: d67e209a17be43a1b0812e469c1be5b3, f4569f9d91ac485dacb021203858172d; no voters: 06495d547ebc4ecb99dd93cb6ac3a27c
I20260710 11:02:18.115927  4476 raft_consensus.cc:2804] T 542baabc3e9040f79f6bba83286976b1 P f4569f9d91ac485dacb021203858172d [term 1 FOLLOWER]: Leader election won for term 1
I20260710 11:02:18.113636  4275 tablet_service.cc:1917] Received RequestConsensusVote() RPC: tablet_id: "a9e69e81f4c343ea9791bbce62f314f5" candidate_uuid: "06495d547ebc4ecb99dd93cb6ac3a27c" candidate_term: 1 candidate_status { last_received { term: 0 index: 0 } } ignore_live_leader: false dest_uuid: "f4569f9d91ac485dacb021203858172d" is_pre_election: true
I20260710 11:02:18.124320  4476 raft_consensus.cc:697] T 542baabc3e9040f79f6bba83286976b1 P f4569f9d91ac485dacb021203858172d [term 1 LEADER]: Becoming Leader. State: Replica: f4569f9d91ac485dacb021203858172d, State: Running, Role: LEADER
I20260710 11:02:18.126395  4427 tablet_service.cc:1917] Received RequestConsensusVote() RPC: tablet_id: "a9e69e81f4c343ea9791bbce62f314f5" candidate_uuid: "06495d547ebc4ecb99dd93cb6ac3a27c" candidate_term: 1 candidate_status { last_received { term: 0 index: 0 } } ignore_live_leader: false dest_uuid: "d67e209a17be43a1b0812e469c1be5b3" is_pre_election: true
I20260710 11:02:18.126784  4275 raft_consensus.cc:2468] T a9e69e81f4c343ea9791bbce62f314f5 P f4569f9d91ac485dacb021203858172d [term 0 FOLLOWER]: Leader pre-election vote request: Granting yes vote for candidate 06495d547ebc4ecb99dd93cb6ac3a27c in term 0.
I20260710 11:02:18.128662  4427 raft_consensus.cc:2468] T a9e69e81f4c343ea9791bbce62f314f5 P d67e209a17be43a1b0812e469c1be5b3 [term 0 FOLLOWER]: Leader pre-election vote request: Granting yes vote for candidate 06495d547ebc4ecb99dd93cb6ac3a27c in term 0.
I20260710 11:02:18.127789  4351 tablet_service.cc:1917] Received RequestConsensusVote() RPC: tablet_id: "d8a1249b3cf143538f8f23a26be6e910" candidate_uuid: "f4569f9d91ac485dacb021203858172d" candidate_term: 1 candidate_status { last_received { term: 0 index: 0 } } ignore_live_leader: false dest_uuid: "06495d547ebc4ecb99dd93cb6ac3a27c" is_pre_election: true
I20260710 11:02:18.125253  4476 consensus_queue.cc:237] T 542baabc3e9040f79f6bba83286976b1 P f4569f9d91ac485dacb021203858172d [LEADER]: Queue going to LEADER mode. State: All replicated index: 0, Majority replicated index: 0, Committed index: 0, Last appended: 0.0, Last appended by leader: 0, Current term: 1, Majority size: 2, State: 0, Mode: LEADER, active raft config: opid_index: -1 OBSOLETE_local: false peers { permanent_uuid: "f4569f9d91ac485dacb021203858172d" member_type: VOTER last_known_addr { host: "127.3.22.1" port: 44849 } } peers { permanent_uuid: "06495d547ebc4ecb99dd93cb6ac3a27c" member_type: VOTER last_known_addr { host: "127.3.22.2" port: 36917 } } peers { permanent_uuid: "d67e209a17be43a1b0812e469c1be5b3" member_type: VOTER last_known_addr { host: "127.3.22.3" port: 32989 } }
I20260710 11:02:18.135692  4354 raft_consensus.cc:2468] T f083aa17c2294bc6be50b700ee0a0765 P 06495d547ebc4ecb99dd93cb6ac3a27c [term 1 FOLLOWER]: Leader election vote request: Granting yes vote for candidate f4569f9d91ac485dacb021203858172d in term 1.
I20260710 11:02:18.136093  4427 tablet_service.cc:1917] Received RequestConsensusVote() RPC: tablet_id: "d8a1249b3cf143538f8f23a26be6e910" candidate_uuid: "f4569f9d91ac485dacb021203858172d" candidate_term: 1 candidate_status { last_received { term: 0 index: 0 } } ignore_live_leader: false dest_uuid: "d67e209a17be43a1b0812e469c1be5b3" is_pre_election: true
I20260710 11:02:18.137913  4427 raft_consensus.cc:2393] T d8a1249b3cf143538f8f23a26be6e910 P d67e209a17be43a1b0812e469c1be5b3 [term 1 FOLLOWER]: Leader pre-election vote request: Denying vote to candidate f4569f9d91ac485dacb021203858172d in current term 1: Already voted for candidate 06495d547ebc4ecb99dd93cb6ac3a27c in this term.
I20260710 11:02:18.137928  4502 consensus_queue.cc:1048] T 3ba1a0462526486ea3cf4864af86c4e0 P d67e209a17be43a1b0812e469c1be5b3 [LEADER]: Connected to new peer: Peer: permanent_uuid: "f4569f9d91ac485dacb021203858172d" member_type: VOTER last_known_addr { host: "127.3.22.1" port: 44849 }, Status: LMP_MISMATCH, Last received: 0.0, Next index: 1, Last known committed idx: 0, Time since last communication: 0.001s
I20260710 11:02:18.139694  4243 leader_election.cc:304] T f083aa17c2294bc6be50b700ee0a0765 P f4569f9d91ac485dacb021203858172d [CANDIDATE]: Term 1 election: Election decided. Result: candidate won. Election summary: received 2 responses out of 3 voters: 2 yes votes; 0 no votes. yes voters: 06495d547ebc4ecb99dd93cb6ac3a27c, f4569f9d91ac485dacb021203858172d; no voters: 
I20260710 11:02:18.139986  4245 leader_election.cc:304] T d8a1249b3cf143538f8f23a26be6e910 P f4569f9d91ac485dacb021203858172d [CANDIDATE]: Term 1 pre-election: Election decided. Result: candidate lost. Election summary: received 3 responses out of 3 voters: 1 yes votes; 2 no votes. yes voters: f4569f9d91ac485dacb021203858172d; no voters: 06495d547ebc4ecb99dd93cb6ac3a27c, d67e209a17be43a1b0812e469c1be5b3
I20260710 11:02:18.142340  4562 raft_consensus.cc:2804] T f083aa17c2294bc6be50b700ee0a0765 P f4569f9d91ac485dacb021203858172d [term 1 FOLLOWER]: Leader election won for term 1
I20260710 11:02:18.143528  4562 raft_consensus.cc:697] T f083aa17c2294bc6be50b700ee0a0765 P f4569f9d91ac485dacb021203858172d [term 1 LEADER]: Becoming Leader. State: Replica: f4569f9d91ac485dacb021203858172d, State: Running, Role: LEADER
I20260710 11:02:18.144707  4422 raft_consensus.cc:2468] T f083aa17c2294bc6be50b700ee0a0765 P d67e209a17be43a1b0812e469c1be5b3 [term 1 FOLLOWER]: Leader election vote request: Granting yes vote for candidate f4569f9d91ac485dacb021203858172d in term 1.
I20260710 11:02:18.144605  4562 consensus_queue.cc:237] T f083aa17c2294bc6be50b700ee0a0765 P f4569f9d91ac485dacb021203858172d [LEADER]: Queue going to LEADER mode. State: All replicated index: 0, Majority replicated index: 0, Committed index: 0, Last appended: 0.0, Last appended by leader: 0, Current term: 1, Majority size: 2, State: 0, Mode: LEADER, active raft config: opid_index: -1 OBSOLETE_local: false peers { permanent_uuid: "f4569f9d91ac485dacb021203858172d" member_type: VOTER last_known_addr { host: "127.3.22.1" port: 44849 } } peers { permanent_uuid: "06495d547ebc4ecb99dd93cb6ac3a27c" member_type: VOTER last_known_addr { host: "127.3.22.2" port: 36917 } } peers { permanent_uuid: "d67e209a17be43a1b0812e469c1be5b3" member_type: VOTER last_known_addr { host: "127.3.22.3" port: 32989 } }
I20260710 11:02:18.145576  4176 catalog_manager.cc:5697] T 01d7c31028c440b1b5067e793107b695 P 06495d547ebc4ecb99dd93cb6ac3a27c reported cstate change: term changed from 0 to 1, leader changed from <none> to 06495d547ebc4ecb99dd93cb6ac3a27c (127.3.22.2). New cstate: current_term: 1 leader_uuid: "06495d547ebc4ecb99dd93cb6ac3a27c" committed_config { opid_index: -1 OBSOLETE_local: false peers { permanent_uuid: "f4569f9d91ac485dacb021203858172d" member_type: VOTER last_known_addr { host: "127.3.22.1" port: 44849 } health_report { overall_health: UNKNOWN } } peers { permanent_uuid: "06495d547ebc4ecb99dd93cb6ac3a27c" member_type: VOTER last_known_addr { host: "127.3.22.2" port: 36917 } health_report { overall_health: HEALTHY } } peers { permanent_uuid: "d67e209a17be43a1b0812e469c1be5b3" member_type: VOTER last_known_addr { host: "127.3.22.3" port: 32989 } health_report { overall_health: UNKNOWN } } }
I20260710 11:02:18.142546  4519 raft_consensus.cc:3060] T d8a1249b3cf143538f8f23a26be6e910 P f4569f9d91ac485dacb021203858172d [term 0 FOLLOWER]: Advancing to term 1
I20260710 11:02:18.137087  4556 leader_election.cc:290] T d8a1249b3cf143538f8f23a26be6e910 P f4569f9d91ac485dacb021203858172d [CANDIDATE]: Term 1 pre-election: Requested pre-vote from peers 06495d547ebc4ecb99dd93cb6ac3a27c (127.3.22.2:36917), d67e209a17be43a1b0812e469c1be5b3 (127.3.22.3:32989)
I20260710 11:02:18.161700  4471 tablet_bootstrap.cc:654] T 72aa93feafbf4b0ca07f614e684c8744 P f4569f9d91ac485dacb021203858172d: Neither blocks nor log segments found. Creating new log.
I20260710 11:02:18.164474  4519 raft_consensus.cc:2749] T d8a1249b3cf143538f8f23a26be6e910 P f4569f9d91ac485dacb021203858172d [term 1 FOLLOWER]: Leader pre-election lost for term 1. Reason: could not achieve majority
I20260710 11:02:18.158535  4579 raft_consensus.cc:493] T 72aa93feafbf4b0ca07f614e684c8744 P 06495d547ebc4ecb99dd93cb6ac3a27c [term 0 FOLLOWER]: Starting pre-election (no leader contacted us within the election timeout)
I20260710 11:02:18.173134  4502 raft_consensus.cc:493] T 01d7c31028c440b1b5067e793107b695 P d67e209a17be43a1b0812e469c1be5b3 [term 0 FOLLOWER]: Starting pre-election (no leader contacted us within the election timeout)
I20260710 11:02:18.173744  4502 raft_consensus.cc:515] T 01d7c31028c440b1b5067e793107b695 P d67e209a17be43a1b0812e469c1be5b3 [term 0 FOLLOWER]: Starting pre-election with config: opid_index: -1 OBSOLETE_local: false peers { permanent_uuid: "f4569f9d91ac485dacb021203858172d" member_type: VOTER last_known_addr { host: "127.3.22.1" port: 44849 } } peers { permanent_uuid: "06495d547ebc4ecb99dd93cb6ac3a27c" member_type: VOTER last_known_addr { host: "127.3.22.2" port: 36917 } } peers { permanent_uuid: "d67e209a17be43a1b0812e469c1be5b3" member_type: VOTER last_known_addr { host: "127.3.22.3" port: 32989 } }
I20260710 11:02:18.173961  4579 raft_consensus.cc:515] T 72aa93feafbf4b0ca07f614e684c8744 P 06495d547ebc4ecb99dd93cb6ac3a27c [term 0 FOLLOWER]: Starting pre-election with config: opid_index: -1 OBSOLETE_local: false peers { permanent_uuid: "f4569f9d91ac485dacb021203858172d" member_type: VOTER last_known_addr { host: "127.3.22.1" port: 44849 } } peers { permanent_uuid: "06495d547ebc4ecb99dd93cb6ac3a27c" member_type: VOTER last_known_addr { host: "127.3.22.2" port: 36917 } } peers { permanent_uuid: "d67e209a17be43a1b0812e469c1be5b3" member_type: VOTER last_known_addr { host: "127.3.22.3" port: 32989 } }
I20260710 11:02:18.176084  4579 leader_election.cc:290] T 72aa93feafbf4b0ca07f614e684c8744 P 06495d547ebc4ecb99dd93cb6ac3a27c [CANDIDATE]: Term 1 pre-election: Requested pre-vote from peers f4569f9d91ac485dacb021203858172d (127.3.22.1:44849), d67e209a17be43a1b0812e469c1be5b3 (127.3.22.3:32989)
I20260710 11:02:18.176802  4320 leader_election.cc:304] T a9e69e81f4c343ea9791bbce62f314f5 P 06495d547ebc4ecb99dd93cb6ac3a27c [CANDIDATE]: Term 1 pre-election: Election decided. Result: candidate won. Election summary: received 2 responses out of 3 voters: 2 yes votes; 0 no votes. yes voters: 06495d547ebc4ecb99dd93cb6ac3a27c, d67e209a17be43a1b0812e469c1be5b3; no voters: 
I20260710 11:02:18.177290  4176 catalog_manager.cc:5697] T 542baabc3e9040f79f6bba83286976b1 P f4569f9d91ac485dacb021203858172d reported cstate change: term changed from 0 to 1, leader changed from <none> to f4569f9d91ac485dacb021203858172d (127.3.22.1). New cstate: current_term: 1 leader_uuid: "f4569f9d91ac485dacb021203858172d" committed_config { opid_index: -1 OBSOLETE_local: false peers { permanent_uuid: "f4569f9d91ac485dacb021203858172d" member_type: VOTER last_known_addr { host: "127.3.22.1" port: 44849 } health_report { overall_health: HEALTHY } } peers { permanent_uuid: "06495d547ebc4ecb99dd93cb6ac3a27c" member_type: VOTER last_known_addr { host: "127.3.22.2" port: 36917 } health_report { overall_health: UNKNOWN } } peers { permanent_uuid: "d67e209a17be43a1b0812e469c1be5b3" member_type: VOTER last_known_addr { host: "127.3.22.3" port: 32989 } health_report { overall_health: UNKNOWN } } }
I20260710 11:02:18.173192  4470 tablet_bootstrap.cc:654] T 542baabc3e9040f79f6bba83286976b1 P 06495d547ebc4ecb99dd93cb6ac3a27c: Neither blocks nor log segments found. Creating new log.
I20260710 11:02:18.178495  4502 leader_election.cc:290] T 01d7c31028c440b1b5067e793107b695 P d67e209a17be43a1b0812e469c1be5b3 [CANDIDATE]: Term 1 pre-election: Requested pre-vote from peers f4569f9d91ac485dacb021203858172d (127.3.22.1:44849), 06495d547ebc4ecb99dd93cb6ac3a27c (127.3.22.2:36917)
I20260710 11:02:18.184046  4469 tablet_bootstrap.cc:654] T 694e72671c534c69acfc40ff2e54b99f P d67e209a17be43a1b0812e469c1be5b3: Neither blocks nor log segments found. Creating new log.
I20260710 11:02:18.184217  4350 tablet_service.cc:1917] Received RequestConsensusVote() RPC: tablet_id: "01d7c31028c440b1b5067e793107b695" candidate_uuid: "d67e209a17be43a1b0812e469c1be5b3" candidate_term: 1 candidate_status { last_received { term: 0 index: 0 } } ignore_live_leader: false dest_uuid: "06495d547ebc4ecb99dd93cb6ac3a27c" is_pre_election: true
I20260710 11:02:18.185814  4273 tablet_service.cc:1917] Received RequestConsensusVote() RPC: tablet_id: "72aa93feafbf4b0ca07f614e684c8744" candidate_uuid: "06495d547ebc4ecb99dd93cb6ac3a27c" candidate_term: 1 candidate_status { last_received { term: 0 index: 0 } } ignore_live_leader: false dest_uuid: "f4569f9d91ac485dacb021203858172d" is_pre_election: true
I20260710 11:02:18.184818  4277 tablet_service.cc:1917] Received RequestConsensusVote() RPC: tablet_id: "01d7c31028c440b1b5067e793107b695" candidate_uuid: "d67e209a17be43a1b0812e469c1be5b3" candidate_term: 1 candidate_status { last_received { term: 0 index: 0 } } ignore_live_leader: false dest_uuid: "f4569f9d91ac485dacb021203858172d" is_pre_election: true
I20260710 11:02:18.189975  4277 raft_consensus.cc:2393] T 01d7c31028c440b1b5067e793107b695 P f4569f9d91ac485dacb021203858172d [term 1 FOLLOWER]: Leader pre-election vote request: Denying vote to candidate d67e209a17be43a1b0812e469c1be5b3 in current term 1: Already voted for candidate 06495d547ebc4ecb99dd93cb6ac3a27c in this term.
I20260710 11:02:18.191406  4392 leader_election.cc:304] T 01d7c31028c440b1b5067e793107b695 P d67e209a17be43a1b0812e469c1be5b3 [CANDIDATE]: Term 1 pre-election: Election decided. Result: candidate lost. Election summary: received 3 responses out of 3 voters: 1 yes votes; 2 no votes. yes voters: d67e209a17be43a1b0812e469c1be5b3; no voters: 06495d547ebc4ecb99dd93cb6ac3a27c, f4569f9d91ac485dacb021203858172d
I20260710 11:02:18.181296  4579 raft_consensus.cc:2804] T a9e69e81f4c343ea9791bbce62f314f5 P 06495d547ebc4ecb99dd93cb6ac3a27c [term 0 FOLLOWER]: Leader pre-election won for term 1
I20260710 11:02:18.192255  4579 raft_consensus.cc:493] T a9e69e81f4c343ea9791bbce62f314f5 P 06495d547ebc4ecb99dd93cb6ac3a27c [term 0 FOLLOWER]: Starting leader election (no leader contacted us within the election timeout)
I20260710 11:02:18.192667  4579 raft_consensus.cc:3060] T a9e69e81f4c343ea9791bbce62f314f5 P 06495d547ebc4ecb99dd93cb6ac3a27c [term 0 FOLLOWER]: Advancing to term 1
I20260710 11:02:18.193001  4502 raft_consensus.cc:3060] T 01d7c31028c440b1b5067e793107b695 P d67e209a17be43a1b0812e469c1be5b3 [term 0 FOLLOWER]: Advancing to term 1
I20260710 11:02:18.195168  4510 raft_consensus.cc:493] T 3ba1a0462526486ea3cf4864af86c4e0 P 06495d547ebc4ecb99dd93cb6ac3a27c [term 0 FOLLOWER]: Starting pre-election (no leader contacted us within the election timeout)
I20260710 11:02:18.195777  4510 raft_consensus.cc:515] T 3ba1a0462526486ea3cf4864af86c4e0 P 06495d547ebc4ecb99dd93cb6ac3a27c [term 0 FOLLOWER]: Starting pre-election with config: opid_index: -1 OBSOLETE_local: false peers { permanent_uuid: "f4569f9d91ac485dacb021203858172d" member_type: VOTER last_known_addr { host: "127.3.22.1" port: 44849 } } peers { permanent_uuid: "06495d547ebc4ecb99dd93cb6ac3a27c" member_type: VOTER last_known_addr { host: "127.3.22.2" port: 36917 } } peers { permanent_uuid: "d67e209a17be43a1b0812e469c1be5b3" member_type: VOTER last_known_addr { host: "127.3.22.3" port: 32989 } }
W20260710 11:02:18.203941  4320 leader_election.cc:343] T 72aa93feafbf4b0ca07f614e684c8744 P 06495d547ebc4ecb99dd93cb6ac3a27c [CANDIDATE]: Term 1 pre-election: Tablet error from VoteRequest() call to peer f4569f9d91ac485dacb021203858172d (127.3.22.1:44849): Illegal state: must be running to vote when last-logged opid is not known
I20260710 11:02:18.205981  4422 tablet_service.cc:1917] Received RequestConsensusVote() RPC: tablet_id: "72aa93feafbf4b0ca07f614e684c8744" candidate_uuid: "06495d547ebc4ecb99dd93cb6ac3a27c" candidate_term: 1 candidate_status { last_received { term: 0 index: 0 } } ignore_live_leader: false dest_uuid: "d67e209a17be43a1b0812e469c1be5b3" is_pre_election: true
I20260710 11:02:18.215318  4422 raft_consensus.cc:2468] T 72aa93feafbf4b0ca07f614e684c8744 P d67e209a17be43a1b0812e469c1be5b3 [term 0 FOLLOWER]: Leader pre-election vote request: Granting yes vote for candidate 06495d547ebc4ecb99dd93cb6ac3a27c in term 0.
I20260710 11:02:18.230409  4502 raft_consensus.cc:2749] T 01d7c31028c440b1b5067e793107b695 P d67e209a17be43a1b0812e469c1be5b3 [term 1 FOLLOWER]: Leader pre-election lost for term 1. Reason: could not achieve majority
I20260710 11:02:18.228883  4353 raft_consensus.cc:3060] T 3ba1a0462526486ea3cf4864af86c4e0 P 06495d547ebc4ecb99dd93cb6ac3a27c [term 0 FOLLOWER]: Advancing to term 1
I20260710 11:02:18.245617  4471 tablet_bootstrap.cc:492] T 72aa93feafbf4b0ca07f614e684c8744 P f4569f9d91ac485dacb021203858172d: No bootstrap required, opened a new log
I20260710 11:02:18.246176  4471 ts_tablet_manager.cc:1403] T 72aa93feafbf4b0ca07f614e684c8744 P f4569f9d91ac485dacb021203858172d: Time spent bootstrapping tablet: real 0.193s	user 0.019s	sys 0.006s
I20260710 11:02:18.246356  4556 consensus_queue.cc:1048] T e5984f3293e94e30a3d623fff57a55fc P f4569f9d91ac485dacb021203858172d [LEADER]: Connected to new peer: Peer: permanent_uuid: "06495d547ebc4ecb99dd93cb6ac3a27c" member_type: VOTER last_known_addr { host: "127.3.22.2" port: 36917 }, Status: LMP_MISMATCH, Last received: 0.0, Next index: 1, Last known committed idx: 0, Time since last communication: 0.001s
I20260710 11:02:18.246253  4579 raft_consensus.cc:515] T a9e69e81f4c343ea9791bbce62f314f5 P 06495d547ebc4ecb99dd93cb6ac3a27c [term 1 FOLLOWER]: Starting leader election with config: opid_index: -1 OBSOLETE_local: false peers { permanent_uuid: "f4569f9d91ac485dacb021203858172d" member_type: VOTER last_known_addr { host: "127.3.22.1" port: 44849 } } peers { permanent_uuid: "06495d547ebc4ecb99dd93cb6ac3a27c" member_type: VOTER last_known_addr { host: "127.3.22.2" port: 36917 } } peers { permanent_uuid: "d67e209a17be43a1b0812e469c1be5b3" member_type: VOTER last_known_addr { host: "127.3.22.3" port: 32989 } }
I20260710 11:02:18.256909  4471 raft_consensus.cc:359] T 72aa93feafbf4b0ca07f614e684c8744 P f4569f9d91ac485dacb021203858172d [term 0 FOLLOWER]: Replica starting. Triggering 0 pending ops. Active config: opid_index: -1 OBSOLETE_local: false peers { permanent_uuid: "f4569f9d91ac485dacb021203858172d" member_type: VOTER last_known_addr { host: "127.3.22.1" port: 44849 } } peers { permanent_uuid: "06495d547ebc4ecb99dd93cb6ac3a27c" member_type: VOTER last_known_addr { host: "127.3.22.2" port: 36917 } } peers { permanent_uuid: "d67e209a17be43a1b0812e469c1be5b3" member_type: VOTER last_known_addr { host: "127.3.22.3" port: 32989 } }
I20260710 11:02:18.257869  4471 raft_consensus.cc:385] T 72aa93feafbf4b0ca07f614e684c8744 P f4569f9d91ac485dacb021203858172d [term 0 FOLLOWER]: Consensus starting up: Expiring failure detector timer to make a prompt election more likely
I20260710 11:02:18.257640  4562 consensus_queue.cc:1048] T e5984f3293e94e30a3d623fff57a55fc P f4569f9d91ac485dacb021203858172d [LEADER]: Connected to new peer: Peer: permanent_uuid: "d67e209a17be43a1b0812e469c1be5b3" member_type: VOTER last_known_addr { host: "127.3.22.3" port: 32989 }, Status: LMP_MISMATCH, Last received: 0.0, Next index: 1, Last known committed idx: 0, Time since last communication: 0.001s
I20260710 11:02:18.258283  4471 raft_consensus.cc:740] T 72aa93feafbf4b0ca07f614e684c8744 P f4569f9d91ac485dacb021203858172d [term 0 FOLLOWER]: Becoming Follower/Learner. State: Replica: f4569f9d91ac485dacb021203858172d, State: Initialized, Role: FOLLOWER
I20260710 11:02:18.256970  4320 leader_election.cc:304] T 72aa93feafbf4b0ca07f614e684c8744 P 06495d547ebc4ecb99dd93cb6ac3a27c [CANDIDATE]: Term 1 pre-election: Election decided. Result: candidate won. Election summary: received 3 responses out of 3 voters: 2 yes votes; 1 no votes. yes voters: 06495d547ebc4ecb99dd93cb6ac3a27c, d67e209a17be43a1b0812e469c1be5b3; no voters: f4569f9d91ac485dacb021203858172d
I20260710 11:02:18.259382  4642 raft_consensus.cc:2804] T 72aa93feafbf4b0ca07f614e684c8744 P 06495d547ebc4ecb99dd93cb6ac3a27c [term 0 FOLLOWER]: Leader pre-election won for term 1
I20260710 11:02:18.259755  4642 raft_consensus.cc:493] T 72aa93feafbf4b0ca07f614e684c8744 P 06495d547ebc4ecb99dd93cb6ac3a27c [term 0 FOLLOWER]: Starting leader election (no leader contacted us within the election timeout)
I20260710 11:02:18.260106  4642 raft_consensus.cc:3060] T 72aa93feafbf4b0ca07f614e684c8744 P 06495d547ebc4ecb99dd93cb6ac3a27c [term 0 FOLLOWER]: Advancing to term 1
I20260710 11:02:18.262375  4471 consensus_queue.cc:260] T 72aa93feafbf4b0ca07f614e684c8744 P f4569f9d91ac485dacb021203858172d [NON_LEADER]: Queue going to NON_LEADER mode. State: All replicated index: 0, Majority replicated index: 0, Committed index: 0, Last appended: 0.0, Last appended by leader: 0, Current term: 0, Majority size: -1, State: 0, Mode: NON_LEADER, active raft config: opid_index: -1 OBSOLETE_local: false peers { permanent_uuid: "f4569f9d91ac485dacb021203858172d" member_type: VOTER last_known_addr { host: "127.3.22.1" port: 44849 } } peers { permanent_uuid: "06495d547ebc4ecb99dd93cb6ac3a27c" member_type: VOTER last_known_addr { host: "127.3.22.2" port: 36917 } } peers { permanent_uuid: "d67e209a17be43a1b0812e469c1be5b3" member_type: VOTER last_known_addr { host: "127.3.22.3" port: 32989 } }
I20260710 11:02:18.271276  4471 ts_tablet_manager.cc:1434] T 72aa93feafbf4b0ca07f614e684c8744 P f4569f9d91ac485dacb021203858172d: Time spent starting tablet: real 0.020s	user 0.009s	sys 0.000s
I20260710 11:02:18.273365  4510 leader_election.cc:290] T 3ba1a0462526486ea3cf4864af86c4e0 P 06495d547ebc4ecb99dd93cb6ac3a27c [CANDIDATE]: Term 1 pre-election: Requested pre-vote from peers f4569f9d91ac485dacb021203858172d (127.3.22.1:44849), d67e209a17be43a1b0812e469c1be5b3 (127.3.22.3:32989)
I20260710 11:02:18.283900  4579 leader_election.cc:290] T a9e69e81f4c343ea9791bbce62f314f5 P 06495d547ebc4ecb99dd93cb6ac3a27c [CANDIDATE]: Term 1 election: Requested vote from peers f4569f9d91ac485dacb021203858172d (127.3.22.1:44849), d67e209a17be43a1b0812e469c1be5b3 (127.3.22.3:32989)
I20260710 11:02:18.286011  4277 tablet_service.cc:1917] Received RequestConsensusVote() RPC: tablet_id: "3ba1a0462526486ea3cf4864af86c4e0" candidate_uuid: "06495d547ebc4ecb99dd93cb6ac3a27c" candidate_term: 1 candidate_status { last_received { term: 0 index: 0 } } ignore_live_leader: false dest_uuid: "f4569f9d91ac485dacb021203858172d" is_pre_election: true
I20260710 11:02:18.286670  4556 raft_consensus.cc:493] T 857da9124ec74ecc832fba010f46a4bb P f4569f9d91ac485dacb021203858172d [term 1 FOLLOWER]: Starting pre-election (no leader contacted us within the election timeout)
I20260710 11:02:18.287328  4469 tablet_bootstrap.cc:492] T 694e72671c534c69acfc40ff2e54b99f P d67e209a17be43a1b0812e469c1be5b3: No bootstrap required, opened a new log
I20260710 11:02:18.288157  4469 ts_tablet_manager.cc:1403] T 694e72671c534c69acfc40ff2e54b99f P d67e209a17be43a1b0812e469c1be5b3: Time spent bootstrapping tablet: real 0.243s	user 0.025s	sys 0.006s
I20260710 11:02:18.289041  4277 tablet_service.cc:1917] Received RequestConsensusVote() RPC: tablet_id: "a9e69e81f4c343ea9791bbce62f314f5" candidate_uuid: "06495d547ebc4ecb99dd93cb6ac3a27c" candidate_term: 1 candidate_status { last_received { term: 0 index: 0 } } ignore_live_leader: false dest_uuid: "f4569f9d91ac485dacb021203858172d"
I20260710 11:02:18.289676  4277 raft_consensus.cc:3060] T a9e69e81f4c343ea9791bbce62f314f5 P f4569f9d91ac485dacb021203858172d [term 0 FOLLOWER]: Advancing to term 1
I20260710 11:02:18.290165  4429 tablet_service.cc:1917] Received RequestConsensusVote() RPC: tablet_id: "a9e69e81f4c343ea9791bbce62f314f5" candidate_uuid: "06495d547ebc4ecb99dd93cb6ac3a27c" candidate_term: 1 candidate_status { last_received { term: 0 index: 0 } } ignore_live_leader: false dest_uuid: "d67e209a17be43a1b0812e469c1be5b3"
I20260710 11:02:18.290758  4429 raft_consensus.cc:3060] T a9e69e81f4c343ea9791bbce62f314f5 P d67e209a17be43a1b0812e469c1be5b3 [term 0 FOLLOWER]: Advancing to term 1
I20260710 11:02:18.295128  4174 catalog_manager.cc:5697] T f083aa17c2294bc6be50b700ee0a0765 P f4569f9d91ac485dacb021203858172d reported cstate change: term changed from 0 to 1, leader changed from <none> to f4569f9d91ac485dacb021203858172d (127.3.22.1). New cstate: current_term: 1 leader_uuid: "f4569f9d91ac485dacb021203858172d" committed_config { opid_index: -1 OBSOLETE_local: false peers { permanent_uuid: "f4569f9d91ac485dacb021203858172d" member_type: VOTER last_known_addr { host: "127.3.22.1" port: 44849 } health_report { overall_health: HEALTHY } } peers { permanent_uuid: "06495d547ebc4ecb99dd93cb6ac3a27c" member_type: VOTER last_known_addr { host: "127.3.22.2" port: 36917 } health_report { overall_health: UNKNOWN } } peers { permanent_uuid: "d67e209a17be43a1b0812e469c1be5b3" member_type: VOTER last_known_addr { host: "127.3.22.3" port: 32989 } health_report { overall_health: UNKNOWN } } }
I20260710 11:02:18.296885  4469 raft_consensus.cc:359] T 694e72671c534c69acfc40ff2e54b99f P d67e209a17be43a1b0812e469c1be5b3 [term 0 FOLLOWER]: Replica starting. Triggering 0 pending ops. Active config: opid_index: -1 OBSOLETE_local: false peers { permanent_uuid: "f4569f9d91ac485dacb021203858172d" member_type: VOTER last_known_addr { host: "127.3.22.1" port: 44849 } } peers { permanent_uuid: "06495d547ebc4ecb99dd93cb6ac3a27c" member_type: VOTER last_known_addr { host: "127.3.22.2" port: 36917 } } peers { permanent_uuid: "d67e209a17be43a1b0812e469c1be5b3" member_type: VOTER last_known_addr { host: "127.3.22.3" port: 32989 } }
I20260710 11:02:18.298167  4429 raft_consensus.cc:2468] T a9e69e81f4c343ea9791bbce62f314f5 P d67e209a17be43a1b0812e469c1be5b3 [term 1 FOLLOWER]: Leader election vote request: Granting yes vote for candidate 06495d547ebc4ecb99dd93cb6ac3a27c in term 1.
I20260710 11:02:18.287266  4556 raft_consensus.cc:515] T 857da9124ec74ecc832fba010f46a4bb P f4569f9d91ac485dacb021203858172d [term 1 FOLLOWER]: Starting pre-election with config: opid_index: -1 OBSOLETE_local: false peers { permanent_uuid: "f4569f9d91ac485dacb021203858172d" member_type: VOTER last_known_addr { host: "127.3.22.1" port: 44849 } } peers { permanent_uuid: "06495d547ebc4ecb99dd93cb6ac3a27c" member_type: VOTER last_known_addr { host: "127.3.22.2" port: 36917 } } peers { permanent_uuid: "d67e209a17be43a1b0812e469c1be5b3" member_type: VOTER last_known_addr { host: "127.3.22.3" port: 32989 } }
I20260710 11:02:18.300595  4556 leader_election.cc:290] T 857da9124ec74ecc832fba010f46a4bb P f4569f9d91ac485dacb021203858172d [CANDIDATE]: Term 2 pre-election: Requested pre-vote from peers 06495d547ebc4ecb99dd93cb6ac3a27c (127.3.22.2:36917), d67e209a17be43a1b0812e469c1be5b3 (127.3.22.3:32989)
I20260710 11:02:18.298171  4469 raft_consensus.cc:385] T 694e72671c534c69acfc40ff2e54b99f P d67e209a17be43a1b0812e469c1be5b3 [term 0 FOLLOWER]: Consensus starting up: Expiring failure detector timer to make a prompt election more likely
I20260710 11:02:18.301321  4469 raft_consensus.cc:740] T 694e72671c534c69acfc40ff2e54b99f P d67e209a17be43a1b0812e469c1be5b3 [term 0 FOLLOWER]: Becoming Follower/Learner. State: Replica: d67e209a17be43a1b0812e469c1be5b3, State: Initialized, Role: FOLLOWER
I20260710 11:02:18.301368  4427 tablet_service.cc:1917] Received RequestConsensusVote() RPC: tablet_id: "3ba1a0462526486ea3cf4864af86c4e0" candidate_uuid: "06495d547ebc4ecb99dd93cb6ac3a27c" candidate_term: 1 candidate_status { last_received { term: 0 index: 0 } } ignore_live_leader: false dest_uuid: "d67e209a17be43a1b0812e469c1be5b3" is_pre_election: true
I20260710 11:02:18.302423  4469 consensus_queue.cc:260] T 694e72671c534c69acfc40ff2e54b99f P d67e209a17be43a1b0812e469c1be5b3 [NON_LEADER]: Queue going to NON_LEADER mode. State: All replicated index: 0, Majority replicated index: 0, Committed index: 0, Last appended: 0.0, Last appended by leader: 0, Current term: 0, Majority size: -1, State: 0, Mode: NON_LEADER, active raft config: opid_index: -1 OBSOLETE_local: false peers { permanent_uuid: "f4569f9d91ac485dacb021203858172d" member_type: VOTER last_known_addr { host: "127.3.22.1" port: 44849 } } peers { permanent_uuid: "06495d547ebc4ecb99dd93cb6ac3a27c" member_type: VOTER last_known_addr { host: "127.3.22.2" port: 36917 } } peers { permanent_uuid: "d67e209a17be43a1b0812e469c1be5b3" member_type: VOTER last_known_addr { host: "127.3.22.3" port: 32989 } }
I20260710 11:02:18.305608  4469 ts_tablet_manager.cc:1434] T 694e72671c534c69acfc40ff2e54b99f P d67e209a17be43a1b0812e469c1be5b3: Time spent starting tablet: real 0.017s	user 0.009s	sys 0.000s
I20260710 11:02:18.306354  4354 tablet_service.cc:1917] Received RequestConsensusVote() RPC: tablet_id: "857da9124ec74ecc832fba010f46a4bb" candidate_uuid: "f4569f9d91ac485dacb021203858172d" candidate_term: 2 candidate_status { last_received { term: 0 index: 0 } } ignore_live_leader: false dest_uuid: "06495d547ebc4ecb99dd93cb6ac3a27c" is_pre_election: true
I20260710 11:02:18.307046  4354 raft_consensus.cc:2468] T 857da9124ec74ecc832fba010f46a4bb P 06495d547ebc4ecb99dd93cb6ac3a27c [term 1 FOLLOWER]: Leader pre-election vote request: Granting yes vote for candidate f4569f9d91ac485dacb021203858172d in term 1.
I20260710 11:02:18.308434  4243 leader_election.cc:304] T 857da9124ec74ecc832fba010f46a4bb P f4569f9d91ac485dacb021203858172d [CANDIDATE]: Term 2 pre-election: Election decided. Result: candidate won. Election summary: received 2 responses out of 3 voters: 2 yes votes; 0 no votes. yes voters: 06495d547ebc4ecb99dd93cb6ac3a27c, f4569f9d91ac485dacb021203858172d; no voters: 
I20260710 11:02:18.309644  4427 tablet_service.cc:1917] Received RequestConsensusVote() RPC: tablet_id: "857da9124ec74ecc832fba010f46a4bb" candidate_uuid: "f4569f9d91ac485dacb021203858172d" candidate_term: 2 candidate_status { last_received { term: 0 index: 0 } } ignore_live_leader: false dest_uuid: "d67e209a17be43a1b0812e469c1be5b3" is_pre_election: true
I20260710 11:02:18.310253  4427 raft_consensus.cc:2468] T 857da9124ec74ecc832fba010f46a4bb P d67e209a17be43a1b0812e469c1be5b3 [term 1 FOLLOWER]: Leader pre-election vote request: Granting yes vote for candidate f4569f9d91ac485dacb021203858172d in term 1.
I20260710 11:02:18.311364  4471 tablet_bootstrap.cc:492] T 694e72671c534c69acfc40ff2e54b99f P f4569f9d91ac485dacb021203858172d: Bootstrap starting.
I20260710 11:02:18.314322  4556 raft_consensus.cc:2804] T 857da9124ec74ecc832fba010f46a4bb P f4569f9d91ac485dacb021203858172d [term 1 FOLLOWER]: Leader pre-election won for term 2
I20260710 11:02:18.316694  4650 consensus_queue.cc:1048] T 3ba1a0462526486ea3cf4864af86c4e0 P d67e209a17be43a1b0812e469c1be5b3 [LEADER]: Connected to new peer: Peer: permanent_uuid: "06495d547ebc4ecb99dd93cb6ac3a27c" member_type: VOTER last_known_addr { host: "127.3.22.2" port: 36917 }, Status: LMP_MISMATCH, Last received: 0.0, Next index: 1, Last known committed idx: 0, Time since last communication: 0.000s
I20260710 11:02:18.317214  4556 raft_consensus.cc:493] T 857da9124ec74ecc832fba010f46a4bb P f4569f9d91ac485dacb021203858172d [term 1 FOLLOWER]: Starting leader election (no leader contacted us within the election timeout)
I20260710 11:02:18.318161  4556 raft_consensus.cc:3060] T 857da9124ec74ecc832fba010f46a4bb P f4569f9d91ac485dacb021203858172d [term 1 FOLLOWER]: Advancing to term 2
I20260710 11:02:18.329200  4642 raft_consensus.cc:515] T 72aa93feafbf4b0ca07f614e684c8744 P 06495d547ebc4ecb99dd93cb6ac3a27c [term 1 FOLLOWER]: Starting leader election with config: opid_index: -1 OBSOLETE_local: false peers { permanent_uuid: "f4569f9d91ac485dacb021203858172d" member_type: VOTER last_known_addr { host: "127.3.22.1" port: 44849 } } peers { permanent_uuid: "06495d547ebc4ecb99dd93cb6ac3a27c" member_type: VOTER last_known_addr { host: "127.3.22.2" port: 36917 } } peers { permanent_uuid: "d67e209a17be43a1b0812e469c1be5b3" member_type: VOTER last_known_addr { host: "127.3.22.3" port: 32989 } }
I20260710 11:02:18.331621  4320 leader_election.cc:304] T a9e69e81f4c343ea9791bbce62f314f5 P 06495d547ebc4ecb99dd93cb6ac3a27c [CANDIDATE]: Term 1 election: Election decided. Result: candidate won. Election summary: received 2 responses out of 3 voters: 2 yes votes; 0 no votes. yes voters: 06495d547ebc4ecb99dd93cb6ac3a27c, d67e209a17be43a1b0812e469c1be5b3; no voters: 
I20260710 11:02:18.332626  4555 raft_consensus.cc:2804] T a9e69e81f4c343ea9791bbce62f314f5 P 06495d547ebc4ecb99dd93cb6ac3a27c [term 1 FOLLOWER]: Leader election won for term 1
I20260710 11:02:18.332698  4320 leader_election.cc:304] T 3ba1a0462526486ea3cf4864af86c4e0 P 06495d547ebc4ecb99dd93cb6ac3a27c [CANDIDATE]: Term 1 pre-election: Election decided. Result: candidate lost. Election summary: received 3 responses out of 3 voters: 1 yes votes; 2 no votes. yes voters: 06495d547ebc4ecb99dd93cb6ac3a27c; no voters: d67e209a17be43a1b0812e469c1be5b3, f4569f9d91ac485dacb021203858172d
I20260710 11:02:18.333263  4555 raft_consensus.cc:697] T a9e69e81f4c343ea9791bbce62f314f5 P 06495d547ebc4ecb99dd93cb6ac3a27c [term 1 LEADER]: Becoming Leader. State: Replica: 06495d547ebc4ecb99dd93cb6ac3a27c, State: Running, Role: LEADER
I20260710 11:02:18.333535  4583 raft_consensus.cc:2749] T 3ba1a0462526486ea3cf4864af86c4e0 P 06495d547ebc4ecb99dd93cb6ac3a27c [term 1 FOLLOWER]: Leader pre-election lost for term 1. Reason: could not achieve majority
I20260710 11:02:18.334184  4555 consensus_queue.cc:237] T a9e69e81f4c343ea9791bbce62f314f5 P 06495d547ebc4ecb99dd93cb6ac3a27c [LEADER]: Queue going to LEADER mode. State: All replicated index: 0, Majority replicated index: 0, Committed index: 0, Last appended: 0.0, Last appended by leader: 0, Current term: 1, Majority size: 2, State: 0, Mode: LEADER, active raft config: opid_index: -1 OBSOLETE_local: false peers { permanent_uuid: "f4569f9d91ac485dacb021203858172d" member_type: VOTER last_known_addr { host: "127.3.22.1" port: 44849 } } peers { permanent_uuid: "06495d547ebc4ecb99dd93cb6ac3a27c" member_type: VOTER last_known_addr { host: "127.3.22.2" port: 36917 } } peers { permanent_uuid: "d67e209a17be43a1b0812e469c1be5b3" member_type: VOTER last_known_addr { host: "127.3.22.3" port: 32989 } }
I20260710 11:02:18.338968  4642 leader_election.cc:290] T 72aa93feafbf4b0ca07f614e684c8744 P 06495d547ebc4ecb99dd93cb6ac3a27c [CANDIDATE]: Term 1 election: Requested vote from peers f4569f9d91ac485dacb021203858172d (127.3.22.1:44849), d67e209a17be43a1b0812e469c1be5b3 (127.3.22.3:32989)
I20260710 11:02:18.318259  4579 consensus_queue.cc:1048] T d8a1249b3cf143538f8f23a26be6e910 P 06495d547ebc4ecb99dd93cb6ac3a27c [LEADER]: Connected to new peer: Peer: permanent_uuid: "f4569f9d91ac485dacb021203858172d" member_type: VOTER last_known_addr { host: "127.3.22.1" port: 44849 }, Status: LMP_MISMATCH, Last received: 0.0, Next index: 1, Last known committed idx: 0, Time since last communication: 0.026s
I20260710 11:02:18.343921  4427 tablet_service.cc:1917] Received RequestConsensusVote() RPC: tablet_id: "72aa93feafbf4b0ca07f614e684c8744" candidate_uuid: "06495d547ebc4ecb99dd93cb6ac3a27c" candidate_term: 1 candidate_status { last_received { term: 0 index: 0 } } ignore_live_leader: false dest_uuid: "d67e209a17be43a1b0812e469c1be5b3"
