I20260710 11:01:50.435784 32171 catalog_manager.cc:5697] T 124070a09c8d40cf9da9f9419a487ed9 P 085f6f6552154964b59bc10800fd09d8 reported cstate change: term changed from 0 to 1, leader changed from <none> to 085f6f6552154964b59bc10800fd09d8 (127.31.98.193). New cstate: current_term: 1 leader_uuid: "085f6f6552154964b59bc10800fd09d8" committed_config { opid_index: -1 OBSOLETE_local: false peers { permanent_uuid: "085f6f6552154964b59bc10800fd09d8" member_type: VOTER last_known_addr { host: "127.31.98.193" port: 34455 } health_report { overall_health: HEALTHY } } peers { permanent_uuid: "15662de13a054a4a963227035f1442b4" member_type: VOTER last_known_addr { host: "127.31.98.194" port: 42785 } health_report { overall_health: UNKNOWN } } peers { permanent_uuid: "fee4046dc1f7497bbcb7722b4e94eb61" member_type: VOTER last_known_addr { host: "127.31.98.195" port: 38965 } health_report { overall_health: UNKNOWN } } }
I20260710 11:01:50.461057 32422 tablet_service.cc:1917] Received RequestConsensusVote() RPC: tablet_id: "d6bb38bdf5f543a79a26762179335301" candidate_uuid: "15662de13a054a4a963227035f1442b4" candidate_term: 1 candidate_status { last_received { term: 0 index: 0 } } ignore_live_leader: false dest_uuid: "fee4046dc1f7497bbcb7722b4e94eb61" is_pre_election: true
I20260710 11:01:50.461086 32423 tablet_service.cc:1917] Received RequestConsensusVote() RPC: tablet_id: "a07c6836580e41d48ff0ee8a318af91f" candidate_uuid: "15662de13a054a4a963227035f1442b4" candidate_term: 1 candidate_status { last_received { term: 0 index: 0 } } ignore_live_leader: false dest_uuid: "fee4046dc1f7497bbcb7722b4e94eb61" is_pre_election: true
I20260710 11:01:50.464160 32423 raft_consensus.cc:2468] T a07c6836580e41d48ff0ee8a318af91f P fee4046dc1f7497bbcb7722b4e94eb61 [term 0 FOLLOWER]: Leader pre-election vote request: Granting yes vote for candidate 15662de13a054a4a963227035f1442b4 in term 0.
W20260710 11:01:50.466341 32315 leader_election.cc:343] T d6bb38bdf5f543a79a26762179335301 P 15662de13a054a4a963227035f1442b4 [CANDIDATE]: Term 1 pre-election: Tablet error from VoteRequest() call to peer fee4046dc1f7497bbcb7722b4e94eb61 (127.31.98.195:38965): Illegal state: must be running to vote when last-logged opid is not known
I20260710 11:01:50.467994 32315 leader_election.cc:304] T a07c6836580e41d48ff0ee8a318af91f P 15662de13a054a4a963227035f1442b4 [CANDIDATE]: Term 1 pre-election: Election decided. Result: candidate won. Election summary: received 3 responses out of 3 voters: 2 yes votes; 1 no votes. yes voters: 15662de13a054a4a963227035f1442b4, fee4046dc1f7497bbcb7722b4e94eb61; no voters: 085f6f6552154964b59bc10800fd09d8
I20260710 11:01:50.466436 32423 tablet_service.cc:1917] Received RequestConsensusVote() RPC: tablet_id: "124070a09c8d40cf9da9f9419a487ed9" candidate_uuid: "15662de13a054a4a963227035f1442b4" candidate_term: 1 candidate_status { last_received { term: 0 index: 0 } } ignore_live_leader: false dest_uuid: "fee4046dc1f7497bbcb7722b4e94eb61" is_pre_election: true
I20260710 11:01:50.471261 32423 raft_consensus.cc:2393] T 124070a09c8d40cf9da9f9419a487ed9 P fee4046dc1f7497bbcb7722b4e94eb61 [term 1 FOLLOWER]: Leader pre-election vote request: Denying vote to candidate 15662de13a054a4a963227035f1442b4 in current term 1: Already voted for candidate 085f6f6552154964b59bc10800fd09d8 in this term.
I20260710 11:01:50.455827 32467 consensus_queue.cc:260] T a07c6836580e41d48ff0ee8a318af91f P 085f6f6552154964b59bc10800fd09d8 [NON_LEADER]: Queue going to NON_LEADER mode. State: All replicated index: 0, Majority replicated index: 0, Committed index: 0, Last appended: 0.0, Last appended by leader: 0, Current term: 0, Majority size: -1, State: 0, Mode: NON_LEADER, active raft config: opid_index: -1 OBSOLETE_local: false peers { permanent_uuid: "085f6f6552154964b59bc10800fd09d8" member_type: VOTER last_known_addr { host: "127.31.98.193" port: 34455 } } peers { permanent_uuid: "15662de13a054a4a963227035f1442b4" member_type: VOTER last_known_addr { host: "127.31.98.194" port: 42785 } } peers { permanent_uuid: "fee4046dc1f7497bbcb7722b4e94eb61" member_type: VOTER last_known_addr { host: "127.31.98.195" port: 38965 } }
I20260710 11:01:50.491676 32468 tablet_bootstrap.cc:654] T 0bf83a1d96a0412e9ab8859f80dece25 P fee4046dc1f7497bbcb7722b4e94eb61: Neither blocks nor log segments found. Creating new log.
I20260710 11:01:50.491951 32472 raft_consensus.cc:515] T d6bb38bdf5f543a79a26762179335301 P 15662de13a054a4a963227035f1442b4 [term 1 FOLLOWER]: Starting leader election with config: opid_index: -1 OBSOLETE_local: false peers { permanent_uuid: "15662de13a054a4a963227035f1442b4" member_type: VOTER last_known_addr { host: "127.31.98.194" port: 42785 } } peers { permanent_uuid: "085f6f6552154964b59bc10800fd09d8" member_type: VOTER last_known_addr { host: "127.31.98.193" port: 34455 } } peers { permanent_uuid: "fee4046dc1f7497bbcb7722b4e94eb61" member_type: VOTER last_known_addr { host: "127.31.98.195" port: 38965 } }
I20260710 11:01:50.495651 32472 leader_election.cc:290] T d6bb38bdf5f543a79a26762179335301 P 15662de13a054a4a963227035f1442b4 [CANDIDATE]: Term 1 election: Requested vote from peers 085f6f6552154964b59bc10800fd09d8 (127.31.98.193:34455), fee4046dc1f7497bbcb7722b4e94eb61 (127.31.98.195:38965)
I20260710 11:01:50.496312 32472 raft_consensus.cc:2804] T a07c6836580e41d48ff0ee8a318af91f P 15662de13a054a4a963227035f1442b4 [term 0 FOLLOWER]: Leader pre-election won for term 1
I20260710 11:01:50.496628 32273 tablet_service.cc:1917] Received RequestConsensusVote() RPC: tablet_id: "d6bb38bdf5f543a79a26762179335301" candidate_uuid: "15662de13a054a4a963227035f1442b4" candidate_term: 1 candidate_status { last_received { term: 0 index: 0 } } ignore_live_leader: false dest_uuid: "085f6f6552154964b59bc10800fd09d8"
I20260710 11:01:50.497313 32273 raft_consensus.cc:3060] T d6bb38bdf5f543a79a26762179335301 P 085f6f6552154964b59bc10800fd09d8 [term 0 FOLLOWER]: Advancing to term 1
I20260710 11:01:50.496668 32472 raft_consensus.cc:493] T a07c6836580e41d48ff0ee8a318af91f P 15662de13a054a4a963227035f1442b4 [term 0 FOLLOWER]: Starting leader election (no leader contacted us within the election timeout)
I20260710 11:01:50.506417 32473 raft_consensus.cc:493] T e2c82de4e22b42cbb9ecc31bf92355b7 P fee4046dc1f7497bbcb7722b4e94eb61 [term 0 FOLLOWER]: Starting pre-election (no leader contacted us within the election timeout)
I20260710 11:01:50.501649 32467 ts_tablet_manager.cc:1434] T a07c6836580e41d48ff0ee8a318af91f P 085f6f6552154964b59bc10800fd09d8: Time spent starting tablet: real 0.103s	user 0.011s	sys 0.001s
I20260710 11:01:50.508981 32473 raft_consensus.cc:515] T e2c82de4e22b42cbb9ecc31bf92355b7 P fee4046dc1f7497bbcb7722b4e94eb61 [term 0 FOLLOWER]: Starting pre-election with config: opid_index: -1 OBSOLETE_local: false peers { permanent_uuid: "085f6f6552154964b59bc10800fd09d8" member_type: VOTER last_known_addr { host: "127.31.98.193" port: 34455 } } peers { permanent_uuid: "15662de13a054a4a963227035f1442b4" member_type: VOTER last_known_addr { host: "127.31.98.194" port: 42785 } } peers { permanent_uuid: "fee4046dc1f7497bbcb7722b4e94eb61" member_type: VOTER last_known_addr { host: "127.31.98.195" port: 38965 } }
I20260710 11:01:50.515941 32473 leader_election.cc:290] T e2c82de4e22b42cbb9ecc31bf92355b7 P fee4046dc1f7497bbcb7722b4e94eb61 [CANDIDATE]: Term 1 pre-election: Requested pre-vote from peers 085f6f6552154964b59bc10800fd09d8 (127.31.98.193:34455), 15662de13a054a4a963227035f1442b4 (127.31.98.194:42785)
I20260710 11:01:50.508605 32472 raft_consensus.cc:3060] T a07c6836580e41d48ff0ee8a318af91f P 15662de13a054a4a963227035f1442b4 [term 0 FOLLOWER]: Advancing to term 1
I20260710 11:01:50.518431 32467 tablet_bootstrap.cc:492] T cabc4c47aa1042128a449bb8dd647286 P 085f6f6552154964b59bc10800fd09d8: Bootstrap starting.
I20260710 11:01:50.523294 32466 tablet_bootstrap.cc:492] T 352d3dff440f44819fa8b4969dcbf0c9 P 15662de13a054a4a963227035f1442b4: No bootstrap required, opened a new log
I20260710 11:01:50.523197 32272 tablet_service.cc:1917] Received RequestConsensusVote() RPC: tablet_id: "e2c82de4e22b42cbb9ecc31bf92355b7" candidate_uuid: "fee4046dc1f7497bbcb7722b4e94eb61" candidate_term: 1 candidate_status { last_received { term: 0 index: 0 } } ignore_live_leader: false dest_uuid: "085f6f6552154964b59bc10800fd09d8" is_pre_election: true
I20260710 11:01:50.523833 32466 ts_tablet_manager.cc:1403] T 352d3dff440f44819fa8b4969dcbf0c9 P 15662de13a054a4a963227035f1442b4: Time spent bootstrapping tablet: real 0.202s	user 0.035s	sys 0.043s
I20260710 11:01:50.524492 32274 tablet_service.cc:1917] Received RequestConsensusVote() RPC: tablet_id: "cabc4c47aa1042128a449bb8dd647286" candidate_uuid: "fee4046dc1f7497bbcb7722b4e94eb61" candidate_term: 1 candidate_status { last_received { term: 0 index: 0 } } ignore_live_leader: false dest_uuid: "085f6f6552154964b59bc10800fd09d8" is_pre_election: true
W20260710 11:01:50.526652 32388 leader_election.cc:343] T e2c82de4e22b42cbb9ecc31bf92355b7 P fee4046dc1f7497bbcb7722b4e94eb61 [CANDIDATE]: Term 1 pre-election: Tablet error from VoteRequest() call to peer 085f6f6552154964b59bc10800fd09d8 (127.31.98.193:34455): Illegal state: must be running to vote when last-logged opid is not known
W20260710 11:01:50.524616 32315 outbound_call.cc:321] RPC callback for RPC call kudu.consensus.ConsensusService.RequestConsensusVote -> {remote=127.31.98.195:38965, user_credentials={real_user=slave}} blocked reactor thread for 56696.7us
W20260710 11:01:50.534731 32388 leader_election.cc:343] T cabc4c47aa1042128a449bb8dd647286 P fee4046dc1f7497bbcb7722b4e94eb61 [CANDIDATE]: Term 1 pre-election: Tablet error from VoteRequest() call to peer 085f6f6552154964b59bc10800fd09d8 (127.31.98.193:34455): Illegal state: must be running to vote when last-logged opid is not known
I20260710 11:01:50.536500 32466 raft_consensus.cc:359] T 352d3dff440f44819fa8b4969dcbf0c9 P 15662de13a054a4a963227035f1442b4 [term 0 FOLLOWER]: Replica starting. Triggering 0 pending ops. Active config: opid_index: -1 OBSOLETE_local: false peers { permanent_uuid: "085f6f6552154964b59bc10800fd09d8" member_type: VOTER last_known_addr { host: "127.31.98.193" port: 34455 } } peers { permanent_uuid: "15662de13a054a4a963227035f1442b4" member_type: VOTER last_known_addr { host: "127.31.98.194" port: 42785 } } peers { permanent_uuid: "fee4046dc1f7497bbcb7722b4e94eb61" member_type: VOTER last_known_addr { host: "127.31.98.195" port: 38965 } }
I20260710 11:01:50.539281 32473 raft_consensus.cc:493] T beb3ce1e0c35428bb12a5af170af6395 P fee4046dc1f7497bbcb7722b4e94eb61 [term 0 FOLLOWER]: Starting pre-election (no leader contacted us within the election timeout)
I20260710 11:01:50.539594 32466 raft_consensus.cc:385] T 352d3dff440f44819fa8b4969dcbf0c9 P 15662de13a054a4a963227035f1442b4 [term 0 FOLLOWER]: Consensus starting up: Expiring failure detector timer to make a prompt election more likely
I20260710 11:01:50.538246 32273 raft_consensus.cc:2468] T d6bb38bdf5f543a79a26762179335301 P 085f6f6552154964b59bc10800fd09d8 [term 1 FOLLOWER]: Leader election vote request: Granting yes vote for candidate 15662de13a054a4a963227035f1442b4 in term 1.
I20260710 11:01:50.540151 32466 raft_consensus.cc:740] T 352d3dff440f44819fa8b4969dcbf0c9 P 15662de13a054a4a963227035f1442b4 [term 0 FOLLOWER]: Becoming Follower/Learner. State: Replica: 15662de13a054a4a963227035f1442b4, State: Initialized, Role: FOLLOWER
I20260710 11:01:50.542006 32314 leader_election.cc:304] T d6bb38bdf5f543a79a26762179335301 P 15662de13a054a4a963227035f1442b4 [CANDIDATE]: Term 1 election: Election decided. Result: candidate won. Election summary: received 2 responses out of 3 voters: 2 yes votes; 0 no votes. yes voters: 085f6f6552154964b59bc10800fd09d8, 15662de13a054a4a963227035f1442b4; no voters: 
I20260710 11:01:50.540004 32473 raft_consensus.cc:515] T beb3ce1e0c35428bb12a5af170af6395 P fee4046dc1f7497bbcb7722b4e94eb61 [term 0 FOLLOWER]: Starting pre-election with config: opid_index: -1 OBSOLETE_local: false peers { permanent_uuid: "085f6f6552154964b59bc10800fd09d8" member_type: VOTER last_known_addr { host: "127.31.98.193" port: 34455 } } peers { permanent_uuid: "15662de13a054a4a963227035f1442b4" member_type: VOTER last_known_addr { host: "127.31.98.194" port: 42785 } } peers { permanent_uuid: "fee4046dc1f7497bbcb7722b4e94eb61" member_type: VOTER last_known_addr { host: "127.31.98.195" port: 38965 } }
I20260710 11:01:50.544337 32315 leader_election.cc:304] T 124070a09c8d40cf9da9f9419a487ed9 P 15662de13a054a4a963227035f1442b4 [CANDIDATE]: Term 1 pre-election: Election decided. Result: candidate lost. Election summary: received 3 responses out of 3 voters: 1 yes votes; 2 no votes. yes voters: 15662de13a054a4a963227035f1442b4; no voters: 085f6f6552154964b59bc10800fd09d8, fee4046dc1f7497bbcb7722b4e94eb61
I20260710 11:01:50.545675 32348 tablet_service.cc:1917] Received RequestConsensusVote() RPC: tablet_id: "cabc4c47aa1042128a449bb8dd647286" candidate_uuid: "fee4046dc1f7497bbcb7722b4e94eb61" candidate_term: 1 candidate_status { last_received { term: 0 index: 0 } } ignore_live_leader: false dest_uuid: "15662de13a054a4a963227035f1442b4" is_pre_election: true
I20260710 11:01:50.547717 32500 raft_consensus.cc:2804] T d6bb38bdf5f543a79a26762179335301 P 15662de13a054a4a963227035f1442b4 [term 1 FOLLOWER]: Leader election won for term 1
I20260710 11:01:50.547950 32349 tablet_service.cc:1917] Received RequestConsensusVote() RPC: tablet_id: "e2c82de4e22b42cbb9ecc31bf92355b7" candidate_uuid: "fee4046dc1f7497bbcb7722b4e94eb61" candidate_term: 1 candidate_status { last_received { term: 0 index: 0 } } ignore_live_leader: false dest_uuid: "15662de13a054a4a963227035f1442b4" is_pre_election: true
I20260710 11:01:50.548627 32423 tablet_service.cc:1917] Received RequestConsensusVote() RPC: tablet_id: "d6bb38bdf5f543a79a26762179335301" candidate_uuid: "15662de13a054a4a963227035f1442b4" candidate_term: 1 candidate_status { last_received { term: 0 index: 0 } } ignore_live_leader: false dest_uuid: "fee4046dc1f7497bbcb7722b4e94eb61"
W20260710 11:01:50.555998 32315 leader_election.cc:343] T d6bb38bdf5f543a79a26762179335301 P 15662de13a054a4a963227035f1442b4 [CANDIDATE]: Term 1 election: Tablet error from VoteRequest() call to peer fee4046dc1f7497bbcb7722b4e94eb61 (127.31.98.195:38965): Illegal state: must be running to vote when last-logged opid is not known
W20260710 11:01:50.553089 32387 leader_election.cc:343] T cabc4c47aa1042128a449bb8dd647286 P fee4046dc1f7497bbcb7722b4e94eb61 [CANDIDATE]: Term 1 pre-election: Tablet error from VoteRequest() call to peer 15662de13a054a4a963227035f1442b4 (127.31.98.194:42785): Illegal state: must be running to vote when last-logged opid is not known
I20260710 11:01:50.557895 32473 leader_election.cc:290] T beb3ce1e0c35428bb12a5af170af6395 P fee4046dc1f7497bbcb7722b4e94eb61 [CANDIDATE]: Term 1 pre-election: Requested pre-vote from peers 085f6f6552154964b59bc10800fd09d8 (127.31.98.193:34455), 15662de13a054a4a963227035f1442b4 (127.31.98.194:42785)
I20260710 11:01:50.559168 32273 tablet_service.cc:1917] Received RequestConsensusVote() RPC: tablet_id: "beb3ce1e0c35428bb12a5af170af6395" candidate_uuid: "fee4046dc1f7497bbcb7722b4e94eb61" candidate_term: 1 candidate_status { last_received { term: 0 index: 0 } } ignore_live_leader: false dest_uuid: "085f6f6552154964b59bc10800fd09d8" is_pre_election: true
I20260710 11:01:50.561348 32273 raft_consensus.cc:2468] T beb3ce1e0c35428bb12a5af170af6395 P 085f6f6552154964b59bc10800fd09d8 [term 0 FOLLOWER]: Leader pre-election vote request: Granting yes vote for candidate fee4046dc1f7497bbcb7722b4e94eb61 in term 0.
I20260710 11:01:50.562463 32467 tablet_bootstrap.cc:654] T cabc4c47aa1042128a449bb8dd647286 P 085f6f6552154964b59bc10800fd09d8: Neither blocks nor log segments found. Creating new log.
I20260710 11:01:50.562402 32504 raft_consensus.cc:3060] T 124070a09c8d40cf9da9f9419a487ed9 P 15662de13a054a4a963227035f1442b4 [term 0 FOLLOWER]: Advancing to term 1
I20260710 11:01:50.562940 32388 leader_election.cc:304] T beb3ce1e0c35428bb12a5af170af6395 P fee4046dc1f7497bbcb7722b4e94eb61 [CANDIDATE]: Term 1 pre-election: Election decided. Result: candidate won. Election summary: received 2 responses out of 3 voters: 2 yes votes; 0 no votes. yes voters: 085f6f6552154964b59bc10800fd09d8, fee4046dc1f7497bbcb7722b4e94eb61; no voters: 
I20260710 11:01:50.564018 32473 raft_consensus.cc:2804] T beb3ce1e0c35428bb12a5af170af6395 P fee4046dc1f7497bbcb7722b4e94eb61 [term 0 FOLLOWER]: Leader pre-election won for term 1
I20260710 11:01:50.559625 32387 leader_election.cc:304] T cabc4c47aa1042128a449bb8dd647286 P fee4046dc1f7497bbcb7722b4e94eb61 [CANDIDATE]: Term 1 pre-election: Election decided. Result: candidate lost. Election summary: received 3 responses out of 3 voters: 1 yes votes; 2 no votes. yes voters: fee4046dc1f7497bbcb7722b4e94eb61; no voters: 085f6f6552154964b59bc10800fd09d8, 15662de13a054a4a963227035f1442b4
I20260710 11:01:50.565579 32473 raft_consensus.cc:493] T beb3ce1e0c35428bb12a5af170af6395 P fee4046dc1f7497bbcb7722b4e94eb61 [term 0 FOLLOWER]: Starting leader election (no leader contacted us within the election timeout)
I20260710 11:01:50.564633 32472 raft_consensus.cc:515] T a07c6836580e41d48ff0ee8a318af91f P 15662de13a054a4a963227035f1442b4 [term 1 FOLLOWER]: Starting leader election with config: opid_index: -1 OBSOLETE_local: false peers { permanent_uuid: "085f6f6552154964b59bc10800fd09d8" member_type: VOTER last_known_addr { host: "127.31.98.193" port: 34455 } } peers { permanent_uuid: "15662de13a054a4a963227035f1442b4" member_type: VOTER last_known_addr { host: "127.31.98.194" port: 42785 } } peers { permanent_uuid: "fee4046dc1f7497bbcb7722b4e94eb61" member_type: VOTER last_known_addr { host: "127.31.98.195" port: 38965 } }
I20260710 11:01:50.569542 32473 raft_consensus.cc:3060] T beb3ce1e0c35428bb12a5af170af6395 P fee4046dc1f7497bbcb7722b4e94eb61 [term 0 FOLLOWER]: Advancing to term 1
I20260710 11:01:50.584786 32468 tablet_bootstrap.cc:492] T 0bf83a1d96a0412e9ab8859f80dece25 P fee4046dc1f7497bbcb7722b4e94eb61: No bootstrap required, opened a new log
I20260710 11:01:50.589687 32468 ts_tablet_manager.cc:1403] T 0bf83a1d96a0412e9ab8859f80dece25 P fee4046dc1f7497bbcb7722b4e94eb61: Time spent bootstrapping tablet: real 0.150s	user 0.013s	sys 0.026s
I20260710 11:01:50.592114 32273 tablet_service.cc:1917] Received RequestConsensusVote() RPC: tablet_id: "a07c6836580e41d48ff0ee8a318af91f" candidate_uuid: "15662de13a054a4a963227035f1442b4" candidate_term: 1 candidate_status { last_received { term: 0 index: 0 } } ignore_live_leader: false dest_uuid: "085f6f6552154964b59bc10800fd09d8"
I20260710 11:01:50.594523 32273 raft_consensus.cc:3060] T a07c6836580e41d48ff0ee8a318af91f P 085f6f6552154964b59bc10800fd09d8 [term 0 FOLLOWER]: Advancing to term 1
I20260710 11:01:50.594321 32349 tablet_service.cc:1917] Received RequestConsensusVote() RPC: tablet_id: "beb3ce1e0c35428bb12a5af170af6395" candidate_uuid: "fee4046dc1f7497bbcb7722b4e94eb61" candidate_term: 1 candidate_status { last_received { term: 0 index: 0 } } ignore_live_leader: false dest_uuid: "15662de13a054a4a963227035f1442b4" is_pre_election: true
I20260710 11:01:50.595280 32349 raft_consensus.cc:2468] T beb3ce1e0c35428bb12a5af170af6395 P 15662de13a054a4a963227035f1442b4 [term 0 FOLLOWER]: Leader pre-election vote request: Granting yes vote for candidate fee4046dc1f7497bbcb7722b4e94eb61 in term 0.
W20260710 11:01:50.590155 32387 leader_election.cc:343] T e2c82de4e22b42cbb9ecc31bf92355b7 P fee4046dc1f7497bbcb7722b4e94eb61 [CANDIDATE]: Term 1 pre-election: Tablet error from VoteRequest() call to peer 15662de13a054a4a963227035f1442b4 (127.31.98.194:42785): Illegal state: must be running to vote when last-logged opid is not known
I20260710 11:01:50.596684 32387 leader_election.cc:304] T e2c82de4e22b42cbb9ecc31bf92355b7 P fee4046dc1f7497bbcb7722b4e94eb61 [CANDIDATE]: Term 1 pre-election: Election decided. Result: candidate lost. Election summary: received 3 responses out of 3 voters: 1 yes votes; 2 no votes. yes voters: fee4046dc1f7497bbcb7722b4e94eb61; no voters: 085f6f6552154964b59bc10800fd09d8, 15662de13a054a4a963227035f1442b4
I20260710 11:01:50.597667 32472 leader_election.cc:290] T a07c6836580e41d48ff0ee8a318af91f P 15662de13a054a4a963227035f1442b4 [CANDIDATE]: Term 1 election: Requested vote from peers 085f6f6552154964b59bc10800fd09d8 (127.31.98.193:34455), fee4046dc1f7497bbcb7722b4e94eb61 (127.31.98.195:38965)
I20260710 11:01:50.598330 32472 raft_consensus.cc:493] T beb3ce1e0c35428bb12a5af170af6395 P 15662de13a054a4a963227035f1442b4 [term 0 FOLLOWER]: Starting pre-election (no leader contacted us within the election timeout)
I20260710 11:01:50.599520 32500 raft_consensus.cc:697] T d6bb38bdf5f543a79a26762179335301 P 15662de13a054a4a963227035f1442b4 [term 1 LEADER]: Becoming Leader. State: Replica: 15662de13a054a4a963227035f1442b4, State: Running, Role: LEADER
I20260710 11:01:50.601418 32472 raft_consensus.cc:515] T beb3ce1e0c35428bb12a5af170af6395 P 15662de13a054a4a963227035f1442b4 [term 0 FOLLOWER]: Starting pre-election with config: opid_index: -1 OBSOLETE_local: false peers { permanent_uuid: "085f6f6552154964b59bc10800fd09d8" member_type: VOTER last_known_addr { host: "127.31.98.193" port: 34455 } } peers { permanent_uuid: "15662de13a054a4a963227035f1442b4" member_type: VOTER last_known_addr { host: "127.31.98.194" port: 42785 } } peers { permanent_uuid: "fee4046dc1f7497bbcb7722b4e94eb61" member_type: VOTER last_known_addr { host: "127.31.98.195" port: 38965 } }
I20260710 11:01:50.606050 32473 raft_consensus.cc:515] T beb3ce1e0c35428bb12a5af170af6395 P fee4046dc1f7497bbcb7722b4e94eb61 [term 1 FOLLOWER]: Starting leader election with config: opid_index: -1 OBSOLETE_local: false peers { permanent_uuid: "085f6f6552154964b59bc10800fd09d8" member_type: VOTER last_known_addr { host: "127.31.98.193" port: 34455 } } peers { permanent_uuid: "15662de13a054a4a963227035f1442b4" member_type: VOTER last_known_addr { host: "127.31.98.194" port: 42785 } } peers { permanent_uuid: "fee4046dc1f7497bbcb7722b4e94eb61" member_type: VOTER last_known_addr { host: "127.31.98.195" port: 38965 } }
I20260710 11:01:50.607568 32472 leader_election.cc:290] T beb3ce1e0c35428bb12a5af170af6395 P 15662de13a054a4a963227035f1442b4 [CANDIDATE]: Term 1 pre-election: Requested pre-vote from peers 085f6f6552154964b59bc10800fd09d8 (127.31.98.193:34455), fee4046dc1f7497bbcb7722b4e94eb61 (127.31.98.195:38965)
I20260710 11:01:50.607753 32504 raft_consensus.cc:2749] T 124070a09c8d40cf9da9f9419a487ed9 P 15662de13a054a4a963227035f1442b4 [term 1 FOLLOWER]: Leader pre-election lost for term 1. Reason: could not achieve majority
I20260710 11:01:50.609692 32274 tablet_service.cc:1917] Received RequestConsensusVote() RPC: tablet_id: "beb3ce1e0c35428bb12a5af170af6395" candidate_uuid: "15662de13a054a4a963227035f1442b4" candidate_term: 1 candidate_status { last_received { term: 0 index: 0 } } ignore_live_leader: false dest_uuid: "085f6f6552154964b59bc10800fd09d8" is_pre_election: true
I20260710 11:01:50.610394 32272 tablet_service.cc:1917] Received RequestConsensusVote() RPC: tablet_id: "beb3ce1e0c35428bb12a5af170af6395" candidate_uuid: "fee4046dc1f7497bbcb7722b4e94eb61" candidate_term: 1 candidate_status { last_received { term: 0 index: 0 } } ignore_live_leader: false dest_uuid: "085f6f6552154964b59bc10800fd09d8"
I20260710 11:01:50.613663 32274 raft_consensus.cc:2468] T beb3ce1e0c35428bb12a5af170af6395 P 085f6f6552154964b59bc10800fd09d8 [term 0 FOLLOWER]: Leader pre-election vote request: Granting yes vote for candidate 15662de13a054a4a963227035f1442b4 in term 0.
I20260710 11:01:50.616613 32473 leader_election.cc:290] T beb3ce1e0c35428bb12a5af170af6395 P fee4046dc1f7497bbcb7722b4e94eb61 [CANDIDATE]: Term 1 election: Requested vote from peers 085f6f6552154964b59bc10800fd09d8 (127.31.98.193:34455), 15662de13a054a4a963227035f1442b4 (127.31.98.194:42785)
I20260710 11:01:50.622772 32314 leader_election.cc:304] T beb3ce1e0c35428bb12a5af170af6395 P 15662de13a054a4a963227035f1442b4 [CANDIDATE]: Term 1 pre-election: Election decided. Result: candidate won. Election summary: received 2 responses out of 3 voters: 2 yes votes; 0 no votes. yes voters: 085f6f6552154964b59bc10800fd09d8, 15662de13a054a4a963227035f1442b4; no voters: 
I20260710 11:01:50.631098 32349 tablet_service.cc:1917] Received RequestConsensusVote() RPC: tablet_id: "beb3ce1e0c35428bb12a5af170af6395" candidate_uuid: "fee4046dc1f7497bbcb7722b4e94eb61" candidate_term: 1 candidate_status { last_received { term: 0 index: 0 } } ignore_live_leader: false dest_uuid: "15662de13a054a4a963227035f1442b4"
I20260710 11:01:50.631268 32273 raft_consensus.cc:2468] T a07c6836580e41d48ff0ee8a318af91f P 085f6f6552154964b59bc10800fd09d8 [term 1 FOLLOWER]: Leader election vote request: Granting yes vote for candidate 15662de13a054a4a963227035f1442b4 in term 1.
I20260710 11:01:50.631781 32349 raft_consensus.cc:3060] T beb3ce1e0c35428bb12a5af170af6395 P 15662de13a054a4a963227035f1442b4 [term 0 FOLLOWER]: Advancing to term 1
I20260710 11:01:50.632108 32467 tablet_bootstrap.cc:492] T cabc4c47aa1042128a449bb8dd647286 P 085f6f6552154964b59bc10800fd09d8: No bootstrap required, opened a new log
I20260710 11:01:50.632591 32467 ts_tablet_manager.cc:1403] T cabc4c47aa1042128a449bb8dd647286 P 085f6f6552154964b59bc10800fd09d8: Time spent bootstrapping tablet: real 0.115s	user 0.026s	sys 0.010s
I20260710 11:01:50.634159 32314 leader_election.cc:304] T a07c6836580e41d48ff0ee8a318af91f P 15662de13a054a4a963227035f1442b4 [CANDIDATE]: Term 1 election: Election decided. Result: candidate won. Election summary: received 2 responses out of 3 voters: 2 yes votes; 0 no votes. yes voters: 085f6f6552154964b59bc10800fd09d8, 15662de13a054a4a963227035f1442b4; no voters: 
I20260710 11:01:50.629032 32473 raft_consensus.cc:2749] T e2c82de4e22b42cbb9ecc31bf92355b7 P fee4046dc1f7497bbcb7722b4e94eb61 [term 0 FOLLOWER]: Leader pre-election lost for term 1. Reason: could not achieve majority
I20260710 11:01:50.636026 32506 raft_consensus.cc:2804] T a07c6836580e41d48ff0ee8a318af91f P 15662de13a054a4a963227035f1442b4 [term 1 FOLLOWER]: Leader election won for term 1
I20260710 11:01:50.612571 32500 consensus_queue.cc:237] T d6bb38bdf5f543a79a26762179335301 P 15662de13a054a4a963227035f1442b4 [LEADER]: Queue going to LEADER mode. State: All replicated index: 0, Majority replicated index: 0, Committed index: 0, Last appended: 0.0, Last appended by leader: 0, Current term: 1, Majority size: 2, State: 0, Mode: LEADER, active raft config: opid_index: -1 OBSOLETE_local: false peers { permanent_uuid: "15662de13a054a4a963227035f1442b4" member_type: VOTER last_known_addr { host: "127.31.98.194" port: 42785 } } peers { permanent_uuid: "085f6f6552154964b59bc10800fd09d8" member_type: VOTER last_known_addr { host: "127.31.98.193" port: 34455 } } peers { permanent_uuid: "fee4046dc1f7497bbcb7722b4e94eb61" member_type: VOTER last_known_addr { host: "127.31.98.195" port: 38965 } }
I20260710 11:01:50.636602 32506 raft_consensus.cc:697] T a07c6836580e41d48ff0ee8a318af91f P 15662de13a054a4a963227035f1442b4 [term 1 LEADER]: Becoming Leader. State: Replica: 15662de13a054a4a963227035f1442b4, State: Running, Role: LEADER
I20260710 11:01:50.636842 32467 raft_consensus.cc:359] T cabc4c47aa1042128a449bb8dd647286 P 085f6f6552154964b59bc10800fd09d8 [term 0 FOLLOWER]: Replica starting. Triggering 0 pending ops. Active config: opid_index: -1 OBSOLETE_local: false peers { permanent_uuid: "085f6f6552154964b59bc10800fd09d8" member_type: VOTER last_known_addr { host: "127.31.98.193" port: 34455 } } peers { permanent_uuid: "15662de13a054a4a963227035f1442b4" member_type: VOTER last_known_addr { host: "127.31.98.194" port: 42785 } } peers { permanent_uuid: "fee4046dc1f7497bbcb7722b4e94eb61" member_type: VOTER last_known_addr { host: "127.31.98.195" port: 38965 } }
I20260710 11:01:50.616044 32507 raft_consensus.cc:2749] T cabc4c47aa1042128a449bb8dd647286 P fee4046dc1f7497bbcb7722b4e94eb61 [term 0 FOLLOWER]: Leader pre-election lost for term 1. Reason: could not achieve majority
I20260710 11:01:50.637717 32467 raft_consensus.cc:385] T cabc4c47aa1042128a449bb8dd647286 P 085f6f6552154964b59bc10800fd09d8 [term 0 FOLLOWER]: Consensus starting up: Expiring failure detector timer to make a prompt election more likely
I20260710 11:01:50.637564 32506 consensus_queue.cc:237] T a07c6836580e41d48ff0ee8a318af91f P 15662de13a054a4a963227035f1442b4 [LEADER]: Queue going to LEADER mode. State: All replicated index: 0, Majority replicated index: 0, Committed index: 0, Last appended: 0.0, Last appended by leader: 0, Current term: 1, Majority size: 2, State: 0, Mode: LEADER, active raft config: opid_index: -1 OBSOLETE_local: false peers { permanent_uuid: "085f6f6552154964b59bc10800fd09d8" member_type: VOTER last_known_addr { host: "127.31.98.193" port: 34455 } } peers { permanent_uuid: "15662de13a054a4a963227035f1442b4" member_type: VOTER last_known_addr { host: "127.31.98.194" port: 42785 } } peers { permanent_uuid: "fee4046dc1f7497bbcb7722b4e94eb61" member_type: VOTER last_known_addr { host: "127.31.98.195" port: 38965 } }
I20260710 11:01:50.639868 32468 raft_consensus.cc:359] T 0bf83a1d96a0412e9ab8859f80dece25 P fee4046dc1f7497bbcb7722b4e94eb61 [term 0 FOLLOWER]: Replica starting. Triggering 0 pending ops. Active config: opid_index: -1 OBSOLETE_local: false peers { permanent_uuid: "085f6f6552154964b59bc10800fd09d8" member_type: VOTER last_known_addr { host: "127.31.98.193" port: 34455 } } peers { permanent_uuid: "15662de13a054a4a963227035f1442b4" member_type: VOTER last_known_addr { host: "127.31.98.194" port: 42785 } } peers { permanent_uuid: "fee4046dc1f7497bbcb7722b4e94eb61" member_type: VOTER last_known_addr { host: "127.31.98.195" port: 38965 } }
I20260710 11:01:50.639250 32467 raft_consensus.cc:740] T cabc4c47aa1042128a449bb8dd647286 P 085f6f6552154964b59bc10800fd09d8 [term 0 FOLLOWER]: Becoming Follower/Learner. State: Replica: 085f6f6552154964b59bc10800fd09d8, State: Initialized, Role: FOLLOWER
I20260710 11:01:50.641058 32468 raft_consensus.cc:385] T 0bf83a1d96a0412e9ab8859f80dece25 P fee4046dc1f7497bbcb7722b4e94eb61 [term 0 FOLLOWER]: Consensus starting up: Expiring failure detector timer to make a prompt election more likely
I20260710 11:01:50.641840 32468 raft_consensus.cc:740] T 0bf83a1d96a0412e9ab8859f80dece25 P fee4046dc1f7497bbcb7722b4e94eb61 [term 0 FOLLOWER]: Becoming Follower/Learner. State: Replica: fee4046dc1f7497bbcb7722b4e94eb61, State: Initialized, Role: FOLLOWER
I20260710 11:01:50.645237 32468 consensus_queue.cc:260] T 0bf83a1d96a0412e9ab8859f80dece25 P fee4046dc1f7497bbcb7722b4e94eb61 [NON_LEADER]: Queue going to NON_LEADER mode. State: All replicated index: 0, Majority replicated index: 0, Committed index: 0, Last appended: 0.0, Last appended by leader: 0, Current term: 0, Majority size: -1, State: 0, Mode: NON_LEADER, active raft config: opid_index: -1 OBSOLETE_local: false peers { permanent_uuid: "085f6f6552154964b59bc10800fd09d8" member_type: VOTER last_known_addr { host: "127.31.98.193" port: 34455 } } peers { permanent_uuid: "15662de13a054a4a963227035f1442b4" member_type: VOTER last_known_addr { host: "127.31.98.194" port: 42785 } } peers { permanent_uuid: "fee4046dc1f7497bbcb7722b4e94eb61" member_type: VOTER last_known_addr { host: "127.31.98.195" port: 38965 } }
I20260710 11:01:50.646814 32349 raft_consensus.cc:2468] T beb3ce1e0c35428bb12a5af170af6395 P 15662de13a054a4a963227035f1442b4 [term 1 FOLLOWER]: Leader election vote request: Granting yes vote for candidate fee4046dc1f7497bbcb7722b4e94eb61 in term 1.
I20260710 11:01:50.647565 32504 raft_consensus.cc:2764] T beb3ce1e0c35428bb12a5af170af6395 P 15662de13a054a4a963227035f1442b4 [term 1 FOLLOWER]: Leader pre-election decision vote started in defunct term 0: won
I20260710 11:01:50.649682 32387 leader_election.cc:304] T beb3ce1e0c35428bb12a5af170af6395 P fee4046dc1f7497bbcb7722b4e94eb61 [CANDIDATE]: Term 1 election: Election decided. Result: candidate won. Election summary: received 3 responses out of 3 voters: 2 yes votes; 1 no votes. yes voters: 15662de13a054a4a963227035f1442b4, fee4046dc1f7497bbcb7722b4e94eb61; no voters: 085f6f6552154964b59bc10800fd09d8
I20260710 11:01:50.650236 32468 ts_tablet_manager.cc:1434] T 0bf83a1d96a0412e9ab8859f80dece25 P fee4046dc1f7497bbcb7722b4e94eb61: Time spent starting tablet: real 0.052s	user 0.010s	sys 0.002s
I20260710 11:01:50.650489 32507 raft_consensus.cc:2804] T beb3ce1e0c35428bb12a5af170af6395 P fee4046dc1f7497bbcb7722b4e94eb61 [term 1 FOLLOWER]: Leader election won for term 1
I20260710 11:01:50.651028 32507 raft_consensus.cc:697] T beb3ce1e0c35428bb12a5af170af6395 P fee4046dc1f7497bbcb7722b4e94eb61 [term 1 LEADER]: Becoming Leader. State: Replica: fee4046dc1f7497bbcb7722b4e94eb61, State: Running, Role: LEADER
I20260710 11:01:50.643697 32467 consensus_queue.cc:260] T cabc4c47aa1042128a449bb8dd647286 P 085f6f6552154964b59bc10800fd09d8 [NON_LEADER]: Queue going to NON_LEADER mode. State: All replicated index: 0, Majority replicated index: 0, Committed index: 0, Last appended: 0.0, Last appended by leader: 0, Current term: 0, Majority size: -1, State: 0, Mode: NON_LEADER, active raft config: opid_index: -1 OBSOLETE_local: false peers { permanent_uuid: "085f6f6552154964b59bc10800fd09d8" member_type: VOTER last_known_addr { host: "127.31.98.193" port: 34455 } } peers { permanent_uuid: "15662de13a054a4a963227035f1442b4" member_type: VOTER last_known_addr { host: "127.31.98.194" port: 42785 } } peers { permanent_uuid: "fee4046dc1f7497bbcb7722b4e94eb61" member_type: VOTER last_known_addr { host: "127.31.98.195" port: 38965 } }
I20260710 11:01:50.651515 32468 tablet_bootstrap.cc:492] T d6bb38bdf5f543a79a26762179335301 P fee4046dc1f7497bbcb7722b4e94eb61: Bootstrap starting.
I20260710 11:01:50.654824 32507 consensus_queue.cc:237] T beb3ce1e0c35428bb12a5af170af6395 P fee4046dc1f7497bbcb7722b4e94eb61 [LEADER]: Queue going to LEADER mode. State: All replicated index: 0, Majority replicated index: 0, Committed index: 0, Last appended: 0.0, Last appended by leader: 0, Current term: 1, Majority size: 2, State: 0, Mode: LEADER, active raft config: opid_index: -1 OBSOLETE_local: false peers { permanent_uuid: "085f6f6552154964b59bc10800fd09d8" member_type: VOTER last_known_addr { host: "127.31.98.193" port: 34455 } } peers { permanent_uuid: "15662de13a054a4a963227035f1442b4" member_type: VOTER last_known_addr { host: "127.31.98.194" port: 42785 } } peers { permanent_uuid: "fee4046dc1f7497bbcb7722b4e94eb61" member_type: VOTER last_known_addr { host: "127.31.98.195" port: 38965 } }
I20260710 11:01:50.661844 32467 ts_tablet_manager.cc:1434] T cabc4c47aa1042128a449bb8dd647286 P 085f6f6552154964b59bc10800fd09d8: Time spent starting tablet: real 0.029s	user 0.012s	sys 0.000s
I20260710 11:01:50.664734 32467 tablet_bootstrap.cc:492] T e2c82de4e22b42cbb9ecc31bf92355b7 P 085f6f6552154964b59bc10800fd09d8: Bootstrap starting.
I20260710 11:01:50.669610 32468 tablet_bootstrap.cc:654] T d6bb38bdf5f543a79a26762179335301 P fee4046dc1f7497bbcb7722b4e94eb61: Neither blocks nor log segments found. Creating new log.
I20260710 11:01:50.672278 32467 tablet_bootstrap.cc:654] T e2c82de4e22b42cbb9ecc31bf92355b7 P 085f6f6552154964b59bc10800fd09d8: Neither blocks nor log segments found. Creating new log.
I20260710 11:01:50.677163 32466 consensus_queue.cc:260] T 352d3dff440f44819fa8b4969dcbf0c9 P 15662de13a054a4a963227035f1442b4 [NON_LEADER]: Queue going to NON_LEADER mode. State: All replicated index: 0, Majority replicated index: 0, Committed index: 0, Last appended: 0.0, Last appended by leader: 0, Current term: 0, Majority size: -1, State: 0, Mode: NON_LEADER, active raft config: opid_index: -1 OBSOLETE_local: false peers { permanent_uuid: "085f6f6552154964b59bc10800fd09d8" member_type: VOTER last_known_addr { host: "127.31.98.193" port: 34455 } } peers { permanent_uuid: "15662de13a054a4a963227035f1442b4" member_type: VOTER last_known_addr { host: "127.31.98.194" port: 42785 } } peers { permanent_uuid: "fee4046dc1f7497bbcb7722b4e94eb61" member_type: VOTER last_known_addr { host: "127.31.98.195" port: 38965 } }
I20260710 11:01:50.678282 32423 tablet_service.cc:1917] Received RequestConsensusVote() RPC: tablet_id: "a07c6836580e41d48ff0ee8a318af91f" candidate_uuid: "15662de13a054a4a963227035f1442b4" candidate_term: 1 candidate_status { last_received { term: 0 index: 0 } } ignore_live_leader: false dest_uuid: "fee4046dc1f7497bbcb7722b4e94eb61"
I20260710 11:01:50.678990 32423 raft_consensus.cc:3060] T a07c6836580e41d48ff0ee8a318af91f P fee4046dc1f7497bbcb7722b4e94eb61 [term 0 FOLLOWER]: Advancing to term 1
I20260710 11:01:50.680737 32466 ts_tablet_manager.cc:1434] T 352d3dff440f44819fa8b4969dcbf0c9 P 15662de13a054a4a963227035f1442b4: Time spent starting tablet: real 0.157s	user 0.014s	sys 0.000s
I20260710 11:01:50.684695 32466 tablet_bootstrap.cc:492] T cabc4c47aa1042128a449bb8dd647286 P 15662de13a054a4a963227035f1442b4: Bootstrap starting.
I20260710 11:01:50.685030 32422 tablet_service.cc:1917] Received RequestConsensusVote() RPC: tablet_id: "beb3ce1e0c35428bb12a5af170af6395" candidate_uuid: "15662de13a054a4a963227035f1442b4" candidate_term: 1 candidate_status { last_received { term: 0 index: 0 } } ignore_live_leader: false dest_uuid: "fee4046dc1f7497bbcb7722b4e94eb61" is_pre_election: true
I20260710 11:01:50.686911 32474 raft_consensus.cc:493] T 352d3dff440f44819fa8b4969dcbf0c9 P 085f6f6552154964b59bc10800fd09d8 [term 0 FOLLOWER]: Starting pre-election (no leader contacted us within the election timeout)
I20260710 11:01:50.687645 32474 raft_consensus.cc:515] T 352d3dff440f44819fa8b4969dcbf0c9 P 085f6f6552154964b59bc10800fd09d8 [term 0 FOLLOWER]: Starting pre-election with config: opid_index: -1 OBSOLETE_local: false peers { permanent_uuid: "085f6f6552154964b59bc10800fd09d8" member_type: VOTER last_known_addr { host: "127.31.98.193" port: 34455 } } peers { permanent_uuid: "15662de13a054a4a963227035f1442b4" member_type: VOTER last_known_addr { host: "127.31.98.194" port: 42785 } } peers { permanent_uuid: "fee4046dc1f7497bbcb7722b4e94eb61" member_type: VOTER last_known_addr { host: "127.31.98.195" port: 38965 } }
I20260710 11:01:50.691481 32349 tablet_service.cc:1917] Received RequestConsensusVote() RPC: tablet_id: "352d3dff440f44819fa8b4969dcbf0c9" candidate_uuid: "085f6f6552154964b59bc10800fd09d8" candidate_term: 1 candidate_status { last_received { term: 0 index: 0 } } ignore_live_leader: false dest_uuid: "15662de13a054a4a963227035f1442b4" is_pre_election: true
I20260710 11:01:50.692214 32422 tablet_service.cc:1917] Received RequestConsensusVote() RPC: tablet_id: "352d3dff440f44819fa8b4969dcbf0c9" candidate_uuid: "085f6f6552154964b59bc10800fd09d8" candidate_term: 1 candidate_status { last_received { term: 0 index: 0 } } ignore_live_leader: false dest_uuid: "fee4046dc1f7497bbcb7722b4e94eb61" is_pre_election: true
I20260710 11:01:50.692827 32349 raft_consensus.cc:2468] T 352d3dff440f44819fa8b4969dcbf0c9 P 15662de13a054a4a963227035f1442b4 [term 0 FOLLOWER]: Leader pre-election vote request: Granting yes vote for candidate 085f6f6552154964b59bc10800fd09d8 in term 0.
I20260710 11:01:50.693161 32422 raft_consensus.cc:2468] T 352d3dff440f44819fa8b4969dcbf0c9 P fee4046dc1f7497bbcb7722b4e94eb61 [term 0 FOLLOWER]: Leader pre-election vote request: Granting yes vote for candidate 085f6f6552154964b59bc10800fd09d8 in term 0.
I20260710 11:01:50.690133 32474 leader_election.cc:290] T 352d3dff440f44819fa8b4969dcbf0c9 P 085f6f6552154964b59bc10800fd09d8 [CANDIDATE]: Term 1 pre-election: Requested pre-vote from peers 15662de13a054a4a963227035f1442b4 (127.31.98.194:42785), fee4046dc1f7497bbcb7722b4e94eb61 (127.31.98.195:38965)
I20260710 11:01:50.694509 32240 leader_election.cc:304] T 352d3dff440f44819fa8b4969dcbf0c9 P 085f6f6552154964b59bc10800fd09d8 [CANDIDATE]: Term 1 pre-election: Election decided. Result: candidate won. Election summary: received 2 responses out of 3 voters: 2 yes votes; 0 no votes. yes voters: 085f6f6552154964b59bc10800fd09d8, fee4046dc1f7497bbcb7722b4e94eb61; no voters: 
I20260710 11:01:50.695415 32474 raft_consensus.cc:2804] T 352d3dff440f44819fa8b4969dcbf0c9 P 085f6f6552154964b59bc10800fd09d8 [term 0 FOLLOWER]: Leader pre-election won for term 1
I20260710 11:01:50.695798 32474 raft_consensus.cc:493] T 352d3dff440f44819fa8b4969dcbf0c9 P 085f6f6552154964b59bc10800fd09d8 [term 0 FOLLOWER]: Starting leader election (no leader contacted us within the election timeout)
I20260710 11:01:50.696171 32474 raft_consensus.cc:3060] T 352d3dff440f44819fa8b4969dcbf0c9 P 085f6f6552154964b59bc10800fd09d8 [term 0 FOLLOWER]: Advancing to term 1
I20260710 11:01:50.700778 32466 tablet_bootstrap.cc:654] T cabc4c47aa1042128a449bb8dd647286 P 15662de13a054a4a963227035f1442b4: Neither blocks nor log segments found. Creating new log.
I20260710 11:01:50.695058 32423 raft_consensus.cc:2468] T a07c6836580e41d48ff0ee8a318af91f P fee4046dc1f7497bbcb7722b4e94eb61 [term 1 FOLLOWER]: Leader election vote request: Granting yes vote for candidate 15662de13a054a4a963227035f1442b4 in term 1.
I20260710 11:01:50.709029 32474 raft_consensus.cc:515] T 352d3dff440f44819fa8b4969dcbf0c9 P 085f6f6552154964b59bc10800fd09d8 [term 1 FOLLOWER]: Starting leader election with config: opid_index: -1 OBSOLETE_local: false peers { permanent_uuid: "085f6f6552154964b59bc10800fd09d8" member_type: VOTER last_known_addr { host: "127.31.98.193" port: 34455 } } peers { permanent_uuid: "15662de13a054a4a963227035f1442b4" member_type: VOTER last_known_addr { host: "127.31.98.194" port: 42785 } } peers { permanent_uuid: "fee4046dc1f7497bbcb7722b4e94eb61" member_type: VOTER last_known_addr { host: "127.31.98.195" port: 38965 } }
I20260710 11:01:50.713788 32474 leader_election.cc:290] T 352d3dff440f44819fa8b4969dcbf0c9 P 085f6f6552154964b59bc10800fd09d8 [CANDIDATE]: Term 1 election: Requested vote from peers 15662de13a054a4a963227035f1442b4 (127.31.98.194:42785), fee4046dc1f7497bbcb7722b4e94eb61 (127.31.98.195:38965)
W20260710 11:01:50.716347 32218 auto_rebalancer.cc:288] Could not retrieve cluster info: Service unavailable: Tablet not running
I20260710 11:01:50.716632 32468 tablet_bootstrap.cc:492] T d6bb38bdf5f543a79a26762179335301 P fee4046dc1f7497bbcb7722b4e94eb61: No bootstrap required, opened a new log
I20260710 11:01:50.717105 32468 ts_tablet_manager.cc:1403] T d6bb38bdf5f543a79a26762179335301 P fee4046dc1f7497bbcb7722b4e94eb61: Time spent bootstrapping tablet: real 0.066s	user 0.005s	sys 0.013s
I20260710 11:01:50.718750 32467 tablet_bootstrap.cc:492] T e2c82de4e22b42cbb9ecc31bf92355b7 P 085f6f6552154964b59bc10800fd09d8: No bootstrap required, opened a new log
I20260710 11:01:50.718869 32349 tablet_service.cc:1917] Received RequestConsensusVote() RPC: tablet_id: "352d3dff440f44819fa8b4969dcbf0c9" candidate_uuid: "085f6f6552154964b59bc10800fd09d8" candidate_term: 1 candidate_status { last_received { term: 0 index: 0 } } ignore_live_leader: false dest_uuid: "15662de13a054a4a963227035f1442b4"
I20260710 11:01:50.719341 32467 ts_tablet_manager.cc:1403] T e2c82de4e22b42cbb9ecc31bf92355b7 P 085f6f6552154964b59bc10800fd09d8: Time spent bootstrapping tablet: real 0.055s	user 0.017s	sys 0.024s
I20260710 11:01:50.719202 32423 tablet_service.cc:1917] Received RequestConsensusVote() RPC: tablet_id: "352d3dff440f44819fa8b4969dcbf0c9" candidate_uuid: "085f6f6552154964b59bc10800fd09d8" candidate_term: 1 candidate_status { last_received { term: 0 index: 0 } } ignore_live_leader: false dest_uuid: "fee4046dc1f7497bbcb7722b4e94eb61"
I20260710 11:01:50.719571 32349 raft_consensus.cc:3060] T 352d3dff440f44819fa8b4969dcbf0c9 P 15662de13a054a4a963227035f1442b4 [term 0 FOLLOWER]: Advancing to term 1
I20260710 11:01:50.719821 32423 raft_consensus.cc:3060] T 352d3dff440f44819fa8b4969dcbf0c9 P fee4046dc1f7497bbcb7722b4e94eb61 [term 0 FOLLOWER]: Advancing to term 1
I20260710 11:01:50.720264 32468 raft_consensus.cc:359] T d6bb38bdf5f543a79a26762179335301 P fee4046dc1f7497bbcb7722b4e94eb61 [term 0 FOLLOWER]: Replica starting. Triggering 0 pending ops. Active config: opid_index: -1 OBSOLETE_local: false peers { permanent_uuid: "15662de13a054a4a963227035f1442b4" member_type: VOTER last_known_addr { host: "127.31.98.194" port: 42785 } } peers { permanent_uuid: "085f6f6552154964b59bc10800fd09d8" member_type: VOTER last_known_addr { host: "127.31.98.193" port: 34455 } } peers { permanent_uuid: "fee4046dc1f7497bbcb7722b4e94eb61" member_type: VOTER last_known_addr { host: "127.31.98.195" port: 38965 } }
I20260710 11:01:50.720952 32468 raft_consensus.cc:385] T d6bb38bdf5f543a79a26762179335301 P fee4046dc1f7497bbcb7722b4e94eb61 [term 0 FOLLOWER]: Consensus starting up: Expiring failure detector timer to make a prompt election more likely
I20260710 11:01:50.721215 32468 raft_consensus.cc:740] T d6bb38bdf5f543a79a26762179335301 P fee4046dc1f7497bbcb7722b4e94eb61 [term 0 FOLLOWER]: Becoming Follower/Learner. State: Replica: fee4046dc1f7497bbcb7722b4e94eb61, State: Initialized, Role: FOLLOWER
I20260710 11:01:50.722230 32468 consensus_queue.cc:260] T d6bb38bdf5f543a79a26762179335301 P fee4046dc1f7497bbcb7722b4e94eb61 [NON_LEADER]: Queue going to NON_LEADER mode. State: All replicated index: 0, Majority replicated index: 0, Committed index: 0, Last appended: 0.0, Last appended by leader: 0, Current term: 0, Majority size: -1, State: 0, Mode: NON_LEADER, active raft config: opid_index: -1 OBSOLETE_local: false peers { permanent_uuid: "15662de13a054a4a963227035f1442b4" member_type: VOTER last_known_addr { host: "127.31.98.194" port: 42785 } } peers { permanent_uuid: "085f6f6552154964b59bc10800fd09d8" member_type: VOTER last_known_addr { host: "127.31.98.193" port: 34455 } } peers { permanent_uuid: "fee4046dc1f7497bbcb7722b4e94eb61" member_type: VOTER last_known_addr { host: "127.31.98.195" port: 38965 } }
I20260710 11:01:50.722563 32467 raft_consensus.cc:359] T e2c82de4e22b42cbb9ecc31bf92355b7 P 085f6f6552154964b59bc10800fd09d8 [term 0 FOLLOWER]: Replica starting. Triggering 0 pending ops. Active config: opid_index: -1 OBSOLETE_local: false peers { permanent_uuid: "085f6f6552154964b59bc10800fd09d8" member_type: VOTER last_known_addr { host: "127.31.98.193" port: 34455 } } peers { permanent_uuid: "15662de13a054a4a963227035f1442b4" member_type: VOTER last_known_addr { host: "127.31.98.194" port: 42785 } } peers { permanent_uuid: "fee4046dc1f7497bbcb7722b4e94eb61" member_type: VOTER last_known_addr { host: "127.31.98.195" port: 38965 } }
I20260710 11:01:50.723349 32467 raft_consensus.cc:385] T e2c82de4e22b42cbb9ecc31bf92355b7 P 085f6f6552154964b59bc10800fd09d8 [term 0 FOLLOWER]: Consensus starting up: Expiring failure detector timer to make a prompt election more likely
I20260710 11:01:50.723729 32467 raft_consensus.cc:740] T e2c82de4e22b42cbb9ecc31bf92355b7 P 085f6f6552154964b59bc10800fd09d8 [term 0 FOLLOWER]: Becoming Follower/Learner. State: Replica: 085f6f6552154964b59bc10800fd09d8, State: Initialized, Role: FOLLOWER
I20260710 11:01:50.724939 32468 ts_tablet_manager.cc:1434] T d6bb38bdf5f543a79a26762179335301 P fee4046dc1f7497bbcb7722b4e94eb61: Time spent starting tablet: real 0.007s	user 0.006s	sys 0.000s
I20260710 11:01:50.726019 32468 tablet_bootstrap.cc:492] T e7756e8b8b8a4abe83a4defa4d01aa04 P fee4046dc1f7497bbcb7722b4e94eb61: Bootstrap starting.
I20260710 11:01:50.726550 32466 tablet_bootstrap.cc:492] T cabc4c47aa1042128a449bb8dd647286 P 15662de13a054a4a963227035f1442b4: No bootstrap required, opened a new log
I20260710 11:01:50.728171 32466 ts_tablet_manager.cc:1403] T cabc4c47aa1042128a449bb8dd647286 P 15662de13a054a4a963227035f1442b4: Time spent bootstrapping tablet: real 0.044s	user 0.013s	sys 0.002s
I20260710 11:01:50.729588 32423 raft_consensus.cc:2468] T 352d3dff440f44819fa8b4969dcbf0c9 P fee4046dc1f7497bbcb7722b4e94eb61 [term 1 FOLLOWER]: Leader election vote request: Granting yes vote for candidate 085f6f6552154964b59bc10800fd09d8 in term 1.
I20260710 11:01:50.731149 32466 raft_consensus.cc:359] T cabc4c47aa1042128a449bb8dd647286 P 15662de13a054a4a963227035f1442b4 [term 0 FOLLOWER]: Replica starting. Triggering 0 pending ops. Active config: opid_index: -1 OBSOLETE_local: false peers { permanent_uuid: "085f6f6552154964b59bc10800fd09d8" member_type: VOTER last_known_addr { host: "127.31.98.193" port: 34455 } } peers { permanent_uuid: "15662de13a054a4a963227035f1442b4" member_type: VOTER last_known_addr { host: "127.31.98.194" port: 42785 } } peers { permanent_uuid: "fee4046dc1f7497bbcb7722b4e94eb61" member_type: VOTER last_known_addr { host: "127.31.98.195" port: 38965 } }
I20260710 11:01:50.731940 32466 raft_consensus.cc:385] T cabc4c47aa1042128a449bb8dd647286 P 15662de13a054a4a963227035f1442b4 [term 0 FOLLOWER]: Consensus starting up: Expiring failure detector timer to make a prompt election more likely
I20260710 11:01:50.732261 32466 raft_consensus.cc:740] T cabc4c47aa1042128a449bb8dd647286 P 15662de13a054a4a963227035f1442b4 [term 0 FOLLOWER]: Becoming Follower/Learner. State: Replica: 15662de13a054a4a963227035f1442b4, State: Initialized, Role: FOLLOWER
I20260710 11:01:50.732589 32468 tablet_bootstrap.cc:654] T e7756e8b8b8a4abe83a4defa4d01aa04 P fee4046dc1f7497bbcb7722b4e94eb61: Neither blocks nor log segments found. Creating new log.
