I20260710 10:59:58.076850 11793 leader_election.cc:290] T 84be907f44f4434daee30bd2751fad10 P b1c60c58cc324d9eadd0c589ebc8aafd [CANDIDATE]: Term 1 pre-election: Requested pre-vote from peers cae918dca9c44e87810a4d85dd6c2819 (127.10.178.66:33397), e71e91c580c3402e8200791ef31bc6dd (127.10.178.67:35453)
I20260710 10:59:58.083032 11731 tablet_service.cc:1917] Received RequestConsensusVote() RPC: tablet_id: "84be907f44f4434daee30bd2751fad10" candidate_uuid: "b1c60c58cc324d9eadd0c589ebc8aafd" candidate_term: 1 candidate_status { last_received { term: 0 index: 0 } } ignore_live_leader: false dest_uuid: "e71e91c580c3402e8200791ef31bc6dd" is_pre_election: true
I20260710 10:59:58.084885 11772 ts_tablet_manager.cc:1434] T 61f2fb68a26d490fba4d024f18e1730f P b1c60c58cc324d9eadd0c589ebc8aafd: Time spent starting tablet: real 0.014s	user 0.008s	sys 0.000s
I20260710 10:59:58.086596 11772 tablet_bootstrap.cc:492] T 705a284520874eacb97e9ca7bf12cce4 P b1c60c58cc324d9eadd0c589ebc8aafd: Bootstrap starting.
I20260710 10:59:58.090443 11657 tablet_service.cc:1917] Received RequestConsensusVote() RPC: tablet_id: "67dfc72b96fd4ab18013655ebef5542f" candidate_uuid: "e71e91c580c3402e8200791ef31bc6dd" candidate_term: 1 candidate_status { last_received { term: 0 index: 0 } } ignore_live_leader: false dest_uuid: "cae918dca9c44e87810a4d85dd6c2819" is_pre_election: true
W20260710 10:59:58.092592 11697 leader_election.cc:343] T 67dfc72b96fd4ab18013655ebef5542f P e71e91c580c3402e8200791ef31bc6dd [CANDIDATE]: Term 1 pre-election: Tablet error from VoteRequest() call to peer cae918dca9c44e87810a4d85dd6c2819 (127.10.178.66:33397): Illegal state: must be running to vote when last-logged opid is not known
W20260710 10:59:58.093621 11545 leader_election.cc:343] T 84be907f44f4434daee30bd2751fad10 P b1c60c58cc324d9eadd0c589ebc8aafd [CANDIDATE]: Term 1 pre-election: Tablet error from VoteRequest() call to peer e71e91c580c3402e8200791ef31bc6dd (127.10.178.67:35453): Illegal state: must be running to vote when last-logged opid is not known
I20260710 10:59:58.094193 11545 leader_election.cc:304] T 84be907f44f4434daee30bd2751fad10 P b1c60c58cc324d9eadd0c589ebc8aafd [CANDIDATE]: Term 1 pre-election: Election decided. Result: candidate lost. Election summary: received 3 responses out of 3 voters: 1 yes votes; 2 no votes. yes voters: b1c60c58cc324d9eadd0c589ebc8aafd; no voters: cae918dca9c44e87810a4d85dd6c2819, e71e91c580c3402e8200791ef31bc6dd
I20260710 10:59:58.095301 11793 raft_consensus.cc:2749] T 84be907f44f4434daee30bd2751fad10 P b1c60c58cc324d9eadd0c589ebc8aafd [term 0 FOLLOWER]: Leader pre-election lost for term 1. Reason: could not achieve majority
I20260710 10:59:58.103937 11771 tablet_bootstrap.cc:492] T 6acef495d58f4914a9a3c3c71e35c52f P cae918dca9c44e87810a4d85dd6c2819: No bootstrap required, opened a new log
I20260710 10:59:58.104568 11771 ts_tablet_manager.cc:1403] T 6acef495d58f4914a9a3c3c71e35c52f P cae918dca9c44e87810a4d85dd6c2819: Time spent bootstrapping tablet: real 0.207s	user 0.046s	sys 0.040s
I20260710 10:59:58.107295 11582 tablet_service.cc:1917] Received RequestConsensusVote() RPC: tablet_id: "67dfc72b96fd4ab18013655ebef5542f" candidate_uuid: "e71e91c580c3402e8200791ef31bc6dd" candidate_term: 1 candidate_status { last_received { term: 0 index: 0 } } ignore_live_leader: false dest_uuid: "b1c60c58cc324d9eadd0c589ebc8aafd" is_pre_election: true
I20260710 10:59:58.108894 11731 tablet_service.cc:1917] Received RequestConsensusVote() RPC: tablet_id: "705a284520874eacb97e9ca7bf12cce4" candidate_uuid: "cae918dca9c44e87810a4d85dd6c2819" candidate_term: 1 candidate_status { last_received { term: 0 index: 0 } } ignore_live_leader: false dest_uuid: "e71e91c580c3402e8200791ef31bc6dd" is_pre_election: true
W20260710 10:59:58.109108 11695 leader_election.cc:343] T 67dfc72b96fd4ab18013655ebef5542f P e71e91c580c3402e8200791ef31bc6dd [CANDIDATE]: Term 1 pre-election: Tablet error from VoteRequest() call to peer b1c60c58cc324d9eadd0c589ebc8aafd (127.10.178.65:35303): Illegal state: must be running to vote when last-logged opid is not known
I20260710 10:59:58.109789 11773 tablet_bootstrap.cc:492] T 705a284520874eacb97e9ca7bf12cce4 P e71e91c580c3402e8200791ef31bc6dd: No bootstrap required, opened a new log
I20260710 10:59:58.109582 11695 leader_election.cc:304] T 67dfc72b96fd4ab18013655ebef5542f P e71e91c580c3402e8200791ef31bc6dd [CANDIDATE]: Term 1 pre-election: Election decided. Result: candidate lost. Election summary: received 3 responses out of 3 voters: 1 yes votes; 2 no votes. yes voters: e71e91c580c3402e8200791ef31bc6dd; no voters: b1c60c58cc324d9eadd0c589ebc8aafd, cae918dca9c44e87810a4d85dd6c2819
I20260710 10:59:58.110361 11773 ts_tablet_manager.cc:1403] T 705a284520874eacb97e9ca7bf12cce4 P e71e91c580c3402e8200791ef31bc6dd: Time spent bootstrapping tablet: real 0.176s	user 0.062s	sys 0.097s
W20260710 10:59:58.110699 11620 leader_election.cc:343] T 705a284520874eacb97e9ca7bf12cce4 P cae918dca9c44e87810a4d85dd6c2819 [CANDIDATE]: Term 1 pre-election: Tablet error from VoteRequest() call to peer e71e91c580c3402e8200791ef31bc6dd (127.10.178.67:35453): Illegal state: must be running to vote when last-logged opid is not known
I20260710 10:59:58.110762 11779 raft_consensus.cc:2749] T 67dfc72b96fd4ab18013655ebef5542f P e71e91c580c3402e8200791ef31bc6dd [term 0 FOLLOWER]: Leader pre-election lost for term 1. Reason: could not achieve majority
I20260710 10:59:58.107314 11772 tablet_bootstrap.cc:654] T 705a284520874eacb97e9ca7bf12cce4 P b1c60c58cc324d9eadd0c589ebc8aafd: Neither blocks nor log segments found. Creating new log.
I20260710 10:59:58.113483 11773 raft_consensus.cc:359] T 705a284520874eacb97e9ca7bf12cce4 P e71e91c580c3402e8200791ef31bc6dd [term 0 FOLLOWER]: Replica starting. Triggering 0 pending ops. Active config: opid_index: -1 OBSOLETE_local: false peers { permanent_uuid: "b1c60c58cc324d9eadd0c589ebc8aafd" member_type: VOTER last_known_addr { host: "127.10.178.65" port: 35303 } } peers { permanent_uuid: "cae918dca9c44e87810a4d85dd6c2819" member_type: VOTER last_known_addr { host: "127.10.178.66" port: 33397 } } peers { permanent_uuid: "e71e91c580c3402e8200791ef31bc6dd" member_type: VOTER last_known_addr { host: "127.10.178.67" port: 35453 } }
I20260710 10:59:58.114384 11773 raft_consensus.cc:385] T 705a284520874eacb97e9ca7bf12cce4 P e71e91c580c3402e8200791ef31bc6dd [term 0 FOLLOWER]: Consensus starting up: Expiring failure detector timer to make a prompt election more likely
I20260710 10:59:58.114692 11773 raft_consensus.cc:740] T 705a284520874eacb97e9ca7bf12cce4 P e71e91c580c3402e8200791ef31bc6dd [term 0 FOLLOWER]: Becoming Follower/Learner. State: Replica: e71e91c580c3402e8200791ef31bc6dd, State: Initialized, Role: FOLLOWER
I20260710 10:59:58.115461 11773 consensus_queue.cc:260] T 705a284520874eacb97e9ca7bf12cce4 P e71e91c580c3402e8200791ef31bc6dd [NON_LEADER]: Queue going to NON_LEADER mode. State: All replicated index: 0, Majority replicated index: 0, Committed index: 0, Last appended: 0.0, Last appended by leader: 0, Current term: 0, Majority size: -1, State: 0, Mode: NON_LEADER, active raft config: opid_index: -1 OBSOLETE_local: false peers { permanent_uuid: "b1c60c58cc324d9eadd0c589ebc8aafd" member_type: VOTER last_known_addr { host: "127.10.178.65" port: 35303 } } peers { permanent_uuid: "cae918dca9c44e87810a4d85dd6c2819" member_type: VOTER last_known_addr { host: "127.10.178.66" port: 33397 } } peers { permanent_uuid: "e71e91c580c3402e8200791ef31bc6dd" member_type: VOTER last_known_addr { host: "127.10.178.67" port: 35453 } }
I20260710 10:59:58.115803 11582 tablet_service.cc:1917] Received RequestConsensusVote() RPC: tablet_id: "705a284520874eacb97e9ca7bf12cce4" candidate_uuid: "cae918dca9c44e87810a4d85dd6c2819" candidate_term: 1 candidate_status { last_received { term: 0 index: 0 } } ignore_live_leader: false dest_uuid: "b1c60c58cc324d9eadd0c589ebc8aafd" is_pre_election: true
W20260710 10:59:58.117453 11621 leader_election.cc:343] T 705a284520874eacb97e9ca7bf12cce4 P cae918dca9c44e87810a4d85dd6c2819 [CANDIDATE]: Term 1 pre-election: Tablet error from VoteRequest() call to peer b1c60c58cc324d9eadd0c589ebc8aafd (127.10.178.65:35303): Illegal state: must be running to vote when last-logged opid is not known
I20260710 10:59:58.117769 11773 ts_tablet_manager.cc:1434] T 705a284520874eacb97e9ca7bf12cce4 P e71e91c580c3402e8200791ef31bc6dd: Time spent starting tablet: real 0.007s	user 0.004s	sys 0.000s
I20260710 10:59:58.117905 11621 leader_election.cc:304] T 705a284520874eacb97e9ca7bf12cce4 P cae918dca9c44e87810a4d85dd6c2819 [CANDIDATE]: Term 1 pre-election: Election decided. Result: candidate lost. Election summary: received 3 responses out of 3 voters: 1 yes votes; 2 no votes. yes voters: cae918dca9c44e87810a4d85dd6c2819; no voters: b1c60c58cc324d9eadd0c589ebc8aafd, e71e91c580c3402e8200791ef31bc6dd
I20260710 10:59:58.119071 11778 raft_consensus.cc:2749] T 705a284520874eacb97e9ca7bf12cce4 P cae918dca9c44e87810a4d85dd6c2819 [term 0 FOLLOWER]: Leader pre-election lost for term 1. Reason: could not achieve majority
I20260710 10:59:58.117457 11771 raft_consensus.cc:359] T 6acef495d58f4914a9a3c3c71e35c52f P cae918dca9c44e87810a4d85dd6c2819 [term 0 FOLLOWER]: Replica starting. Triggering 0 pending ops. Active config: opid_index: -1 OBSOLETE_local: false peers { permanent_uuid: "cae918dca9c44e87810a4d85dd6c2819" member_type: VOTER last_known_addr { host: "127.10.178.66" port: 33397 } } peers { permanent_uuid: "b1c60c58cc324d9eadd0c589ebc8aafd" member_type: VOTER last_known_addr { host: "127.10.178.65" port: 35303 } } peers { permanent_uuid: "e71e91c580c3402e8200791ef31bc6dd" member_type: VOTER last_known_addr { host: "127.10.178.67" port: 35453 } }
I20260710 10:59:58.120610 11773 tablet_bootstrap.cc:492] T 6acef495d58f4914a9a3c3c71e35c52f P e71e91c580c3402e8200791ef31bc6dd: Bootstrap starting.
I20260710 10:59:58.120682 11771 raft_consensus.cc:385] T 6acef495d58f4914a9a3c3c71e35c52f P cae918dca9c44e87810a4d85dd6c2819 [term 0 FOLLOWER]: Consensus starting up: Expiring failure detector timer to make a prompt election more likely
I20260710 10:59:58.121371 11771 raft_consensus.cc:740] T 6acef495d58f4914a9a3c3c71e35c52f P cae918dca9c44e87810a4d85dd6c2819 [term 0 FOLLOWER]: Becoming Follower/Learner. State: Replica: cae918dca9c44e87810a4d85dd6c2819, State: Initialized, Role: FOLLOWER
I20260710 10:59:58.121651 11772 tablet_bootstrap.cc:492] T 705a284520874eacb97e9ca7bf12cce4 P b1c60c58cc324d9eadd0c589ebc8aafd: No bootstrap required, opened a new log
I20260710 10:59:58.122097 11772 ts_tablet_manager.cc:1403] T 705a284520874eacb97e9ca7bf12cce4 P b1c60c58cc324d9eadd0c589ebc8aafd: Time spent bootstrapping tablet: real 0.036s	user 0.014s	sys 0.000s
I20260710 10:59:58.122442 11771 consensus_queue.cc:260] T 6acef495d58f4914a9a3c3c71e35c52f P cae918dca9c44e87810a4d85dd6c2819 [NON_LEADER]: Queue going to NON_LEADER mode. State: All replicated index: 0, Majority replicated index: 0, Committed index: 0, Last appended: 0.0, Last appended by leader: 0, Current term: 0, Majority size: -1, State: 0, Mode: NON_LEADER, active raft config: opid_index: -1 OBSOLETE_local: false peers { permanent_uuid: "cae918dca9c44e87810a4d85dd6c2819" member_type: VOTER last_known_addr { host: "127.10.178.66" port: 33397 } } peers { permanent_uuid: "b1c60c58cc324d9eadd0c589ebc8aafd" member_type: VOTER last_known_addr { host: "127.10.178.65" port: 35303 } } peers { permanent_uuid: "e71e91c580c3402e8200791ef31bc6dd" member_type: VOTER last_known_addr { host: "127.10.178.67" port: 35453 } }
I20260710 10:59:58.124547 11772 raft_consensus.cc:359] T 705a284520874eacb97e9ca7bf12cce4 P b1c60c58cc324d9eadd0c589ebc8aafd [term 0 FOLLOWER]: Replica starting. Triggering 0 pending ops. Active config: opid_index: -1 OBSOLETE_local: false peers { permanent_uuid: "b1c60c58cc324d9eadd0c589ebc8aafd" member_type: VOTER last_known_addr { host: "127.10.178.65" port: 35303 } } peers { permanent_uuid: "cae918dca9c44e87810a4d85dd6c2819" member_type: VOTER last_known_addr { host: "127.10.178.66" port: 33397 } } peers { permanent_uuid: "e71e91c580c3402e8200791ef31bc6dd" member_type: VOTER last_known_addr { host: "127.10.178.67" port: 35453 } }
I20260710 10:59:58.125190 11772 raft_consensus.cc:385] T 705a284520874eacb97e9ca7bf12cce4 P b1c60c58cc324d9eadd0c589ebc8aafd [term 0 FOLLOWER]: Consensus starting up: Expiring failure detector timer to make a prompt election more likely
I20260710 10:59:58.125458 11772 raft_consensus.cc:740] T 705a284520874eacb97e9ca7bf12cce4 P b1c60c58cc324d9eadd0c589ebc8aafd [term 0 FOLLOWER]: Becoming Follower/Learner. State: Replica: b1c60c58cc324d9eadd0c589ebc8aafd, State: Initialized, Role: FOLLOWER
I20260710 10:59:58.126055 11772 consensus_queue.cc:260] T 705a284520874eacb97e9ca7bf12cce4 P b1c60c58cc324d9eadd0c589ebc8aafd [NON_LEADER]: Queue going to NON_LEADER mode. State: All replicated index: 0, Majority replicated index: 0, Committed index: 0, Last appended: 0.0, Last appended by leader: 0, Current term: 0, Majority size: -1, State: 0, Mode: NON_LEADER, active raft config: opid_index: -1 OBSOLETE_local: false peers { permanent_uuid: "b1c60c58cc324d9eadd0c589ebc8aafd" member_type: VOTER last_known_addr { host: "127.10.178.65" port: 35303 } } peers { permanent_uuid: "cae918dca9c44e87810a4d85dd6c2819" member_type: VOTER last_known_addr { host: "127.10.178.66" port: 33397 } } peers { permanent_uuid: "e71e91c580c3402e8200791ef31bc6dd" member_type: VOTER last_known_addr { host: "127.10.178.67" port: 35453 } }
I20260710 10:59:58.127367 11771 ts_tablet_manager.cc:1434] T 6acef495d58f4914a9a3c3c71e35c52f P cae918dca9c44e87810a4d85dd6c2819: Time spent starting tablet: real 0.022s	user 0.003s	sys 0.005s
I20260710 10:59:58.128203 11772 ts_tablet_manager.cc:1434] T 705a284520874eacb97e9ca7bf12cce4 P b1c60c58cc324d9eadd0c589ebc8aafd: Time spent starting tablet: real 0.006s	user 0.007s	sys 0.000s
I20260710 10:59:58.128487 11771 tablet_bootstrap.cc:492] T 8b875801dda54ab4b2c0e41f0a5e05d4 P cae918dca9c44e87810a4d85dd6c2819: Bootstrap starting.
I20260710 10:59:58.129031 11772 tablet_bootstrap.cc:492] T 67dfc72b96fd4ab18013655ebef5542f P b1c60c58cc324d9eadd0c589ebc8aafd: Bootstrap starting.
I20260710 10:59:58.129436 11773 tablet_bootstrap.cc:654] T 6acef495d58f4914a9a3c3c71e35c52f P e71e91c580c3402e8200791ef31bc6dd: Neither blocks nor log segments found. Creating new log.
I20260710 10:59:58.135030 11772 tablet_bootstrap.cc:654] T 67dfc72b96fd4ab18013655ebef5542f P b1c60c58cc324d9eadd0c589ebc8aafd: Neither blocks nor log segments found. Creating new log.
I20260710 10:59:58.136956 11771 tablet_bootstrap.cc:654] T 8b875801dda54ab4b2c0e41f0a5e05d4 P cae918dca9c44e87810a4d85dd6c2819: Neither blocks nor log segments found. Creating new log.
I20260710 10:59:58.143711 11773 tablet_bootstrap.cc:492] T 6acef495d58f4914a9a3c3c71e35c52f P e71e91c580c3402e8200791ef31bc6dd: No bootstrap required, opened a new log
I20260710 10:59:58.144455 11773 ts_tablet_manager.cc:1403] T 6acef495d58f4914a9a3c3c71e35c52f P e71e91c580c3402e8200791ef31bc6dd: Time spent bootstrapping tablet: real 0.024s	user 0.012s	sys 0.009s
I20260710 10:59:58.149174 11773 raft_consensus.cc:359] T 6acef495d58f4914a9a3c3c71e35c52f P e71e91c580c3402e8200791ef31bc6dd [term 0 FOLLOWER]: Replica starting. Triggering 0 pending ops. Active config: opid_index: -1 OBSOLETE_local: false peers { permanent_uuid: "cae918dca9c44e87810a4d85dd6c2819" member_type: VOTER last_known_addr { host: "127.10.178.66" port: 33397 } } peers { permanent_uuid: "b1c60c58cc324d9eadd0c589ebc8aafd" member_type: VOTER last_known_addr { host: "127.10.178.65" port: 35303 } } peers { permanent_uuid: "e71e91c580c3402e8200791ef31bc6dd" member_type: VOTER last_known_addr { host: "127.10.178.67" port: 35453 } }
I20260710 10:59:58.150213 11773 raft_consensus.cc:385] T 6acef495d58f4914a9a3c3c71e35c52f P e71e91c580c3402e8200791ef31bc6dd [term 0 FOLLOWER]: Consensus starting up: Expiring failure detector timer to make a prompt election more likely
I20260710 10:59:58.150631 11773 raft_consensus.cc:740] T 6acef495d58f4914a9a3c3c71e35c52f P e71e91c580c3402e8200791ef31bc6dd [term 0 FOLLOWER]: Becoming Follower/Learner. State: Replica: e71e91c580c3402e8200791ef31bc6dd, State: Initialized, Role: FOLLOWER
I20260710 10:59:58.151705 11771 tablet_bootstrap.cc:492] T 8b875801dda54ab4b2c0e41f0a5e05d4 P cae918dca9c44e87810a4d85dd6c2819: No bootstrap required, opened a new log
I20260710 10:59:58.150632 11478 catalog_manager.cc:5697] T edfe0a94e9a843f59f892f981000955a P b1c60c58cc324d9eadd0c589ebc8aafd reported cstate change: term changed from 0 to 1, leader changed from <none> to b1c60c58cc324d9eadd0c589ebc8aafd (127.10.178.65). New cstate: current_term: 1 leader_uuid: "b1c60c58cc324d9eadd0c589ebc8aafd" committed_config { opid_index: -1 OBSOLETE_local: false peers { permanent_uuid: "b1c60c58cc324d9eadd0c589ebc8aafd" member_type: VOTER last_known_addr { host: "127.10.178.65" port: 35303 } health_report { overall_health: HEALTHY } } peers { permanent_uuid: "cae918dca9c44e87810a4d85dd6c2819" member_type: VOTER last_known_addr { host: "127.10.178.66" port: 33397 } health_report { overall_health: UNKNOWN } } peers { permanent_uuid: "e71e91c580c3402e8200791ef31bc6dd" member_type: VOTER last_known_addr { host: "127.10.178.67" port: 35453 } health_report { overall_health: UNKNOWN } } }
I20260710 10:59:58.152489 11771 ts_tablet_manager.cc:1403] T 8b875801dda54ab4b2c0e41f0a5e05d4 P cae918dca9c44e87810a4d85dd6c2819: Time spent bootstrapping tablet: real 0.024s	user 0.011s	sys 0.010s
I20260710 10:59:58.152038 11773 consensus_queue.cc:260] T 6acef495d58f4914a9a3c3c71e35c52f P e71e91c580c3402e8200791ef31bc6dd [NON_LEADER]: Queue going to NON_LEADER mode. State: All replicated index: 0, Majority replicated index: 0, Committed index: 0, Last appended: 0.0, Last appended by leader: 0, Current term: 0, Majority size: -1, State: 0, Mode: NON_LEADER, active raft config: opid_index: -1 OBSOLETE_local: false peers { permanent_uuid: "cae918dca9c44e87810a4d85dd6c2819" member_type: VOTER last_known_addr { host: "127.10.178.66" port: 33397 } } peers { permanent_uuid: "b1c60c58cc324d9eadd0c589ebc8aafd" member_type: VOTER last_known_addr { host: "127.10.178.65" port: 35303 } } peers { permanent_uuid: "e71e91c580c3402e8200791ef31bc6dd" member_type: VOTER last_known_addr { host: "127.10.178.67" port: 35453 } }
I20260710 10:59:58.156968 11773 ts_tablet_manager.cc:1434] T 6acef495d58f4914a9a3c3c71e35c52f P e71e91c580c3402e8200791ef31bc6dd: Time spent starting tablet: real 0.012s	user 0.008s	sys 0.001s
I20260710 10:59:58.158028 11772 tablet_bootstrap.cc:492] T 67dfc72b96fd4ab18013655ebef5542f P b1c60c58cc324d9eadd0c589ebc8aafd: No bootstrap required, opened a new log
I20260710 10:59:58.158135 11773 tablet_bootstrap.cc:492] T 84be907f44f4434daee30bd2751fad10 P e71e91c580c3402e8200791ef31bc6dd: Bootstrap starting.
I20260710 10:59:58.158655 11772 ts_tablet_manager.cc:1403] T 67dfc72b96fd4ab18013655ebef5542f P b1c60c58cc324d9eadd0c589ebc8aafd: Time spent bootstrapping tablet: real 0.030s	user 0.010s	sys 0.009s
I20260710 10:59:58.161521 11771 raft_consensus.cc:359] T 8b875801dda54ab4b2c0e41f0a5e05d4 P cae918dca9c44e87810a4d85dd6c2819 [term 0 FOLLOWER]: Replica starting. Triggering 0 pending ops. Active config: opid_index: -1 OBSOLETE_local: false peers { permanent_uuid: "b1c60c58cc324d9eadd0c589ebc8aafd" member_type: VOTER last_known_addr { host: "127.10.178.65" port: 35303 } } peers { permanent_uuid: "cae918dca9c44e87810a4d85dd6c2819" member_type: VOTER last_known_addr { host: "127.10.178.66" port: 33397 } } peers { permanent_uuid: "e71e91c580c3402e8200791ef31bc6dd" member_type: VOTER last_known_addr { host: "127.10.178.67" port: 35453 } }
I20260710 10:59:58.162350 11771 raft_consensus.cc:385] T 8b875801dda54ab4b2c0e41f0a5e05d4 P cae918dca9c44e87810a4d85dd6c2819 [term 0 FOLLOWER]: Consensus starting up: Expiring failure detector timer to make a prompt election more likely
I20260710 10:59:58.162655 11771 raft_consensus.cc:740] T 8b875801dda54ab4b2c0e41f0a5e05d4 P cae918dca9c44e87810a4d85dd6c2819 [term 0 FOLLOWER]: Becoming Follower/Learner. State: Replica: cae918dca9c44e87810a4d85dd6c2819, State: Initialized, Role: FOLLOWER
I20260710 10:59:58.163487 11771 consensus_queue.cc:260] T 8b875801dda54ab4b2c0e41f0a5e05d4 P cae918dca9c44e87810a4d85dd6c2819 [NON_LEADER]: Queue going to NON_LEADER mode. State: All replicated index: 0, Majority replicated index: 0, Committed index: 0, Last appended: 0.0, Last appended by leader: 0, Current term: 0, Majority size: -1, State: 0, Mode: NON_LEADER, active raft config: opid_index: -1 OBSOLETE_local: false peers { permanent_uuid: "b1c60c58cc324d9eadd0c589ebc8aafd" member_type: VOTER last_known_addr { host: "127.10.178.65" port: 35303 } } peers { permanent_uuid: "cae918dca9c44e87810a4d85dd6c2819" member_type: VOTER last_known_addr { host: "127.10.178.66" port: 33397 } } peers { permanent_uuid: "e71e91c580c3402e8200791ef31bc6dd" member_type: VOTER last_known_addr { host: "127.10.178.67" port: 35453 } }
I20260710 10:59:58.164819 11772 raft_consensus.cc:359] T 67dfc72b96fd4ab18013655ebef5542f P b1c60c58cc324d9eadd0c589ebc8aafd [term 0 FOLLOWER]: Replica starting. Triggering 0 pending ops. Active config: opid_index: -1 OBSOLETE_local: false peers { permanent_uuid: "b1c60c58cc324d9eadd0c589ebc8aafd" member_type: VOTER last_known_addr { host: "127.10.178.65" port: 35303 } } peers { permanent_uuid: "cae918dca9c44e87810a4d85dd6c2819" member_type: VOTER last_known_addr { host: "127.10.178.66" port: 33397 } } peers { permanent_uuid: "e71e91c580c3402e8200791ef31bc6dd" member_type: VOTER last_known_addr { host: "127.10.178.67" port: 35453 } }
I20260710 10:59:58.165328 11773 tablet_bootstrap.cc:654] T 84be907f44f4434daee30bd2751fad10 P e71e91c580c3402e8200791ef31bc6dd: Neither blocks nor log segments found. Creating new log.
I20260710 10:59:58.165778 11772 raft_consensus.cc:385] T 67dfc72b96fd4ab18013655ebef5542f P b1c60c58cc324d9eadd0c589ebc8aafd [term 0 FOLLOWER]: Consensus starting up: Expiring failure detector timer to make a prompt election more likely
I20260710 10:59:58.166177 11772 raft_consensus.cc:740] T 67dfc72b96fd4ab18013655ebef5542f P b1c60c58cc324d9eadd0c589ebc8aafd [term 0 FOLLOWER]: Becoming Follower/Learner. State: Replica: b1c60c58cc324d9eadd0c589ebc8aafd, State: Initialized, Role: FOLLOWER
I20260710 10:59:58.167028 11772 consensus_queue.cc:260] T 67dfc72b96fd4ab18013655ebef5542f P b1c60c58cc324d9eadd0c589ebc8aafd [NON_LEADER]: Queue going to NON_LEADER mode. State: All replicated index: 0, Majority replicated index: 0, Committed index: 0, Last appended: 0.0, Last appended by leader: 0, Current term: 0, Majority size: -1, State: 0, Mode: NON_LEADER, active raft config: opid_index: -1 OBSOLETE_local: false peers { permanent_uuid: "b1c60c58cc324d9eadd0c589ebc8aafd" member_type: VOTER last_known_addr { host: "127.10.178.65" port: 35303 } } peers { permanent_uuid: "cae918dca9c44e87810a4d85dd6c2819" member_type: VOTER last_known_addr { host: "127.10.178.66" port: 33397 } } peers { permanent_uuid: "e71e91c580c3402e8200791ef31bc6dd" member_type: VOTER last_known_addr { host: "127.10.178.67" port: 35453 } }
I20260710 10:59:58.168289 11771 ts_tablet_manager.cc:1434] T 8b875801dda54ab4b2c0e41f0a5e05d4 P cae918dca9c44e87810a4d85dd6c2819: Time spent starting tablet: real 0.015s	user 0.006s	sys 0.002s
I20260710 10:59:58.169492 11771 tablet_bootstrap.cc:492] T 61f2fb68a26d490fba4d024f18e1730f P cae918dca9c44e87810a4d85dd6c2819: Bootstrap starting.
I20260710 10:59:58.169508 11772 ts_tablet_manager.cc:1434] T 67dfc72b96fd4ab18013655ebef5542f P b1c60c58cc324d9eadd0c589ebc8aafd: Time spent starting tablet: real 0.011s	user 0.009s	sys 0.000s
I20260710 10:59:58.170991 11772 tablet_bootstrap.cc:492] T f9e0970a49a047f3aeaa43671ac4934d P b1c60c58cc324d9eadd0c589ebc8aafd: Bootstrap starting.
I20260710 10:59:58.177803 11772 tablet_bootstrap.cc:654] T f9e0970a49a047f3aeaa43671ac4934d P b1c60c58cc324d9eadd0c589ebc8aafd: Neither blocks nor log segments found. Creating new log.
I20260710 10:59:58.179426 11771 tablet_bootstrap.cc:654] T 61f2fb68a26d490fba4d024f18e1730f P cae918dca9c44e87810a4d85dd6c2819: Neither blocks nor log segments found. Creating new log.
I20260710 10:59:58.186134 11773 tablet_bootstrap.cc:492] T 84be907f44f4434daee30bd2751fad10 P e71e91c580c3402e8200791ef31bc6dd: No bootstrap required, opened a new log
I20260710 10:59:58.186709 11773 ts_tablet_manager.cc:1403] T 84be907f44f4434daee30bd2751fad10 P e71e91c580c3402e8200791ef31bc6dd: Time spent bootstrapping tablet: real 0.029s	user 0.016s	sys 0.011s
I20260710 10:59:58.187053 11771 tablet_bootstrap.cc:492] T 61f2fb68a26d490fba4d024f18e1730f P cae918dca9c44e87810a4d85dd6c2819: No bootstrap required, opened a new log
I20260710 10:59:58.187530 11771 ts_tablet_manager.cc:1403] T 61f2fb68a26d490fba4d024f18e1730f P cae918dca9c44e87810a4d85dd6c2819: Time spent bootstrapping tablet: real 0.018s	user 0.012s	sys 0.002s
I20260710 10:59:58.189616 11773 raft_consensus.cc:359] T 84be907f44f4434daee30bd2751fad10 P e71e91c580c3402e8200791ef31bc6dd [term 0 FOLLOWER]: Replica starting. Triggering 0 pending ops. Active config: opid_index: -1 OBSOLETE_local: false peers { permanent_uuid: "b1c60c58cc324d9eadd0c589ebc8aafd" member_type: VOTER last_known_addr { host: "127.10.178.65" port: 35303 } } peers { permanent_uuid: "cae918dca9c44e87810a4d85dd6c2819" member_type: VOTER last_known_addr { host: "127.10.178.66" port: 33397 } } peers { permanent_uuid: "e71e91c580c3402e8200791ef31bc6dd" member_type: VOTER last_known_addr { host: "127.10.178.67" port: 35453 } }
I20260710 10:59:58.190367 11773 raft_consensus.cc:385] T 84be907f44f4434daee30bd2751fad10 P e71e91c580c3402e8200791ef31bc6dd [term 0 FOLLOWER]: Consensus starting up: Expiring failure detector timer to make a prompt election more likely
I20260710 10:59:58.190171 11771 raft_consensus.cc:359] T 61f2fb68a26d490fba4d024f18e1730f P cae918dca9c44e87810a4d85dd6c2819 [term 0 FOLLOWER]: Replica starting. Triggering 0 pending ops. Active config: opid_index: -1 OBSOLETE_local: false peers { permanent_uuid: "b1c60c58cc324d9eadd0c589ebc8aafd" member_type: VOTER last_known_addr { host: "127.10.178.65" port: 35303 } } peers { permanent_uuid: "cae918dca9c44e87810a4d85dd6c2819" member_type: VOTER last_known_addr { host: "127.10.178.66" port: 33397 } } peers { permanent_uuid: "e71e91c580c3402e8200791ef31bc6dd" member_type: VOTER last_known_addr { host: "127.10.178.67" port: 35453 } }
I20260710 10:59:58.190718 11773 raft_consensus.cc:740] T 84be907f44f4434daee30bd2751fad10 P e71e91c580c3402e8200791ef31bc6dd [term 0 FOLLOWER]: Becoming Follower/Learner. State: Replica: e71e91c580c3402e8200791ef31bc6dd, State: Initialized, Role: FOLLOWER
I20260710 10:59:58.190881 11771 raft_consensus.cc:385] T 61f2fb68a26d490fba4d024f18e1730f P cae918dca9c44e87810a4d85dd6c2819 [term 0 FOLLOWER]: Consensus starting up: Expiring failure detector timer to make a prompt election more likely
I20260710 10:59:58.191275 11771 raft_consensus.cc:740] T 61f2fb68a26d490fba4d024f18e1730f P cae918dca9c44e87810a4d85dd6c2819 [term 0 FOLLOWER]: Becoming Follower/Learner. State: Replica: cae918dca9c44e87810a4d85dd6c2819, State: Initialized, Role: FOLLOWER
I20260710 10:59:58.192240 11787 raft_consensus.cc:493] T 67dfc72b96fd4ab18013655ebef5542f P b1c60c58cc324d9eadd0c589ebc8aafd [term 0 FOLLOWER]: Starting pre-election (no leader contacted us within the election timeout)
I20260710 10:59:58.192143 11771 consensus_queue.cc:260] T 61f2fb68a26d490fba4d024f18e1730f P cae918dca9c44e87810a4d85dd6c2819 [NON_LEADER]: Queue going to NON_LEADER mode. State: All replicated index: 0, Majority replicated index: 0, Committed index: 0, Last appended: 0.0, Last appended by leader: 0, Current term: 0, Majority size: -1, State: 0, Mode: NON_LEADER, active raft config: opid_index: -1 OBSOLETE_local: false peers { permanent_uuid: "b1c60c58cc324d9eadd0c589ebc8aafd" member_type: VOTER last_known_addr { host: "127.10.178.65" port: 35303 } } peers { permanent_uuid: "cae918dca9c44e87810a4d85dd6c2819" member_type: VOTER last_known_addr { host: "127.10.178.66" port: 33397 } } peers { permanent_uuid: "e71e91c580c3402e8200791ef31bc6dd" member_type: VOTER last_known_addr { host: "127.10.178.67" port: 35453 } }
I20260710 10:59:58.192699 11787 raft_consensus.cc:515] T 67dfc72b96fd4ab18013655ebef5542f P b1c60c58cc324d9eadd0c589ebc8aafd [term 0 FOLLOWER]: Starting pre-election with config: opid_index: -1 OBSOLETE_local: false peers { permanent_uuid: "b1c60c58cc324d9eadd0c589ebc8aafd" member_type: VOTER last_known_addr { host: "127.10.178.65" port: 35303 } } peers { permanent_uuid: "cae918dca9c44e87810a4d85dd6c2819" member_type: VOTER last_known_addr { host: "127.10.178.66" port: 33397 } } peers { permanent_uuid: "e71e91c580c3402e8200791ef31bc6dd" member_type: VOTER last_known_addr { host: "127.10.178.67" port: 35453 } }
I20260710 10:59:58.193679 11772 tablet_bootstrap.cc:492] T f9e0970a49a047f3aeaa43671ac4934d P b1c60c58cc324d9eadd0c589ebc8aafd: No bootstrap required, opened a new log
I20260710 10:59:58.194283 11772 ts_tablet_manager.cc:1403] T f9e0970a49a047f3aeaa43671ac4934d P b1c60c58cc324d9eadd0c589ebc8aafd: Time spent bootstrapping tablet: real 0.024s	user 0.014s	sys 0.005s
I20260710 10:59:58.194746 11771 ts_tablet_manager.cc:1434] T 61f2fb68a26d490fba4d024f18e1730f P cae918dca9c44e87810a4d85dd6c2819: Time spent starting tablet: real 0.007s	user 0.004s	sys 0.002s
I20260710 10:59:58.194844 11787 leader_election.cc:290] T 67dfc72b96fd4ab18013655ebef5542f P b1c60c58cc324d9eadd0c589ebc8aafd [CANDIDATE]: Term 1 pre-election: Requested pre-vote from peers cae918dca9c44e87810a4d85dd6c2819 (127.10.178.66:33397), e71e91c580c3402e8200791ef31bc6dd (127.10.178.67:35453)
I20260710 10:59:58.196532 11657 tablet_service.cc:1917] Received RequestConsensusVote() RPC: tablet_id: "67dfc72b96fd4ab18013655ebef5542f" candidate_uuid: "b1c60c58cc324d9eadd0c589ebc8aafd" candidate_term: 1 candidate_status { last_received { term: 0 index: 0 } } ignore_live_leader: false dest_uuid: "cae918dca9c44e87810a4d85dd6c2819" is_pre_election: true
I20260710 10:59:58.191730 11773 consensus_queue.cc:260] T 84be907f44f4434daee30bd2751fad10 P e71e91c580c3402e8200791ef31bc6dd [NON_LEADER]: Queue going to NON_LEADER mode. State: All replicated index: 0, Majority replicated index: 0, Committed index: 0, Last appended: 0.0, Last appended by leader: 0, Current term: 0, Majority size: -1, State: 0, Mode: NON_LEADER, active raft config: opid_index: -1 OBSOLETE_local: false peers { permanent_uuid: "b1c60c58cc324d9eadd0c589ebc8aafd" member_type: VOTER last_known_addr { host: "127.10.178.65" port: 35303 } } peers { permanent_uuid: "cae918dca9c44e87810a4d85dd6c2819" member_type: VOTER last_known_addr { host: "127.10.178.66" port: 33397 } } peers { permanent_uuid: "e71e91c580c3402e8200791ef31bc6dd" member_type: VOTER last_known_addr { host: "127.10.178.67" port: 35453 } }
I20260710 10:59:58.197019 11731 tablet_service.cc:1917] Received RequestConsensusVote() RPC: tablet_id: "67dfc72b96fd4ab18013655ebef5542f" candidate_uuid: "b1c60c58cc324d9eadd0c589ebc8aafd" candidate_term: 1 candidate_status { last_received { term: 0 index: 0 } } ignore_live_leader: false dest_uuid: "e71e91c580c3402e8200791ef31bc6dd" is_pre_election: true
I20260710 10:59:58.197783 11731 raft_consensus.cc:2468] T 67dfc72b96fd4ab18013655ebef5542f P e71e91c580c3402e8200791ef31bc6dd [term 0 FOLLOWER]: Leader pre-election vote request: Granting yes vote for candidate b1c60c58cc324d9eadd0c589ebc8aafd in term 0.
W20260710 10:59:58.197919 11548 leader_election.cc:343] T 67dfc72b96fd4ab18013655ebef5542f P b1c60c58cc324d9eadd0c589ebc8aafd [CANDIDATE]: Term 1 pre-election: Tablet error from VoteRequest() call to peer cae918dca9c44e87810a4d85dd6c2819 (127.10.178.66:33397): Illegal state: must be running to vote when last-logged opid is not known
I20260710 10:59:58.198661 11771 tablet_bootstrap.cc:492] T d00f17ca3e1140019022fb0e798b7ac2 P cae918dca9c44e87810a4d85dd6c2819: Bootstrap starting.
I20260710 10:59:58.198808 11773 ts_tablet_manager.cc:1434] T 84be907f44f4434daee30bd2751fad10 P e71e91c580c3402e8200791ef31bc6dd: Time spent starting tablet: real 0.012s	user 0.006s	sys 0.000s
I20260710 10:59:58.200062 11773 tablet_bootstrap.cc:492] T 216605b162f3407891aefc0576cd8ec5 P e71e91c580c3402e8200791ef31bc6dd: Bootstrap starting.
I20260710 10:59:58.199803 11545 leader_election.cc:304] T 67dfc72b96fd4ab18013655ebef5542f P b1c60c58cc324d9eadd0c589ebc8aafd [CANDIDATE]: Term 1 pre-election: Election decided. Result: candidate won. Election summary: received 3 responses out of 3 voters: 2 yes votes; 1 no votes. yes voters: b1c60c58cc324d9eadd0c589ebc8aafd, e71e91c580c3402e8200791ef31bc6dd; no voters: cae918dca9c44e87810a4d85dd6c2819
I20260710 10:59:58.201046 11787 raft_consensus.cc:2804] T 67dfc72b96fd4ab18013655ebef5542f P b1c60c58cc324d9eadd0c589ebc8aafd [term 0 FOLLOWER]: Leader pre-election won for term 1
I20260710 10:59:58.201412 11787 raft_consensus.cc:493] T 67dfc72b96fd4ab18013655ebef5542f P b1c60c58cc324d9eadd0c589ebc8aafd [term 0 FOLLOWER]: Starting leader election (no leader contacted us within the election timeout)
I20260710 10:59:58.201737 11787 raft_consensus.cc:3060] T 67dfc72b96fd4ab18013655ebef5542f P b1c60c58cc324d9eadd0c589ebc8aafd [term 0 FOLLOWER]: Advancing to term 1
I20260710 10:59:58.203972 11772 raft_consensus.cc:359] T f9e0970a49a047f3aeaa43671ac4934d P b1c60c58cc324d9eadd0c589ebc8aafd [term 0 FOLLOWER]: Replica starting. Triggering 0 pending ops. Active config: opid_index: -1 OBSOLETE_local: false peers { permanent_uuid: "b1c60c58cc324d9eadd0c589ebc8aafd" member_type: VOTER last_known_addr { host: "127.10.178.65" port: 35303 } } peers { permanent_uuid: "cae918dca9c44e87810a4d85dd6c2819" member_type: VOTER last_known_addr { host: "127.10.178.66" port: 33397 } } peers { permanent_uuid: "e71e91c580c3402e8200791ef31bc6dd" member_type: VOTER last_known_addr { host: "127.10.178.67" port: 35453 } }
I20260710 10:59:58.204970 11772 raft_consensus.cc:385] T f9e0970a49a047f3aeaa43671ac4934d P b1c60c58cc324d9eadd0c589ebc8aafd [term 0 FOLLOWER]: Consensus starting up: Expiring failure detector timer to make a prompt election more likely
I20260710 10:59:58.205353 11772 raft_consensus.cc:740] T f9e0970a49a047f3aeaa43671ac4934d P b1c60c58cc324d9eadd0c589ebc8aafd [term 0 FOLLOWER]: Becoming Follower/Learner. State: Replica: b1c60c58cc324d9eadd0c589ebc8aafd, State: Initialized, Role: FOLLOWER
I20260710 10:59:58.205878 11771 tablet_bootstrap.cc:654] T d00f17ca3e1140019022fb0e798b7ac2 P cae918dca9c44e87810a4d85dd6c2819: Neither blocks nor log segments found. Creating new log.
I20260710 10:59:58.206418 11772 consensus_queue.cc:260] T f9e0970a49a047f3aeaa43671ac4934d P b1c60c58cc324d9eadd0c589ebc8aafd [NON_LEADER]: Queue going to NON_LEADER mode. State: All replicated index: 0, Majority replicated index: 0, Committed index: 0, Last appended: 0.0, Last appended by leader: 0, Current term: 0, Majority size: -1, State: 0, Mode: NON_LEADER, active raft config: opid_index: -1 OBSOLETE_local: false peers { permanent_uuid: "b1c60c58cc324d9eadd0c589ebc8aafd" member_type: VOTER last_known_addr { host: "127.10.178.65" port: 35303 } } peers { permanent_uuid: "cae918dca9c44e87810a4d85dd6c2819" member_type: VOTER last_known_addr { host: "127.10.178.66" port: 33397 } } peers { permanent_uuid: "e71e91c580c3402e8200791ef31bc6dd" member_type: VOTER last_known_addr { host: "127.10.178.67" port: 35453 } }
I20260710 10:59:58.208959 11772 ts_tablet_manager.cc:1434] T f9e0970a49a047f3aeaa43671ac4934d P b1c60c58cc324d9eadd0c589ebc8aafd: Time spent starting tablet: real 0.014s	user 0.004s	sys 0.002s
I20260710 10:59:58.209837 11787 raft_consensus.cc:515] T 67dfc72b96fd4ab18013655ebef5542f P b1c60c58cc324d9eadd0c589ebc8aafd [term 1 FOLLOWER]: Starting leader election with config: opid_index: -1 OBSOLETE_local: false peers { permanent_uuid: "b1c60c58cc324d9eadd0c589ebc8aafd" member_type: VOTER last_known_addr { host: "127.10.178.65" port: 35303 } } peers { permanent_uuid: "cae918dca9c44e87810a4d85dd6c2819" member_type: VOTER last_known_addr { host: "127.10.178.66" port: 33397 } } peers { permanent_uuid: "e71e91c580c3402e8200791ef31bc6dd" member_type: VOTER last_known_addr { host: "127.10.178.67" port: 35453 } }
I20260710 10:59:58.217948 11771 tablet_bootstrap.cc:492] T d00f17ca3e1140019022fb0e798b7ac2 P cae918dca9c44e87810a4d85dd6c2819: No bootstrap required, opened a new log
I20260710 10:59:58.218484 11771 ts_tablet_manager.cc:1403] T d00f17ca3e1140019022fb0e798b7ac2 P cae918dca9c44e87810a4d85dd6c2819: Time spent bootstrapping tablet: real 0.023s	user 0.006s	sys 0.010s
I20260710 10:59:58.221316 11787 leader_election.cc:290] T 67dfc72b96fd4ab18013655ebef5542f P b1c60c58cc324d9eadd0c589ebc8aafd [CANDIDATE]: Term 1 election: Requested vote from peers cae918dca9c44e87810a4d85dd6c2819 (127.10.178.66:33397), e71e91c580c3402e8200791ef31bc6dd (127.10.178.67:35453)
I20260710 10:59:58.221412 11657 tablet_service.cc:1917] Received RequestConsensusVote() RPC: tablet_id: "67dfc72b96fd4ab18013655ebef5542f" candidate_uuid: "b1c60c58cc324d9eadd0c589ebc8aafd" candidate_term: 1 candidate_status { last_received { term: 0 index: 0 } } ignore_live_leader: false dest_uuid: "cae918dca9c44e87810a4d85dd6c2819"
I20260710 10:59:58.222417 11731 tablet_service.cc:1917] Received RequestConsensusVote() RPC: tablet_id: "67dfc72b96fd4ab18013655ebef5542f" candidate_uuid: "b1c60c58cc324d9eadd0c589ebc8aafd" candidate_term: 1 candidate_status { last_received { term: 0 index: 0 } } ignore_live_leader: false dest_uuid: "e71e91c580c3402e8200791ef31bc6dd"
I20260710 10:59:58.223034 11731 raft_consensus.cc:3060] T 67dfc72b96fd4ab18013655ebef5542f P e71e91c580c3402e8200791ef31bc6dd [term 0 FOLLOWER]: Advancing to term 1
W20260710 10:59:58.223181 11548 leader_election.cc:343] T 67dfc72b96fd4ab18013655ebef5542f P b1c60c58cc324d9eadd0c589ebc8aafd [CANDIDATE]: Term 1 election: Tablet error from VoteRequest() call to peer cae918dca9c44e87810a4d85dd6c2819 (127.10.178.66:33397): Illegal state: must be running to vote when last-logged opid is not known
I20260710 10:59:58.223433 11771 raft_consensus.cc:359] T d00f17ca3e1140019022fb0e798b7ac2 P cae918dca9c44e87810a4d85dd6c2819 [term 0 FOLLOWER]: Replica starting. Triggering 0 pending ops. Active config: opid_index: -1 OBSOLETE_local: false peers { permanent_uuid: "b1c60c58cc324d9eadd0c589ebc8aafd" member_type: VOTER last_known_addr { host: "127.10.178.65" port: 35303 } } peers { permanent_uuid: "cae918dca9c44e87810a4d85dd6c2819" member_type: VOTER last_known_addr { host: "127.10.178.66" port: 33397 } } peers { permanent_uuid: "e71e91c580c3402e8200791ef31bc6dd" member_type: VOTER last_known_addr { host: "127.10.178.67" port: 35453 } }
I20260710 10:59:58.224351 11771 raft_consensus.cc:385] T d00f17ca3e1140019022fb0e798b7ac2 P cae918dca9c44e87810a4d85dd6c2819 [term 0 FOLLOWER]: Consensus starting up: Expiring failure detector timer to make a prompt election more likely
I20260710 10:59:58.224665 11771 raft_consensus.cc:740] T d00f17ca3e1140019022fb0e798b7ac2 P cae918dca9c44e87810a4d85dd6c2819 [term 0 FOLLOWER]: Becoming Follower/Learner. State: Replica: cae918dca9c44e87810a4d85dd6c2819, State: Initialized, Role: FOLLOWER
I20260710 10:59:58.225412 11771 consensus_queue.cc:260] T d00f17ca3e1140019022fb0e798b7ac2 P cae918dca9c44e87810a4d85dd6c2819 [NON_LEADER]: Queue going to NON_LEADER mode. State: All replicated index: 0, Majority replicated index: 0, Committed index: 0, Last appended: 0.0, Last appended by leader: 0, Current term: 0, Majority size: -1, State: 0, Mode: NON_LEADER, active raft config: opid_index: -1 OBSOLETE_local: false peers { permanent_uuid: "b1c60c58cc324d9eadd0c589ebc8aafd" member_type: VOTER last_known_addr { host: "127.10.178.65" port: 35303 } } peers { permanent_uuid: "cae918dca9c44e87810a4d85dd6c2819" member_type: VOTER last_known_addr { host: "127.10.178.66" port: 33397 } } peers { permanent_uuid: "e71e91c580c3402e8200791ef31bc6dd" member_type: VOTER last_known_addr { host: "127.10.178.67" port: 35453 } }
I20260710 10:59:58.228924 11771 ts_tablet_manager.cc:1434] T d00f17ca3e1140019022fb0e798b7ac2 P cae918dca9c44e87810a4d85dd6c2819: Time spent starting tablet: real 0.010s	user 0.008s	sys 0.000s
I20260710 10:59:58.230062 11771 tablet_bootstrap.cc:492] T 67dfc72b96fd4ab18013655ebef5542f P cae918dca9c44e87810a4d85dd6c2819: Bootstrap starting.
I20260710 10:59:58.230263 11731 raft_consensus.cc:2468] T 67dfc72b96fd4ab18013655ebef5542f P e71e91c580c3402e8200791ef31bc6dd [term 1 FOLLOWER]: Leader election vote request: Granting yes vote for candidate b1c60c58cc324d9eadd0c589ebc8aafd in term 1.
I20260710 10:59:58.231359 11545 leader_election.cc:304] T 67dfc72b96fd4ab18013655ebef5542f P b1c60c58cc324d9eadd0c589ebc8aafd [CANDIDATE]: Term 1 election: Election decided. Result: candidate won. Election summary: received 3 responses out of 3 voters: 2 yes votes; 1 no votes. yes voters: b1c60c58cc324d9eadd0c589ebc8aafd, e71e91c580c3402e8200791ef31bc6dd; no voters: cae918dca9c44e87810a4d85dd6c2819
I20260710 10:59:58.232101 11787 raft_consensus.cc:2804] T 67dfc72b96fd4ab18013655ebef5542f P b1c60c58cc324d9eadd0c589ebc8aafd [term 1 FOLLOWER]: Leader election won for term 1
I20260710 10:59:58.232570 11787 raft_consensus.cc:697] T 67dfc72b96fd4ab18013655ebef5542f P b1c60c58cc324d9eadd0c589ebc8aafd [term 1 LEADER]: Becoming Leader. State: Replica: b1c60c58cc324d9eadd0c589ebc8aafd, State: Running, Role: LEADER
I20260710 10:59:58.222461 11773 tablet_bootstrap.cc:654] T 216605b162f3407891aefc0576cd8ec5 P e71e91c580c3402e8200791ef31bc6dd: Neither blocks nor log segments found. Creating new log.
I20260710 10:59:58.233626 11793 raft_consensus.cc:493] T d00f17ca3e1140019022fb0e798b7ac2 P b1c60c58cc324d9eadd0c589ebc8aafd [term 0 FOLLOWER]: Starting pre-election (no leader contacted us within the election timeout)
I20260710 10:59:58.234077 11793 raft_consensus.cc:515] T d00f17ca3e1140019022fb0e798b7ac2 P b1c60c58cc324d9eadd0c589ebc8aafd [term 0 FOLLOWER]: Starting pre-election with config: opid_index: -1 OBSOLETE_local: false peers { permanent_uuid: "b1c60c58cc324d9eadd0c589ebc8aafd" member_type: VOTER last_known_addr { host: "127.10.178.65" port: 35303 } } peers { permanent_uuid: "cae918dca9c44e87810a4d85dd6c2819" member_type: VOTER last_known_addr { host: "127.10.178.66" port: 33397 } } peers { permanent_uuid: "e71e91c580c3402e8200791ef31bc6dd" member_type: VOTER last_known_addr { host: "127.10.178.67" port: 35453 } }
I20260710 10:59:58.236724 11793 leader_election.cc:290] T d00f17ca3e1140019022fb0e798b7ac2 P b1c60c58cc324d9eadd0c589ebc8aafd [CANDIDATE]: Term 1 pre-election: Requested pre-vote from peers cae918dca9c44e87810a4d85dd6c2819 (127.10.178.66:33397), e71e91c580c3402e8200791ef31bc6dd (127.10.178.67:35453)
I20260710 10:59:58.238785 11771 tablet_bootstrap.cc:654] T 67dfc72b96fd4ab18013655ebef5542f P cae918dca9c44e87810a4d85dd6c2819: Neither blocks nor log segments found. Creating new log.
I20260710 10:59:58.239439 11793 raft_consensus.cc:493] T f9e0970a49a047f3aeaa43671ac4934d P b1c60c58cc324d9eadd0c589ebc8aafd [term 0 FOLLOWER]: Starting pre-election (no leader contacted us within the election timeout)
I20260710 10:59:58.239332 11657 tablet_service.cc:1917] Received RequestConsensusVote() RPC: tablet_id: "d00f17ca3e1140019022fb0e798b7ac2" candidate_uuid: "b1c60c58cc324d9eadd0c589ebc8aafd" candidate_term: 1 candidate_status { last_received { term: 0 index: 0 } } ignore_live_leader: false dest_uuid: "cae918dca9c44e87810a4d85dd6c2819" is_pre_election: true
I20260710 10:59:58.240346 11793 raft_consensus.cc:515] T f9e0970a49a047f3aeaa43671ac4934d P b1c60c58cc324d9eadd0c589ebc8aafd [term 0 FOLLOWER]: Starting pre-election with config: opid_index: -1 OBSOLETE_local: false peers { permanent_uuid: "b1c60c58cc324d9eadd0c589ebc8aafd" member_type: VOTER last_known_addr { host: "127.10.178.65" port: 35303 } } peers { permanent_uuid: "cae918dca9c44e87810a4d85dd6c2819" member_type: VOTER last_known_addr { host: "127.10.178.66" port: 33397 } } peers { permanent_uuid: "e71e91c580c3402e8200791ef31bc6dd" member_type: VOTER last_known_addr { host: "127.10.178.67" port: 35453 } }
I20260710 10:59:58.240628 11657 raft_consensus.cc:2468] T d00f17ca3e1140019022fb0e798b7ac2 P cae918dca9c44e87810a4d85dd6c2819 [term 0 FOLLOWER]: Leader pre-election vote request: Granting yes vote for candidate b1c60c58cc324d9eadd0c589ebc8aafd in term 0.
I20260710 10:59:58.242646 11548 leader_election.cc:304] T d00f17ca3e1140019022fb0e798b7ac2 P b1c60c58cc324d9eadd0c589ebc8aafd [CANDIDATE]: Term 1 pre-election: Election decided. Result: candidate won. Election summary: received 2 responses out of 3 voters: 2 yes votes; 0 no votes. yes voters: b1c60c58cc324d9eadd0c589ebc8aafd, cae918dca9c44e87810a4d85dd6c2819; no voters: 
I20260710 10:59:58.244199 11788 raft_consensus.cc:2804] T d00f17ca3e1140019022fb0e798b7ac2 P b1c60c58cc324d9eadd0c589ebc8aafd [term 0 FOLLOWER]: Leader pre-election won for term 1
I20260710 10:59:58.244704 11788 raft_consensus.cc:493] T d00f17ca3e1140019022fb0e798b7ac2 P b1c60c58cc324d9eadd0c589ebc8aafd [term 0 FOLLOWER]: Starting leader election (no leader contacted us within the election timeout)
I20260710 10:59:58.243196 11731 tablet_service.cc:1917] Received RequestConsensusVote() RPC: tablet_id: "d00f17ca3e1140019022fb0e798b7ac2" candidate_uuid: "b1c60c58cc324d9eadd0c589ebc8aafd" candidate_term: 1 candidate_status { last_received { term: 0 index: 0 } } ignore_live_leader: false dest_uuid: "e71e91c580c3402e8200791ef31bc6dd" is_pre_election: true
I20260710 10:59:58.245154 11788 raft_consensus.cc:3060] T d00f17ca3e1140019022fb0e798b7ac2 P b1c60c58cc324d9eadd0c589ebc8aafd [term 0 FOLLOWER]: Advancing to term 1
I20260710 10:59:58.252108 11777 raft_consensus.cc:493] T 8b875801dda54ab4b2c0e41f0a5e05d4 P b1c60c58cc324d9eadd0c589ebc8aafd [term 0 FOLLOWER]: Starting pre-election (no leader contacted us within the election timeout)
I20260710 10:59:58.252823 11777 raft_consensus.cc:515] T 8b875801dda54ab4b2c0e41f0a5e05d4 P b1c60c58cc324d9eadd0c589ebc8aafd [term 0 FOLLOWER]: Starting pre-election with config: opid_index: -1 OBSOLETE_local: false peers { permanent_uuid: "b1c60c58cc324d9eadd0c589ebc8aafd" member_type: VOTER last_known_addr { host: "127.10.178.65" port: 35303 } } peers { permanent_uuid: "cae918dca9c44e87810a4d85dd6c2819" member_type: VOTER last_known_addr { host: "127.10.178.66" port: 33397 } } peers { permanent_uuid: "e71e91c580c3402e8200791ef31bc6dd" member_type: VOTER last_known_addr { host: "127.10.178.67" port: 35453 } }
I20260710 10:59:58.253814 11657 tablet_service.cc:1917] Received RequestConsensusVote() RPC: tablet_id: "f9e0970a49a047f3aeaa43671ac4934d" candidate_uuid: "b1c60c58cc324d9eadd0c589ebc8aafd" candidate_term: 1 candidate_status { last_received { term: 0 index: 0 } } ignore_live_leader: false dest_uuid: "cae918dca9c44e87810a4d85dd6c2819" is_pre_election: true
I20260710 10:59:58.256366 11778 raft_consensus.cc:493] T 6acef495d58f4914a9a3c3c71e35c52f P cae918dca9c44e87810a4d85dd6c2819 [term 0 FOLLOWER]: Starting pre-election (no leader contacted us within the election timeout)
W20260710 10:59:58.256603 11548 leader_election.cc:343] T f9e0970a49a047f3aeaa43671ac4934d P b1c60c58cc324d9eadd0c589ebc8aafd [CANDIDATE]: Term 1 pre-election: Tablet error from VoteRequest() call to peer cae918dca9c44e87810a4d85dd6c2819 (127.10.178.66:33397): Illegal state: must be running to vote when last-logged opid is not known
I20260710 10:59:58.257057 11778 raft_consensus.cc:515] T 6acef495d58f4914a9a3c3c71e35c52f P cae918dca9c44e87810a4d85dd6c2819 [term 0 FOLLOWER]: Starting pre-election with config: opid_index: -1 OBSOLETE_local: false peers { permanent_uuid: "cae918dca9c44e87810a4d85dd6c2819" member_type: VOTER last_known_addr { host: "127.10.178.66" port: 33397 } } peers { permanent_uuid: "b1c60c58cc324d9eadd0c589ebc8aafd" member_type: VOTER last_known_addr { host: "127.10.178.65" port: 35303 } } peers { permanent_uuid: "e71e91c580c3402e8200791ef31bc6dd" member_type: VOTER last_known_addr { host: "127.10.178.67" port: 35453 } }
I20260710 10:59:58.258538 11657 tablet_service.cc:1917] Received RequestConsensusVote() RPC: tablet_id: "8b875801dda54ab4b2c0e41f0a5e05d4" candidate_uuid: "b1c60c58cc324d9eadd0c589ebc8aafd" candidate_term: 1 candidate_status { last_received { term: 0 index: 0 } } ignore_live_leader: false dest_uuid: "cae918dca9c44e87810a4d85dd6c2819" is_pre_election: true
I20260710 10:59:58.260334 11657 raft_consensus.cc:2468] T 8b875801dda54ab4b2c0e41f0a5e05d4 P cae918dca9c44e87810a4d85dd6c2819 [term 0 FOLLOWER]: Leader pre-election vote request: Granting yes vote for candidate b1c60c58cc324d9eadd0c589ebc8aafd in term 0.
I20260710 10:59:58.262159 11731 tablet_service.cc:1917] Received RequestConsensusVote() RPC: tablet_id: "6acef495d58f4914a9a3c3c71e35c52f" candidate_uuid: "cae918dca9c44e87810a4d85dd6c2819" candidate_term: 1 candidate_status { last_received { term: 0 index: 0 } } ignore_live_leader: false dest_uuid: "e71e91c580c3402e8200791ef31bc6dd" is_pre_election: true
I20260710 10:59:58.263199 11731 raft_consensus.cc:2468] T 6acef495d58f4914a9a3c3c71e35c52f P e71e91c580c3402e8200791ef31bc6dd [term 0 FOLLOWER]: Leader pre-election vote request: Granting yes vote for candidate cae918dca9c44e87810a4d85dd6c2819 in term 0.
I20260710 10:59:58.263825 11730 tablet_service.cc:1917] Received RequestConsensusVote() RPC: tablet_id: "8b875801dda54ab4b2c0e41f0a5e05d4" candidate_uuid: "b1c60c58cc324d9eadd0c589ebc8aafd" candidate_term: 1 candidate_status { last_received { term: 0 index: 0 } } ignore_live_leader: false dest_uuid: "e71e91c580c3402e8200791ef31bc6dd" is_pre_election: true
