W20260710 11:02:09.062076  6898 instance_detector.cc:116] could not retrieve OpenStack instance metadata: Network error: curl error: HTTP response code said error: The requested URL returned error: 404
I20260710 11:02:09.063365  5741 server_base.cc:1061] running on GCE node
I20260710 11:02:09.063732  6891 heartbeater.cc:344] Connected to a master server at 127.5.155.126:44993
I20260710 11:02:09.064152  6891 heartbeater.cc:461] Registering TS with master...
I20260710 11:02:09.064460  5741 hybrid_clock.cc:584] initializing the hybrid clock with 'system_unsync' time source
W20260710 11:02:09.064723  5741 system_unsync_time.cc:38] NTP support is disabled. Clock error bounds will not be accurate. This configuration is not suitable for distributed clusters.
I20260710 11:02:09.064921  5741 hybrid_clock.cc:648] HybridClock initialized: now 1783681329064901 us; error 0 us; skew 500 ppm
I20260710 11:02:09.065090  6891 heartbeater.cc:507] Master 127.5.155.126:44993 requested a full tablet report, sending...
I20260710 11:02:09.065659  5741 server_base.cc:861] Flag tcmalloc_max_total_thread_cache_bytes is not working since tcmalloc is not enabled.
I20260710 11:02:09.067639  6764 ts_manager.cc:194] Registered new tserver with Master: f5a2fbfcd1274e5f82bcb03ef516015c (127.5.155.65:36717)
I20260710 11:02:09.068537  5741 webserver.cc:533] Webserver started at http://127.5.155.66:33227/ using document root <none> and password file <none>
I20260710 11:02:09.069025  5741 fs_manager.cc:362] Metadata directory not provided
I20260710 11:02:09.069227  5741 fs_manager.cc:368] Using write-ahead log directory (fs_wal_dir) as metadata directory
I20260710 11:02:09.069509  5741 server_base.cc:909] This appears to be a new deployment of Kudu; creating new FS layout
I20260710 11:02:09.069895  6764 master_service.cc:502] Signed X509 certificate for tserver {username='slave'} at 127.0.0.1:45274
I20260710 11:02:09.070688  5741 fs_manager.cc:1068] Generated new instance metadata in path /tmp/dist-test-taskpHqRzY/test-tmp/auto_leader_rebalancer-test.0.LeaderRebalancerTest.AddTserver.1783681304755766-5741-0/minicluster-data/ts-1-root/instance:
uuid: "d988af968793473d80a8b440af3c9419"
format_stamp: "Formatted at 2026-07-10 11:02:09 on dist-test-slave-ptd6"
I20260710 11:02:09.075891  5741 fs_manager.cc:696] Time spent creating directory manager: real 0.004s	user 0.001s	sys 0.003s
I20260710 11:02:09.079167  6903 log_block_manager.cc:4127] Time spent loading block containers with low live blocks: real 0.000s	user 0.000s	sys 0.000s
I20260710 11:02:09.079975  5741 fs_manager.cc:730] Time spent opening block manager: real 0.002s	user 0.002s	sys 0.001s
I20260710 11:02:09.080216  5741 fs_manager.cc:647] Opened local filesystem: /tmp/dist-test-taskpHqRzY/test-tmp/auto_leader_rebalancer-test.0.LeaderRebalancerTest.AddTserver.1783681304755766-5741-0/minicluster-data/ts-1-root
uuid: "d988af968793473d80a8b440af3c9419"
format_stamp: "Formatted at 2026-07-10 11:02:09 on dist-test-slave-ptd6"
I20260710 11:02:09.080451  5741 fs_report.cc:389] FS layout report
--------------------
wal directory: /tmp/dist-test-taskpHqRzY/test-tmp/auto_leader_rebalancer-test.0.LeaderRebalancerTest.AddTserver.1783681304755766-5741-0/minicluster-data/ts-1-root
metadata directory: /tmp/dist-test-taskpHqRzY/test-tmp/auto_leader_rebalancer-test.0.LeaderRebalancerTest.AddTserver.1783681304755766-5741-0/minicluster-data/ts-1-root
1 data directories: /tmp/dist-test-taskpHqRzY/test-tmp/auto_leader_rebalancer-test.0.LeaderRebalancerTest.AddTserver.1783681304755766-5741-0/minicluster-data/ts-1-root/data
Total live blocks: 0
Total live bytes: 0
Total live bytes (after alignment): 0
Total number of LBM containers: 0 (0 full)
Did not check for missing blocks
Did not check for orphaned blocks
Total full LBM containers with extra space: 0 (0 repaired)
Total full LBM container extra space in bytes: 0 (0 repaired)
Total incomplete LBM containers: 0 (0 repaired)
Total LBM partial records: 0 (0 repaired)
Total corrupted LBM metadata records in RocksDB: 0 (0 repaired)
I20260710 11:02:09.100121  5741 rpc_server.cc:225] running with OpenSSL 1.1.1  11 Sep 2018
I20260710 11:02:09.101246  5741 kserver.cc:163] Server-wide thread pool size limit: 3276
I20260710 11:02:09.102588  5741 txn_system_client.cc:432] TxnSystemClient initialization is disabled...
I20260710 11:02:09.104789  5741 ts_tablet_manager.cc:585] Loaded tablet metadata (0 total tablets, 0 live tablets)
I20260710 11:02:09.105010  5741 ts_tablet_manager.cc:531] Time spent load tablet metadata: real 0.000s	user 0.000s	sys 0.000s
I20260710 11:02:09.105257  5741 ts_tablet_manager.cc:616] Registered 0 tablets
I20260710 11:02:09.105427  5741 ts_tablet_manager.cc:595] Time spent register tablets: real 0.000s	user 0.000s	sys 0.000s
I20260710 11:02:09.144285  5741 rpc_server.cc:307] RPC server started. Bound to: 127.5.155.66:36687
I20260710 11:02:09.144395  6965 acceptor_pool.cc:272] collecting diagnostics on the listening RPC socket 127.5.155.66:36687 every 8 connection(s)
I20260710 11:02:09.149013  5741 file_cache.cc:504] Constructed file cache file cache with capacity 419430
W20260710 11:02:09.156633  6969 instance_detector.cc:116] could not retrieve AWS instance metadata: Network error: curl error: HTTP response code said error: The requested URL returned error: 404
W20260710 11:02:09.157828  6970 instance_detector.cc:116] could not retrieve Azure instance metadata: Network error: curl error: HTTP response code said error: The requested URL returned error: 404
I20260710 11:02:09.160769  6966 heartbeater.cc:344] Connected to a master server at 127.5.155.126:44993
I20260710 11:02:09.161242  6966 heartbeater.cc:461] Registering TS with master...
I20260710 11:02:09.161882  5741 server_base.cc:1061] running on GCE node
I20260710 11:02:09.162225  6966 heartbeater.cc:507] Master 127.5.155.126:44993 requested a full tablet report, sending...
W20260710 11:02:09.162739  6972 instance_detector.cc:116] could not retrieve OpenStack instance metadata: Network error: curl error: HTTP response code said error: The requested URL returned error: 404
I20260710 11:02:09.163661  5741 hybrid_clock.cc:584] initializing the hybrid clock with 'system_unsync' time source
W20260710 11:02:09.163885  5741 system_unsync_time.cc:38] NTP support is disabled. Clock error bounds will not be accurate. This configuration is not suitable for distributed clusters.
I20260710 11:02:09.164081  5741 hybrid_clock.cc:648] HybridClock initialized: now 1783681329164062 us; error 0 us; skew 500 ppm
I20260710 11:02:09.164510  6764 ts_manager.cc:194] Registered new tserver with Master: d988af968793473d80a8b440af3c9419 (127.5.155.66:36687)
I20260710 11:02:09.164772  5741 server_base.cc:861] Flag tcmalloc_max_total_thread_cache_bytes is not working since tcmalloc is not enabled.
I20260710 11:02:09.166340  6764 master_service.cc:502] Signed X509 certificate for tserver {username='slave'} at 127.0.0.1:45280
I20260710 11:02:09.167824  5741 webserver.cc:533] Webserver started at http://127.5.155.67:43031/ using document root <none> and password file <none>
I20260710 11:02:09.168330  5741 fs_manager.cc:362] Metadata directory not provided
I20260710 11:02:09.168522  5741 fs_manager.cc:368] Using write-ahead log directory (fs_wal_dir) as metadata directory
I20260710 11:02:09.168804  5741 server_base.cc:909] This appears to be a new deployment of Kudu; creating new FS layout
I20260710 11:02:09.169904  5741 fs_manager.cc:1068] Generated new instance metadata in path /tmp/dist-test-taskpHqRzY/test-tmp/auto_leader_rebalancer-test.0.LeaderRebalancerTest.AddTserver.1783681304755766-5741-0/minicluster-data/ts-2-root/instance:
uuid: "a4e9ddbbe55a4adda67031af4482bfde"
format_stamp: "Formatted at 2026-07-10 11:02:09 on dist-test-slave-ptd6"
I20260710 11:02:09.174484  5741 fs_manager.cc:696] Time spent creating directory manager: real 0.004s	user 0.002s	sys 0.004s
I20260710 11:02:09.177594  6977 log_block_manager.cc:4127] Time spent loading block containers with low live blocks: real 0.000s	user 0.000s	sys 0.000s
I20260710 11:02:09.178303  5741 fs_manager.cc:730] Time spent opening block manager: real 0.002s	user 0.002s	sys 0.000s
I20260710 11:02:09.178593  5741 fs_manager.cc:647] Opened local filesystem: /tmp/dist-test-taskpHqRzY/test-tmp/auto_leader_rebalancer-test.0.LeaderRebalancerTest.AddTserver.1783681304755766-5741-0/minicluster-data/ts-2-root
uuid: "a4e9ddbbe55a4adda67031af4482bfde"
format_stamp: "Formatted at 2026-07-10 11:02:09 on dist-test-slave-ptd6"
I20260710 11:02:09.178920  5741 fs_report.cc:389] FS layout report
--------------------
wal directory: /tmp/dist-test-taskpHqRzY/test-tmp/auto_leader_rebalancer-test.0.LeaderRebalancerTest.AddTserver.1783681304755766-5741-0/minicluster-data/ts-2-root
metadata directory: /tmp/dist-test-taskpHqRzY/test-tmp/auto_leader_rebalancer-test.0.LeaderRebalancerTest.AddTserver.1783681304755766-5741-0/minicluster-data/ts-2-root
1 data directories: /tmp/dist-test-taskpHqRzY/test-tmp/auto_leader_rebalancer-test.0.LeaderRebalancerTest.AddTserver.1783681304755766-5741-0/minicluster-data/ts-2-root/data
Total live blocks: 0
Total live bytes: 0
Total live bytes (after alignment): 0
Total number of LBM containers: 0 (0 full)
Did not check for missing blocks
Did not check for orphaned blocks
Total full LBM containers with extra space: 0 (0 repaired)
Total full LBM container extra space in bytes: 0 (0 repaired)
Total incomplete LBM containers: 0 (0 repaired)
Total LBM partial records: 0 (0 repaired)
Total corrupted LBM metadata records in RocksDB: 0 (0 repaired)
I20260710 11:02:09.211148  5741 rpc_server.cc:225] running with OpenSSL 1.1.1  11 Sep 2018
I20260710 11:02:09.212368  5741 kserver.cc:163] Server-wide thread pool size limit: 3276
I20260710 11:02:09.213836  5741 txn_system_client.cc:432] TxnSystemClient initialization is disabled...
I20260710 11:02:09.216037  5741 ts_tablet_manager.cc:585] Loaded tablet metadata (0 total tablets, 0 live tablets)
I20260710 11:02:09.216264  5741 ts_tablet_manager.cc:531] Time spent load tablet metadata: real 0.000s	user 0.000s	sys 0.000s
I20260710 11:02:09.216514  5741 ts_tablet_manager.cc:616] Registered 0 tablets
I20260710 11:02:09.216687  5741 ts_tablet_manager.cc:595] Time spent register tablets: real 0.000s	user 0.000s	sys 0.000s
I20260710 11:02:09.255595  5741 rpc_server.cc:307] RPC server started. Bound to: 127.5.155.67:34725
I20260710 11:02:09.255697  7039 acceptor_pool.cc:272] collecting diagnostics on the listening RPC socket 127.5.155.67:34725 every 8 connection(s)
I20260710 11:02:09.269991  7040 heartbeater.cc:344] Connected to a master server at 127.5.155.126:44993
I20260710 11:02:09.270401  7040 heartbeater.cc:461] Registering TS with master...
I20260710 11:02:09.271219  7040 heartbeater.cc:507] Master 127.5.155.126:44993 requested a full tablet report, sending...
I20260710 11:02:09.273391  6764 ts_manager.cc:194] Registered new tserver with Master: a4e9ddbbe55a4adda67031af4482bfde (127.5.155.67:34725)
I20260710 11:02:09.273748  5741 internal_mini_cluster.cc:371] 3 TS(s) registered with all masters after 0.014792625s
I20260710 11:02:09.275190  6764 master_service.cc:502] Signed X509 certificate for tserver {username='slave'} at 127.0.0.1:45288
I20260710 11:02:09.300334  6764 catalog_manager.cc:2283] Servicing CreateTable request from {username='slave'} at 127.0.0.1:45290:
name: "test-workload"
schema {
  columns {
    name: "key"
    type: INT32
    is_key: true
    is_nullable: false
    encoding: AUTO_ENCODING
    compression: DEFAULT_COMPRESSION
    cfile_block_size: 0
    immutable: false
  }
  columns {
    name: "int_val"
    type: INT32
    is_key: false
    is_nullable: false
    encoding: AUTO_ENCODING
    compression: DEFAULT_COMPRESSION
    cfile_block_size: 0
    immutable: false
  }
  columns {
    name: "string_val"
    type: STRING
    is_key: false
    is_nullable: true
    encoding: AUTO_ENCODING
    compression: DEFAULT_COMPRESSION
    cfile_block_size: 0
    immutable: false
  }
}
num_replicas: 3
split_rows_range_bounds {
  rows: "\004\001\000UUU\005\004\001\000\252\252\252\n\004\001\000\377\377\377\017\004\001\000TUU\025\004\001\000\251\252\252\032\004\001\000\376\377\377\037\004\001\000SUU%\004\001\000\250\252\252*\004\001\000\375\377\377/\004\001\000RUU5\004\001\000\247\252\252:\004\001\000\374\377\377?\004\001\000QUUE\004\001\000\246\252\252J\004\001\000\373\377\377O\004\001\000PUUU\004\001\000\245\252\252Z\004\001\000\372\377\377_\004\001\000OUUe\004\001\000\244\252\252j\004\001\000\371\377\377o\004\001\000NUUu\004\001\000\243\252\252z""\004\001\000UUU\005\004\001\000\252\252\252\n\004\001\000\377\377\377\017\004\001\000TUU\025\004\001\000\251\252\252\032\004\001\000\376\377\377\037\004\001\000SUU%\004\001\000\250\252\252*\004\001\000\375\377\377/\004\001\000RUU5\004\001\000\247\252\252:\004\001\000\374\377\377?\004\001\000QUUE\004\001\000\246\252\252J\004\001\000\373\377\377O\004\001\000PUUU\004\001\000\245\252\252Z\004\001\000\372\377\377_\004\001\000OUUe\004\001\000\244\252\252j\004\001\000\371\377\377o\004\001\000NUUu\004\001\000\243\252\252z"
  indirect_data: """"
}
partition_schema {
  range_schema {
    columns {
      name: "key"
    }
  }
}
W20260710 11:02:09.304231  6764 catalog_manager.cc:7077] The number of live tablet servers is not enough to re-replicate a tablet replica of the newly created table test-workload in case of a server failure: 4 tablet servers would be needed, 3 are available. Consider bringing up more tablet servers.
I20260710 11:02:09.425498  6855 tablet_service.cc:1511] Processing CreateTablet for tablet 09c3c0818c9e4a4ba1d57dc8a06219d1 (DEFAULT_TABLE table=test-workload [id=88f92aa3b28c44f98f64f2735be3cde5]), partition=RANGE (key) PARTITION 89478485 <= VALUES < 178956970
I20260710 11:02:09.426640  6856 tablet_service.cc:1511] Processing CreateTablet for tablet 360b5fb385bc4b40b8c029f1b4eb98e1 (DEFAULT_TABLE table=test-workload [id=88f92aa3b28c44f98f64f2735be3cde5]), partition=RANGE (key) PARTITION VALUES < 89478485
I20260710 11:02:09.427053  6855 data_dirs.cc:400] Could only allocate 1 dirs of requested 3 for tablet 09c3c0818c9e4a4ba1d57dc8a06219d1. 1 dirs total, 0 dirs full, 0 dirs failed
I20260710 11:02:09.428241  6854 tablet_service.cc:1511] Processing CreateTablet for tablet c682860eb2dc43999375c302a78ba1c0 (DEFAULT_TABLE table=test-workload [id=88f92aa3b28c44f98f64f2735be3cde5]), partition=RANGE (key) PARTITION 178956970 <= VALUES < 268435455
I20260710 11:02:09.429492  6854 data_dirs.cc:400] Could only allocate 1 dirs of requested 3 for tablet c682860eb2dc43999375c302a78ba1c0. 1 dirs total, 0 dirs full, 0 dirs failed
I20260710 11:02:09.431207  6856 data_dirs.cc:400] Could only allocate 1 dirs of requested 3 for tablet 360b5fb385bc4b40b8c029f1b4eb98e1. 1 dirs total, 0 dirs full, 0 dirs failed
I20260710 11:02:09.431913  6853 tablet_service.cc:1511] Processing CreateTablet for tablet 299facc887214312992a359ea3e0a9b9 (DEFAULT_TABLE table=test-workload [id=88f92aa3b28c44f98f64f2735be3cde5]), partition=RANGE (key) PARTITION 268435455 <= VALUES < 357913940
I20260710 11:02:09.433280  6853 data_dirs.cc:400] Could only allocate 1 dirs of requested 3 for tablet 299facc887214312992a359ea3e0a9b9. 1 dirs total, 0 dirs full, 0 dirs failed
I20260710 11:02:09.432960  6850 tablet_service.cc:1511] Processing CreateTablet for tablet c4e965419c2d4ea5a29f1633c963a239 (DEFAULT_TABLE table=test-workload [id=88f92aa3b28c44f98f64f2735be3cde5]), partition=RANGE (key) PARTITION 536870910 <= VALUES < 626349395
I20260710 11:02:09.434223  6850 data_dirs.cc:400] Could only allocate 1 dirs of requested 3 for tablet c4e965419c2d4ea5a29f1633c963a239. 1 dirs total, 0 dirs full, 0 dirs failed
I20260710 11:02:09.435338  6852 tablet_service.cc:1511] Processing CreateTablet for tablet a7766ee25a4d4941a2c85d6d722d653b (DEFAULT_TABLE table=test-workload [id=88f92aa3b28c44f98f64f2735be3cde5]), partition=RANGE (key) PARTITION 357913940 <= VALUES < 447392425
I20260710 11:02:09.436645  6852 data_dirs.cc:400] Could only allocate 1 dirs of requested 3 for tablet a7766ee25a4d4941a2c85d6d722d653b. 1 dirs total, 0 dirs full, 0 dirs failed
I20260710 11:02:09.440004  6851 tablet_service.cc:1511] Processing CreateTablet for tablet b29d1a7290484e87b8fa46ff848042e4 (DEFAULT_TABLE table=test-workload [id=88f92aa3b28c44f98f64f2735be3cde5]), partition=RANGE (key) PARTITION 447392425 <= VALUES < 536870910
I20260710 11:02:09.441278  6851 data_dirs.cc:400] Could only allocate 1 dirs of requested 3 for tablet b29d1a7290484e87b8fa46ff848042e4. 1 dirs total, 0 dirs full, 0 dirs failed
I20260710 11:02:09.460656  7055 tablet_bootstrap.cc:492] T 09c3c0818c9e4a4ba1d57dc8a06219d1 P f5a2fbfcd1274e5f82bcb03ef516015c: Bootstrap starting.
I20260710 11:02:09.467329  7055 tablet_bootstrap.cc:654] T 09c3c0818c9e4a4ba1d57dc8a06219d1 P f5a2fbfcd1274e5f82bcb03ef516015c: Neither blocks nor log segments found. Creating new log.
I20260710 11:02:09.471946  7005 tablet_service.cc:1511] Processing CreateTablet for tablet 360b5fb385bc4b40b8c029f1b4eb98e1 (DEFAULT_TABLE table=test-workload [id=88f92aa3b28c44f98f64f2735be3cde5]), partition=RANGE (key) PARTITION VALUES < 89478485
I20260710 11:02:09.473287  7005 data_dirs.cc:400] Could only allocate 1 dirs of requested 3 for tablet 360b5fb385bc4b40b8c029f1b4eb98e1. 1 dirs total, 0 dirs full, 0 dirs failed
I20260710 11:02:09.475557  7055 tablet_bootstrap.cc:492] T 09c3c0818c9e4a4ba1d57dc8a06219d1 P f5a2fbfcd1274e5f82bcb03ef516015c: No bootstrap required, opened a new log
I20260710 11:02:09.478335  7055 ts_tablet_manager.cc:1403] T 09c3c0818c9e4a4ba1d57dc8a06219d1 P f5a2fbfcd1274e5f82bcb03ef516015c: Time spent bootstrapping tablet: real 0.018s	user 0.006s	sys 0.009s
I20260710 11:02:09.482074  7055 raft_consensus.cc:359] T 09c3c0818c9e4a4ba1d57dc8a06219d1 P f5a2fbfcd1274e5f82bcb03ef516015c [term 0 FOLLOWER]: Replica starting. Triggering 0 pending ops. Active config: opid_index: -1 OBSOLETE_local: false peers { permanent_uuid: "f5a2fbfcd1274e5f82bcb03ef516015c" member_type: VOTER last_known_addr { host: "127.5.155.65" port: 36717 } } peers { permanent_uuid: "d988af968793473d80a8b440af3c9419" member_type: VOTER last_known_addr { host: "127.5.155.66" port: 36687 } } peers { permanent_uuid: "a4e9ddbbe55a4adda67031af4482bfde" member_type: VOTER last_known_addr { host: "127.5.155.67" port: 34725 } }
I20260710 11:02:09.482887  7055 raft_consensus.cc:385] T 09c3c0818c9e4a4ba1d57dc8a06219d1 P f5a2fbfcd1274e5f82bcb03ef516015c [term 0 FOLLOWER]: Consensus starting up: Expiring failure detector timer to make a prompt election more likely
I20260710 11:02:09.483306  7055 raft_consensus.cc:740] T 09c3c0818c9e4a4ba1d57dc8a06219d1 P f5a2fbfcd1274e5f82bcb03ef516015c [term 0 FOLLOWER]: Becoming Follower/Learner. State: Replica: f5a2fbfcd1274e5f82bcb03ef516015c, State: Initialized, Role: FOLLOWER
I20260710 11:02:09.485862  6853 tablet_service.cc:1511] Processing CreateTablet for tablet b2fb18ebef7f429baed18643cdf12445 (DEFAULT_TABLE table=test-workload [id=88f92aa3b28c44f98f64f2735be3cde5]), partition=RANGE (key) PARTITION 626349395 <= VALUES < 715827880
I20260710 11:02:09.489132  6851 tablet_service.cc:1511] Processing CreateTablet for tablet c8f4f96def2d4fa1acbe41f675fc9324 (DEFAULT_TABLE table=test-workload [id=88f92aa3b28c44f98f64f2735be3cde5]), partition=RANGE (key) PARTITION 715827880 <= VALUES < 805306365
I20260710 11:02:09.482769  7004 tablet_service.cc:1511] Processing CreateTablet for tablet 09c3c0818c9e4a4ba1d57dc8a06219d1 (DEFAULT_TABLE table=test-workload [id=88f92aa3b28c44f98f64f2735be3cde5]), partition=RANGE (key) PARTITION 89478485 <= VALUES < 178956970
I20260710 11:02:09.490456  6851 data_dirs.cc:400] Could only allocate 1 dirs of requested 3 for tablet c8f4f96def2d4fa1acbe41f675fc9324. 1 dirs total, 0 dirs full, 0 dirs failed
I20260710 11:02:09.490680  7004 data_dirs.cc:400] Could only allocate 1 dirs of requested 3 for tablet 09c3c0818c9e4a4ba1d57dc8a06219d1. 1 dirs total, 0 dirs full, 0 dirs failed
I20260710 11:02:09.492590  6854 tablet_service.cc:1511] Processing CreateTablet for tablet a82c55f1fbbc40dabcae19c209db44cb (DEFAULT_TABLE table=test-workload [id=88f92aa3b28c44f98f64f2735be3cde5]), partition=RANGE (key) PARTITION 805306365 <= VALUES < 894784850
I20260710 11:02:09.492895  6931 tablet_service.cc:1511] Processing CreateTablet for tablet 360b5fb385bc4b40b8c029f1b4eb98e1 (DEFAULT_TABLE table=test-workload [id=88f92aa3b28c44f98f64f2735be3cde5]), partition=RANGE (key) PARTITION VALUES < 89478485
I20260710 11:02:09.493888  6854 data_dirs.cc:400] Could only allocate 1 dirs of requested 3 for tablet a82c55f1fbbc40dabcae19c209db44cb. 1 dirs total, 0 dirs full, 0 dirs failed
I20260710 11:02:09.494060  6931 data_dirs.cc:400] Could only allocate 1 dirs of requested 3 for tablet 360b5fb385bc4b40b8c029f1b4eb98e1. 1 dirs total, 0 dirs full, 0 dirs failed
I20260710 11:02:09.495950  6930 tablet_service.cc:1511] Processing CreateTablet for tablet 09c3c0818c9e4a4ba1d57dc8a06219d1 (DEFAULT_TABLE table=test-workload [id=88f92aa3b28c44f98f64f2735be3cde5]), partition=RANGE (key) PARTITION 89478485 <= VALUES < 178956970
I20260710 11:02:09.497242  6930 data_dirs.cc:400] Could only allocate 1 dirs of requested 3 for tablet 09c3c0818c9e4a4ba1d57dc8a06219d1. 1 dirs total, 0 dirs full, 0 dirs failed
I20260710 11:02:09.500000  6929 tablet_service.cc:1511] Processing CreateTablet for tablet c682860eb2dc43999375c302a78ba1c0 (DEFAULT_TABLE table=test-workload [id=88f92aa3b28c44f98f64f2735be3cde5]), partition=RANGE (key) PARTITION 178956970 <= VALUES < 268435455
I20260710 11:02:09.501360  6929 data_dirs.cc:400] Could only allocate 1 dirs of requested 3 for tablet c682860eb2dc43999375c302a78ba1c0. 1 dirs total, 0 dirs full, 0 dirs failed
I20260710 11:02:09.503170  6853 data_dirs.cc:400] Could only allocate 1 dirs of requested 3 for tablet b2fb18ebef7f429baed18643cdf12445. 1 dirs total, 0 dirs full, 0 dirs failed
I20260710 11:02:09.504078  6928 tablet_service.cc:1511] Processing CreateTablet for tablet 299facc887214312992a359ea3e0a9b9 (DEFAULT_TABLE table=test-workload [id=88f92aa3b28c44f98f64f2735be3cde5]), partition=RANGE (key) PARTITION 268435455 <= VALUES < 357913940
I20260710 11:02:09.505383  6928 data_dirs.cc:400] Could only allocate 1 dirs of requested 3 for tablet 299facc887214312992a359ea3e0a9b9. 1 dirs total, 0 dirs full, 0 dirs failed
I20260710 11:02:09.505944  7003 tablet_service.cc:1511] Processing CreateTablet for tablet c682860eb2dc43999375c302a78ba1c0 (DEFAULT_TABLE table=test-workload [id=88f92aa3b28c44f98f64f2735be3cde5]), partition=RANGE (key) PARTITION 178956970 <= VALUES < 268435455
I20260710 11:02:09.507294  7003 data_dirs.cc:400] Could only allocate 1 dirs of requested 3 for tablet c682860eb2dc43999375c302a78ba1c0. 1 dirs total, 0 dirs full, 0 dirs failed
I20260710 11:02:09.507871  6927 tablet_service.cc:1511] Processing CreateTablet for tablet a7766ee25a4d4941a2c85d6d722d653b (DEFAULT_TABLE table=test-workload [id=88f92aa3b28c44f98f64f2735be3cde5]), partition=RANGE (key) PARTITION 357913940 <= VALUES < 447392425
I20260710 11:02:09.508684  6855 tablet_service.cc:1511] Processing CreateTablet for tablet 6557e1c1e6c24b2387a7c1173a4df8ea (DEFAULT_TABLE table=test-workload [id=88f92aa3b28c44f98f64f2735be3cde5]), partition=RANGE (key) PARTITION 894784850 <= VALUES < 984263335
I20260710 11:02:09.509229  6927 data_dirs.cc:400] Could only allocate 1 dirs of requested 3 for tablet a7766ee25a4d4941a2c85d6d722d653b. 1 dirs total, 0 dirs full, 0 dirs failed
I20260710 11:02:09.486841  7055 consensus_queue.cc:260] T 09c3c0818c9e4a4ba1d57dc8a06219d1 P f5a2fbfcd1274e5f82bcb03ef516015c [NON_LEADER]: Queue going to NON_LEADER mode. State: All replicated index: 0, Majority replicated index: 0, Committed index: 0, Last appended: 0.0, Last appended by leader: 0, Current term: 0, Majority size: -1, State: 0, Mode: NON_LEADER, active raft config: opid_index: -1 OBSOLETE_local: false peers { permanent_uuid: "f5a2fbfcd1274e5f82bcb03ef516015c" member_type: VOTER last_known_addr { host: "127.5.155.65" port: 36717 } } peers { permanent_uuid: "d988af968793473d80a8b440af3c9419" member_type: VOTER last_known_addr { host: "127.5.155.66" port: 36687 } } peers { permanent_uuid: "a4e9ddbbe55a4adda67031af4482bfde" member_type: VOTER last_known_addr { host: "127.5.155.67" port: 34725 } }
I20260710 11:02:09.509900  6855 data_dirs.cc:400] Could only allocate 1 dirs of requested 3 for tablet 6557e1c1e6c24b2387a7c1173a4df8ea. 1 dirs total, 0 dirs full, 0 dirs failed
I20260710 11:02:09.511031  6926 tablet_service.cc:1511] Processing CreateTablet for tablet b29d1a7290484e87b8fa46ff848042e4 (DEFAULT_TABLE table=test-workload [id=88f92aa3b28c44f98f64f2735be3cde5]), partition=RANGE (key) PARTITION 447392425 <= VALUES < 536870910
I20260710 11:02:09.512805  6926 data_dirs.cc:400] Could only allocate 1 dirs of requested 3 for tablet b29d1a7290484e87b8fa46ff848042e4. 1 dirs total, 0 dirs full, 0 dirs failed
I20260710 11:02:09.513855  7002 tablet_service.cc:1511] Processing CreateTablet for tablet 299facc887214312992a359ea3e0a9b9 (DEFAULT_TABLE table=test-workload [id=88f92aa3b28c44f98f64f2735be3cde5]), partition=RANGE (key) PARTITION 268435455 <= VALUES < 357913940
I20260710 11:02:09.515372  6925 tablet_service.cc:1511] Processing CreateTablet for tablet c4e965419c2d4ea5a29f1633c963a239 (DEFAULT_TABLE table=test-workload [id=88f92aa3b28c44f98f64f2735be3cde5]), partition=RANGE (key) PARTITION 536870910 <= VALUES < 626349395
I20260710 11:02:09.516856  7002 data_dirs.cc:400] Could only allocate 1 dirs of requested 3 for tablet 299facc887214312992a359ea3e0a9b9. 1 dirs total, 0 dirs full, 0 dirs failed
I20260710 11:02:09.517030  6925 data_dirs.cc:400] Could only allocate 1 dirs of requested 3 for tablet c4e965419c2d4ea5a29f1633c963a239. 1 dirs total, 0 dirs full, 0 dirs failed
I20260710 11:02:09.519510  6924 tablet_service.cc:1511] Processing CreateTablet for tablet b2fb18ebef7f429baed18643cdf12445 (DEFAULT_TABLE table=test-workload [id=88f92aa3b28c44f98f64f2735be3cde5]), partition=RANGE (key) PARTITION 626349395 <= VALUES < 715827880
I20260710 11:02:09.521217  6924 data_dirs.cc:400] Could only allocate 1 dirs of requested 3 for tablet b2fb18ebef7f429baed18643cdf12445. 1 dirs total, 0 dirs full, 0 dirs failed
I20260710 11:02:09.524063  6923 tablet_service.cc:1511] Processing CreateTablet for tablet c8f4f96def2d4fa1acbe41f675fc9324 (DEFAULT_TABLE table=test-workload [id=88f92aa3b28c44f98f64f2735be3cde5]), partition=RANGE (key) PARTITION 715827880 <= VALUES < 805306365
I20260710 11:02:09.525748  6923 data_dirs.cc:400] Could only allocate 1 dirs of requested 3 for tablet c8f4f96def2d4fa1acbe41f675fc9324. 1 dirs total, 0 dirs full, 0 dirs failed
I20260710 11:02:09.531051  6922 tablet_service.cc:1511] Processing CreateTablet for tablet a82c55f1fbbc40dabcae19c209db44cb (DEFAULT_TABLE table=test-workload [id=88f92aa3b28c44f98f64f2735be3cde5]), partition=RANGE (key) PARTITION 805306365 <= VALUES < 894784850
I20260710 11:02:09.531381  7001 tablet_service.cc:1511] Processing CreateTablet for tablet a7766ee25a4d4941a2c85d6d722d653b (DEFAULT_TABLE table=test-workload [id=88f92aa3b28c44f98f64f2735be3cde5]), partition=RANGE (key) PARTITION 357913940 <= VALUES < 447392425
I20260710 11:02:09.532549  6922 data_dirs.cc:400] Could only allocate 1 dirs of requested 3 for tablet a82c55f1fbbc40dabcae19c209db44cb. 1 dirs total, 0 dirs full, 0 dirs failed
I20260710 11:02:09.532588  7001 data_dirs.cc:400] Could only allocate 1 dirs of requested 3 for tablet a7766ee25a4d4941a2c85d6d722d653b. 1 dirs total, 0 dirs full, 0 dirs failed
I20260710 11:02:09.534004  7000 tablet_service.cc:1511] Processing CreateTablet for tablet b29d1a7290484e87b8fa46ff848042e4 (DEFAULT_TABLE table=test-workload [id=88f92aa3b28c44f98f64f2735be3cde5]), partition=RANGE (key) PARTITION 447392425 <= VALUES < 536870910
I20260710 11:02:09.535631  7000 data_dirs.cc:400] Could only allocate 1 dirs of requested 3 for tablet b29d1a7290484e87b8fa46ff848042e4. 1 dirs total, 0 dirs full, 0 dirs failed
I20260710 11:02:09.605144  6999 tablet_service.cc:1511] Processing CreateTablet for tablet c4e965419c2d4ea5a29f1633c963a239 (DEFAULT_TABLE table=test-workload [id=88f92aa3b28c44f98f64f2735be3cde5]), partition=RANGE (key) PARTITION 536870910 <= VALUES < 626349395
I20260710 11:02:09.611147  6999 data_dirs.cc:400] Could only allocate 1 dirs of requested 3 for tablet c4e965419c2d4ea5a29f1633c963a239. 1 dirs total, 0 dirs full, 0 dirs failed
I20260710 11:02:09.613157  6854 tablet_service.cc:1511] Processing CreateTablet for tablet 9a3f1e16700240afb4d7b80c467afebc (DEFAULT_TABLE table=test-workload [id=88f92aa3b28c44f98f64f2735be3cde5]), partition=RANGE (key) PARTITION 984263335 <= VALUES < 1073741820
I20260710 11:02:09.614511  6854 data_dirs.cc:400] Could only allocate 1 dirs of requested 3 for tablet 9a3f1e16700240afb4d7b80c467afebc. 1 dirs total, 0 dirs full, 0 dirs failed
I20260710 11:02:09.616925  6998 tablet_service.cc:1511] Processing CreateTablet for tablet b2fb18ebef7f429baed18643cdf12445 (DEFAULT_TABLE table=test-workload [id=88f92aa3b28c44f98f64f2735be3cde5]), partition=RANGE (key) PARTITION 626349395 <= VALUES < 715827880
I20260710 11:02:09.618755  6998 data_dirs.cc:400] Could only allocate 1 dirs of requested 3 for tablet b2fb18ebef7f429baed18643cdf12445. 1 dirs total, 0 dirs full, 0 dirs failed
I20260710 11:02:09.628177  6851 tablet_service.cc:1511] Processing CreateTablet for tablet 1457095671b34310926b1246836b5f45 (DEFAULT_TABLE table=test-workload [id=88f92aa3b28c44f98f64f2735be3cde5]), partition=RANGE (key) PARTITION 1073741820 <= VALUES < 1163220305
I20260710 11:02:09.629966  6851 data_dirs.cc:400] Could only allocate 1 dirs of requested 3 for tablet 1457095671b34310926b1246836b5f45. 1 dirs total, 0 dirs full, 0 dirs failed
I20260710 11:02:09.632508  6997 tablet_service.cc:1511] Processing CreateTablet for tablet c8f4f96def2d4fa1acbe41f675fc9324 (DEFAULT_TABLE table=test-workload [id=88f92aa3b28c44f98f64f2735be3cde5]), partition=RANGE (key) PARTITION 715827880 <= VALUES < 805306365
I20260710 11:02:09.639212  6891 heartbeater.cc:499] Master 127.5.155.126:44993 was elected leader, sending a full tablet report...
I20260710 11:02:09.639281  7057 raft_consensus.cc:493] T 09c3c0818c9e4a4ba1d57dc8a06219d1 P f5a2fbfcd1274e5f82bcb03ef516015c [term 0 FOLLOWER]: Starting pre-election (no leader contacted us within the election timeout)
I20260710 11:02:09.641664  6997 data_dirs.cc:400] Could only allocate 1 dirs of requested 3 for tablet c8f4f96def2d4fa1acbe41f675fc9324. 1 dirs total, 0 dirs full, 0 dirs failed
I20260710 11:02:09.644498  6996 tablet_service.cc:1511] Processing CreateTablet for tablet a82c55f1fbbc40dabcae19c209db44cb (DEFAULT_TABLE table=test-workload [id=88f92aa3b28c44f98f64f2735be3cde5]), partition=RANGE (key) PARTITION 805306365 <= VALUES < 894784850
I20260710 11:02:09.646377  6996 data_dirs.cc:400] Could only allocate 1 dirs of requested 3 for tablet a82c55f1fbbc40dabcae19c209db44cb. 1 dirs total, 0 dirs full, 0 dirs failed
I20260710 11:02:09.646749  7057 raft_consensus.cc:515] T 09c3c0818c9e4a4ba1d57dc8a06219d1 P f5a2fbfcd1274e5f82bcb03ef516015c [term 0 FOLLOWER]: Starting pre-election with config: opid_index: -1 OBSOLETE_local: false peers { permanent_uuid: "f5a2fbfcd1274e5f82bcb03ef516015c" member_type: VOTER last_known_addr { host: "127.5.155.65" port: 36717 } } peers { permanent_uuid: "d988af968793473d80a8b440af3c9419" member_type: VOTER last_known_addr { host: "127.5.155.66" port: 36687 } } peers { permanent_uuid: "a4e9ddbbe55a4adda67031af4482bfde" member_type: VOTER last_known_addr { host: "127.5.155.67" port: 34725 } }
I20260710 11:02:09.649716  7057 leader_election.cc:290] T 09c3c0818c9e4a4ba1d57dc8a06219d1 P f5a2fbfcd1274e5f82bcb03ef516015c [CANDIDATE]: Term 1 pre-election: Requested pre-vote from peers d988af968793473d80a8b440af3c9419 (127.5.155.66:36687), a4e9ddbbe55a4adda67031af4482bfde (127.5.155.67:34725)
I20260710 11:02:09.665117  6856 tablet_service.cc:1511] Processing CreateTablet for tablet 6cb520afad224f86a40620af13da281b (DEFAULT_TABLE table=test-workload [id=88f92aa3b28c44f98f64f2735be3cde5]), partition=RANGE (key) PARTITION 1163220305 <= VALUES < 1252698790
I20260710 11:02:09.666445  6856 data_dirs.cc:400] Could only allocate 1 dirs of requested 3 for tablet 6cb520afad224f86a40620af13da281b. 1 dirs total, 0 dirs full, 0 dirs failed
I20260710 11:02:09.692739  7059 tablet_bootstrap.cc:492] T b29d1a7290484e87b8fa46ff848042e4 P a4e9ddbbe55a4adda67031af4482bfde: Bootstrap starting.
I20260710 11:02:09.700961  7059 tablet_bootstrap.cc:654] T b29d1a7290484e87b8fa46ff848042e4 P a4e9ddbbe55a4adda67031af4482bfde: Neither blocks nor log segments found. Creating new log.
I20260710 11:02:09.709373  7000 tablet_service.cc:1511] Processing CreateTablet for tablet 6cb520afad224f86a40620af13da281b (DEFAULT_TABLE table=test-workload [id=88f92aa3b28c44f98f64f2735be3cde5]), partition=RANGE (key) PARTITION 1163220305 <= VALUES < 1252698790
I20260710 11:02:09.694609  7005 tablet_service.cc:1511] Processing CreateTablet for tablet 9a3f1e16700240afb4d7b80c467afebc (DEFAULT_TABLE table=test-workload [id=88f92aa3b28c44f98f64f2735be3cde5]), partition=RANGE (key) PARTITION 984263335 <= VALUES < 1073741820
I20260710 11:02:09.713773  7055 ts_tablet_manager.cc:1434] T 09c3c0818c9e4a4ba1d57dc8a06219d1 P f5a2fbfcd1274e5f82bcb03ef516015c: Time spent starting tablet: real 0.235s	user 0.041s	sys 0.087s
I20260710 11:02:09.714921  7055 tablet_bootstrap.cc:492] T c4e965419c2d4ea5a29f1633c963a239 P f5a2fbfcd1274e5f82bcb03ef516015c: Bootstrap starting.
I20260710 11:02:09.723388  7000 data_dirs.cc:400] Could only allocate 1 dirs of requested 3 for tablet 6cb520afad224f86a40620af13da281b. 1 dirs total, 0 dirs full, 0 dirs failed
I20260710 11:02:09.728664  7061 tablet_bootstrap.cc:492] T b29d1a7290484e87b8fa46ff848042e4 P d988af968793473d80a8b440af3c9419: Bootstrap starting.
I20260710 11:02:09.728174  7004 tablet_service.cc:1511] Processing CreateTablet for tablet 6557e1c1e6c24b2387a7c1173a4df8ea (DEFAULT_TABLE table=test-workload [id=88f92aa3b28c44f98f64f2735be3cde5]), partition=RANGE (key) PARTITION 894784850 <= VALUES < 984263335
I20260710 11:02:09.732807  7003 tablet_service.cc:1511] Processing CreateTablet for tablet 1457095671b34310926b1246836b5f45 (DEFAULT_TABLE table=test-workload [id=88f92aa3b28c44f98f64f2735be3cde5]), partition=RANGE (key) PARTITION 1073741820 <= VALUES < 1163220305
I20260710 11:02:09.732949  6927 tablet_service.cc:1511] Processing CreateTablet for tablet 6557e1c1e6c24b2387a7c1173a4df8ea (DEFAULT_TABLE table=test-workload [id=88f92aa3b28c44f98f64f2735be3cde5]), partition=RANGE (key) PARTITION 894784850 <= VALUES < 984263335
I20260710 11:02:09.734930  7005 data_dirs.cc:400] Could only allocate 1 dirs of requested 3 for tablet 9a3f1e16700240afb4d7b80c467afebc. 1 dirs total, 0 dirs full, 0 dirs failed
I20260710 11:02:09.737547  7004 data_dirs.cc:400] Could only allocate 1 dirs of requested 3 for tablet 6557e1c1e6c24b2387a7c1173a4df8ea. 1 dirs total, 0 dirs full, 0 dirs failed
I20260710 11:02:09.740551  6853 tablet_service.cc:1511] Processing CreateTablet for tablet f6f7199f748a45588ad628fbbc43a840 (DEFAULT_TABLE table=test-workload [id=88f92aa3b28c44f98f64f2735be3cde5]), partition=RANGE (key) PARTITION 1252698790 <= VALUES < 1342177275
I20260710 11:02:09.741475  7003 data_dirs.cc:400] Could only allocate 1 dirs of requested 3 for tablet 1457095671b34310926b1246836b5f45. 1 dirs total, 0 dirs full, 0 dirs failed
I20260710 11:02:09.741731  7055 tablet_bootstrap.cc:654] T c4e965419c2d4ea5a29f1633c963a239 P f5a2fbfcd1274e5f82bcb03ef516015c: Neither blocks nor log segments found. Creating new log.
I20260710 11:02:09.741808  6853 data_dirs.cc:400] Could only allocate 1 dirs of requested 3 for tablet f6f7199f748a45588ad628fbbc43a840. 1 dirs total, 0 dirs full, 0 dirs failed
I20260710 11:02:09.746938  6927 data_dirs.cc:400] Could only allocate 1 dirs of requested 3 for tablet 6557e1c1e6c24b2387a7c1173a4df8ea. 1 dirs total, 0 dirs full, 0 dirs failed
I20260710 11:02:09.750020  6931 tablet_service.cc:1511] Processing CreateTablet for tablet 9a3f1e16700240afb4d7b80c467afebc (DEFAULT_TABLE table=test-workload [id=88f92aa3b28c44f98f64f2735be3cde5]), partition=RANGE (key) PARTITION 984263335 <= VALUES < 1073741820
I20260710 11:02:09.756887  6999 tablet_service.cc:1511] Processing CreateTablet for tablet f6f7199f748a45588ad628fbbc43a840 (DEFAULT_TABLE table=test-workload [id=88f92aa3b28c44f98f64f2735be3cde5]), partition=RANGE (key) PARTITION 1252698790 <= VALUES < 1342177275
I20260710 11:02:09.758229  6999 data_dirs.cc:400] Could only allocate 1 dirs of requested 3 for tablet f6f7199f748a45588ad628fbbc43a840. 1 dirs total, 0 dirs full, 0 dirs failed
I20260710 11:02:09.772460  6856 tablet_service.cc:1511] Processing CreateTablet for tablet 42e6575e984a4d83ace7942cab9291fa (DEFAULT_TABLE table=test-workload [id=88f92aa3b28c44f98f64f2735be3cde5]), partition=RANGE (key) PARTITION 1342177275 <= VALUES < 1431655760
I20260710 11:02:09.775827  6930 tablet_service.cc:1511] Processing CreateTablet for tablet 6cb520afad224f86a40620af13da281b (DEFAULT_TABLE table=test-workload [id=88f92aa3b28c44f98f64f2735be3cde5]), partition=RANGE (key) PARTITION 1163220305 <= VALUES < 1252698790
I20260710 11:02:09.777100  6930 data_dirs.cc:400] Could only allocate 1 dirs of requested 3 for tablet 6cb520afad224f86a40620af13da281b. 1 dirs total, 0 dirs full, 0 dirs failed
I20260710 11:02:09.762748  6924 tablet_service.cc:1511] Processing CreateTablet for tablet 1457095671b34310926b1246836b5f45 (DEFAULT_TABLE table=test-workload [id=88f92aa3b28c44f98f64f2735be3cde5]), partition=RANGE (key) PARTITION 1073741820 <= VALUES < 1163220305
I20260710 11:02:09.779282  6924 data_dirs.cc:400] Could only allocate 1 dirs of requested 3 for tablet 1457095671b34310926b1246836b5f45. 1 dirs total, 0 dirs full, 0 dirs failed
I20260710 11:02:09.780342  6928 tablet_service.cc:1511] Processing CreateTablet for tablet f6f7199f748a45588ad628fbbc43a840 (DEFAULT_TABLE table=test-workload [id=88f92aa3b28c44f98f64f2735be3cde5]), partition=RANGE (key) PARTITION 1252698790 <= VALUES < 1342177275
I20260710 11:02:09.781534  6928 data_dirs.cc:400] Could only allocate 1 dirs of requested 3 for tablet f6f7199f748a45588ad628fbbc43a840. 1 dirs total, 0 dirs full, 0 dirs failed
I20260710 11:02:09.779975  6856 data_dirs.cc:400] Could only allocate 1 dirs of requested 3 for tablet 42e6575e984a4d83ace7942cab9291fa. 1 dirs total, 0 dirs full, 0 dirs failed
I20260710 11:02:09.775471  7059 tablet_bootstrap.cc:492] T b29d1a7290484e87b8fa46ff848042e4 P a4e9ddbbe55a4adda67031af4482bfde: No bootstrap required, opened a new log
I20260710 11:02:09.783880  7059 ts_tablet_manager.cc:1403] T b29d1a7290484e87b8fa46ff848042e4 P a4e9ddbbe55a4adda67031af4482bfde: Time spent bootstrapping tablet: real 0.091s	user 0.007s	sys 0.006s
I20260710 11:02:09.789744  6923 tablet_service.cc:1511] Processing CreateTablet for tablet 42e6575e984a4d83ace7942cab9291fa (DEFAULT_TABLE table=test-workload [id=88f92aa3b28c44f98f64f2735be3cde5]), partition=RANGE (key) PARTITION 1342177275 <= VALUES < 1431655760
I20260710 11:02:09.783056  6931 data_dirs.cc:400] Could only allocate 1 dirs of requested 3 for tablet 9a3f1e16700240afb4d7b80c467afebc. 1 dirs total, 0 dirs full, 0 dirs failed
I20260710 11:02:09.773149  7061 tablet_bootstrap.cc:654] T b29d1a7290484e87b8fa46ff848042e4 P d988af968793473d80a8b440af3c9419: Neither blocks nor log segments found. Creating new log.
I20260710 11:02:09.798962  7002 tablet_service.cc:1511] Processing CreateTablet for tablet 42e6575e984a4d83ace7942cab9291fa (DEFAULT_TABLE table=test-workload [id=88f92aa3b28c44f98f64f2735be3cde5]), partition=RANGE (key) PARTITION 1342177275 <= VALUES < 1431655760
I20260710 11:02:09.799437  6854 tablet_service.cc:1511] Processing CreateTablet for tablet 3719e5659d154881923e8be09abf145d (DEFAULT_TABLE table=test-workload [id=88f92aa3b28c44f98f64f2735be3cde5]), partition=RANGE (key) PARTITION 1431655760 <= VALUES < 1521134245
I20260710 11:02:09.800009  6923 data_dirs.cc:400] Could only allocate 1 dirs of requested 3 for tablet 42e6575e984a4d83ace7942cab9291fa. 1 dirs total, 0 dirs full, 0 dirs failed
I20260710 11:02:09.800329  7002 data_dirs.cc:400] Could only allocate 1 dirs of requested 3 for tablet 42e6575e984a4d83ace7942cab9291fa. 1 dirs total, 0 dirs full, 0 dirs failed
I20260710 11:02:09.800690  6854 data_dirs.cc:400] Could only allocate 1 dirs of requested 3 for tablet 3719e5659d154881923e8be09abf145d. 1 dirs total, 0 dirs full, 0 dirs failed
I20260710 11:02:09.789776  7059 raft_consensus.cc:359] T b29d1a7290484e87b8fa46ff848042e4 P a4e9ddbbe55a4adda67031af4482bfde [term 0 FOLLOWER]: Replica starting. Triggering 0 pending ops. Active config: opid_index: -1 OBSOLETE_local: false peers { permanent_uuid: "f5a2fbfcd1274e5f82bcb03ef516015c" member_type: VOTER last_known_addr { host: "127.5.155.65" port: 36717 } } peers { permanent_uuid: "d988af968793473d80a8b440af3c9419" member_type: VOTER last_known_addr { host: "127.5.155.66" port: 36687 } } peers { permanent_uuid: "a4e9ddbbe55a4adda67031af4482bfde" member_type: VOTER last_known_addr { host: "127.5.155.67" port: 34725 } }
I20260710 11:02:09.807868  7059 raft_consensus.cc:385] T b29d1a7290484e87b8fa46ff848042e4 P a4e9ddbbe55a4adda67031af4482bfde [term 0 FOLLOWER]: Consensus starting up: Expiring failure detector timer to make a prompt election more likely
I20260710 11:02:09.808207  7059 raft_consensus.cc:740] T b29d1a7290484e87b8fa46ff848042e4 P a4e9ddbbe55a4adda67031af4482bfde [term 0 FOLLOWER]: Becoming Follower/Learner. State: Replica: a4e9ddbbe55a4adda67031af4482bfde, State: Initialized, Role: FOLLOWER
I20260710 11:02:09.809068  7059 consensus_queue.cc:260] T b29d1a7290484e87b8fa46ff848042e4 P a4e9ddbbe55a4adda67031af4482bfde [NON_LEADER]: Queue going to NON_LEADER mode. State: All replicated index: 0, Majority replicated index: 0, Committed index: 0, Last appended: 0.0, Last appended by leader: 0, Current term: 0, Majority size: -1, State: 0, Mode: NON_LEADER, active raft config: opid_index: -1 OBSOLETE_local: false peers { permanent_uuid: "f5a2fbfcd1274e5f82bcb03ef516015c" member_type: VOTER last_known_addr { host: "127.5.155.65" port: 36717 } } peers { permanent_uuid: "d988af968793473d80a8b440af3c9419" member_type: VOTER last_known_addr { host: "127.5.155.66" port: 36687 } } peers { permanent_uuid: "a4e9ddbbe55a4adda67031af4482bfde" member_type: VOTER last_known_addr { host: "127.5.155.67" port: 34725 } }
I20260710 11:02:09.813905  6925 tablet_service.cc:1511] Processing CreateTablet for tablet 3719e5659d154881923e8be09abf145d (DEFAULT_TABLE table=test-workload [id=88f92aa3b28c44f98f64f2735be3cde5]), partition=RANGE (key) PARTITION 1431655760 <= VALUES < 1521134245
I20260710 11:02:09.824899  7003 tablet_service.cc:1511] Processing CreateTablet for tablet 3719e5659d154881923e8be09abf145d (DEFAULT_TABLE table=test-workload [id=88f92aa3b28c44f98f64f2735be3cde5]), partition=RANGE (key) PARTITION 1431655760 <= VALUES < 1521134245
I20260710 11:02:09.826723  7003 data_dirs.cc:400] Could only allocate 1 dirs of requested 3 for tablet 3719e5659d154881923e8be09abf145d. 1 dirs total, 0 dirs full, 0 dirs failed
I20260710 11:02:09.870359  6925 data_dirs.cc:400] Could only allocate 1 dirs of requested 3 for tablet 3719e5659d154881923e8be09abf145d. 1 dirs total, 0 dirs full, 0 dirs failed
W20260710 11:02:09.883338  6812 auto_rebalancer.cc:288] Could not retrieve cluster info: Service unavailable: Tablet not running
I20260710 11:02:09.888623  7055 tablet_bootstrap.cc:492] T c4e965419c2d4ea5a29f1633c963a239 P f5a2fbfcd1274e5f82bcb03ef516015c: No bootstrap required, opened a new log
I20260710 11:02:09.898886  7055 ts_tablet_manager.cc:1403] T c4e965419c2d4ea5a29f1633c963a239 P f5a2fbfcd1274e5f82bcb03ef516015c: Time spent bootstrapping tablet: real 0.184s	user 0.019s	sys 0.014s
I20260710 11:02:09.903988  7061 tablet_bootstrap.cc:492] T b29d1a7290484e87b8fa46ff848042e4 P d988af968793473d80a8b440af3c9419: No bootstrap required, opened a new log
I20260710 11:02:09.906606  7061 ts_tablet_manager.cc:1403] T b29d1a7290484e87b8fa46ff848042e4 P d988af968793473d80a8b440af3c9419: Time spent bootstrapping tablet: real 0.178s	user 0.009s	sys 0.010s
I20260710 11:02:09.908830  7055 raft_consensus.cc:359] T c4e965419c2d4ea5a29f1633c963a239 P f5a2fbfcd1274e5f82bcb03ef516015c [term 0 FOLLOWER]: Replica starting. Triggering 0 pending ops. Active config: opid_index: -1 OBSOLETE_local: false peers { permanent_uuid: "f5a2fbfcd1274e5f82bcb03ef516015c" member_type: VOTER last_known_addr { host: "127.5.155.65" port: 36717 } } peers { permanent_uuid: "d988af968793473d80a8b440af3c9419" member_type: VOTER last_known_addr { host: "127.5.155.66" port: 36687 } } peers { permanent_uuid: "a4e9ddbbe55a4adda67031af4482bfde" member_type: VOTER last_known_addr { host: "127.5.155.67" port: 34725 } }
I20260710 11:02:09.909598  7055 raft_consensus.cc:385] T c4e965419c2d4ea5a29f1633c963a239 P f5a2fbfcd1274e5f82bcb03ef516015c [term 0 FOLLOWER]: Consensus starting up: Expiring failure detector timer to make a prompt election more likely
I20260710 11:02:09.910012  7055 raft_consensus.cc:740] T c4e965419c2d4ea5a29f1633c963a239 P f5a2fbfcd1274e5f82bcb03ef516015c [term 0 FOLLOWER]: Becoming Follower/Learner. State: Replica: f5a2fbfcd1274e5f82bcb03ef516015c, State: Initialized, Role: FOLLOWER
I20260710 11:02:09.909628  7061 raft_consensus.cc:359] T b29d1a7290484e87b8fa46ff848042e4 P d988af968793473d80a8b440af3c9419 [term 0 FOLLOWER]: Replica starting. Triggering 0 pending ops. Active config: opid_index: -1 OBSOLETE_local: false peers { permanent_uuid: "f5a2fbfcd1274e5f82bcb03ef516015c" member_type: VOTER last_known_addr { host: "127.5.155.65" port: 36717 } } peers { permanent_uuid: "d988af968793473d80a8b440af3c9419" member_type: VOTER last_known_addr { host: "127.5.155.66" port: 36687 } } peers { permanent_uuid: "a4e9ddbbe55a4adda67031af4482bfde" member_type: VOTER last_known_addr { host: "127.5.155.67" port: 34725 } }
I20260710 11:02:09.911347  7061 raft_consensus.cc:385] T b29d1a7290484e87b8fa46ff848042e4 P d988af968793473d80a8b440af3c9419 [term 0 FOLLOWER]: Consensus starting up: Expiring failure detector timer to make a prompt election more likely
I20260710 11:02:09.918256  7061 raft_consensus.cc:740] T b29d1a7290484e87b8fa46ff848042e4 P d988af968793473d80a8b440af3c9419 [term 0 FOLLOWER]: Becoming Follower/Learner. State: Replica: d988af968793473d80a8b440af3c9419, State: Initialized, Role: FOLLOWER
I20260710 11:02:09.919891  7055 consensus_queue.cc:260] T c4e965419c2d4ea5a29f1633c963a239 P f5a2fbfcd1274e5f82bcb03ef516015c [NON_LEADER]: Queue going to NON_LEADER mode. State: All replicated index: 0, Majority replicated index: 0, Committed index: 0, Last appended: 0.0, Last appended by leader: 0, Current term: 0, Majority size: -1, State: 0, Mode: NON_LEADER, active raft config: opid_index: -1 OBSOLETE_local: false peers { permanent_uuid: "f5a2fbfcd1274e5f82bcb03ef516015c" member_type: VOTER last_known_addr { host: "127.5.155.65" port: 36717 } } peers { permanent_uuid: "d988af968793473d80a8b440af3c9419" member_type: VOTER last_known_addr { host: "127.5.155.66" port: 36687 } } peers { permanent_uuid: "a4e9ddbbe55a4adda67031af4482bfde" member_type: VOTER last_known_addr { host: "127.5.155.67" port: 34725 } }
I20260710 11:02:09.920794  7061 consensus_queue.cc:260] T b29d1a7290484e87b8fa46ff848042e4 P d988af968793473d80a8b440af3c9419 [NON_LEADER]: Queue going to NON_LEADER mode. State: All replicated index: 0, Majority replicated index: 0, Committed index: 0, Last appended: 0.0, Last appended by leader: 0, Current term: 0, Majority size: -1, State: 0, Mode: NON_LEADER, active raft config: opid_index: -1 OBSOLETE_local: false peers { permanent_uuid: "f5a2fbfcd1274e5f82bcb03ef516015c" member_type: VOTER last_known_addr { host: "127.5.155.65" port: 36717 } } peers { permanent_uuid: "d988af968793473d80a8b440af3c9419" member_type: VOTER last_known_addr { host: "127.5.155.66" port: 36687 } } peers { permanent_uuid: "a4e9ddbbe55a4adda67031af4482bfde" member_type: VOTER last_known_addr { host: "127.5.155.67" port: 34725 } }
I20260710 11:02:09.921446  6853 tablet_service.cc:1511] Processing CreateTablet for tablet f901fa0ba9224614993275f456696ce1 (DEFAULT_TABLE table=test-workload [id=88f92aa3b28c44f98f64f2735be3cde5]), partition=RANGE (key) PARTITION 1610612730 <= VALUES < 1700091215
I20260710 11:02:09.922803  6853 data_dirs.cc:400] Could only allocate 1 dirs of requested 3 for tablet f901fa0ba9224614993275f456696ce1. 1 dirs total, 0 dirs full, 0 dirs failed
I20260710 11:02:09.922876  6851 tablet_service.cc:1511] Processing CreateTablet for tablet 650b1b90fe9b4145b8c336458aa3f9e3 (DEFAULT_TABLE table=test-workload [id=88f92aa3b28c44f98f64f2735be3cde5]), partition=RANGE (key) PARTITION 1521134245 <= VALUES < 1610612730
I20260710 11:02:09.937503  6929 tablet_service.cc:1511] Processing CreateTablet for tablet 650b1b90fe9b4145b8c336458aa3f9e3 (DEFAULT_TABLE table=test-workload [id=88f92aa3b28c44f98f64f2735be3cde5]), partition=RANGE (key) PARTITION 1521134245 <= VALUES < 1610612730
I20260710 11:02:09.937721  7059 ts_tablet_manager.cc:1434] T b29d1a7290484e87b8fa46ff848042e4 P a4e9ddbbe55a4adda67031af4482bfde: Time spent starting tablet: real 0.153s	user 0.011s	sys 0.002s
I20260710 11:02:09.938720  6929 data_dirs.cc:400] Could only allocate 1 dirs of requested 3 for tablet 650b1b90fe9b4145b8c336458aa3f9e3. 1 dirs total, 0 dirs full, 0 dirs failed
I20260710 11:02:09.938720  6851 data_dirs.cc:400] Could only allocate 1 dirs of requested 3 for tablet 650b1b90fe9b4145b8c336458aa3f9e3. 1 dirs total, 0 dirs full, 0 dirs failed
I20260710 11:02:09.942382  7040 heartbeater.cc:499] Master 127.5.155.126:44993 was elected leader, sending a full tablet report...
