I20260710 11:02:34.099709 28666 consensus_queue.cc:1048] T ffba8e658c4a44f1afd81971820c8430 P 54d753f23c89417a82cf4e7b27958253 [LEADER]: Connected to new peer: Peer: permanent_uuid: "df11a662340a4878a82318f2b14a5f9f" member_type: VOTER last_known_addr { host: "127.26.23.66" port: 35401 }, Status: LMP_MISMATCH, Last received: 0.0, Next index: 5, Last known committed idx: 4, Time since last communication: 0.001s
I20260710 11:02:34.258213 27829 raft_consensus.cc:1275] T 47907008b58f47f5b45855baaa3ef946 P 1060f8fb1e7840d5a5519266537f8a31 [term 2 FOLLOWER]: Refusing update from remote peer 54d753f23c89417a82cf4e7b27958253: Log matching property violated. Preceding OpId in replica: term: 1 index: 4. Preceding OpId from leader: term: 2 index: 5. (index mismatch)
I20260710 11:02:34.259684 28647 consensus_queue.cc:1048] T 47907008b58f47f5b45855baaa3ef946 P 54d753f23c89417a82cf4e7b27958253 [LEADER]: Connected to new peer: Peer: permanent_uuid: "1060f8fb1e7840d5a5519266537f8a31" member_type: VOTER last_known_addr { host: "127.26.23.65" port: 44067 }, Status: LMP_MISMATCH, Last received: 0.0, Next index: 5, Last known committed idx: 4, Time since last communication: 0.000s
I20260710 11:02:34.269156 27979 raft_consensus.cc:1275] T 47907008b58f47f5b45855baaa3ef946 P c777e52fa65e484f8125533ded369908 [term 2 FOLLOWER]: Refusing update from remote peer 54d753f23c89417a82cf4e7b27958253: Log matching property violated. Preceding OpId in replica: term: 1 index: 4. Preceding OpId from leader: term: 2 index: 5. (index mismatch)
I20260710 11:02:34.271411 28646 consensus_queue.cc:1048] T 47907008b58f47f5b45855baaa3ef946 P 54d753f23c89417a82cf4e7b27958253 [LEADER]: Connected to new peer: Peer: permanent_uuid: "c777e52fa65e484f8125533ded369908" member_type: VOTER last_known_addr { host: "127.26.23.67" port: 38421 }, Status: LMP_MISMATCH, Last received: 0.0, Next index: 5, Last known committed idx: 4, Time since last communication: 0.000s
I20260710 11:02:34.309132 27829 raft_consensus.cc:1275] T 174f1b82c44443119a8b2f3d46261cd2 P 1060f8fb1e7840d5a5519266537f8a31 [term 2 FOLLOWER]: Refusing update from remote peer 54d753f23c89417a82cf4e7b27958253: Log matching property violated. Preceding OpId in replica: term: 1 index: 4. Preceding OpId from leader: term: 2 index: 5. (index mismatch)
I20260710 11:02:34.310568 28646 consensus_queue.cc:1048] T 174f1b82c44443119a8b2f3d46261cd2 P 54d753f23c89417a82cf4e7b27958253 [LEADER]: Connected to new peer: Peer: permanent_uuid: "1060f8fb1e7840d5a5519266537f8a31" member_type: VOTER last_known_addr { host: "127.26.23.65" port: 44067 }, Status: LMP_MISMATCH, Last received: 0.0, Next index: 5, Last known committed idx: 4, Time since last communication: 0.000s
I20260710 11:02:34.319551 27979 raft_consensus.cc:1275] T 174f1b82c44443119a8b2f3d46261cd2 P c777e52fa65e484f8125533ded369908 [term 2 FOLLOWER]: Refusing update from remote peer 54d753f23c89417a82cf4e7b27958253: Log matching property violated. Preceding OpId in replica: term: 1 index: 4. Preceding OpId from leader: term: 2 index: 5. (index mismatch)
I20260710 11:02:34.321322 28647 consensus_queue.cc:1048] T 174f1b82c44443119a8b2f3d46261cd2 P 54d753f23c89417a82cf4e7b27958253 [LEADER]: Connected to new peer: Peer: permanent_uuid: "c777e52fa65e484f8125533ded369908" member_type: VOTER last_known_addr { host: "127.26.23.67" port: 38421 }, Status: LMP_MISMATCH, Last received: 0.0, Next index: 5, Last known committed idx: 4, Time since last communication: 0.000s
I20260710 11:02:34.335083 27829 raft_consensus.cc:1275] T 293b1acd9d224d31adb2c550180ae71e P 1060f8fb1e7840d5a5519266537f8a31 [term 2 FOLLOWER]: Refusing update from remote peer c777e52fa65e484f8125533ded369908: Log matching property violated. Preceding OpId in replica: term: 1 index: 1. Preceding OpId from leader: term: 2 index: 2. (index mismatch)
I20260710 11:02:34.336624 28654 consensus_queue.cc:1048] T 293b1acd9d224d31adb2c550180ae71e P c777e52fa65e484f8125533ded369908 [LEADER]: Connected to new peer: Peer: permanent_uuid: "1060f8fb1e7840d5a5519266537f8a31" member_type: VOTER last_known_addr { host: "127.26.23.65" port: 44067 }, Status: LMP_MISMATCH, Last received: 0.0, Next index: 2, Last known committed idx: 1, Time since last communication: 0.000s
I20260710 11:02:34.347559 27907 raft_consensus.cc:1275] T 293b1acd9d224d31adb2c550180ae71e P df11a662340a4878a82318f2b14a5f9f [term 2 FOLLOWER]: Refusing update from remote peer c777e52fa65e484f8125533ded369908: Log matching property violated. Preceding OpId in replica: term: 1 index: 1. Preceding OpId from leader: term: 2 index: 2. (index mismatch)
I20260710 11:02:34.348941 28638 consensus_queue.cc:1048] T 293b1acd9d224d31adb2c550180ae71e P c777e52fa65e484f8125533ded369908 [LEADER]: Connected to new peer: Peer: permanent_uuid: "df11a662340a4878a82318f2b14a5f9f" member_type: VOTER last_known_addr { host: "127.26.23.66" port: 35401 }, Status: LMP_MISMATCH, Last received: 0.0, Next index: 2, Last known committed idx: 1, Time since last communication: 0.000s
I20260710 11:02:34.386535 26717 auto_leader_rebalancer.cc:141] leader rebalance for table test-workload
I20260710 11:02:34.402688 26717 auto_leader_rebalancer.cc:141] leader rebalance for table test-workload
I20260710 11:02:34.417276 27979 tablet_service.cc:2072] Received LeaderStepDown RPC: tablet_id: "ba0412d296f84ab788733a69c3bccf07"
dest_uuid: "c777e52fa65e484f8125533ded369908"
mode: GRACEFUL
new_leader_uuid: "1060f8fb1e7840d5a5519266537f8a31"
 from {username='slave'} at 127.0.0.1:46592
I20260710 11:02:34.417938 27979 raft_consensus.cc:606] T ba0412d296f84ab788733a69c3bccf07 P c777e52fa65e484f8125533ded369908 [term 1 LEADER]: Received request to transfer leadership to TS 1060f8fb1e7840d5a5519266537f8a31
I20260710 11:02:34.419236 26717 auto_leader_rebalancer.cc:452] table: test-workload, leader rebalance finish, leader transfer count: 1
I20260710 11:02:34.419883 26717 auto_leader_rebalancer.cc:527] All tables' leader rebalancing finished this round
I20260710 11:02:34.483237 27907 raft_consensus.cc:1275] T d884ecbf087b49ff9d3e73e172088410 P df11a662340a4878a82318f2b14a5f9f [term 2 FOLLOWER]: Refusing update from remote peer 54d753f23c89417a82cf4e7b27958253: Log matching property violated. Preceding OpId in replica: term: 1 index: 4. Preceding OpId from leader: term: 2 index: 5. (index mismatch)
I20260710 11:02:34.484380 28647 consensus_queue.cc:1048] T d884ecbf087b49ff9d3e73e172088410 P 54d753f23c89417a82cf4e7b27958253 [LEADER]: Connected to new peer: Peer: permanent_uuid: "df11a662340a4878a82318f2b14a5f9f" member_type: VOTER last_known_addr { host: "127.26.23.66" port: 35401 }, Status: LMP_MISMATCH, Last received: 0.0, Next index: 5, Last known committed idx: 4, Time since last communication: 0.000s
I20260710 11:02:34.493235 27979 raft_consensus.cc:1275] T d884ecbf087b49ff9d3e73e172088410 P c777e52fa65e484f8125533ded369908 [term 2 FOLLOWER]: Refusing update from remote peer 54d753f23c89417a82cf4e7b27958253: Log matching property violated. Preceding OpId in replica: term: 1 index: 4. Preceding OpId from leader: term: 2 index: 5. (index mismatch)
I20260710 11:02:34.494990 28666 consensus_queue.cc:1048] T d884ecbf087b49ff9d3e73e172088410 P 54d753f23c89417a82cf4e7b27958253 [LEADER]: Connected to new peer: Peer: permanent_uuid: "c777e52fa65e484f8125533ded369908" member_type: VOTER last_known_addr { host: "127.26.23.67" port: 38421 }, Status: LMP_MISMATCH, Last received: 0.0, Next index: 5, Last known committed idx: 4, Time since last communication: 0.000s
I20260710 11:02:34.691264 28638 raft_consensus.cc:993] T ba0412d296f84ab788733a69c3bccf07 P c777e52fa65e484f8125533ded369908: : Instructing follower 1060f8fb1e7840d5a5519266537f8a31 to start an election
I20260710 11:02:34.691846 28655 raft_consensus.cc:1081] T ba0412d296f84ab788733a69c3bccf07 P c777e52fa65e484f8125533ded369908 [term 1 LEADER]: Signalling peer 1060f8fb1e7840d5a5519266537f8a31 to start an election
I20260710 11:02:34.693351 27829 tablet_service.cc:2044] Received Run Leader Election RPC: tablet_id: "ba0412d296f84ab788733a69c3bccf07"
dest_uuid: "1060f8fb1e7840d5a5519266537f8a31"
 from {username='slave'} at 127.0.0.1:42098
I20260710 11:02:34.693846 27829 raft_consensus.cc:493] T ba0412d296f84ab788733a69c3bccf07 P 1060f8fb1e7840d5a5519266537f8a31 [term 1 FOLLOWER]: Starting forced leader election (received explicit request)
I20260710 11:02:34.694237 27829 raft_consensus.cc:3060] T ba0412d296f84ab788733a69c3bccf07 P 1060f8fb1e7840d5a5519266537f8a31 [term 1 FOLLOWER]: Advancing to term 2
I20260710 11:02:34.699033 27829 raft_consensus.cc:515] T ba0412d296f84ab788733a69c3bccf07 P 1060f8fb1e7840d5a5519266537f8a31 [term 2 FOLLOWER]: Starting forced leader election with config: opid_index: -1 OBSOLETE_local: false peers { permanent_uuid: "1060f8fb1e7840d5a5519266537f8a31" member_type: VOTER last_known_addr { host: "127.26.23.65" port: 44067 } } peers { permanent_uuid: "df11a662340a4878a82318f2b14a5f9f" member_type: VOTER last_known_addr { host: "127.26.23.66" port: 35401 } } peers { permanent_uuid: "c777e52fa65e484f8125533ded369908" member_type: VOTER last_known_addr { host: "127.26.23.67" port: 38421 } }
I20260710 11:02:34.700614 27829 leader_election.cc:290] T ba0412d296f84ab788733a69c3bccf07 P 1060f8fb1e7840d5a5519266537f8a31 [CANDIDATE]: Term 2 election: Requested vote from peers df11a662340a4878a82318f2b14a5f9f (127.26.23.66:35401), c777e52fa65e484f8125533ded369908 (127.26.23.67:38421)
I20260710 11:02:34.701313 27907 tablet_service.cc:1917] Received RequestConsensusVote() RPC: tablet_id: "ba0412d296f84ab788733a69c3bccf07" candidate_uuid: "1060f8fb1e7840d5a5519266537f8a31" candidate_term: 2 candidate_status { last_received { term: 1 index: 1 } } ignore_live_leader: true dest_uuid: "df11a662340a4878a82318f2b14a5f9f"
I20260710 11:02:34.701594 27979 tablet_service.cc:1917] Received RequestConsensusVote() RPC: tablet_id: "ba0412d296f84ab788733a69c3bccf07" candidate_uuid: "1060f8fb1e7840d5a5519266537f8a31" candidate_term: 2 candidate_status { last_received { term: 1 index: 1 } } ignore_live_leader: true dest_uuid: "c777e52fa65e484f8125533ded369908"
I20260710 11:02:34.701871 27907 raft_consensus.cc:3060] T ba0412d296f84ab788733a69c3bccf07 P df11a662340a4878a82318f2b14a5f9f [term 1 FOLLOWER]: Advancing to term 2
I20260710 11:02:34.702281 27979 raft_consensus.cc:3055] T ba0412d296f84ab788733a69c3bccf07 P c777e52fa65e484f8125533ded369908 [term 1 LEADER]: Stepping down as leader of term 1
I20260710 11:02:34.702615 27979 raft_consensus.cc:740] T ba0412d296f84ab788733a69c3bccf07 P c777e52fa65e484f8125533ded369908 [term 1 LEADER]: Becoming Follower/Learner. State: Replica: c777e52fa65e484f8125533ded369908, State: Running, Role: LEADER
I20260710 11:02:34.703425 27979 consensus_queue.cc:260] T ba0412d296f84ab788733a69c3bccf07 P c777e52fa65e484f8125533ded369908 [NON_LEADER]: Queue going to NON_LEADER mode. State: All replicated index: 0, Majority replicated index: 1, Committed index: 1, Last appended: 1.1, Last appended by leader: 1, Current term: 1, Majority size: -1, State: 0, Mode: NON_LEADER, active raft config: opid_index: -1 OBSOLETE_local: false peers { permanent_uuid: "1060f8fb1e7840d5a5519266537f8a31" member_type: VOTER last_known_addr { host: "127.26.23.65" port: 44067 } } peers { permanent_uuid: "df11a662340a4878a82318f2b14a5f9f" member_type: VOTER last_known_addr { host: "127.26.23.66" port: 35401 } } peers { permanent_uuid: "c777e52fa65e484f8125533ded369908" member_type: VOTER last_known_addr { host: "127.26.23.67" port: 38421 } }
I20260710 11:02:34.704349 27979 raft_consensus.cc:3060] T ba0412d296f84ab788733a69c3bccf07 P c777e52fa65e484f8125533ded369908 [term 1 FOLLOWER]: Advancing to term 2
I20260710 11:02:34.706476 27907 raft_consensus.cc:2468] T ba0412d296f84ab788733a69c3bccf07 P df11a662340a4878a82318f2b14a5f9f [term 2 FOLLOWER]: Leader election vote request: Granting yes vote for candidate 1060f8fb1e7840d5a5519266537f8a31 in term 2.
I20260710 11:02:34.707473 27797 leader_election.cc:304] T ba0412d296f84ab788733a69c3bccf07 P 1060f8fb1e7840d5a5519266537f8a31 [CANDIDATE]: Term 2 election: Election decided. Result: candidate won. Election summary: received 2 responses out of 3 voters: 2 yes votes; 0 no votes. yes voters: 1060f8fb1e7840d5a5519266537f8a31, df11a662340a4878a82318f2b14a5f9f; no voters: 
I20260710 11:02:34.708103 28635 raft_consensus.cc:2804] T ba0412d296f84ab788733a69c3bccf07 P 1060f8fb1e7840d5a5519266537f8a31 [term 2 FOLLOWER]: Leader election won for term 2
I20260710 11:02:34.709163 28635 raft_consensus.cc:697] T ba0412d296f84ab788733a69c3bccf07 P 1060f8fb1e7840d5a5519266537f8a31 [term 2 LEADER]: Becoming Leader. State: Replica: 1060f8fb1e7840d5a5519266537f8a31, State: Running, Role: LEADER
I20260710 11:02:34.709720 27979 raft_consensus.cc:2468] T ba0412d296f84ab788733a69c3bccf07 P c777e52fa65e484f8125533ded369908 [term 2 FOLLOWER]: Leader election vote request: Granting yes vote for candidate 1060f8fb1e7840d5a5519266537f8a31 in term 2.
I20260710 11:02:34.710242 28635 consensus_queue.cc:237] T ba0412d296f84ab788733a69c3bccf07 P 1060f8fb1e7840d5a5519266537f8a31 [LEADER]: Queue going to LEADER mode. State: All replicated index: 0, Majority replicated index: 1, Committed index: 1, Last appended: 1.1, Last appended by leader: 1, Current term: 2, Majority size: 2, State: 0, Mode: LEADER, active raft config: opid_index: -1 OBSOLETE_local: false peers { permanent_uuid: "1060f8fb1e7840d5a5519266537f8a31" member_type: VOTER last_known_addr { host: "127.26.23.65" port: 44067 } } peers { permanent_uuid: "df11a662340a4878a82318f2b14a5f9f" member_type: VOTER last_known_addr { host: "127.26.23.66" port: 35401 } } peers { permanent_uuid: "c777e52fa65e484f8125533ded369908" member_type: VOTER last_known_addr { host: "127.26.23.67" port: 38421 } }
I20260710 11:02:34.718662 27732 catalog_manager.cc:5697] T ba0412d296f84ab788733a69c3bccf07 P 1060f8fb1e7840d5a5519266537f8a31 reported cstate change: term changed from 1 to 2, leader changed from c777e52fa65e484f8125533ded369908 (127.26.23.67) to 1060f8fb1e7840d5a5519266537f8a31 (127.26.23.65). New cstate: current_term: 2 leader_uuid: "1060f8fb1e7840d5a5519266537f8a31" committed_config { opid_index: -1 OBSOLETE_local: false peers { permanent_uuid: "1060f8fb1e7840d5a5519266537f8a31" member_type: VOTER last_known_addr { host: "127.26.23.65" port: 44067 } health_report { overall_health: HEALTHY } } peers { permanent_uuid: "df11a662340a4878a82318f2b14a5f9f" member_type: VOTER last_known_addr { host: "127.26.23.66" port: 35401 } health_report { overall_health: UNKNOWN } } peers { permanent_uuid: "c777e52fa65e484f8125533ded369908" member_type: VOTER last_known_addr { host: "127.26.23.67" port: 38421 } health_report { overall_health: UNKNOWN } } }
I20260710 11:02:35.103256 27907 raft_consensus.cc:1275] T ba0412d296f84ab788733a69c3bccf07 P df11a662340a4878a82318f2b14a5f9f [term 2 FOLLOWER]: Refusing update from remote peer 1060f8fb1e7840d5a5519266537f8a31: Log matching property violated. Preceding OpId in replica: term: 1 index: 1. Preceding OpId from leader: term: 2 index: 2. (index mismatch)
I20260710 11:02:35.104652 28677 consensus_queue.cc:1048] T ba0412d296f84ab788733a69c3bccf07 P 1060f8fb1e7840d5a5519266537f8a31 [LEADER]: Connected to new peer: Peer: permanent_uuid: "df11a662340a4878a82318f2b14a5f9f" member_type: VOTER last_known_addr { host: "127.26.23.66" port: 35401 }, Status: LMP_MISMATCH, Last received: 0.0, Next index: 2, Last known committed idx: 1, Time since last communication: 0.000s
I20260710 11:02:35.117509 27979 raft_consensus.cc:1275] T ba0412d296f84ab788733a69c3bccf07 P c777e52fa65e484f8125533ded369908 [term 2 FOLLOWER]: Refusing update from remote peer 1060f8fb1e7840d5a5519266537f8a31: Log matching property violated. Preceding OpId in replica: term: 1 index: 1. Preceding OpId from leader: term: 2 index: 2. (index mismatch)
I20260710 11:02:35.118793 28677 consensus_queue.cc:1048] T ba0412d296f84ab788733a69c3bccf07 P 1060f8fb1e7840d5a5519266537f8a31 [LEADER]: Connected to new peer: Peer: permanent_uuid: "c777e52fa65e484f8125533ded369908" member_type: VOTER last_known_addr { host: "127.26.23.67" port: 38421 }, Status: LMP_MISMATCH, Last received: 0.0, Next index: 2, Last known committed idx: 1, Time since last communication: 0.000s
I20260710 11:02:35.421252 26717 auto_leader_rebalancer.cc:141] leader rebalance for table test-workload
I20260710 11:02:35.441753 26717 auto_leader_rebalancer.cc:141] leader rebalance for table test-workload
I20260710 11:02:35.456946 27832 tablet_service.cc:2072] Received LeaderStepDown RPC: tablet_id: "dffc2448b52d4ee9b20774e149159a12"
dest_uuid: "1060f8fb1e7840d5a5519266537f8a31"
mode: GRACEFUL
new_leader_uuid: "54d753f23c89417a82cf4e7b27958253"
 from {username='slave'} at 127.0.0.1:47972
I20260710 11:02:35.457686 27832 raft_consensus.cc:606] T dffc2448b52d4ee9b20774e149159a12 P 1060f8fb1e7840d5a5519266537f8a31 [term 1 LEADER]: Received request to transfer leadership to TS 54d753f23c89417a82cf4e7b27958253
I20260710 11:02:35.459169 26717 auto_leader_rebalancer.cc:452] table: test-workload, leader rebalance finish, leader transfer count: 1
I20260710 11:02:35.459877 26717 auto_leader_rebalancer.cc:527] All tables' leader rebalancing finished this round
I20260710 11:02:35.539495 28635 raft_consensus.cc:993] T dffc2448b52d4ee9b20774e149159a12 P 1060f8fb1e7840d5a5519266537f8a31: : Instructing follower 54d753f23c89417a82cf4e7b27958253 to start an election
I20260710 11:02:35.539994 28635 raft_consensus.cc:1081] T dffc2448b52d4ee9b20774e149159a12 P 1060f8fb1e7840d5a5519266537f8a31 [term 1 LEADER]: Signalling peer 54d753f23c89417a82cf4e7b27958253 to start an election
I20260710 11:02:35.541762 28276 tablet_service.cc:2044] Received Run Leader Election RPC: tablet_id: "dffc2448b52d4ee9b20774e149159a12"
dest_uuid: "54d753f23c89417a82cf4e7b27958253"
 from {username='slave'} at 127.0.0.1:49352
I20260710 11:02:35.542380 28276 raft_consensus.cc:493] T dffc2448b52d4ee9b20774e149159a12 P 54d753f23c89417a82cf4e7b27958253 [term 1 FOLLOWER]: Starting forced leader election (received explicit request)
I20260710 11:02:35.542788 28276 raft_consensus.cc:3060] T dffc2448b52d4ee9b20774e149159a12 P 54d753f23c89417a82cf4e7b27958253 [term 1 FOLLOWER]: Advancing to term 2
I20260710 11:02:35.548893 28276 raft_consensus.cc:515] T dffc2448b52d4ee9b20774e149159a12 P 54d753f23c89417a82cf4e7b27958253 [term 2 FOLLOWER]: Starting forced leader election with config: opid_index: 4 OBSOLETE_local: false peers { permanent_uuid: "1060f8fb1e7840d5a5519266537f8a31" member_type: VOTER last_known_addr { host: "127.26.23.65" port: 44067 } } peers { permanent_uuid: "c777e52fa65e484f8125533ded369908" member_type: VOTER last_known_addr { host: "127.26.23.67" port: 38421 } } peers { permanent_uuid: "54d753f23c89417a82cf4e7b27958253" member_type: VOTER last_known_addr { host: "127.26.23.68" port: 40047 } attrs { promote: false } }
I20260710 11:02:35.551697 28276 leader_election.cc:290] T dffc2448b52d4ee9b20774e149159a12 P 54d753f23c89417a82cf4e7b27958253 [CANDIDATE]: Term 2 election: Requested vote from peers 1060f8fb1e7840d5a5519266537f8a31 (127.26.23.65:44067), c777e52fa65e484f8125533ded369908 (127.26.23.67:38421)
I20260710 11:02:35.551973 27832 tablet_service.cc:1917] Received RequestConsensusVote() RPC: tablet_id: "dffc2448b52d4ee9b20774e149159a12" candidate_uuid: "54d753f23c89417a82cf4e7b27958253" candidate_term: 2 candidate_status { last_received { term: 1 index: 4 } } ignore_live_leader: true dest_uuid: "1060f8fb1e7840d5a5519266537f8a31"
I20260710 11:02:35.552155 27979 tablet_service.cc:1917] Received RequestConsensusVote() RPC: tablet_id: "dffc2448b52d4ee9b20774e149159a12" candidate_uuid: "54d753f23c89417a82cf4e7b27958253" candidate_term: 2 candidate_status { last_received { term: 1 index: 4 } } ignore_live_leader: true dest_uuid: "c777e52fa65e484f8125533ded369908"
I20260710 11:02:35.552997 27832 raft_consensus.cc:3055] T dffc2448b52d4ee9b20774e149159a12 P 1060f8fb1e7840d5a5519266537f8a31 [term 1 LEADER]: Stepping down as leader of term 1
I20260710 11:02:35.553385 27832 raft_consensus.cc:740] T dffc2448b52d4ee9b20774e149159a12 P 1060f8fb1e7840d5a5519266537f8a31 [term 1 LEADER]: Becoming Follower/Learner. State: Replica: 1060f8fb1e7840d5a5519266537f8a31, State: Running, Role: LEADER
I20260710 11:02:35.553452 27979 raft_consensus.cc:3060] T dffc2448b52d4ee9b20774e149159a12 P c777e52fa65e484f8125533ded369908 [term 1 FOLLOWER]: Advancing to term 2
I20260710 11:02:35.554428 27832 consensus_queue.cc:260] T dffc2448b52d4ee9b20774e149159a12 P 1060f8fb1e7840d5a5519266537f8a31 [NON_LEADER]: Queue going to NON_LEADER mode. State: All replicated index: 0, Majority replicated index: 4, Committed index: 4, Last appended: 1.4, Last appended by leader: 4, Current term: 1, Majority size: -1, State: 0, Mode: NON_LEADER, active raft config: opid_index: 4 OBSOLETE_local: false peers { permanent_uuid: "1060f8fb1e7840d5a5519266537f8a31" member_type: VOTER last_known_addr { host: "127.26.23.65" port: 44067 } } peers { permanent_uuid: "c777e52fa65e484f8125533ded369908" member_type: VOTER last_known_addr { host: "127.26.23.67" port: 38421 } } peers { permanent_uuid: "54d753f23c89417a82cf4e7b27958253" member_type: VOTER last_known_addr { host: "127.26.23.68" port: 40047 } attrs { promote: false } }
I20260710 11:02:35.555536 27832 raft_consensus.cc:3060] T dffc2448b52d4ee9b20774e149159a12 P 1060f8fb1e7840d5a5519266537f8a31 [term 1 FOLLOWER]: Advancing to term 2
I20260710 11:02:35.561650 27979 raft_consensus.cc:2468] T dffc2448b52d4ee9b20774e149159a12 P c777e52fa65e484f8125533ded369908 [term 2 FOLLOWER]: Leader election vote request: Granting yes vote for candidate 54d753f23c89417a82cf4e7b27958253 in term 2.
I20260710 11:02:35.561796 27832 raft_consensus.cc:2468] T dffc2448b52d4ee9b20774e149159a12 P 1060f8fb1e7840d5a5519266537f8a31 [term 2 FOLLOWER]: Leader election vote request: Granting yes vote for candidate 54d753f23c89417a82cf4e7b27958253 in term 2.
I20260710 11:02:35.563153 28242 leader_election.cc:304] T dffc2448b52d4ee9b20774e149159a12 P 54d753f23c89417a82cf4e7b27958253 [CANDIDATE]: Term 2 election: Election decided. Result: candidate won. Election summary: received 2 responses out of 3 voters: 2 yes votes; 0 no votes. yes voters: 54d753f23c89417a82cf4e7b27958253, c777e52fa65e484f8125533ded369908; no voters: 
I20260710 11:02:35.564021 28646 raft_consensus.cc:2804] T dffc2448b52d4ee9b20774e149159a12 P 54d753f23c89417a82cf4e7b27958253 [term 2 FOLLOWER]: Leader election won for term 2
I20260710 11:02:35.564617 28646 raft_consensus.cc:697] T dffc2448b52d4ee9b20774e149159a12 P 54d753f23c89417a82cf4e7b27958253 [term 2 LEADER]: Becoming Leader. State: Replica: 54d753f23c89417a82cf4e7b27958253, State: Running, Role: LEADER
I20260710 11:02:35.565569 28646 consensus_queue.cc:237] T dffc2448b52d4ee9b20774e149159a12 P 54d753f23c89417a82cf4e7b27958253 [LEADER]: Queue going to LEADER mode. State: All replicated index: 0, Majority replicated index: 4, Committed index: 4, Last appended: 1.4, Last appended by leader: 4, Current term: 2, Majority size: 2, State: 0, Mode: LEADER, active raft config: opid_index: 4 OBSOLETE_local: false peers { permanent_uuid: "1060f8fb1e7840d5a5519266537f8a31" member_type: VOTER last_known_addr { host: "127.26.23.65" port: 44067 } } peers { permanent_uuid: "c777e52fa65e484f8125533ded369908" member_type: VOTER last_known_addr { host: "127.26.23.67" port: 38421 } } peers { permanent_uuid: "54d753f23c89417a82cf4e7b27958253" member_type: VOTER last_known_addr { host: "127.26.23.68" port: 40047 } attrs { promote: false } }
I20260710 11:02:35.575397 27732 catalog_manager.cc:5697] T dffc2448b52d4ee9b20774e149159a12 P 54d753f23c89417a82cf4e7b27958253 reported cstate change: term changed from 1 to 2, leader changed from 1060f8fb1e7840d5a5519266537f8a31 (127.26.23.65) to 54d753f23c89417a82cf4e7b27958253 (127.26.23.68). New cstate: current_term: 2 leader_uuid: "54d753f23c89417a82cf4e7b27958253" committed_config { opid_index: 4 OBSOLETE_local: false peers { permanent_uuid: "1060f8fb1e7840d5a5519266537f8a31" member_type: VOTER last_known_addr { host: "127.26.23.65" port: 44067 } health_report { overall_health: UNKNOWN } } peers { permanent_uuid: "c777e52fa65e484f8125533ded369908" member_type: VOTER last_known_addr { host: "127.26.23.67" port: 38421 } health_report { overall_health: UNKNOWN } } peers { permanent_uuid: "54d753f23c89417a82cf4e7b27958253" member_type: VOTER last_known_addr { host: "127.26.23.68" port: 40047 } attrs { promote: false } health_report { overall_health: HEALTHY } } }
I20260710 11:02:35.983958 27979 raft_consensus.cc:1275] T dffc2448b52d4ee9b20774e149159a12 P c777e52fa65e484f8125533ded369908 [term 2 FOLLOWER]: Refusing update from remote peer 54d753f23c89417a82cf4e7b27958253: Log matching property violated. Preceding OpId in replica: term: 1 index: 4. Preceding OpId from leader: term: 2 index: 5. (index mismatch)
I20260710 11:02:35.985291 28646 consensus_queue.cc:1048] T dffc2448b52d4ee9b20774e149159a12 P 54d753f23c89417a82cf4e7b27958253 [LEADER]: Connected to new peer: Peer: permanent_uuid: "c777e52fa65e484f8125533ded369908" member_type: VOTER last_known_addr { host: "127.26.23.67" port: 38421 }, Status: LMP_MISMATCH, Last received: 0.0, Next index: 5, Last known committed idx: 4, Time since last communication: 0.000s
I20260710 11:02:35.995895 27832 raft_consensus.cc:1275] T dffc2448b52d4ee9b20774e149159a12 P 1060f8fb1e7840d5a5519266537f8a31 [term 2 FOLLOWER]: Refusing update from remote peer 54d753f23c89417a82cf4e7b27958253: Log matching property violated. Preceding OpId in replica: term: 1 index: 4. Preceding OpId from leader: term: 2 index: 5. (index mismatch)
I20260710 11:02:35.998025 28646 consensus_queue.cc:1048] T dffc2448b52d4ee9b20774e149159a12 P 54d753f23c89417a82cf4e7b27958253 [LEADER]: Connected to new peer: Peer: permanent_uuid: "1060f8fb1e7840d5a5519266537f8a31" member_type: VOTER last_known_addr { host: "127.26.23.65" port: 44067 }, Status: LMP_MISMATCH, Last received: 0.0, Next index: 5, Last known committed idx: 4, Time since last communication: 0.000s
I20260710 11:02:36.460757 26717 auto_leader_rebalancer.cc:141] leader rebalance for table test-workload
I20260710 11:02:36.475180 26717 tablet_server.cc:179] TabletServer@127.26.23.65:0 shutting down...
W20260710 11:02:36.476835 28243 proxy.cc:239] Call had error, refreshing address and retrying: Remote error: Service unavailable: service kudu.consensus.ConsensusService not registered on TabletServer [suppressed 1 similar messages]
W20260710 11:02:36.482252 28243 consensus_peers.cc:597] T ffba8e658c4a44f1afd81971820c8430 P 54d753f23c89417a82cf4e7b27958253 -> Peer 1060f8fb1e7840d5a5519266537f8a31 (127.26.23.65:44067): Couldn't send request to peer 1060f8fb1e7840d5a5519266537f8a31. Status: Remote error: Service unavailable: service kudu.consensus.ConsensusService not registered on TabletServer. This is attempt 1: this message will repeat every 5th retry.
W20260710 11:02:36.510462 27875 consensus_peers.cc:597] T 86b1750371e045468983f8d42c67137a P df11a662340a4878a82318f2b14a5f9f -> Peer 1060f8fb1e7840d5a5519266537f8a31 (127.26.23.65:44067): Couldn't send request to peer 1060f8fb1e7840d5a5519266537f8a31. Status: Remote error: Service unavailable: service kudu.consensus.ConsensusService not registered on TabletServer. This is attempt 1: this message will repeat every 5th retry.
W20260710 11:02:36.511847 27949 consensus_peers.cc:597] T ae1e832974bc488597fb462259a33166 P c777e52fa65e484f8125533ded369908 -> Peer 1060f8fb1e7840d5a5519266537f8a31 (127.26.23.65:44067): Couldn't send request to peer 1060f8fb1e7840d5a5519266537f8a31. Status: Remote error: Service unavailable: service kudu.consensus.ConsensusService not registered on TabletServer. This is attempt 1: this message will repeat every 5th retry.
I20260710 11:02:36.522241 26717 ts_tablet_manager.cc:1507] Shutting down tablet manager...
I20260710 11:02:36.523175 26717 tablet_replica.cc:333] T 3752b59fb77b4930a06feaa7d818a596 P 1060f8fb1e7840d5a5519266537f8a31: stopping tablet replica
I20260710 11:02:36.523799 26717 raft_consensus.cc:2243] T 3752b59fb77b4930a06feaa7d818a596 P 1060f8fb1e7840d5a5519266537f8a31 [term 1 LEADER]: Raft consensus shutting down.
I20260710 11:02:36.524704 26717 raft_consensus.cc:2272] T 3752b59fb77b4930a06feaa7d818a596 P 1060f8fb1e7840d5a5519266537f8a31 [term 1 FOLLOWER]: Raft consensus is shut down!
I20260710 11:02:36.526583 26717 tablet_replica.cc:333] T e1abfeb1c815453ca483e949542f6050 P 1060f8fb1e7840d5a5519266537f8a31: stopping tablet replica
I20260710 11:02:36.527114 26717 raft_consensus.cc:2243] T e1abfeb1c815453ca483e949542f6050 P 1060f8fb1e7840d5a5519266537f8a31 [term 1 LEADER]: Raft consensus shutting down.
I20260710 11:02:36.527966 26717 raft_consensus.cc:2272] T e1abfeb1c815453ca483e949542f6050 P 1060f8fb1e7840d5a5519266537f8a31 [term 1 FOLLOWER]: Raft consensus is shut down!
I20260710 11:02:36.529881 26717 tablet_replica.cc:333] T ba0412d296f84ab788733a69c3bccf07 P 1060f8fb1e7840d5a5519266537f8a31: stopping tablet replica
I20260710 11:02:36.530469 26717 raft_consensus.cc:2243] T ba0412d296f84ab788733a69c3bccf07 P 1060f8fb1e7840d5a5519266537f8a31 [term 2 LEADER]: Raft consensus shutting down.
I20260710 11:02:36.531221 26717 raft_consensus.cc:2272] T ba0412d296f84ab788733a69c3bccf07 P 1060f8fb1e7840d5a5519266537f8a31 [term 2 FOLLOWER]: Raft consensus is shut down!
I20260710 11:02:36.533061 26717 tablet_replica.cc:333] T d703e12de49c44258f60cb155425cf12 P 1060f8fb1e7840d5a5519266537f8a31: stopping tablet replica
I20260710 11:02:36.533545 26717 raft_consensus.cc:2243] T d703e12de49c44258f60cb155425cf12 P 1060f8fb1e7840d5a5519266537f8a31 [term 1 FOLLOWER]: Raft consensus shutting down.
I20260710 11:02:36.533993 26717 raft_consensus.cc:2272] T d703e12de49c44258f60cb155425cf12 P 1060f8fb1e7840d5a5519266537f8a31 [term 1 FOLLOWER]: Raft consensus is shut down!
I20260710 11:02:36.535707 26717 tablet_replica.cc:333] T edb89635616f424d918adc1322baf58a P 1060f8fb1e7840d5a5519266537f8a31: stopping tablet replica
I20260710 11:02:36.536201 26717 raft_consensus.cc:2243] T edb89635616f424d918adc1322baf58a P 1060f8fb1e7840d5a5519266537f8a31 [term 1 LEADER]: Raft consensus shutting down.
I20260710 11:02:36.537007 26717 raft_consensus.cc:2272] T edb89635616f424d918adc1322baf58a P 1060f8fb1e7840d5a5519266537f8a31 [term 1 FOLLOWER]: Raft consensus is shut down!
I20260710 11:02:36.539137 26717 tablet_replica.cc:333] T 12f26bce2e404caf9541c3e85bbcb7b9 P 1060f8fb1e7840d5a5519266537f8a31: stopping tablet replica
I20260710 11:02:36.539857 26717 raft_consensus.cc:2243] T 12f26bce2e404caf9541c3e85bbcb7b9 P 1060f8fb1e7840d5a5519266537f8a31 [term 1 LEADER]: Raft consensus shutting down.
I20260710 11:02:36.540721 26717 raft_consensus.cc:2272] T 12f26bce2e404caf9541c3e85bbcb7b9 P 1060f8fb1e7840d5a5519266537f8a31 [term 1 FOLLOWER]: Raft consensus is shut down!
I20260710 11:02:36.543413 26717 tablet_replica.cc:333] T 174f1b82c44443119a8b2f3d46261cd2 P 1060f8fb1e7840d5a5519266537f8a31: stopping tablet replica
I20260710 11:02:36.544075 26717 raft_consensus.cc:2243] T 174f1b82c44443119a8b2f3d46261cd2 P 1060f8fb1e7840d5a5519266537f8a31 [term 2 FOLLOWER]: Raft consensus shutting down.
I20260710 11:02:36.544675 26717 raft_consensus.cc:2272] T 174f1b82c44443119a8b2f3d46261cd2 P 1060f8fb1e7840d5a5519266537f8a31 [term 2 FOLLOWER]: Raft consensus is shut down!
I20260710 11:02:36.546463 26717 tablet_replica.cc:333] T 86b1750371e045468983f8d42c67137a P 1060f8fb1e7840d5a5519266537f8a31: stopping tablet replica
I20260710 11:02:36.546986 26717 raft_consensus.cc:2243] T 86b1750371e045468983f8d42c67137a P 1060f8fb1e7840d5a5519266537f8a31 [term 1 FOLLOWER]: Raft consensus shutting down.
I20260710 11:02:36.547359 26717 raft_consensus.cc:2272] T 86b1750371e045468983f8d42c67137a P 1060f8fb1e7840d5a5519266537f8a31 [term 1 FOLLOWER]: Raft consensus is shut down!
I20260710 11:02:36.549149 26717 tablet_replica.cc:333] T ae1e832974bc488597fb462259a33166 P 1060f8fb1e7840d5a5519266537f8a31: stopping tablet replica
I20260710 11:02:36.549631 26717 raft_consensus.cc:2243] T ae1e832974bc488597fb462259a33166 P 1060f8fb1e7840d5a5519266537f8a31 [term 1 FOLLOWER]: Raft consensus shutting down.
I20260710 11:02:36.550248 26717 raft_consensus.cc:2272] T ae1e832974bc488597fb462259a33166 P 1060f8fb1e7840d5a5519266537f8a31 [term 1 FOLLOWER]: Raft consensus is shut down!
I20260710 11:02:36.552088 26717 tablet_replica.cc:333] T dffc2448b52d4ee9b20774e149159a12 P 1060f8fb1e7840d5a5519266537f8a31: stopping tablet replica
I20260710 11:02:36.552707 26717 raft_consensus.cc:2243] T dffc2448b52d4ee9b20774e149159a12 P 1060f8fb1e7840d5a5519266537f8a31 [term 2 FOLLOWER]: Raft consensus shutting down.
I20260710 11:02:36.553077 26717 raft_consensus.cc:2272] T dffc2448b52d4ee9b20774e149159a12 P 1060f8fb1e7840d5a5519266537f8a31 [term 2 FOLLOWER]: Raft consensus is shut down!
I20260710 11:02:36.555207 26717 tablet_replica.cc:333] T f7432464fad64a95afc7c2286d856cbe P 1060f8fb1e7840d5a5519266537f8a31: stopping tablet replica
I20260710 11:02:36.555734 26717 raft_consensus.cc:2243] T f7432464fad64a95afc7c2286d856cbe P 1060f8fb1e7840d5a5519266537f8a31 [term 1 LEADER]: Raft consensus shutting down.
I20260710 11:02:36.556509 26717 raft_consensus.cc:2272] T f7432464fad64a95afc7c2286d856cbe P 1060f8fb1e7840d5a5519266537f8a31 [term 1 FOLLOWER]: Raft consensus is shut down!
I20260710 11:02:36.558544 26717 tablet_replica.cc:333] T 293b1acd9d224d31adb2c550180ae71e P 1060f8fb1e7840d5a5519266537f8a31: stopping tablet replica
I20260710 11:02:36.558979 26717 raft_consensus.cc:2243] T 293b1acd9d224d31adb2c550180ae71e P 1060f8fb1e7840d5a5519266537f8a31 [term 2 FOLLOWER]: Raft consensus shutting down.
I20260710 11:02:36.559376 26717 raft_consensus.cc:2272] T 293b1acd9d224d31adb2c550180ae71e P 1060f8fb1e7840d5a5519266537f8a31 [term 2 FOLLOWER]: Raft consensus is shut down!
I20260710 11:02:36.561091 26717 tablet_replica.cc:333] T f104dd63a7dd42c389a1ebc1efa93d83 P 1060f8fb1e7840d5a5519266537f8a31: stopping tablet replica
I20260710 11:02:36.561551 26717 raft_consensus.cc:2243] T f104dd63a7dd42c389a1ebc1efa93d83 P 1060f8fb1e7840d5a5519266537f8a31 [term 1 FOLLOWER]: Raft consensus shutting down.
I20260710 11:02:36.562196 26717 raft_consensus.cc:2272] T f104dd63a7dd42c389a1ebc1efa93d83 P 1060f8fb1e7840d5a5519266537f8a31 [term 1 FOLLOWER]: Raft consensus is shut down!
I20260710 11:02:36.564221 26717 tablet_replica.cc:333] T ffba8e658c4a44f1afd81971820c8430 P 1060f8fb1e7840d5a5519266537f8a31: stopping tablet replica
I20260710 11:02:36.564759 26717 raft_consensus.cc:2243] T ffba8e658c4a44f1afd81971820c8430 P 1060f8fb1e7840d5a5519266537f8a31 [term 2 FOLLOWER]: Raft consensus shutting down.
I20260710 11:02:36.565186 26717 raft_consensus.cc:2272] T ffba8e658c4a44f1afd81971820c8430 P 1060f8fb1e7840d5a5519266537f8a31 [term 2 FOLLOWER]: Raft consensus is shut down!
I20260710 11:02:36.567023 26717 tablet_replica.cc:333] T 47907008b58f47f5b45855baaa3ef946 P 1060f8fb1e7840d5a5519266537f8a31: stopping tablet replica
I20260710 11:02:36.567660 26717 raft_consensus.cc:2243] T 47907008b58f47f5b45855baaa3ef946 P 1060f8fb1e7840d5a5519266537f8a31 [term 2 FOLLOWER]: Raft consensus shutting down.
I20260710 11:02:36.568264 26717 raft_consensus.cc:2272] T 47907008b58f47f5b45855baaa3ef946 P 1060f8fb1e7840d5a5519266537f8a31 [term 2 FOLLOWER]: Raft consensus is shut down!
I20260710 11:02:36.570607 26717 tablet_replica.cc:333] T 8b05a6177a874bbd8c8f3f271dda3e54 P 1060f8fb1e7840d5a5519266537f8a31: stopping tablet replica
I20260710 11:02:36.571077 26717 raft_consensus.cc:2243] T 8b05a6177a874bbd8c8f3f271dda3e54 P 1060f8fb1e7840d5a5519266537f8a31 [term 2 FOLLOWER]: Raft consensus shutting down.
I20260710 11:02:36.571692 26717 raft_consensus.cc:2272] T 8b05a6177a874bbd8c8f3f271dda3e54 P 1060f8fb1e7840d5a5519266537f8a31 [term 2 FOLLOWER]: Raft consensus is shut down!
I20260710 11:02:36.573837 26717 tablet_replica.cc:333] T cd97e5c9e0374f25a38807602c09ec2f P 1060f8fb1e7840d5a5519266537f8a31: stopping tablet replica
I20260710 11:02:36.574256 26717 raft_consensus.cc:2243] T cd97e5c9e0374f25a38807602c09ec2f P 1060f8fb1e7840d5a5519266537f8a31 [term 1 FOLLOWER]: Raft consensus shutting down.
I20260710 11:02:36.574788 26717 raft_consensus.cc:2272] T cd97e5c9e0374f25a38807602c09ec2f P 1060f8fb1e7840d5a5519266537f8a31 [term 1 FOLLOWER]: Raft consensus is shut down!
I20260710 11:02:36.576550 26717 tablet_replica.cc:333] T 47076803dd054aacbabedb26b630886a P 1060f8fb1e7840d5a5519266537f8a31: stopping tablet replica
I20260710 11:02:36.576989 26717 raft_consensus.cc:2243] T 47076803dd054aacbabedb26b630886a P 1060f8fb1e7840d5a5519266537f8a31 [term 1 FOLLOWER]: Raft consensus shutting down.
I20260710 11:02:36.577520 26717 raft_consensus.cc:2272] T 47076803dd054aacbabedb26b630886a P 1060f8fb1e7840d5a5519266537f8a31 [term 1 FOLLOWER]: Raft consensus is shut down!
W20260710 11:02:36.611860 28243 consensus_peers.cc:597] T dffc2448b52d4ee9b20774e149159a12 P 54d753f23c89417a82cf4e7b27958253 -> Peer 1060f8fb1e7840d5a5519266537f8a31 (127.26.23.65:44067): Couldn't send request to peer 1060f8fb1e7840d5a5519266537f8a31. Status: Remote error: Service unavailable: service kudu.consensus.ConsensusService not registered on TabletServer. This is attempt 1: this message will repeat every 5th retry.
I20260710 11:02:36.627287 26717 tablet_server.cc:196] TabletServer@127.26.23.65:0 shutdown complete.
W20260710 11:02:36.639964 27949 consensus_peers.cc:597] T 293b1acd9d224d31adb2c550180ae71e P c777e52fa65e484f8125533ded369908 -> Peer 1060f8fb1e7840d5a5519266537f8a31 (127.26.23.65:44067): Couldn't send request to peer 1060f8fb1e7840d5a5519266537f8a31. Status: Network error: Client connection negotiation failed: client connection to 127.26.23.65:44067: connect: Connection refused (error 111). This is attempt 1: this message will repeat every 5th retry.
I20260710 11:02:36.673318 26717 tablet_server.cc:179] TabletServer@127.26.23.66:0 shutting down...
W20260710 11:02:36.715775 28243 consensus_peers.cc:597] T 8b05a6177a874bbd8c8f3f271dda3e54 P 54d753f23c89417a82cf4e7b27958253 -> Peer 1060f8fb1e7840d5a5519266537f8a31 (127.26.23.65:44067): Couldn't send request to peer 1060f8fb1e7840d5a5519266537f8a31. Status: Network error: Client connection negotiation failed: client connection to 127.26.23.65:44067: connect: Connection refused (error 111). This is attempt 1: this message will repeat every 5th retry.
I20260710 11:02:36.715824 26717 ts_tablet_manager.cc:1507] Shutting down tablet manager...
W20260710 11:02:36.715845 28240 consensus_peers.cc:597] T 8b05a6177a874bbd8c8f3f271dda3e54 P 54d753f23c89417a82cf4e7b27958253 -> Peer df11a662340a4878a82318f2b14a5f9f (127.26.23.66:35401): Couldn't send request to peer df11a662340a4878a82318f2b14a5f9f. Status: Remote error: Service unavailable: service kudu.consensus.ConsensusService not registered on TabletServer. This is attempt 1: this message will repeat every 5th retry.
I20260710 11:02:36.717025 26717 tablet_replica.cc:333] T 3752b59fb77b4930a06feaa7d818a596 P df11a662340a4878a82318f2b14a5f9f: stopping tablet replica
I20260710 11:02:36.718124 26717 raft_consensus.cc:2243] T 3752b59fb77b4930a06feaa7d818a596 P df11a662340a4878a82318f2b14a5f9f [term 1 FOLLOWER]: Raft consensus shutting down.
I20260710 11:02:36.718825 26717 raft_consensus.cc:2272] T 3752b59fb77b4930a06feaa7d818a596 P df11a662340a4878a82318f2b14a5f9f [term 1 FOLLOWER]: Raft consensus is shut down!
I20260710 11:02:36.720681 26717 tablet_replica.cc:333] T 02bb1b8347c64ac3afbd2d7a4e4f1bbe P df11a662340a4878a82318f2b14a5f9f: stopping tablet replica
I20260710 11:02:36.721194 26717 raft_consensus.cc:2243] T 02bb1b8347c64ac3afbd2d7a4e4f1bbe P df11a662340a4878a82318f2b14a5f9f [term 1 FOLLOWER]: Raft consensus shutting down.
I20260710 11:02:36.721621 26717 raft_consensus.cc:2272] T 02bb1b8347c64ac3afbd2d7a4e4f1bbe P df11a662340a4878a82318f2b14a5f9f [term 1 FOLLOWER]: Raft consensus is shut down!
I20260710 11:02:36.723526 26717 tablet_replica.cc:333] T 12f26bce2e404caf9541c3e85bbcb7b9 P df11a662340a4878a82318f2b14a5f9f: stopping tablet replica
I20260710 11:02:36.724133 26717 raft_consensus.cc:2243] T 12f26bce2e404caf9541c3e85bbcb7b9 P df11a662340a4878a82318f2b14a5f9f [term 1 FOLLOWER]: Raft consensus shutting down.
I20260710 11:02:36.724656 26717 raft_consensus.cc:2272] T 12f26bce2e404caf9541c3e85bbcb7b9 P df11a662340a4878a82318f2b14a5f9f [term 1 FOLLOWER]: Raft consensus is shut down!
I20260710 11:02:36.726456 26717 tablet_replica.cc:333] T e1abfeb1c815453ca483e949542f6050 P df11a662340a4878a82318f2b14a5f9f: stopping tablet replica
I20260710 11:02:36.727070 26717 raft_consensus.cc:2243] T e1abfeb1c815453ca483e949542f6050 P df11a662340a4878a82318f2b14a5f9f [term 1 FOLLOWER]: Raft consensus shutting down.
I20260710 11:02:36.727876 26717 raft_consensus.cc:2272] T e1abfeb1c815453ca483e949542f6050 P df11a662340a4878a82318f2b14a5f9f [term 1 FOLLOWER]: Raft consensus is shut down!
I20260710 11:02:36.730031 26717 tablet_replica.cc:333] T ba0412d296f84ab788733a69c3bccf07 P df11a662340a4878a82318f2b14a5f9f: stopping tablet replica
I20260710 11:02:36.730688 26717 raft_consensus.cc:2243] T ba0412d296f84ab788733a69c3bccf07 P df11a662340a4878a82318f2b14a5f9f [term 2 FOLLOWER]: Raft consensus shutting down.
I20260710 11:02:36.731194 26717 raft_consensus.cc:2272] T ba0412d296f84ab788733a69c3bccf07 P df11a662340a4878a82318f2b14a5f9f [term 2 FOLLOWER]: Raft consensus is shut down!
I20260710 11:02:36.733238 26717 tablet_replica.cc:333] T 86b1750371e045468983f8d42c67137a P df11a662340a4878a82318f2b14a5f9f: stopping tablet replica
I20260710 11:02:36.733821 26717 raft_consensus.cc:2243] T 86b1750371e045468983f8d42c67137a P df11a662340a4878a82318f2b14a5f9f [term 1 LEADER]: Raft consensus shutting down.
I20260710 11:02:36.734753 26717 raft_consensus.cc:2272] T 86b1750371e045468983f8d42c67137a P df11a662340a4878a82318f2b14a5f9f [term 1 FOLLOWER]: Raft consensus is shut down!
I20260710 11:02:36.737426 26717 tablet_replica.cc:333] T f7432464fad64a95afc7c2286d856cbe P df11a662340a4878a82318f2b14a5f9f: stopping tablet replica
W20260710 11:02:36.742601 28243 consensus_peers.cc:597] T 47907008b58f47f5b45855baaa3ef946 P 54d753f23c89417a82cf4e7b27958253 -> Peer 1060f8fb1e7840d5a5519266537f8a31 (127.26.23.65:44067): Couldn't send request to peer 1060f8fb1e7840d5a5519266537f8a31. Status: Network error: Client connection negotiation failed: client connection to 127.26.23.65:44067: connect: Connection refused (error 111). This is attempt 1: this message will repeat every 5th retry.
I20260710 11:02:36.742789 26717 raft_consensus.cc:2243] T f7432464fad64a95afc7c2286d856cbe P df11a662340a4878a82318f2b14a5f9f [term 1 FOLLOWER]: Raft consensus shutting down.
I20260710 11:02:36.743599 26717 raft_consensus.cc:2272] T f7432464fad64a95afc7c2286d856cbe P df11a662340a4878a82318f2b14a5f9f [term 1 FOLLOWER]: Raft consensus is shut down!
I20260710 11:02:36.746385 26717 tablet_replica.cc:333] T 293b1acd9d224d31adb2c550180ae71e P df11a662340a4878a82318f2b14a5f9f: stopping tablet replica
I20260710 11:02:36.747169 26717 raft_consensus.cc:2243] T 293b1acd9d224d31adb2c550180ae71e P df11a662340a4878a82318f2b14a5f9f [term 2 FOLLOWER]: Raft consensus shutting down.
W20260710 11:02:36.747236 27949 consensus_peers.cc:597] T f104dd63a7dd42c389a1ebc1efa93d83 P c777e52fa65e484f8125533ded369908 -> Peer 1060f8fb1e7840d5a5519266537f8a31 (127.26.23.65:44067): Couldn't send request to peer 1060f8fb1e7840d5a5519266537f8a31. Status: Network error: Client connection negotiation failed: client connection to 127.26.23.65:44067: connect: Connection refused (error 111). This is attempt 1: this message will repeat every 5th retry.
I20260710 11:02:36.747757 26717 raft_consensus.cc:2272] T 293b1acd9d224d31adb2c550180ae71e P df11a662340a4878a82318f2b14a5f9f [term 2 FOLLOWER]: Raft consensus is shut down!
I20260710 11:02:36.749639 26717 tablet_replica.cc:333] T ffba8e658c4a44f1afd81971820c8430 P df11a662340a4878a82318f2b14a5f9f: stopping tablet replica
I20260710 11:02:36.750255 26717 raft_consensus.cc:2243] T ffba8e658c4a44f1afd81971820c8430 P df11a662340a4878a82318f2b14a5f9f [term 2 FOLLOWER]: Raft consensus shutting down.
I20260710 11:02:36.750811 26717 raft_consensus.cc:2272] T ffba8e658c4a44f1afd81971820c8430 P df11a662340a4878a82318f2b14a5f9f [term 2 FOLLOWER]: Raft consensus is shut down!
I20260710 11:02:36.752743 26717 tablet_replica.cc:333] T eb822390eee5414a8e38d8ac92ffefcd P df11a662340a4878a82318f2b14a5f9f: stopping tablet replica
I20260710 11:02:36.753283 26717 raft_consensus.cc:2243] T eb822390eee5414a8e38d8ac92ffefcd P df11a662340a4878a82318f2b14a5f9f [term 1 LEADER]: Raft consensus shutting down.
I20260710 11:02:36.754128 26717 raft_consensus.cc:2272] T eb822390eee5414a8e38d8ac92ffefcd P df11a662340a4878a82318f2b14a5f9f [term 1 FOLLOWER]: Raft consensus is shut down!
I20260710 11:02:36.755847 26717 tablet_replica.cc:333] T 47076803dd054aacbabedb26b630886a P df11a662340a4878a82318f2b14a5f9f: stopping tablet replica
I20260710 11:02:36.756345 26717 raft_consensus.cc:2243] T 47076803dd054aacbabedb26b630886a P df11a662340a4878a82318f2b14a5f9f [term 1 LEADER]: Raft consensus shutting down.
I20260710 11:02:36.757175 26717 raft_consensus.cc:2272] T 47076803dd054aacbabedb26b630886a P df11a662340a4878a82318f2b14a5f9f [term 1 FOLLOWER]: Raft consensus is shut down!
I20260710 11:02:36.759471 26717 tablet_replica.cc:333] T cd97e5c9e0374f25a38807602c09ec2f P df11a662340a4878a82318f2b14a5f9f: stopping tablet replica
I20260710 11:02:36.760001 26717 raft_consensus.cc:2243] T cd97e5c9e0374f25a38807602c09ec2f P df11a662340a4878a82318f2b14a5f9f [term 1 LEADER]: Raft consensus shutting down.
I20260710 11:02:36.760900 26717 raft_consensus.cc:2272] T cd97e5c9e0374f25a38807602c09ec2f P df11a662340a4878a82318f2b14a5f9f [term 1 FOLLOWER]: Raft consensus is shut down!
I20260710 11:02:36.762764 26717 tablet_replica.cc:333] T edb89635616f424d918adc1322baf58a P df11a662340a4878a82318f2b14a5f9f: stopping tablet replica
I20260710 11:02:36.763267 26717 raft_consensus.cc:2243] T edb89635616f424d918adc1322baf58a P df11a662340a4878a82318f2b14a5f9f [term 1 FOLLOWER]: Raft consensus shutting down.
I20260710 11:02:36.763670 26717 raft_consensus.cc:2272] T edb89635616f424d918adc1322baf58a P df11a662340a4878a82318f2b14a5f9f [term 1 FOLLOWER]: Raft consensus is shut down!
I20260710 11:02:36.765555 26717 tablet_replica.cc:333] T 6573bd87ade748638bc22fedc05f7a27 P df11a662340a4878a82318f2b14a5f9f: stopping tablet replica
I20260710 11:02:36.766072 26717 raft_consensus.cc:2243] T 6573bd87ade748638bc22fedc05f7a27 P df11a662340a4878a82318f2b14a5f9f [term 1 FOLLOWER]: Raft consensus shutting down.
I20260710 11:02:36.766664 26717 raft_consensus.cc:2272] T 6573bd87ade748638bc22fedc05f7a27 P df11a662340a4878a82318f2b14a5f9f [term 1 FOLLOWER]: Raft consensus is shut down!
I20260710 11:02:36.768550 26717 tablet_replica.cc:333] T 8b05a6177a874bbd8c8f3f271dda3e54 P df11a662340a4878a82318f2b14a5f9f: stopping tablet replica
I20260710 11:02:36.769052 26717 raft_consensus.cc:2243] T 8b05a6177a874bbd8c8f3f271dda3e54 P df11a662340a4878a82318f2b14a5f9f [term 2 FOLLOWER]: Raft consensus shutting down.
I20260710 11:02:36.769487 26717 raft_consensus.cc:2272] T 8b05a6177a874bbd8c8f3f271dda3e54 P df11a662340a4878a82318f2b14a5f9f [term 2 FOLLOWER]: Raft consensus is shut down!
I20260710 11:02:36.771653 26717 tablet_replica.cc:333] T f8b52996d57346ab87f07c08ab2659bd P df11a662340a4878a82318f2b14a5f9f: stopping tablet replica
I20260710 11:02:36.772226 26717 raft_consensus.cc:2243] T f8b52996d57346ab87f07c08ab2659bd P df11a662340a4878a82318f2b14a5f9f [term 1 LEADER]: Raft consensus shutting down.
I20260710 11:02:36.773095 26717 raft_consensus.cc:2272] T f8b52996d57346ab87f07c08ab2659bd P df11a662340a4878a82318f2b14a5f9f [term 1 FOLLOWER]: Raft consensus is shut down!
I20260710 11:02:36.775164 26717 tablet_replica.cc:333] T d884ecbf087b49ff9d3e73e172088410 P df11a662340a4878a82318f2b14a5f9f: stopping tablet replica
I20260710 11:02:36.775701 26717 raft_consensus.cc:2243] T d884ecbf087b49ff9d3e73e172088410 P df11a662340a4878a82318f2b14a5f9f [term 2 FOLLOWER]: Raft consensus shutting down.
I20260710 11:02:36.776445 26717 raft_consensus.cc:2272] T d884ecbf087b49ff9d3e73e172088410 P df11a662340a4878a82318f2b14a5f9f [term 2 FOLLOWER]: Raft consensus is shut down!
I20260710 11:02:36.778453 26717 tablet_replica.cc:333] T 76e3915d71e04673a9b5a06788cee9fd P df11a662340a4878a82318f2b14a5f9f: stopping tablet replica
I20260710 11:02:36.778947 26717 raft_consensus.cc:2243] T 76e3915d71e04673a9b5a06788cee9fd P df11a662340a4878a82318f2b14a5f9f [term 1 LEADER]: Raft consensus shutting down.
I20260710 11:02:36.779773 26717 raft_consensus.cc:2272] T 76e3915d71e04673a9b5a06788cee9fd P df11a662340a4878a82318f2b14a5f9f [term 1 FOLLOWER]: Raft consensus is shut down!
W20260710 11:02:36.794683 28243 consensus_peers.cc:597] T 174f1b82c44443119a8b2f3d46261cd2 P 54d753f23c89417a82cf4e7b27958253 -> Peer 1060f8fb1e7840d5a5519266537f8a31 (127.26.23.65:44067): Couldn't send request to peer 1060f8fb1e7840d5a5519266537f8a31. Status: Network error: Client connection negotiation failed: client connection to 127.26.23.65:44067: connect: Connection refused (error 111). This is attempt 1: this message will repeat every 5th retry.
W20260710 11:02:36.801733 27946 consensus_peers.cc:597] T 02bb1b8347c64ac3afbd2d7a4e4f1bbe P c777e52fa65e484f8125533ded369908 -> Peer df11a662340a4878a82318f2b14a5f9f (127.26.23.66:35401): Couldn't send request to peer df11a662340a4878a82318f2b14a5f9f. Status: Remote error: Service unavailable: service kudu.consensus.ConsensusService not registered on TabletServer. This is attempt 1: this message will repeat every 5th retry.
