I20260710 11:01:47.428104 10645 raft_consensus.cc:385] T e1fdde6ec1ac4f0195f810b475ef93e6 P 88d5d8f21a6141ff99cb5d287f89a93c [term 0 FOLLOWER]: Consensus starting up: Expiring failure detector timer to make a prompt election more likely
I20260710 11:01:47.428411 10645 raft_consensus.cc:740] T e1fdde6ec1ac4f0195f810b475ef93e6 P 88d5d8f21a6141ff99cb5d287f89a93c [term 0 FOLLOWER]: Becoming Follower/Learner. State: Replica: 88d5d8f21a6141ff99cb5d287f89a93c, State: Initialized, Role: FOLLOWER
I20260710 11:01:47.429153 10645 consensus_queue.cc:260] T e1fdde6ec1ac4f0195f810b475ef93e6 P 88d5d8f21a6141ff99cb5d287f89a93c [NON_LEADER]: Queue going to NON_LEADER mode. State: All replicated index: 0, Majority replicated index: 0, Committed index: 0, Last appended: 0.0, Last appended by leader: 0, Current term: 0, Majority size: -1, State: 0, Mode: NON_LEADER, active raft config: opid_index: -1 OBSOLETE_local: false peers { permanent_uuid: "88d5d8f21a6141ff99cb5d287f89a93c" member_type: VOTER last_known_addr { host: "127.10.19.1" port: 35781 } } peers { permanent_uuid: "4e0f2ca687d7415ebf63eecca08477e5" member_type: VOTER last_known_addr { host: "127.10.19.2" port: 37591 } } peers { permanent_uuid: "6a64baf8d293432e86365ee4fb657901" member_type: VOTER last_known_addr { host: "127.10.19.3" port: 42493 } }
I20260710 11:01:47.430624 10551 heartbeater.cc:499] Master 127.10.19.62:41991 was elected leader, sending a full tablet report...
I20260710 11:01:47.430961 10643 tablet_bootstrap.cc:492] T e1fdde6ec1ac4f0195f810b475ef93e6 P 4e0f2ca687d7415ebf63eecca08477e5: Bootstrap starting.
I20260710 11:01:47.438925 10643 tablet_bootstrap.cc:654] T e1fdde6ec1ac4f0195f810b475ef93e6 P 4e0f2ca687d7415ebf63eecca08477e5: Neither blocks nor log segments found. Creating new log.
I20260710 11:01:47.443948 10644 ts_tablet_manager.cc:1434] T 0be8ff090211464899184bcc2a55e6ec P 6a64baf8d293432e86365ee4fb657901: Time spent starting tablet: real 0.027s	user 0.009s	sys 0.000s
I20260710 11:01:47.445346 10644 tablet_bootstrap.cc:492] T e1fdde6ec1ac4f0195f810b475ef93e6 P 6a64baf8d293432e86365ee4fb657901: Bootstrap starting.
I20260710 11:01:47.450556 10645 ts_tablet_manager.cc:1434] T e1fdde6ec1ac4f0195f810b475ef93e6 P 88d5d8f21a6141ff99cb5d287f89a93c: Time spent starting tablet: real 0.026s	user 0.017s	sys 0.009s
I20260710 11:01:47.453341 10644 tablet_bootstrap.cc:654] T e1fdde6ec1ac4f0195f810b475ef93e6 P 6a64baf8d293432e86365ee4fb657901: Neither blocks nor log segments found. Creating new log.
I20260710 11:01:47.453926 10476 heartbeater.cc:499] Master 127.10.19.62:41991 was elected leader, sending a full tablet report...
I20260710 11:01:47.454439 10645 tablet_bootstrap.cc:492] T f93ceb0dcf0249658c064fd6b6cdd549 P 88d5d8f21a6141ff99cb5d287f89a93c: Bootstrap starting.
I20260710 11:01:47.461158 10645 tablet_bootstrap.cc:654] T f93ceb0dcf0249658c064fd6b6cdd549 P 88d5d8f21a6141ff99cb5d287f89a93c: Neither blocks nor log segments found. Creating new log.
I20260710 11:01:47.479007 10645 tablet_bootstrap.cc:492] T f93ceb0dcf0249658c064fd6b6cdd549 P 88d5d8f21a6141ff99cb5d287f89a93c: No bootstrap required, opened a new log
I20260710 11:01:47.480291 10645 ts_tablet_manager.cc:1403] T f93ceb0dcf0249658c064fd6b6cdd549 P 88d5d8f21a6141ff99cb5d287f89a93c: Time spent bootstrapping tablet: real 0.026s	user 0.014s	sys 0.006s
I20260710 11:01:47.484932 10643 tablet_bootstrap.cc:492] T e1fdde6ec1ac4f0195f810b475ef93e6 P 4e0f2ca687d7415ebf63eecca08477e5: No bootstrap required, opened a new log
I20260710 11:01:47.485627 10643 ts_tablet_manager.cc:1403] T e1fdde6ec1ac4f0195f810b475ef93e6 P 4e0f2ca687d7415ebf63eecca08477e5: Time spent bootstrapping tablet: real 0.055s	user 0.023s	sys 0.027s
I20260710 11:01:47.487408 10645 raft_consensus.cc:359] T f93ceb0dcf0249658c064fd6b6cdd549 P 88d5d8f21a6141ff99cb5d287f89a93c [term 0 FOLLOWER]: Replica starting. Triggering 0 pending ops. Active config: opid_index: -1 OBSOLETE_local: false peers { permanent_uuid: "88d5d8f21a6141ff99cb5d287f89a93c" member_type: VOTER last_known_addr { host: "127.10.19.1" port: 35781 } } peers { permanent_uuid: "4e0f2ca687d7415ebf63eecca08477e5" member_type: VOTER last_known_addr { host: "127.10.19.2" port: 37591 } } peers { permanent_uuid: "6a64baf8d293432e86365ee4fb657901" member_type: VOTER last_known_addr { host: "127.10.19.3" port: 42493 } }
I20260710 11:01:47.488256 10645 raft_consensus.cc:385] T f93ceb0dcf0249658c064fd6b6cdd549 P 88d5d8f21a6141ff99cb5d287f89a93c [term 0 FOLLOWER]: Consensus starting up: Expiring failure detector timer to make a prompt election more likely
I20260710 11:01:47.488600 10645 raft_consensus.cc:740] T f93ceb0dcf0249658c064fd6b6cdd549 P 88d5d8f21a6141ff99cb5d287f89a93c [term 0 FOLLOWER]: Becoming Follower/Learner. State: Replica: 88d5d8f21a6141ff99cb5d287f89a93c, State: Initialized, Role: FOLLOWER
I20260710 11:01:47.488899 10643 raft_consensus.cc:359] T e1fdde6ec1ac4f0195f810b475ef93e6 P 4e0f2ca687d7415ebf63eecca08477e5 [term 0 FOLLOWER]: Replica starting. Triggering 0 pending ops. Active config: opid_index: -1 OBSOLETE_local: false peers { permanent_uuid: "88d5d8f21a6141ff99cb5d287f89a93c" member_type: VOTER last_known_addr { host: "127.10.19.1" port: 35781 } } peers { permanent_uuid: "4e0f2ca687d7415ebf63eecca08477e5" member_type: VOTER last_known_addr { host: "127.10.19.2" port: 37591 } } peers { permanent_uuid: "6a64baf8d293432e86365ee4fb657901" member_type: VOTER last_known_addr { host: "127.10.19.3" port: 42493 } }
I20260710 11:01:47.489810 10643 raft_consensus.cc:385] T e1fdde6ec1ac4f0195f810b475ef93e6 P 4e0f2ca687d7415ebf63eecca08477e5 [term 0 FOLLOWER]: Consensus starting up: Expiring failure detector timer to make a prompt election more likely
I20260710 11:01:47.489425 10645 consensus_queue.cc:260] T f93ceb0dcf0249658c064fd6b6cdd549 P 88d5d8f21a6141ff99cb5d287f89a93c [NON_LEADER]: Queue going to NON_LEADER mode. State: All replicated index: 0, Majority replicated index: 0, Committed index: 0, Last appended: 0.0, Last appended by leader: 0, Current term: 0, Majority size: -1, State: 0, Mode: NON_LEADER, active raft config: opid_index: -1 OBSOLETE_local: false peers { permanent_uuid: "88d5d8f21a6141ff99cb5d287f89a93c" member_type: VOTER last_known_addr { host: "127.10.19.1" port: 35781 } } peers { permanent_uuid: "4e0f2ca687d7415ebf63eecca08477e5" member_type: VOTER last_known_addr { host: "127.10.19.2" port: 37591 } } peers { permanent_uuid: "6a64baf8d293432e86365ee4fb657901" member_type: VOTER last_known_addr { host: "127.10.19.3" port: 42493 } }
I20260710 11:01:47.490242 10643 raft_consensus.cc:740] T e1fdde6ec1ac4f0195f810b475ef93e6 P 4e0f2ca687d7415ebf63eecca08477e5 [term 0 FOLLOWER]: Becoming Follower/Learner. State: Replica: 4e0f2ca687d7415ebf63eecca08477e5, State: Initialized, Role: FOLLOWER
I20260710 11:01:47.491192 10643 consensus_queue.cc:260] T e1fdde6ec1ac4f0195f810b475ef93e6 P 4e0f2ca687d7415ebf63eecca08477e5 [NON_LEADER]: Queue going to NON_LEADER mode. State: All replicated index: 0, Majority replicated index: 0, Committed index: 0, Last appended: 0.0, Last appended by leader: 0, Current term: 0, Majority size: -1, State: 0, Mode: NON_LEADER, active raft config: opid_index: -1 OBSOLETE_local: false peers { permanent_uuid: "88d5d8f21a6141ff99cb5d287f89a93c" member_type: VOTER last_known_addr { host: "127.10.19.1" port: 35781 } } peers { permanent_uuid: "4e0f2ca687d7415ebf63eecca08477e5" member_type: VOTER last_known_addr { host: "127.10.19.2" port: 37591 } } peers { permanent_uuid: "6a64baf8d293432e86365ee4fb657901" member_type: VOTER last_known_addr { host: "127.10.19.3" port: 42493 } }
I20260710 11:01:47.494032 10643 ts_tablet_manager.cc:1434] T e1fdde6ec1ac4f0195f810b475ef93e6 P 4e0f2ca687d7415ebf63eecca08477e5: Time spent starting tablet: real 0.008s	user 0.006s	sys 0.000s
I20260710 11:01:47.494338 10644 tablet_bootstrap.cc:492] T e1fdde6ec1ac4f0195f810b475ef93e6 P 6a64baf8d293432e86365ee4fb657901: No bootstrap required, opened a new log
I20260710 11:01:47.494897 10644 ts_tablet_manager.cc:1403] T e1fdde6ec1ac4f0195f810b475ef93e6 P 6a64baf8d293432e86365ee4fb657901: Time spent bootstrapping tablet: real 0.050s	user 0.028s	sys 0.011s
I20260710 11:01:47.495275 10643 tablet_bootstrap.cc:492] T 732c54dcbdb14f139de1024c3306de90 P 4e0f2ca687d7415ebf63eecca08477e5: Bootstrap starting.
I20260710 11:01:47.497891 10644 raft_consensus.cc:359] T e1fdde6ec1ac4f0195f810b475ef93e6 P 6a64baf8d293432e86365ee4fb657901 [term 0 FOLLOWER]: Replica starting. Triggering 0 pending ops. Active config: opid_index: -1 OBSOLETE_local: false peers { permanent_uuid: "88d5d8f21a6141ff99cb5d287f89a93c" member_type: VOTER last_known_addr { host: "127.10.19.1" port: 35781 } } peers { permanent_uuid: "4e0f2ca687d7415ebf63eecca08477e5" member_type: VOTER last_known_addr { host: "127.10.19.2" port: 37591 } } peers { permanent_uuid: "6a64baf8d293432e86365ee4fb657901" member_type: VOTER last_known_addr { host: "127.10.19.3" port: 42493 } }
I20260710 11:01:47.498651 10644 raft_consensus.cc:385] T e1fdde6ec1ac4f0195f810b475ef93e6 P 6a64baf8d293432e86365ee4fb657901 [term 0 FOLLOWER]: Consensus starting up: Expiring failure detector timer to make a prompt election more likely
I20260710 11:01:47.498940 10644 raft_consensus.cc:740] T e1fdde6ec1ac4f0195f810b475ef93e6 P 6a64baf8d293432e86365ee4fb657901 [term 0 FOLLOWER]: Becoming Follower/Learner. State: Replica: 6a64baf8d293432e86365ee4fb657901, State: Initialized, Role: FOLLOWER
I20260710 11:01:47.499989 10644 consensus_queue.cc:260] T e1fdde6ec1ac4f0195f810b475ef93e6 P 6a64baf8d293432e86365ee4fb657901 [NON_LEADER]: Queue going to NON_LEADER mode. State: All replicated index: 0, Majority replicated index: 0, Committed index: 0, Last appended: 0.0, Last appended by leader: 0, Current term: 0, Majority size: -1, State: 0, Mode: NON_LEADER, active raft config: opid_index: -1 OBSOLETE_local: false peers { permanent_uuid: "88d5d8f21a6141ff99cb5d287f89a93c" member_type: VOTER last_known_addr { host: "127.10.19.1" port: 35781 } } peers { permanent_uuid: "4e0f2ca687d7415ebf63eecca08477e5" member_type: VOTER last_known_addr { host: "127.10.19.2" port: 37591 } } peers { permanent_uuid: "6a64baf8d293432e86365ee4fb657901" member_type: VOTER last_known_addr { host: "127.10.19.3" port: 42493 } }
I20260710 11:01:47.503091 10644 ts_tablet_manager.cc:1434] T e1fdde6ec1ac4f0195f810b475ef93e6 P 6a64baf8d293432e86365ee4fb657901: Time spent starting tablet: real 0.008s	user 0.002s	sys 0.005s
I20260710 11:01:47.503635 10643 tablet_bootstrap.cc:654] T 732c54dcbdb14f139de1024c3306de90 P 4e0f2ca687d7415ebf63eecca08477e5: Neither blocks nor log segments found. Creating new log.
I20260710 11:01:47.504101 10644 tablet_bootstrap.cc:492] T d9643d78e2fc48c8bb7ac6adf9b2bfd0 P 6a64baf8d293432e86365ee4fb657901: Bootstrap starting.
I20260710 11:01:47.511787 10644 tablet_bootstrap.cc:654] T d9643d78e2fc48c8bb7ac6adf9b2bfd0 P 6a64baf8d293432e86365ee4fb657901: Neither blocks nor log segments found. Creating new log.
I20260710 11:01:47.518635 10650 raft_consensus.cc:493] T 0be8ff090211464899184bcc2a55e6ec P 6a64baf8d293432e86365ee4fb657901 [term 0 FOLLOWER]: Starting pre-election (no leader contacted us within the election timeout)
I20260710 11:01:47.518893 10645 ts_tablet_manager.cc:1434] T f93ceb0dcf0249658c064fd6b6cdd549 P 88d5d8f21a6141ff99cb5d287f89a93c: Time spent starting tablet: real 0.035s	user 0.006s	sys 0.001s
I20260710 11:01:47.519230 10650 raft_consensus.cc:515] T 0be8ff090211464899184bcc2a55e6ec P 6a64baf8d293432e86365ee4fb657901 [term 0 FOLLOWER]: Starting pre-election with config: opid_index: -1 OBSOLETE_local: false peers { permanent_uuid: "88d5d8f21a6141ff99cb5d287f89a93c" member_type: VOTER last_known_addr { host: "127.10.19.1" port: 35781 } } peers { permanent_uuid: "4e0f2ca687d7415ebf63eecca08477e5" member_type: VOTER last_known_addr { host: "127.10.19.2" port: 37591 } } peers { permanent_uuid: "6a64baf8d293432e86365ee4fb657901" member_type: VOTER last_known_addr { host: "127.10.19.3" port: 42493 } }
I20260710 11:01:47.520336 10645 tablet_bootstrap.cc:492] T 9e1d11d38ed8442bb139f55296279464 P 88d5d8f21a6141ff99cb5d287f89a93c: Bootstrap starting.
I20260710 11:01:47.527552 10650 leader_election.cc:290] T 0be8ff090211464899184bcc2a55e6ec P 6a64baf8d293432e86365ee4fb657901 [CANDIDATE]: Term 1 pre-election: Requested pre-vote from peers 88d5d8f21a6141ff99cb5d287f89a93c (127.10.19.1:35781), 4e0f2ca687d7415ebf63eecca08477e5 (127.10.19.2:37591)
I20260710 11:01:47.528602 10643 tablet_bootstrap.cc:492] T 732c54dcbdb14f139de1024c3306de90 P 4e0f2ca687d7415ebf63eecca08477e5: No bootstrap required, opened a new log
I20260710 11:01:47.529240 10643 ts_tablet_manager.cc:1403] T 732c54dcbdb14f139de1024c3306de90 P 4e0f2ca687d7415ebf63eecca08477e5: Time spent bootstrapping tablet: real 0.034s	user 0.025s	sys 0.007s
I20260710 11:01:47.532757 10643 raft_consensus.cc:359] T 732c54dcbdb14f139de1024c3306de90 P 4e0f2ca687d7415ebf63eecca08477e5 [term 0 FOLLOWER]: Replica starting. Triggering 0 pending ops. Active config: opid_index: -1 OBSOLETE_local: false peers { permanent_uuid: "88d5d8f21a6141ff99cb5d287f89a93c" member_type: VOTER last_known_addr { host: "127.10.19.1" port: 35781 } } peers { permanent_uuid: "4e0f2ca687d7415ebf63eecca08477e5" member_type: VOTER last_known_addr { host: "127.10.19.2" port: 37591 } } peers { permanent_uuid: "6a64baf8d293432e86365ee4fb657901" member_type: VOTER last_known_addr { host: "127.10.19.3" port: 42493 } }
I20260710 11:01:47.533879 10643 raft_consensus.cc:385] T 732c54dcbdb14f139de1024c3306de90 P 4e0f2ca687d7415ebf63eecca08477e5 [term 0 FOLLOWER]: Consensus starting up: Expiring failure detector timer to make a prompt election more likely
I20260710 11:01:47.534320 10643 raft_consensus.cc:740] T 732c54dcbdb14f139de1024c3306de90 P 4e0f2ca687d7415ebf63eecca08477e5 [term 0 FOLLOWER]: Becoming Follower/Learner. State: Replica: 4e0f2ca687d7415ebf63eecca08477e5, State: Initialized, Role: FOLLOWER
I20260710 11:01:47.535251 10643 consensus_queue.cc:260] T 732c54dcbdb14f139de1024c3306de90 P 4e0f2ca687d7415ebf63eecca08477e5 [NON_LEADER]: Queue going to NON_LEADER mode. State: All replicated index: 0, Majority replicated index: 0, Committed index: 0, Last appended: 0.0, Last appended by leader: 0, Current term: 0, Majority size: -1, State: 0, Mode: NON_LEADER, active raft config: opid_index: -1 OBSOLETE_local: false peers { permanent_uuid: "88d5d8f21a6141ff99cb5d287f89a93c" member_type: VOTER last_known_addr { host: "127.10.19.1" port: 35781 } } peers { permanent_uuid: "4e0f2ca687d7415ebf63eecca08477e5" member_type: VOTER last_known_addr { host: "127.10.19.2" port: 37591 } } peers { permanent_uuid: "6a64baf8d293432e86365ee4fb657901" member_type: VOTER last_known_addr { host: "127.10.19.3" port: 42493 } }
I20260710 11:01:47.538116 10643 ts_tablet_manager.cc:1434] T 732c54dcbdb14f139de1024c3306de90 P 4e0f2ca687d7415ebf63eecca08477e5: Time spent starting tablet: real 0.008s	user 0.004s	sys 0.003s
I20260710 11:01:47.539304 10643 tablet_bootstrap.cc:492] T 0be8ff090211464899184bcc2a55e6ec P 4e0f2ca687d7415ebf63eecca08477e5: Bootstrap starting.
I20260710 11:01:47.548815 10526 tablet_service.cc:1917] Received RequestConsensusVote() RPC: tablet_id: "0be8ff090211464899184bcc2a55e6ec" candidate_uuid: "6a64baf8d293432e86365ee4fb657901" candidate_term: 1 candidate_status { last_received { term: 0 index: 0 } } ignore_live_leader: false dest_uuid: "4e0f2ca687d7415ebf63eecca08477e5" is_pre_election: true
W20260710 11:01:47.555001 10566 leader_election.cc:343] T 0be8ff090211464899184bcc2a55e6ec P 6a64baf8d293432e86365ee4fb657901 [CANDIDATE]: Term 1 pre-election: Tablet error from VoteRequest() call to peer 4e0f2ca687d7415ebf63eecca08477e5 (127.10.19.2:37591): Illegal state: must be running to vote when last-logged opid is not known
I20260710 11:01:47.562719 10645 tablet_bootstrap.cc:654] T 9e1d11d38ed8442bb139f55296279464 P 88d5d8f21a6141ff99cb5d287f89a93c: Neither blocks nor log segments found. Creating new log.
I20260710 11:01:47.563349 10643 tablet_bootstrap.cc:654] T 0be8ff090211464899184bcc2a55e6ec P 4e0f2ca687d7415ebf63eecca08477e5: Neither blocks nor log segments found. Creating new log.
I20260710 11:01:47.569658 10644 tablet_bootstrap.cc:492] T d9643d78e2fc48c8bb7ac6adf9b2bfd0 P 6a64baf8d293432e86365ee4fb657901: No bootstrap required, opened a new log
I20260710 11:01:47.570853 10451 tablet_service.cc:1917] Received RequestConsensusVote() RPC: tablet_id: "0be8ff090211464899184bcc2a55e6ec" candidate_uuid: "6a64baf8d293432e86365ee4fb657901" candidate_term: 1 candidate_status { last_received { term: 0 index: 0 } } ignore_live_leader: false dest_uuid: "88d5d8f21a6141ff99cb5d287f89a93c" is_pre_election: true
I20260710 11:01:47.580039 10644 ts_tablet_manager.cc:1403] T d9643d78e2fc48c8bb7ac6adf9b2bfd0 P 6a64baf8d293432e86365ee4fb657901: Time spent bootstrapping tablet: real 0.076s	user 0.015s	sys 0.007s
W20260710 11:01:47.581132 10565 leader_election.cc:343] T 0be8ff090211464899184bcc2a55e6ec P 6a64baf8d293432e86365ee4fb657901 [CANDIDATE]: Term 1 pre-election: Tablet error from VoteRequest() call to peer 88d5d8f21a6141ff99cb5d287f89a93c (127.10.19.1:35781): Illegal state: must be running to vote when last-logged opid is not known
I20260710 11:01:47.581657 10565 leader_election.cc:304] T 0be8ff090211464899184bcc2a55e6ec P 6a64baf8d293432e86365ee4fb657901 [CANDIDATE]: Term 1 pre-election: Election decided. Result: candidate lost. Election summary: received 3 responses out of 3 voters: 1 yes votes; 2 no votes. yes voters: 6a64baf8d293432e86365ee4fb657901; no voters: 4e0f2ca687d7415ebf63eecca08477e5, 88d5d8f21a6141ff99cb5d287f89a93c
I20260710 11:01:47.582481 10650 raft_consensus.cc:2749] T 0be8ff090211464899184bcc2a55e6ec P 6a64baf8d293432e86365ee4fb657901 [term 0 FOLLOWER]: Leader pre-election lost for term 1. Reason: could not achieve majority
I20260710 11:01:47.573681 10643 tablet_bootstrap.cc:492] T 0be8ff090211464899184bcc2a55e6ec P 4e0f2ca687d7415ebf63eecca08477e5: No bootstrap required, opened a new log
W20260710 11:01:47.578260 10626 tablet.cc:2406] T 0be8ff090211464899184bcc2a55e6ec P 6a64baf8d293432e86365ee4fb657901: Can't schedule compaction. Clean time has not been advanced past its initial value.
I20260710 11:01:47.578312 10645 tablet_bootstrap.cc:492] T 9e1d11d38ed8442bb139f55296279464 P 88d5d8f21a6141ff99cb5d287f89a93c: No bootstrap required, opened a new log
I20260710 11:01:47.583452 10644 raft_consensus.cc:359] T d9643d78e2fc48c8bb7ac6adf9b2bfd0 P 6a64baf8d293432e86365ee4fb657901 [term 0 FOLLOWER]: Replica starting. Triggering 0 pending ops. Active config: opid_index: -1 OBSOLETE_local: false peers { permanent_uuid: "4e0f2ca687d7415ebf63eecca08477e5" member_type: VOTER last_known_addr { host: "127.10.19.2" port: 37591 } } peers { permanent_uuid: "6a64baf8d293432e86365ee4fb657901" member_type: VOTER last_known_addr { host: "127.10.19.3" port: 42493 } } peers { permanent_uuid: "88d5d8f21a6141ff99cb5d287f89a93c" member_type: VOTER last_known_addr { host: "127.10.19.1" port: 35781 } }
I20260710 11:01:47.584229 10645 ts_tablet_manager.cc:1403] T 9e1d11d38ed8442bb139f55296279464 P 88d5d8f21a6141ff99cb5d287f89a93c: Time spent bootstrapping tablet: real 0.064s	user 0.011s	sys 0.010s
I20260710 11:01:47.584829 10643 ts_tablet_manager.cc:1403] T 0be8ff090211464899184bcc2a55e6ec P 4e0f2ca687d7415ebf63eecca08477e5: Time spent bootstrapping tablet: real 0.046s	user 0.010s	sys 0.005s
I20260710 11:01:47.584203 10644 raft_consensus.cc:385] T d9643d78e2fc48c8bb7ac6adf9b2bfd0 P 6a64baf8d293432e86365ee4fb657901 [term 0 FOLLOWER]: Consensus starting up: Expiring failure detector timer to make a prompt election more likely
I20260710 11:01:47.586565 10644 raft_consensus.cc:740] T d9643d78e2fc48c8bb7ac6adf9b2bfd0 P 6a64baf8d293432e86365ee4fb657901 [term 0 FOLLOWER]: Becoming Follower/Learner. State: Replica: 6a64baf8d293432e86365ee4fb657901, State: Initialized, Role: FOLLOWER
I20260710 11:01:47.587276 10643 raft_consensus.cc:359] T 0be8ff090211464899184bcc2a55e6ec P 4e0f2ca687d7415ebf63eecca08477e5 [term 0 FOLLOWER]: Replica starting. Triggering 0 pending ops. Active config: opid_index: -1 OBSOLETE_local: false peers { permanent_uuid: "88d5d8f21a6141ff99cb5d287f89a93c" member_type: VOTER last_known_addr { host: "127.10.19.1" port: 35781 } } peers { permanent_uuid: "4e0f2ca687d7415ebf63eecca08477e5" member_type: VOTER last_known_addr { host: "127.10.19.2" port: 37591 } } peers { permanent_uuid: "6a64baf8d293432e86365ee4fb657901" member_type: VOTER last_known_addr { host: "127.10.19.3" port: 42493 } }
I20260710 11:01:47.587492 10644 consensus_queue.cc:260] T d9643d78e2fc48c8bb7ac6adf9b2bfd0 P 6a64baf8d293432e86365ee4fb657901 [NON_LEADER]: Queue going to NON_LEADER mode. State: All replicated index: 0, Majority replicated index: 0, Committed index: 0, Last appended: 0.0, Last appended by leader: 0, Current term: 0, Majority size: -1, State: 0, Mode: NON_LEADER, active raft config: opid_index: -1 OBSOLETE_local: false peers { permanent_uuid: "4e0f2ca687d7415ebf63eecca08477e5" member_type: VOTER last_known_addr { host: "127.10.19.2" port: 37591 } } peers { permanent_uuid: "6a64baf8d293432e86365ee4fb657901" member_type: VOTER last_known_addr { host: "127.10.19.3" port: 42493 } } peers { permanent_uuid: "88d5d8f21a6141ff99cb5d287f89a93c" member_type: VOTER last_known_addr { host: "127.10.19.1" port: 35781 } }
I20260710 11:01:47.588080 10643 raft_consensus.cc:385] T 0be8ff090211464899184bcc2a55e6ec P 4e0f2ca687d7415ebf63eecca08477e5 [term 0 FOLLOWER]: Consensus starting up: Expiring failure detector timer to make a prompt election more likely
I20260710 11:01:47.588547 10643 raft_consensus.cc:740] T 0be8ff090211464899184bcc2a55e6ec P 4e0f2ca687d7415ebf63eecca08477e5 [term 0 FOLLOWER]: Becoming Follower/Learner. State: Replica: 4e0f2ca687d7415ebf63eecca08477e5, State: Initialized, Role: FOLLOWER
I20260710 11:01:47.587543 10645 raft_consensus.cc:359] T 9e1d11d38ed8442bb139f55296279464 P 88d5d8f21a6141ff99cb5d287f89a93c [term 0 FOLLOWER]: Replica starting. Triggering 0 pending ops. Active config: opid_index: -1 OBSOLETE_local: false peers { permanent_uuid: "88d5d8f21a6141ff99cb5d287f89a93c" member_type: VOTER last_known_addr { host: "127.10.19.1" port: 35781 } } peers { permanent_uuid: "4e0f2ca687d7415ebf63eecca08477e5" member_type: VOTER last_known_addr { host: "127.10.19.2" port: 37591 } } peers { permanent_uuid: "6a64baf8d293432e86365ee4fb657901" member_type: VOTER last_known_addr { host: "127.10.19.3" port: 42493 } }
I20260710 11:01:47.589076 10645 raft_consensus.cc:385] T 9e1d11d38ed8442bb139f55296279464 P 88d5d8f21a6141ff99cb5d287f89a93c [term 0 FOLLOWER]: Consensus starting up: Expiring failure detector timer to make a prompt election more likely
I20260710 11:01:47.589591 10645 raft_consensus.cc:740] T 9e1d11d38ed8442bb139f55296279464 P 88d5d8f21a6141ff99cb5d287f89a93c [term 0 FOLLOWER]: Becoming Follower/Learner. State: Replica: 88d5d8f21a6141ff99cb5d287f89a93c, State: Initialized, Role: FOLLOWER
I20260710 11:01:47.589355 10643 consensus_queue.cc:260] T 0be8ff090211464899184bcc2a55e6ec P 4e0f2ca687d7415ebf63eecca08477e5 [NON_LEADER]: Queue going to NON_LEADER mode. State: All replicated index: 0, Majority replicated index: 0, Committed index: 0, Last appended: 0.0, Last appended by leader: 0, Current term: 0, Majority size: -1, State: 0, Mode: NON_LEADER, active raft config: opid_index: -1 OBSOLETE_local: false peers { permanent_uuid: "88d5d8f21a6141ff99cb5d287f89a93c" member_type: VOTER last_known_addr { host: "127.10.19.1" port: 35781 } } peers { permanent_uuid: "4e0f2ca687d7415ebf63eecca08477e5" member_type: VOTER last_known_addr { host: "127.10.19.2" port: 37591 } } peers { permanent_uuid: "6a64baf8d293432e86365ee4fb657901" member_type: VOTER last_known_addr { host: "127.10.19.3" port: 42493 } }
I20260710 11:01:47.590914 10645 consensus_queue.cc:260] T 9e1d11d38ed8442bb139f55296279464 P 88d5d8f21a6141ff99cb5d287f89a93c [NON_LEADER]: Queue going to NON_LEADER mode. State: All replicated index: 0, Majority replicated index: 0, Committed index: 0, Last appended: 0.0, Last appended by leader: 0, Current term: 0, Majority size: -1, State: 0, Mode: NON_LEADER, active raft config: opid_index: -1 OBSOLETE_local: false peers { permanent_uuid: "88d5d8f21a6141ff99cb5d287f89a93c" member_type: VOTER last_known_addr { host: "127.10.19.1" port: 35781 } } peers { permanent_uuid: "4e0f2ca687d7415ebf63eecca08477e5" member_type: VOTER last_known_addr { host: "127.10.19.2" port: 37591 } } peers { permanent_uuid: "6a64baf8d293432e86365ee4fb657901" member_type: VOTER last_known_addr { host: "127.10.19.3" port: 42493 } }
I20260710 11:01:47.592674 10644 ts_tablet_manager.cc:1434] T d9643d78e2fc48c8bb7ac6adf9b2bfd0 P 6a64baf8d293432e86365ee4fb657901: Time spent starting tablet: real 0.012s	user 0.008s	sys 0.000s
I20260710 11:01:47.592983 10643 ts_tablet_manager.cc:1434] T 0be8ff090211464899184bcc2a55e6ec P 4e0f2ca687d7415ebf63eecca08477e5: Time spent starting tablet: real 0.008s	user 0.005s	sys 0.001s
I20260710 11:01:47.594914 10645 ts_tablet_manager.cc:1434] T 9e1d11d38ed8442bb139f55296279464 P 88d5d8f21a6141ff99cb5d287f89a93c: Time spent starting tablet: real 0.010s	user 0.007s	sys 0.000s
I20260710 11:01:47.595288 10643 tablet_bootstrap.cc:492] T 47cf86734b5d4171b3c86b62b0b4502c P 4e0f2ca687d7415ebf63eecca08477e5: Bootstrap starting.
I20260710 11:01:47.595971 10645 tablet_bootstrap.cc:492] T a705959c44ad4872a578b4d6774d0d91 P 88d5d8f21a6141ff99cb5d287f89a93c: Bootstrap starting.
I20260710 11:01:47.602844 10645 tablet_bootstrap.cc:654] T a705959c44ad4872a578b4d6774d0d91 P 88d5d8f21a6141ff99cb5d287f89a93c: Neither blocks nor log segments found. Creating new log.
I20260710 11:01:47.604148 10644 tablet_bootstrap.cc:492] T 9e1d11d38ed8442bb139f55296279464 P 6a64baf8d293432e86365ee4fb657901: Bootstrap starting.
I20260710 11:01:47.611456 10644 tablet_bootstrap.cc:654] T 9e1d11d38ed8442bb139f55296279464 P 6a64baf8d293432e86365ee4fb657901: Neither blocks nor log segments found. Creating new log.
I20260710 11:01:47.603518 10643 tablet_bootstrap.cc:654] T 47cf86734b5d4171b3c86b62b0b4502c P 4e0f2ca687d7415ebf63eecca08477e5: Neither blocks nor log segments found. Creating new log.
I20260710 11:01:47.618850 10649 raft_consensus.cc:493] T e1fdde6ec1ac4f0195f810b475ef93e6 P 4e0f2ca687d7415ebf63eecca08477e5 [term 0 FOLLOWER]: Starting pre-election (no leader contacted us within the election timeout)
I20260710 11:01:47.619369 10649 raft_consensus.cc:515] T e1fdde6ec1ac4f0195f810b475ef93e6 P 4e0f2ca687d7415ebf63eecca08477e5 [term 0 FOLLOWER]: Starting pre-election with config: opid_index: -1 OBSOLETE_local: false peers { permanent_uuid: "88d5d8f21a6141ff99cb5d287f89a93c" member_type: VOTER last_known_addr { host: "127.10.19.1" port: 35781 } } peers { permanent_uuid: "4e0f2ca687d7415ebf63eecca08477e5" member_type: VOTER last_known_addr { host: "127.10.19.2" port: 37591 } } peers { permanent_uuid: "6a64baf8d293432e86365ee4fb657901" member_type: VOTER last_known_addr { host: "127.10.19.3" port: 42493 } }
I20260710 11:01:47.622192 10649 leader_election.cc:290] T e1fdde6ec1ac4f0195f810b475ef93e6 P 4e0f2ca687d7415ebf63eecca08477e5 [CANDIDATE]: Term 1 pre-election: Requested pre-vote from peers 88d5d8f21a6141ff99cb5d287f89a93c (127.10.19.1:35781), 6a64baf8d293432e86365ee4fb657901 (127.10.19.3:42493)
I20260710 11:01:47.628115 10645 tablet_bootstrap.cc:492] T a705959c44ad4872a578b4d6774d0d91 P 88d5d8f21a6141ff99cb5d287f89a93c: No bootstrap required, opened a new log
I20260710 11:01:47.628700 10645 ts_tablet_manager.cc:1403] T a705959c44ad4872a578b4d6774d0d91 P 88d5d8f21a6141ff99cb5d287f89a93c: Time spent bootstrapping tablet: real 0.033s	user 0.019s	sys 0.006s
I20260710 11:01:47.651355 10644 tablet_bootstrap.cc:492] T 9e1d11d38ed8442bb139f55296279464 P 6a64baf8d293432e86365ee4fb657901: No bootstrap required, opened a new log
I20260710 11:01:47.645372 10645 raft_consensus.cc:359] T a705959c44ad4872a578b4d6774d0d91 P 88d5d8f21a6141ff99cb5d287f89a93c [term 0 FOLLOWER]: Replica starting. Triggering 0 pending ops. Active config: opid_index: -1 OBSOLETE_local: false peers { permanent_uuid: "88d5d8f21a6141ff99cb5d287f89a93c" member_type: VOTER last_known_addr { host: "127.10.19.1" port: 35781 } } peers { permanent_uuid: "4e0f2ca687d7415ebf63eecca08477e5" member_type: VOTER last_known_addr { host: "127.10.19.2" port: 37591 } } peers { permanent_uuid: "6a64baf8d293432e86365ee4fb657901" member_type: VOTER last_known_addr { host: "127.10.19.3" port: 42493 } }
I20260710 11:01:47.652549 10645 raft_consensus.cc:385] T a705959c44ad4872a578b4d6774d0d91 P 88d5d8f21a6141ff99cb5d287f89a93c [term 0 FOLLOWER]: Consensus starting up: Expiring failure detector timer to make a prompt election more likely
I20260710 11:01:47.651824 10651 raft_consensus.cc:493] T f93ceb0dcf0249658c064fd6b6cdd549 P 88d5d8f21a6141ff99cb5d287f89a93c [term 0 FOLLOWER]: Starting pre-election (no leader contacted us within the election timeout)
I20260710 11:01:47.652691 10644 ts_tablet_manager.cc:1403] T 9e1d11d38ed8442bb139f55296279464 P 6a64baf8d293432e86365ee4fb657901: Time spent bootstrapping tablet: real 0.049s	user 0.014s	sys 0.004s
I20260710 11:01:47.652868 10645 raft_consensus.cc:740] T a705959c44ad4872a578b4d6774d0d91 P 88d5d8f21a6141ff99cb5d287f89a93c [term 0 FOLLOWER]: Becoming Follower/Learner. State: Replica: 88d5d8f21a6141ff99cb5d287f89a93c, State: Initialized, Role: FOLLOWER
I20260710 11:01:47.663722 10645 consensus_queue.cc:260] T a705959c44ad4872a578b4d6774d0d91 P 88d5d8f21a6141ff99cb5d287f89a93c [NON_LEADER]: Queue going to NON_LEADER mode. State: All replicated index: 0, Majority replicated index: 0, Committed index: 0, Last appended: 0.0, Last appended by leader: 0, Current term: 0, Majority size: -1, State: 0, Mode: NON_LEADER, active raft config: opid_index: -1 OBSOLETE_local: false peers { permanent_uuid: "88d5d8f21a6141ff99cb5d287f89a93c" member_type: VOTER last_known_addr { host: "127.10.19.1" port: 35781 } } peers { permanent_uuid: "4e0f2ca687d7415ebf63eecca08477e5" member_type: VOTER last_known_addr { host: "127.10.19.2" port: 37591 } } peers { permanent_uuid: "6a64baf8d293432e86365ee4fb657901" member_type: VOTER last_known_addr { host: "127.10.19.3" port: 42493 } }
I20260710 11:01:47.660795 10651 raft_consensus.cc:515] T f93ceb0dcf0249658c064fd6b6cdd549 P 88d5d8f21a6141ff99cb5d287f89a93c [term 0 FOLLOWER]: Starting pre-election with config: opid_index: -1 OBSOLETE_local: false peers { permanent_uuid: "88d5d8f21a6141ff99cb5d287f89a93c" member_type: VOTER last_known_addr { host: "127.10.19.1" port: 35781 } } peers { permanent_uuid: "4e0f2ca687d7415ebf63eecca08477e5" member_type: VOTER last_known_addr { host: "127.10.19.2" port: 37591 } } peers { permanent_uuid: "6a64baf8d293432e86365ee4fb657901" member_type: VOTER last_known_addr { host: "127.10.19.3" port: 42493 } }
I20260710 11:01:47.665935 10644 raft_consensus.cc:359] T 9e1d11d38ed8442bb139f55296279464 P 6a64baf8d293432e86365ee4fb657901 [term 0 FOLLOWER]: Replica starting. Triggering 0 pending ops. Active config: opid_index: -1 OBSOLETE_local: false peers { permanent_uuid: "88d5d8f21a6141ff99cb5d287f89a93c" member_type: VOTER last_known_addr { host: "127.10.19.1" port: 35781 } } peers { permanent_uuid: "4e0f2ca687d7415ebf63eecca08477e5" member_type: VOTER last_known_addr { host: "127.10.19.2" port: 37591 } } peers { permanent_uuid: "6a64baf8d293432e86365ee4fb657901" member_type: VOTER last_known_addr { host: "127.10.19.3" port: 42493 } }
I20260710 11:01:47.666687 10644 raft_consensus.cc:385] T 9e1d11d38ed8442bb139f55296279464 P 6a64baf8d293432e86365ee4fb657901 [term 0 FOLLOWER]: Consensus starting up: Expiring failure detector timer to make a prompt election more likely
I20260710 11:01:47.666986 10644 raft_consensus.cc:740] T 9e1d11d38ed8442bb139f55296279464 P 6a64baf8d293432e86365ee4fb657901 [term 0 FOLLOWER]: Becoming Follower/Learner. State: Replica: 6a64baf8d293432e86365ee4fb657901, State: Initialized, Role: FOLLOWER
I20260710 11:01:47.667897 10643 tablet_bootstrap.cc:492] T 47cf86734b5d4171b3c86b62b0b4502c P 4e0f2ca687d7415ebf63eecca08477e5: No bootstrap required, opened a new log
I20260710 11:01:47.669302 10643 ts_tablet_manager.cc:1403] T 47cf86734b5d4171b3c86b62b0b4502c P 4e0f2ca687d7415ebf63eecca08477e5: Time spent bootstrapping tablet: real 0.074s	user 0.022s	sys 0.012s
I20260710 11:01:47.668493 10644 consensus_queue.cc:260] T 9e1d11d38ed8442bb139f55296279464 P 6a64baf8d293432e86365ee4fb657901 [NON_LEADER]: Queue going to NON_LEADER mode. State: All replicated index: 0, Majority replicated index: 0, Committed index: 0, Last appended: 0.0, Last appended by leader: 0, Current term: 0, Majority size: -1, State: 0, Mode: NON_LEADER, active raft config: opid_index: -1 OBSOLETE_local: false peers { permanent_uuid: "88d5d8f21a6141ff99cb5d287f89a93c" member_type: VOTER last_known_addr { host: "127.10.19.1" port: 35781 } } peers { permanent_uuid: "4e0f2ca687d7415ebf63eecca08477e5" member_type: VOTER last_known_addr { host: "127.10.19.2" port: 37591 } } peers { permanent_uuid: "6a64baf8d293432e86365ee4fb657901" member_type: VOTER last_known_addr { host: "127.10.19.3" port: 42493 } }
I20260710 11:01:47.669718 10651 leader_election.cc:290] T f93ceb0dcf0249658c064fd6b6cdd549 P 88d5d8f21a6141ff99cb5d287f89a93c [CANDIDATE]: Term 1 pre-election: Requested pre-vote from peers 4e0f2ca687d7415ebf63eecca08477e5 (127.10.19.2:37591), 6a64baf8d293432e86365ee4fb657901 (127.10.19.3:42493)
I20260710 11:01:47.688454 10644 ts_tablet_manager.cc:1434] T 9e1d11d38ed8442bb139f55296279464 P 6a64baf8d293432e86365ee4fb657901: Time spent starting tablet: real 0.029s	user 0.005s	sys 0.002s
I20260710 11:01:47.689496 10644 tablet_bootstrap.cc:492] T 732c54dcbdb14f139de1024c3306de90 P 6a64baf8d293432e86365ee4fb657901: Bootstrap starting.
I20260710 11:01:47.684643 10651 raft_consensus.cc:493] T e1fdde6ec1ac4f0195f810b475ef93e6 P 88d5d8f21a6141ff99cb5d287f89a93c [term 0 FOLLOWER]: Starting pre-election (no leader contacted us within the election timeout)
I20260710 11:01:47.698818 10651 raft_consensus.cc:515] T e1fdde6ec1ac4f0195f810b475ef93e6 P 88d5d8f21a6141ff99cb5d287f89a93c [term 0 FOLLOWER]: Starting pre-election with config: opid_index: -1 OBSOLETE_local: false peers { permanent_uuid: "88d5d8f21a6141ff99cb5d287f89a93c" member_type: VOTER last_known_addr { host: "127.10.19.1" port: 35781 } } peers { permanent_uuid: "4e0f2ca687d7415ebf63eecca08477e5" member_type: VOTER last_known_addr { host: "127.10.19.2" port: 37591 } } peers { permanent_uuid: "6a64baf8d293432e86365ee4fb657901" member_type: VOTER last_known_addr { host: "127.10.19.3" port: 42493 } }
I20260710 11:01:47.710565 10451 tablet_service.cc:1917] Received RequestConsensusVote() RPC: tablet_id: "e1fdde6ec1ac4f0195f810b475ef93e6" candidate_uuid: "4e0f2ca687d7415ebf63eecca08477e5" candidate_term: 1 candidate_status { last_received { term: 0 index: 0 } } ignore_live_leader: false dest_uuid: "88d5d8f21a6141ff99cb5d287f89a93c" is_pre_election: true
I20260710 11:01:47.711337 10451 raft_consensus.cc:2468] T e1fdde6ec1ac4f0195f810b475ef93e6 P 88d5d8f21a6141ff99cb5d287f89a93c [term 0 FOLLOWER]: Leader pre-election vote request: Granting yes vote for candidate 4e0f2ca687d7415ebf63eecca08477e5 in term 0.
I20260710 11:01:47.718156 10645 ts_tablet_manager.cc:1434] T a705959c44ad4872a578b4d6774d0d91 P 88d5d8f21a6141ff99cb5d287f89a93c: Time spent starting tablet: real 0.079s	user 0.011s	sys 0.004s
I20260710 11:01:47.716236 10600 tablet_service.cc:1917] Received RequestConsensusVote() RPC: tablet_id: "e1fdde6ec1ac4f0195f810b475ef93e6" candidate_uuid: "4e0f2ca687d7415ebf63eecca08477e5" candidate_term: 1 candidate_status { last_received { term: 0 index: 0 } } ignore_live_leader: false dest_uuid: "6a64baf8d293432e86365ee4fb657901" is_pre_election: true
I20260710 11:01:47.719417 10600 raft_consensus.cc:2468] T e1fdde6ec1ac4f0195f810b475ef93e6 P 6a64baf8d293432e86365ee4fb657901 [term 0 FOLLOWER]: Leader pre-election vote request: Granting yes vote for candidate 4e0f2ca687d7415ebf63eecca08477e5 in term 0.
I20260710 11:01:47.713608 10491 leader_election.cc:304] T e1fdde6ec1ac4f0195f810b475ef93e6 P 4e0f2ca687d7415ebf63eecca08477e5 [CANDIDATE]: Term 1 pre-election: Election decided. Result: candidate won. Election summary: received 2 responses out of 3 voters: 2 yes votes; 0 no votes. yes voters: 4e0f2ca687d7415ebf63eecca08477e5, 88d5d8f21a6141ff99cb5d287f89a93c; no voters: 
I20260710 11:01:47.721621 10649 raft_consensus.cc:2804] T e1fdde6ec1ac4f0195f810b475ef93e6 P 4e0f2ca687d7415ebf63eecca08477e5 [term 0 FOLLOWER]: Leader pre-election won for term 1
I20260710 11:01:47.722289 10649 raft_consensus.cc:493] T e1fdde6ec1ac4f0195f810b475ef93e6 P 4e0f2ca687d7415ebf63eecca08477e5 [term 0 FOLLOWER]: Starting leader election (no leader contacted us within the election timeout)
I20260710 11:01:47.722652 10649 raft_consensus.cc:3060] T e1fdde6ec1ac4f0195f810b475ef93e6 P 4e0f2ca687d7415ebf63eecca08477e5 [term 0 FOLLOWER]: Advancing to term 1
I20260710 11:01:47.708046 10643 raft_consensus.cc:359] T 47cf86734b5d4171b3c86b62b0b4502c P 4e0f2ca687d7415ebf63eecca08477e5 [term 0 FOLLOWER]: Replica starting. Triggering 0 pending ops. Active config: opid_index: -1 OBSOLETE_local: false peers { permanent_uuid: "88d5d8f21a6141ff99cb5d287f89a93c" member_type: VOTER last_known_addr { host: "127.10.19.1" port: 35781 } } peers { permanent_uuid: "4e0f2ca687d7415ebf63eecca08477e5" member_type: VOTER last_known_addr { host: "127.10.19.2" port: 37591 } } peers { permanent_uuid: "6a64baf8d293432e86365ee4fb657901" member_type: VOTER last_known_addr { host: "127.10.19.3" port: 42493 } }
I20260710 11:01:47.723035 10651 leader_election.cc:290] T e1fdde6ec1ac4f0195f810b475ef93e6 P 88d5d8f21a6141ff99cb5d287f89a93c [CANDIDATE]: Term 1 pre-election: Requested pre-vote from peers 4e0f2ca687d7415ebf63eecca08477e5 (127.10.19.2:37591), 6a64baf8d293432e86365ee4fb657901 (127.10.19.3:42493)
I20260710 11:01:47.724261 10643 raft_consensus.cc:385] T 47cf86734b5d4171b3c86b62b0b4502c P 4e0f2ca687d7415ebf63eecca08477e5 [term 0 FOLLOWER]: Consensus starting up: Expiring failure detector timer to make a prompt election more likely
I20260710 11:01:47.744045 10645 tablet_bootstrap.cc:492] T 47cf86734b5d4171b3c86b62b0b4502c P 88d5d8f21a6141ff99cb5d287f89a93c: Bootstrap starting.
I20260710 11:01:47.748245 10651 raft_consensus.cc:493] T 9e1d11d38ed8442bb139f55296279464 P 88d5d8f21a6141ff99cb5d287f89a93c [term 0 FOLLOWER]: Starting pre-election (no leader contacted us within the election timeout)
I20260710 11:01:47.748799 10651 raft_consensus.cc:515] T 9e1d11d38ed8442bb139f55296279464 P 88d5d8f21a6141ff99cb5d287f89a93c [term 0 FOLLOWER]: Starting pre-election with config: opid_index: -1 OBSOLETE_local: false peers { permanent_uuid: "88d5d8f21a6141ff99cb5d287f89a93c" member_type: VOTER last_known_addr { host: "127.10.19.1" port: 35781 } } peers { permanent_uuid: "4e0f2ca687d7415ebf63eecca08477e5" member_type: VOTER last_known_addr { host: "127.10.19.2" port: 37591 } } peers { permanent_uuid: "6a64baf8d293432e86365ee4fb657901" member_type: VOTER last_known_addr { host: "127.10.19.3" port: 42493 } }
I20260710 11:01:47.743782 10643 raft_consensus.cc:740] T 47cf86734b5d4171b3c86b62b0b4502c P 4e0f2ca687d7415ebf63eecca08477e5 [term 0 FOLLOWER]: Becoming Follower/Learner. State: Replica: 4e0f2ca687d7415ebf63eecca08477e5, State: Initialized, Role: FOLLOWER
I20260710 11:01:47.751178 10526 tablet_service.cc:1917] Received RequestConsensusVote() RPC: tablet_id: "f93ceb0dcf0249658c064fd6b6cdd549" candidate_uuid: "88d5d8f21a6141ff99cb5d287f89a93c" candidate_term: 1 candidate_status { last_received { term: 0 index: 0 } } ignore_live_leader: false dest_uuid: "4e0f2ca687d7415ebf63eecca08477e5" is_pre_election: true
I20260710 11:01:47.752192 10643 consensus_queue.cc:260] T 47cf86734b5d4171b3c86b62b0b4502c P 4e0f2ca687d7415ebf63eecca08477e5 [NON_LEADER]: Queue going to NON_LEADER mode. State: All replicated index: 0, Majority replicated index: 0, Committed index: 0, Last appended: 0.0, Last appended by leader: 0, Current term: 0, Majority size: -1, State: 0, Mode: NON_LEADER, active raft config: opid_index: -1 OBSOLETE_local: false peers { permanent_uuid: "88d5d8f21a6141ff99cb5d287f89a93c" member_type: VOTER last_known_addr { host: "127.10.19.1" port: 35781 } } peers { permanent_uuid: "4e0f2ca687d7415ebf63eecca08477e5" member_type: VOTER last_known_addr { host: "127.10.19.2" port: 37591 } } peers { permanent_uuid: "6a64baf8d293432e86365ee4fb657901" member_type: VOTER last_known_addr { host: "127.10.19.3" port: 42493 } }
I20260710 11:01:47.750397 10649 raft_consensus.cc:515] T e1fdde6ec1ac4f0195f810b475ef93e6 P 4e0f2ca687d7415ebf63eecca08477e5 [term 1 FOLLOWER]: Starting leader election with config: opid_index: -1 OBSOLETE_local: false peers { permanent_uuid: "88d5d8f21a6141ff99cb5d287f89a93c" member_type: VOTER last_known_addr { host: "127.10.19.1" port: 35781 } } peers { permanent_uuid: "4e0f2ca687d7415ebf63eecca08477e5" member_type: VOTER last_known_addr { host: "127.10.19.2" port: 37591 } } peers { permanent_uuid: "6a64baf8d293432e86365ee4fb657901" member_type: VOTER last_known_addr { host: "127.10.19.3" port: 42493 } }
I20260710 11:01:47.754336 10644 tablet_bootstrap.cc:654] T 732c54dcbdb14f139de1024c3306de90 P 6a64baf8d293432e86365ee4fb657901: Neither blocks nor log segments found. Creating new log.
I20260710 11:01:47.753917 10525 tablet_service.cc:1917] Received RequestConsensusVote() RPC: tablet_id: "e1fdde6ec1ac4f0195f810b475ef93e6" candidate_uuid: "88d5d8f21a6141ff99cb5d287f89a93c" candidate_term: 1 candidate_status { last_received { term: 0 index: 0 } } ignore_live_leader: false dest_uuid: "4e0f2ca687d7415ebf63eecca08477e5" is_pre_election: true
I20260710 11:01:47.756711 10525 raft_consensus.cc:2393] T e1fdde6ec1ac4f0195f810b475ef93e6 P 4e0f2ca687d7415ebf63eecca08477e5 [term 1 FOLLOWER]: Leader pre-election vote request: Denying vote to candidate 88d5d8f21a6141ff99cb5d287f89a93c in current term 1: Already voted for candidate 4e0f2ca687d7415ebf63eecca08477e5 in this term.
I20260710 11:01:47.757966 10671 raft_consensus.cc:493] T d9643d78e2fc48c8bb7ac6adf9b2bfd0 P 4e0f2ca687d7415ebf63eecca08477e5 [term 0 FOLLOWER]: Starting pre-election (no leader contacted us within the election timeout)
I20260710 11:01:47.759047 10671 raft_consensus.cc:515] T d9643d78e2fc48c8bb7ac6adf9b2bfd0 P 4e0f2ca687d7415ebf63eecca08477e5 [term 0 FOLLOWER]: Starting pre-election with config: opid_index: -1 OBSOLETE_local: false peers { permanent_uuid: "4e0f2ca687d7415ebf63eecca08477e5" member_type: VOTER last_known_addr { host: "127.10.19.2" port: 37591 } } peers { permanent_uuid: "6a64baf8d293432e86365ee4fb657901" member_type: VOTER last_known_addr { host: "127.10.19.3" port: 42493 } } peers { permanent_uuid: "88d5d8f21a6141ff99cb5d287f89a93c" member_type: VOTER last_known_addr { host: "127.10.19.1" port: 35781 } }
W20260710 11:01:47.762392 10417 leader_election.cc:343] T f93ceb0dcf0249658c064fd6b6cdd549 P 88d5d8f21a6141ff99cb5d287f89a93c [CANDIDATE]: Term 1 pre-election: Tablet error from VoteRequest() call to peer 4e0f2ca687d7415ebf63eecca08477e5 (127.10.19.2:37591): Illegal state: must be running to vote when last-logged opid is not known
I20260710 11:01:47.766647 10451 tablet_service.cc:1917] Received RequestConsensusVote() RPC: tablet_id: "e1fdde6ec1ac4f0195f810b475ef93e6" candidate_uuid: "4e0f2ca687d7415ebf63eecca08477e5" candidate_term: 1 candidate_status { last_received { term: 0 index: 0 } } ignore_live_leader: false dest_uuid: "88d5d8f21a6141ff99cb5d287f89a93c"
I20260710 11:01:47.767006 10599 tablet_service.cc:1917] Received RequestConsensusVote() RPC: tablet_id: "e1fdde6ec1ac4f0195f810b475ef93e6" candidate_uuid: "88d5d8f21a6141ff99cb5d287f89a93c" candidate_term: 1 candidate_status { last_received { term: 0 index: 0 } } ignore_live_leader: false dest_uuid: "6a64baf8d293432e86365ee4fb657901" is_pre_election: true
I20260710 11:01:47.765534 10600 tablet_service.cc:1917] Received RequestConsensusVote() RPC: tablet_id: "f93ceb0dcf0249658c064fd6b6cdd549" candidate_uuid: "88d5d8f21a6141ff99cb5d287f89a93c" candidate_term: 1 candidate_status { last_received { term: 0 index: 0 } } ignore_live_leader: false dest_uuid: "6a64baf8d293432e86365ee4fb657901" is_pre_election: true
I20260710 11:01:47.768437 10599 raft_consensus.cc:2468] T e1fdde6ec1ac4f0195f810b475ef93e6 P 6a64baf8d293432e86365ee4fb657901 [term 0 FOLLOWER]: Leader pre-election vote request: Granting yes vote for candidate 88d5d8f21a6141ff99cb5d287f89a93c in term 0.
I20260710 11:01:47.769757 10649 leader_election.cc:290] T e1fdde6ec1ac4f0195f810b475ef93e6 P 4e0f2ca687d7415ebf63eecca08477e5 [CANDIDATE]: Term 1 election: Requested vote from peers 88d5d8f21a6141ff99cb5d287f89a93c (127.10.19.1:35781), 6a64baf8d293432e86365ee4fb657901 (127.10.19.3:42493)
I20260710 11:01:47.767663 10451 raft_consensus.cc:3060] T e1fdde6ec1ac4f0195f810b475ef93e6 P 88d5d8f21a6141ff99cb5d287f89a93c [term 0 FOLLOWER]: Advancing to term 1
I20260710 11:01:47.771591 10600 tablet_service.cc:1917] Received RequestConsensusVote() RPC: tablet_id: "e1fdde6ec1ac4f0195f810b475ef93e6" candidate_uuid: "4e0f2ca687d7415ebf63eecca08477e5" candidate_term: 1 candidate_status { last_received { term: 0 index: 0 } } ignore_live_leader: false dest_uuid: "6a64baf8d293432e86365ee4fb657901"
I20260710 11:01:47.773542 10600 raft_consensus.cc:3060] T e1fdde6ec1ac4f0195f810b475ef93e6 P 6a64baf8d293432e86365ee4fb657901 [term 0 FOLLOWER]: Advancing to term 1
I20260710 11:01:47.774159 10414 leader_election.cc:304] T e1fdde6ec1ac4f0195f810b475ef93e6 P 88d5d8f21a6141ff99cb5d287f89a93c [CANDIDATE]: Term 1 pre-election: Election decided. Result: candidate won. Election summary: received 3 responses out of 3 voters: 2 yes votes; 1 no votes. yes voters: 6a64baf8d293432e86365ee4fb657901, 88d5d8f21a6141ff99cb5d287f89a93c; no voters: 4e0f2ca687d7415ebf63eecca08477e5
W20260710 11:01:47.775591 10414 leader_election.cc:343] T f93ceb0dcf0249658c064fd6b6cdd549 P 88d5d8f21a6141ff99cb5d287f89a93c [CANDIDATE]: Term 1 pre-election: Tablet error from VoteRequest() call to peer 6a64baf8d293432e86365ee4fb657901 (127.10.19.3:42493): Illegal state: must be running to vote when last-logged opid is not known
I20260710 11:01:47.776083 10414 leader_election.cc:304] T f93ceb0dcf0249658c064fd6b6cdd549 P 88d5d8f21a6141ff99cb5d287f89a93c [CANDIDATE]: Term 1 pre-election: Election decided. Result: candidate lost. Election summary: received 3 responses out of 3 voters: 1 yes votes; 2 no votes. yes voters: 88d5d8f21a6141ff99cb5d287f89a93c; no voters: 4e0f2ca687d7415ebf63eecca08477e5, 6a64baf8d293432e86365ee4fb657901
I20260710 11:01:47.772454 10649 raft_consensus.cc:493] T 732c54dcbdb14f139de1024c3306de90 P 4e0f2ca687d7415ebf63eecca08477e5 [term 0 FOLLOWER]: Starting pre-election (no leader contacted us within the election timeout)
I20260710 11:01:47.781992 10671 leader_election.cc:290] T d9643d78e2fc48c8bb7ac6adf9b2bfd0 P 4e0f2ca687d7415ebf63eecca08477e5 [CANDIDATE]: Term 1 pre-election: Requested pre-vote from peers 6a64baf8d293432e86365ee4fb657901 (127.10.19.3:42493), 88d5d8f21a6141ff99cb5d287f89a93c (127.10.19.1:35781)
I20260710 11:01:47.784587 10450 tablet_service.cc:1917] Received RequestConsensusVote() RPC: tablet_id: "d9643d78e2fc48c8bb7ac6adf9b2bfd0" candidate_uuid: "4e0f2ca687d7415ebf63eecca08477e5" candidate_term: 1 candidate_status { last_received { term: 0 index: 0 } } ignore_live_leader: false dest_uuid: "88d5d8f21a6141ff99cb5d287f89a93c" is_pre_election: true
I20260710 11:01:47.784842 10599 tablet_service.cc:1917] Received RequestConsensusVote() RPC: tablet_id: "d9643d78e2fc48c8bb7ac6adf9b2bfd0" candidate_uuid: "4e0f2ca687d7415ebf63eecca08477e5" candidate_term: 1 candidate_status { last_received { term: 0 index: 0 } } ignore_live_leader: false dest_uuid: "6a64baf8d293432e86365ee4fb657901" is_pre_election: true
W20260710 11:01:47.787703 10491 leader_election.cc:343] T d9643d78e2fc48c8bb7ac6adf9b2bfd0 P 4e0f2ca687d7415ebf63eecca08477e5 [CANDIDATE]: Term 1 pre-election: Tablet error from VoteRequest() call to peer 88d5d8f21a6141ff99cb5d287f89a93c (127.10.19.1:35781): Illegal state: must be running to vote when last-logged opid is not known
I20260710 11:01:47.784197 10525 tablet_service.cc:1917] Received RequestConsensusVote() RPC: tablet_id: "9e1d11d38ed8442bb139f55296279464" candidate_uuid: "88d5d8f21a6141ff99cb5d287f89a93c" candidate_term: 1 candidate_status { last_received { term: 0 index: 0 } } ignore_live_leader: false dest_uuid: "4e0f2ca687d7415ebf63eecca08477e5" is_pre_election: true
I20260710 11:01:47.788184 10599 raft_consensus.cc:2468] T d9643d78e2fc48c8bb7ac6adf9b2bfd0 P 6a64baf8d293432e86365ee4fb657901 [term 0 FOLLOWER]: Leader pre-election vote request: Granting yes vote for candidate 4e0f2ca687d7415ebf63eecca08477e5 in term 0.
I20260710 11:01:47.783273 10649 raft_consensus.cc:515] T 732c54dcbdb14f139de1024c3306de90 P 4e0f2ca687d7415ebf63eecca08477e5 [term 0 FOLLOWER]: Starting pre-election with config: opid_index: -1 OBSOLETE_local: false peers { permanent_uuid: "88d5d8f21a6141ff99cb5d287f89a93c" member_type: VOTER last_known_addr { host: "127.10.19.1" port: 35781 } } peers { permanent_uuid: "4e0f2ca687d7415ebf63eecca08477e5" member_type: VOTER last_known_addr { host: "127.10.19.2" port: 37591 } } peers { permanent_uuid: "6a64baf8d293432e86365ee4fb657901" member_type: VOTER last_known_addr { host: "127.10.19.3" port: 42493 } }
I20260710 11:01:47.783562 10651 leader_election.cc:290] T 9e1d11d38ed8442bb139f55296279464 P 88d5d8f21a6141ff99cb5d287f89a93c [CANDIDATE]: Term 1 pre-election: Requested pre-vote from peers 4e0f2ca687d7415ebf63eecca08477e5 (127.10.19.2:37591), 6a64baf8d293432e86365ee4fb657901 (127.10.19.3:42493)
