I20260710 11:02:09.759460 21612 raft_consensus.cc:697] T 72984fa7773d46d198578e85513d1768 P 146c82e145b1494daaeade9743d83287 [term 1 LEADER]: Becoming Leader. State: Replica: 146c82e145b1494daaeade9743d83287, State: Running, Role: LEADER
I20260710 11:02:09.759231 21555 raft_consensus.cc:515] T 7bb547b91cdf4f56a7dac5a2809c8ec7 P 146c82e145b1494daaeade9743d83287 [term 0 FOLLOWER]: Starting pre-election with config: opid_index: -1 OBSOLETE_local: false peers { permanent_uuid: "146c82e145b1494daaeade9743d83287" member_type: VOTER last_known_addr { host: "127.19.183.65" port: 45045 } } peers { permanent_uuid: "1b10f0017082476c995c767c571ede36" member_type: VOTER last_known_addr { host: "127.19.183.66" port: 32995 } } peers { permanent_uuid: "2722921a086a4780870c40706ac0ca30" member_type: VOTER last_known_addr { host: "127.19.183.67" port: 35969 } }
I20260710 11:02:09.761101 21481 raft_consensus.cc:359] T 53b30b147a7e448fb7072e4f011fe020 P 146c82e145b1494daaeade9743d83287 [term 0 FOLLOWER]: Replica starting. Triggering 0 pending ops. Active config: opid_index: -1 OBSOLETE_local: false peers { permanent_uuid: "146c82e145b1494daaeade9743d83287" member_type: VOTER last_known_addr { host: "127.19.183.65" port: 45045 } } peers { permanent_uuid: "1b10f0017082476c995c767c571ede36" member_type: VOTER last_known_addr { host: "127.19.183.66" port: 32995 } } peers { permanent_uuid: "2722921a086a4780870c40706ac0ca30" member_type: VOTER last_known_addr { host: "127.19.183.67" port: 35969 } }
I20260710 11:02:09.746454 21510 leader_election.cc:290] T 72984fa7773d46d198578e85513d1768 P 146c82e145b1494daaeade9743d83287 [CANDIDATE]: Term 1 election: Requested vote from peers 1b10f0017082476c995c767c571ede36 (127.19.183.66:32995), 2722921a086a4780870c40706ac0ca30 (127.19.183.67:35969)
I20260710 11:02:09.767994 21481 raft_consensus.cc:385] T 53b30b147a7e448fb7072e4f011fe020 P 146c82e145b1494daaeade9743d83287 [term 0 FOLLOWER]: Consensus starting up: Expiring failure detector timer to make a prompt election more likely
I20260710 11:02:09.764086 21365 raft_consensus.cc:2468] T 72984fa7773d46d198578e85513d1768 P 1b10f0017082476c995c767c571ede36 [term 1 FOLLOWER]: Leader election vote request: Granting yes vote for candidate 146c82e145b1494daaeade9743d83287 in term 1.
I20260710 11:02:09.757804 21482 consensus_queue.cc:260] T 789e640f34a448d2a11a10e5ec4083d5 P 1b10f0017082476c995c767c571ede36 [NON_LEADER]: Queue going to NON_LEADER mode. State: All replicated index: 0, Majority replicated index: 0, Committed index: 0, Last appended: 0.0, Last appended by leader: 0, Current term: 0, Majority size: -1, State: 0, Mode: NON_LEADER, active raft config: opid_index: -1 OBSOLETE_local: false peers { permanent_uuid: "146c82e145b1494daaeade9743d83287" member_type: VOTER last_known_addr { host: "127.19.183.65" port: 45045 } } peers { permanent_uuid: "1b10f0017082476c995c767c571ede36" member_type: VOTER last_known_addr { host: "127.19.183.66" port: 32995 } } peers { permanent_uuid: "2722921a086a4780870c40706ac0ca30" member_type: VOTER last_known_addr { host: "127.19.183.67" port: 35969 } }
I20260710 11:02:09.768368 21481 raft_consensus.cc:740] T 53b30b147a7e448fb7072e4f011fe020 P 146c82e145b1494daaeade9743d83287 [term 0 FOLLOWER]: Becoming Follower/Learner. State: Replica: 146c82e145b1494daaeade9743d83287, State: Initialized, Role: FOLLOWER
I20260710 11:02:09.769320 21481 consensus_queue.cc:260] T 53b30b147a7e448fb7072e4f011fe020 P 146c82e145b1494daaeade9743d83287 [NON_LEADER]: Queue going to NON_LEADER mode. State: All replicated index: 0, Majority replicated index: 0, Committed index: 0, Last appended: 0.0, Last appended by leader: 0, Current term: 0, Majority size: -1, State: 0, Mode: NON_LEADER, active raft config: opid_index: -1 OBSOLETE_local: false peers { permanent_uuid: "146c82e145b1494daaeade9743d83287" member_type: VOTER last_known_addr { host: "127.19.183.65" port: 45045 } } peers { permanent_uuid: "1b10f0017082476c995c767c571ede36" member_type: VOTER last_known_addr { host: "127.19.183.66" port: 32995 } } peers { permanent_uuid: "2722921a086a4780870c40706ac0ca30" member_type: VOTER last_known_addr { host: "127.19.183.67" port: 35969 } }
I20260710 11:02:09.770080 21482 ts_tablet_manager.cc:1434] T 789e640f34a448d2a11a10e5ec4083d5 P 1b10f0017082476c995c767c571ede36: Time spent starting tablet: real 0.044s	user 0.001s	sys 0.004s
I20260710 11:02:09.760950 21612 consensus_queue.cc:237] T 72984fa7773d46d198578e85513d1768 P 146c82e145b1494daaeade9743d83287 [LEADER]: Queue going to LEADER mode. State: All replicated index: 0, Majority replicated index: 0, Committed index: 0, Last appended: 0.0, Last appended by leader: 0, Current term: 1, Majority size: 2, State: 0, Mode: LEADER, active raft config: opid_index: -1 OBSOLETE_local: false peers { permanent_uuid: "146c82e145b1494daaeade9743d83287" member_type: VOTER last_known_addr { host: "127.19.183.65" port: 45045 } } peers { permanent_uuid: "1b10f0017082476c995c767c571ede36" member_type: VOTER last_known_addr { host: "127.19.183.66" port: 32995 } } peers { permanent_uuid: "2722921a086a4780870c40706ac0ca30" member_type: VOTER last_known_addr { host: "127.19.183.67" port: 35969 } }
I20260710 11:02:09.771625 21440 tablet_service.cc:1917] Received RequestConsensusVote() RPC: tablet_id: "7bb547b91cdf4f56a7dac5a2809c8ec7" candidate_uuid: "146c82e145b1494daaeade9743d83287" candidate_term: 1 candidate_status { last_received { term: 0 index: 0 } } ignore_live_leader: false dest_uuid: "2722921a086a4780870c40706ac0ca30" is_pre_election: true
I20260710 11:02:09.773723 21482 tablet_bootstrap.cc:492] T 53b30b147a7e448fb7072e4f011fe020 P 1b10f0017082476c995c767c571ede36: Bootstrap starting.
I20260710 11:02:09.771644 21481 ts_tablet_manager.cc:1434] T 53b30b147a7e448fb7072e4f011fe020 P 146c82e145b1494daaeade9743d83287: Time spent starting tablet: real 0.016s	user 0.005s	sys 0.001s
W20260710 11:02:09.773609 21256 leader_election.cc:343] T 7bb547b91cdf4f56a7dac5a2809c8ec7 P 146c82e145b1494daaeade9743d83287 [CANDIDATE]: Term 1 pre-election: Tablet error from VoteRequest() call to peer 2722921a086a4780870c40706ac0ca30 (127.19.183.67:35969): Illegal state: must be running to vote when last-logged opid is not known
I20260710 11:02:09.771996 21555 leader_election.cc:290] T 7bb547b91cdf4f56a7dac5a2809c8ec7 P 146c82e145b1494daaeade9743d83287 [CANDIDATE]: Term 1 pre-election: Requested pre-vote from peers 1b10f0017082476c995c767c571ede36 (127.19.183.66:32995), 2722921a086a4780870c40706ac0ca30 (127.19.183.67:35969)
I20260710 11:02:09.778833 21480 tablet_bootstrap.cc:492] T f48517d85b81448bb723acdce332cf04 P 2722921a086a4780870c40706ac0ca30: No bootstrap required, opened a new log
I20260710 11:02:09.779299 21480 ts_tablet_manager.cc:1403] T f48517d85b81448bb723acdce332cf04 P 2722921a086a4780870c40706ac0ca30: Time spent bootstrapping tablet: real 0.091s	user 0.018s	sys 0.002s
I20260710 11:02:09.781459 21438 raft_consensus.cc:2468] T 5e003ea2f61f4acbb6fcd213df07bbae P 2722921a086a4780870c40706ac0ca30 [term 1 FOLLOWER]: Leader election vote request: Granting yes vote for candidate 146c82e145b1494daaeade9743d83287 in term 1.
I20260710 11:02:09.782451 21612 raft_consensus.cc:493] T 53b30b147a7e448fb7072e4f011fe020 P 146c82e145b1494daaeade9743d83287 [term 0 FOLLOWER]: Starting pre-election (no leader contacted us within the election timeout)
I20260710 11:02:09.782860 21256 leader_election.cc:304] T 5e003ea2f61f4acbb6fcd213df07bbae P 146c82e145b1494daaeade9743d83287 [CANDIDATE]: Term 1 election: Election decided. Result: candidate won. Election summary: received 3 responses out of 3 voters: 2 yes votes; 1 no votes. yes voters: 146c82e145b1494daaeade9743d83287, 2722921a086a4780870c40706ac0ca30; no voters: 1b10f0017082476c995c767c571ede36
I20260710 11:02:09.783548 21482 tablet_bootstrap.cc:654] T 53b30b147a7e448fb7072e4f011fe020 P 1b10f0017082476c995c767c571ede36: Neither blocks nor log segments found. Creating new log.
I20260710 11:02:09.782997 21612 raft_consensus.cc:515] T 53b30b147a7e448fb7072e4f011fe020 P 146c82e145b1494daaeade9743d83287 [term 0 FOLLOWER]: Starting pre-election with config: opid_index: -1 OBSOLETE_local: false peers { permanent_uuid: "146c82e145b1494daaeade9743d83287" member_type: VOTER last_known_addr { host: "127.19.183.65" port: 45045 } } peers { permanent_uuid: "1b10f0017082476c995c767c571ede36" member_type: VOTER last_known_addr { host: "127.19.183.66" port: 32995 } } peers { permanent_uuid: "2722921a086a4780870c40706ac0ca30" member_type: VOTER last_known_addr { host: "127.19.183.67" port: 35969 } }
I20260710 11:02:09.784628 21555 raft_consensus.cc:2804] T 5e003ea2f61f4acbb6fcd213df07bbae P 146c82e145b1494daaeade9743d83287 [term 1 FOLLOWER]: Leader election won for term 1
I20260710 11:02:09.785213 21555 raft_consensus.cc:697] T 5e003ea2f61f4acbb6fcd213df07bbae P 146c82e145b1494daaeade9743d83287 [term 1 LEADER]: Becoming Leader. State: Replica: 146c82e145b1494daaeade9743d83287, State: Running, Role: LEADER
I20260710 11:02:09.786144 21555 consensus_queue.cc:237] T 5e003ea2f61f4acbb6fcd213df07bbae P 146c82e145b1494daaeade9743d83287 [LEADER]: Queue going to LEADER mode. State: All replicated index: 0, Majority replicated index: 0, Committed index: 0, Last appended: 0.0, Last appended by leader: 0, Current term: 1, Majority size: 2, State: 0, Mode: LEADER, active raft config: opid_index: -1 OBSOLETE_local: false peers { permanent_uuid: "146c82e145b1494daaeade9743d83287" member_type: VOTER last_known_addr { host: "127.19.183.65" port: 45045 } } peers { permanent_uuid: "1b10f0017082476c995c767c571ede36" member_type: VOTER last_known_addr { host: "127.19.183.66" port: 32995 } } peers { permanent_uuid: "2722921a086a4780870c40706ac0ca30" member_type: VOTER last_known_addr { host: "127.19.183.67" port: 35969 } }
I20260710 11:02:09.786929 21480 raft_consensus.cc:359] T f48517d85b81448bb723acdce332cf04 P 2722921a086a4780870c40706ac0ca30 [term 0 FOLLOWER]: Replica starting. Triggering 0 pending ops. Active config: opid_index: -1 OBSOLETE_local: false peers { permanent_uuid: "146c82e145b1494daaeade9743d83287" member_type: VOTER last_known_addr { host: "127.19.183.65" port: 45045 } } peers { permanent_uuid: "1b10f0017082476c995c767c571ede36" member_type: VOTER last_known_addr { host: "127.19.183.66" port: 32995 } } peers { permanent_uuid: "2722921a086a4780870c40706ac0ca30" member_type: VOTER last_known_addr { host: "127.19.183.67" port: 35969 } }
I20260710 11:02:09.787652 21480 raft_consensus.cc:385] T f48517d85b81448bb723acdce332cf04 P 2722921a086a4780870c40706ac0ca30 [term 0 FOLLOWER]: Consensus starting up: Expiring failure detector timer to make a prompt election more likely
I20260710 11:02:09.787994 21480 raft_consensus.cc:740] T f48517d85b81448bb723acdce332cf04 P 2722921a086a4780870c40706ac0ca30 [term 0 FOLLOWER]: Becoming Follower/Learner. State: Replica: 2722921a086a4780870c40706ac0ca30, State: Initialized, Role: FOLLOWER
I20260710 11:02:09.788645 21612 leader_election.cc:290] T 53b30b147a7e448fb7072e4f011fe020 P 146c82e145b1494daaeade9743d83287 [CANDIDATE]: Term 1 pre-election: Requested pre-vote from peers 1b10f0017082476c995c767c571ede36 (127.19.183.66:32995), 2722921a086a4780870c40706ac0ca30 (127.19.183.67:35969)
I20260710 11:02:09.788802 21440 tablet_service.cc:1917] Received RequestConsensusVote() RPC: tablet_id: "53b30b147a7e448fb7072e4f011fe020" candidate_uuid: "146c82e145b1494daaeade9743d83287" candidate_term: 1 candidate_status { last_received { term: 0 index: 0 } } ignore_live_leader: false dest_uuid: "2722921a086a4780870c40706ac0ca30" is_pre_election: true
W20260710 11:02:09.790304 21256 leader_election.cc:343] T 53b30b147a7e448fb7072e4f011fe020 P 146c82e145b1494daaeade9743d83287 [CANDIDATE]: Term 1 pre-election: Tablet error from VoteRequest() call to peer 2722921a086a4780870c40706ac0ca30 (127.19.183.67:35969): Illegal state: must be running to vote when last-logged opid is not known
I20260710 11:02:09.789383 21480 consensus_queue.cc:260] T f48517d85b81448bb723acdce332cf04 P 2722921a086a4780870c40706ac0ca30 [NON_LEADER]: Queue going to NON_LEADER mode. State: All replicated index: 0, Majority replicated index: 0, Committed index: 0, Last appended: 0.0, Last appended by leader: 0, Current term: 0, Majority size: -1, State: 0, Mode: NON_LEADER, active raft config: opid_index: -1 OBSOLETE_local: false peers { permanent_uuid: "146c82e145b1494daaeade9743d83287" member_type: VOTER last_known_addr { host: "127.19.183.65" port: 45045 } } peers { permanent_uuid: "1b10f0017082476c995c767c571ede36" member_type: VOTER last_known_addr { host: "127.19.183.66" port: 32995 } } peers { permanent_uuid: "2722921a086a4780870c40706ac0ca30" member_type: VOTER last_known_addr { host: "127.19.183.67" port: 35969 } }
I20260710 11:02:09.791432 21366 tablet_service.cc:1917] Received RequestConsensusVote() RPC: tablet_id: "53b30b147a7e448fb7072e4f011fe020" candidate_uuid: "146c82e145b1494daaeade9743d83287" candidate_term: 1 candidate_status { last_received { term: 0 index: 0 } } ignore_live_leader: false dest_uuid: "1b10f0017082476c995c767c571ede36" is_pre_election: true
W20260710 11:02:09.792923 21257 leader_election.cc:343] T 53b30b147a7e448fb7072e4f011fe020 P 146c82e145b1494daaeade9743d83287 [CANDIDATE]: Term 1 pre-election: Tablet error from VoteRequest() call to peer 1b10f0017082476c995c767c571ede36 (127.19.183.66:32995): Illegal state: must be running to vote when last-logged opid is not known
I20260710 11:02:09.793388 21257 leader_election.cc:304] T 53b30b147a7e448fb7072e4f011fe020 P 146c82e145b1494daaeade9743d83287 [CANDIDATE]: Term 1 pre-election: Election decided. Result: candidate lost. Election summary: received 3 responses out of 3 voters: 1 yes votes; 2 no votes. yes voters: 146c82e145b1494daaeade9743d83287; no voters: 1b10f0017082476c995c767c571ede36, 2722921a086a4780870c40706ac0ca30
I20260710 11:02:09.794207 21612 raft_consensus.cc:2749] T 53b30b147a7e448fb7072e4f011fe020 P 146c82e145b1494daaeade9743d83287 [term 0 FOLLOWER]: Leader pre-election lost for term 1. Reason: could not achieve majority
I20260710 11:02:09.789605 21188 catalog_manager.cc:5697] T 72984fa7773d46d198578e85513d1768 P 146c82e145b1494daaeade9743d83287 reported cstate change: term changed from 0 to 1, leader changed from <none> to 146c82e145b1494daaeade9743d83287 (127.19.183.65). New cstate: current_term: 1 leader_uuid: "146c82e145b1494daaeade9743d83287" committed_config { opid_index: -1 OBSOLETE_local: false peers { permanent_uuid: "146c82e145b1494daaeade9743d83287" member_type: VOTER last_known_addr { host: "127.19.183.65" port: 45045 } health_report { overall_health: HEALTHY } } peers { permanent_uuid: "1b10f0017082476c995c767c571ede36" member_type: VOTER last_known_addr { host: "127.19.183.66" port: 32995 } health_report { overall_health: UNKNOWN } } peers { permanent_uuid: "2722921a086a4780870c40706ac0ca30" member_type: VOTER last_known_addr { host: "127.19.183.67" port: 35969 } health_report { overall_health: UNKNOWN } } }
I20260710 11:02:09.793721 21480 ts_tablet_manager.cc:1434] T f48517d85b81448bb723acdce332cf04 P 2722921a086a4780870c40706ac0ca30: Time spent starting tablet: real 0.014s	user 0.008s	sys 0.000s
I20260710 11:02:09.796837 21480 tablet_bootstrap.cc:492] T 53b30b147a7e448fb7072e4f011fe020 P 2722921a086a4780870c40706ac0ca30: Bootstrap starting.
I20260710 11:02:09.802089 21365 tablet_service.cc:1917] Received RequestConsensusVote() RPC: tablet_id: "7bb547b91cdf4f56a7dac5a2809c8ec7" candidate_uuid: "146c82e145b1494daaeade9743d83287" candidate_term: 1 candidate_status { last_received { term: 0 index: 0 } } ignore_live_leader: false dest_uuid: "1b10f0017082476c995c767c571ede36" is_pre_election: true
W20260710 11:02:09.803682 21257 leader_election.cc:343] T 7bb547b91cdf4f56a7dac5a2809c8ec7 P 146c82e145b1494daaeade9743d83287 [CANDIDATE]: Term 1 pre-election: Tablet error from VoteRequest() call to peer 1b10f0017082476c995c767c571ede36 (127.19.183.66:32995): Illegal state: must be running to vote when last-logged opid is not known
I20260710 11:02:09.804185 21257 leader_election.cc:304] T 7bb547b91cdf4f56a7dac5a2809c8ec7 P 146c82e145b1494daaeade9743d83287 [CANDIDATE]: Term 1 pre-election: Election decided. Result: candidate lost. Election summary: received 3 responses out of 3 voters: 1 yes votes; 2 no votes. yes voters: 146c82e145b1494daaeade9743d83287; no voters: 1b10f0017082476c995c767c571ede36, 2722921a086a4780870c40706ac0ca30
I20260710 11:02:09.805083 21612 raft_consensus.cc:2749] T 7bb547b91cdf4f56a7dac5a2809c8ec7 P 146c82e145b1494daaeade9743d83287 [term 0 FOLLOWER]: Leader pre-election lost for term 1. Reason: could not achieve majority
I20260710 11:02:09.806943 21480 tablet_bootstrap.cc:654] T 53b30b147a7e448fb7072e4f011fe020 P 2722921a086a4780870c40706ac0ca30: Neither blocks nor log segments found. Creating new log.
I20260710 11:02:09.812240 21482 tablet_bootstrap.cc:492] T 53b30b147a7e448fb7072e4f011fe020 P 1b10f0017082476c995c767c571ede36: No bootstrap required, opened a new log
I20260710 11:02:09.812719 21482 ts_tablet_manager.cc:1403] T 53b30b147a7e448fb7072e4f011fe020 P 1b10f0017082476c995c767c571ede36: Time spent bootstrapping tablet: real 0.039s	user 0.014s	sys 0.002s
I20260710 11:02:09.815399 21482 raft_consensus.cc:359] T 53b30b147a7e448fb7072e4f011fe020 P 1b10f0017082476c995c767c571ede36 [term 0 FOLLOWER]: Replica starting. Triggering 0 pending ops. Active config: opid_index: -1 OBSOLETE_local: false peers { permanent_uuid: "146c82e145b1494daaeade9743d83287" member_type: VOTER last_known_addr { host: "127.19.183.65" port: 45045 } } peers { permanent_uuid: "1b10f0017082476c995c767c571ede36" member_type: VOTER last_known_addr { host: "127.19.183.66" port: 32995 } } peers { permanent_uuid: "2722921a086a4780870c40706ac0ca30" member_type: VOTER last_known_addr { host: "127.19.183.67" port: 35969 } }
I20260710 11:02:09.816138 21482 raft_consensus.cc:385] T 53b30b147a7e448fb7072e4f011fe020 P 1b10f0017082476c995c767c571ede36 [term 0 FOLLOWER]: Consensus starting up: Expiring failure detector timer to make a prompt election more likely
I20260710 11:02:09.816437 21482 raft_consensus.cc:740] T 53b30b147a7e448fb7072e4f011fe020 P 1b10f0017082476c995c767c571ede36 [term 0 FOLLOWER]: Becoming Follower/Learner. State: Replica: 1b10f0017082476c995c767c571ede36, State: Initialized, Role: FOLLOWER
I20260710 11:02:09.819969 21482 consensus_queue.cc:260] T 53b30b147a7e448fb7072e4f011fe020 P 1b10f0017082476c995c767c571ede36 [NON_LEADER]: Queue going to NON_LEADER mode. State: All replicated index: 0, Majority replicated index: 0, Committed index: 0, Last appended: 0.0, Last appended by leader: 0, Current term: 0, Majority size: -1, State: 0, Mode: NON_LEADER, active raft config: opid_index: -1 OBSOLETE_local: false peers { permanent_uuid: "146c82e145b1494daaeade9743d83287" member_type: VOTER last_known_addr { host: "127.19.183.65" port: 45045 } } peers { permanent_uuid: "1b10f0017082476c995c767c571ede36" member_type: VOTER last_known_addr { host: "127.19.183.66" port: 32995 } } peers { permanent_uuid: "2722921a086a4780870c40706ac0ca30" member_type: VOTER last_known_addr { host: "127.19.183.67" port: 35969 } }
I20260710 11:02:09.821241 21480 tablet_bootstrap.cc:492] T 53b30b147a7e448fb7072e4f011fe020 P 2722921a086a4780870c40706ac0ca30: No bootstrap required, opened a new log
I20260710 11:02:09.821731 21480 ts_tablet_manager.cc:1403] T 53b30b147a7e448fb7072e4f011fe020 P 2722921a086a4780870c40706ac0ca30: Time spent bootstrapping tablet: real 0.025s	user 0.017s	sys 0.005s
I20260710 11:02:09.822286 21482 ts_tablet_manager.cc:1434] T 53b30b147a7e448fb7072e4f011fe020 P 1b10f0017082476c995c767c571ede36: Time spent starting tablet: real 0.009s	user 0.005s	sys 0.000s
I20260710 11:02:09.823602 21482 tablet_bootstrap.cc:492] T 7bb547b91cdf4f56a7dac5a2809c8ec7 P 1b10f0017082476c995c767c571ede36: Bootstrap starting.
I20260710 11:02:09.824446 21480 raft_consensus.cc:359] T 53b30b147a7e448fb7072e4f011fe020 P 2722921a086a4780870c40706ac0ca30 [term 0 FOLLOWER]: Replica starting. Triggering 0 pending ops. Active config: opid_index: -1 OBSOLETE_local: false peers { permanent_uuid: "146c82e145b1494daaeade9743d83287" member_type: VOTER last_known_addr { host: "127.19.183.65" port: 45045 } } peers { permanent_uuid: "1b10f0017082476c995c767c571ede36" member_type: VOTER last_known_addr { host: "127.19.183.66" port: 32995 } } peers { permanent_uuid: "2722921a086a4780870c40706ac0ca30" member_type: VOTER last_known_addr { host: "127.19.183.67" port: 35969 } }
I20260710 11:02:09.825165 21480 raft_consensus.cc:385] T 53b30b147a7e448fb7072e4f011fe020 P 2722921a086a4780870c40706ac0ca30 [term 0 FOLLOWER]: Consensus starting up: Expiring failure detector timer to make a prompt election more likely
I20260710 11:02:09.825439 21480 raft_consensus.cc:740] T 53b30b147a7e448fb7072e4f011fe020 P 2722921a086a4780870c40706ac0ca30 [term 0 FOLLOWER]: Becoming Follower/Learner. State: Replica: 2722921a086a4780870c40706ac0ca30, State: Initialized, Role: FOLLOWER
I20260710 11:02:09.826471 21480 consensus_queue.cc:260] T 53b30b147a7e448fb7072e4f011fe020 P 2722921a086a4780870c40706ac0ca30 [NON_LEADER]: Queue going to NON_LEADER mode. State: All replicated index: 0, Majority replicated index: 0, Committed index: 0, Last appended: 0.0, Last appended by leader: 0, Current term: 0, Majority size: -1, State: 0, Mode: NON_LEADER, active raft config: opid_index: -1 OBSOLETE_local: false peers { permanent_uuid: "146c82e145b1494daaeade9743d83287" member_type: VOTER last_known_addr { host: "127.19.183.65" port: 45045 } } peers { permanent_uuid: "1b10f0017082476c995c767c571ede36" member_type: VOTER last_known_addr { host: "127.19.183.66" port: 32995 } } peers { permanent_uuid: "2722921a086a4780870c40706ac0ca30" member_type: VOTER last_known_addr { host: "127.19.183.67" port: 35969 } }
I20260710 11:02:09.825906 21186 catalog_manager.cc:5697] T 5e003ea2f61f4acbb6fcd213df07bbae P 146c82e145b1494daaeade9743d83287 reported cstate change: term changed from 0 to 1, leader changed from <none> to 146c82e145b1494daaeade9743d83287 (127.19.183.65). New cstate: current_term: 1 leader_uuid: "146c82e145b1494daaeade9743d83287" committed_config { opid_index: -1 OBSOLETE_local: false peers { permanent_uuid: "146c82e145b1494daaeade9743d83287" member_type: VOTER last_known_addr { host: "127.19.183.65" port: 45045 } health_report { overall_health: HEALTHY } } peers { permanent_uuid: "1b10f0017082476c995c767c571ede36" member_type: VOTER last_known_addr { host: "127.19.183.66" port: 32995 } health_report { overall_health: UNKNOWN } } peers { permanent_uuid: "2722921a086a4780870c40706ac0ca30" member_type: VOTER last_known_addr { host: "127.19.183.67" port: 35969 } health_report { overall_health: UNKNOWN } } }
I20260710 11:02:09.827495 21545 consensus_queue.cc:1048] T 15ddb5d3d6064743b6fb25213300ae35 P 1b10f0017082476c995c767c571ede36 [LEADER]: Connected to new peer: Peer: permanent_uuid: "2722921a086a4780870c40706ac0ca30" member_type: VOTER last_known_addr { host: "127.19.183.67" port: 35969 }, Status: LMP_MISMATCH, Last received: 0.0, Next index: 1, Last known committed idx: 0, Time since last communication: 0.000s
I20260710 11:02:09.829073 21480 ts_tablet_manager.cc:1434] T 53b30b147a7e448fb7072e4f011fe020 P 2722921a086a4780870c40706ac0ca30: Time spent starting tablet: real 0.007s	user 0.005s	sys 0.001s
I20260710 11:02:09.830068 21480 tablet_bootstrap.cc:492] T 724c108313dd440fa85a2030311605a6 P 2722921a086a4780870c40706ac0ca30: Bootstrap starting.
I20260710 11:02:09.830186 21482 tablet_bootstrap.cc:654] T 7bb547b91cdf4f56a7dac5a2809c8ec7 P 1b10f0017082476c995c767c571ede36: Neither blocks nor log segments found. Creating new log.
I20260710 11:02:09.831475 21552 raft_consensus.cc:493] T 53b30b147a7e448fb7072e4f011fe020 P 2722921a086a4780870c40706ac0ca30 [term 0 FOLLOWER]: Starting pre-election (no leader contacted us within the election timeout)
I20260710 11:02:09.832475 21552 raft_consensus.cc:515] T 53b30b147a7e448fb7072e4f011fe020 P 2722921a086a4780870c40706ac0ca30 [term 0 FOLLOWER]: Starting pre-election with config: opid_index: -1 OBSOLETE_local: false peers { permanent_uuid: "146c82e145b1494daaeade9743d83287" member_type: VOTER last_known_addr { host: "127.19.183.65" port: 45045 } } peers { permanent_uuid: "1b10f0017082476c995c767c571ede36" member_type: VOTER last_known_addr { host: "127.19.183.66" port: 32995 } } peers { permanent_uuid: "2722921a086a4780870c40706ac0ca30" member_type: VOTER last_known_addr { host: "127.19.183.67" port: 35969 } }
I20260710 11:02:09.836777 21291 tablet_service.cc:1917] Received RequestConsensusVote() RPC: tablet_id: "53b30b147a7e448fb7072e4f011fe020" candidate_uuid: "2722921a086a4780870c40706ac0ca30" candidate_term: 1 candidate_status { last_received { term: 0 index: 0 } } ignore_live_leader: false dest_uuid: "146c82e145b1494daaeade9743d83287" is_pre_election: true
I20260710 11:02:09.837764 21291 raft_consensus.cc:2468] T 53b30b147a7e448fb7072e4f011fe020 P 146c82e145b1494daaeade9743d83287 [term 0 FOLLOWER]: Leader pre-election vote request: Granting yes vote for candidate 2722921a086a4780870c40706ac0ca30 in term 0.
I20260710 11:02:09.839735 21404 leader_election.cc:304] T 53b30b147a7e448fb7072e4f011fe020 P 2722921a086a4780870c40706ac0ca30 [CANDIDATE]: Term 1 pre-election: Election decided. Result: candidate won. Election summary: received 2 responses out of 3 voters: 2 yes votes; 0 no votes. yes voters: 146c82e145b1494daaeade9743d83287, 2722921a086a4780870c40706ac0ca30; no voters: 
I20260710 11:02:09.840966 21525 raft_consensus.cc:2804] T 53b30b147a7e448fb7072e4f011fe020 P 2722921a086a4780870c40706ac0ca30 [term 0 FOLLOWER]: Leader pre-election won for term 1
I20260710 11:02:09.841513 21525 raft_consensus.cc:493] T 53b30b147a7e448fb7072e4f011fe020 P 2722921a086a4780870c40706ac0ca30 [term 0 FOLLOWER]: Starting leader election (no leader contacted us within the election timeout)
I20260710 11:02:09.842033 21525 raft_consensus.cc:3060] T 53b30b147a7e448fb7072e4f011fe020 P 2722921a086a4780870c40706ac0ca30 [term 0 FOLLOWER]: Advancing to term 1
I20260710 11:02:09.848070 21365 tablet_service.cc:1917] Received RequestConsensusVote() RPC: tablet_id: "53b30b147a7e448fb7072e4f011fe020" candidate_uuid: "2722921a086a4780870c40706ac0ca30" candidate_term: 1 candidate_status { last_received { term: 0 index: 0 } } ignore_live_leader: false dest_uuid: "1b10f0017082476c995c767c571ede36" is_pre_election: true
I20260710 11:02:09.848825 21365 raft_consensus.cc:2468] T 53b30b147a7e448fb7072e4f011fe020 P 1b10f0017082476c995c767c571ede36 [term 0 FOLLOWER]: Leader pre-election vote request: Granting yes vote for candidate 2722921a086a4780870c40706ac0ca30 in term 0.
I20260710 11:02:09.850198 21552 leader_election.cc:290] T 53b30b147a7e448fb7072e4f011fe020 P 2722921a086a4780870c40706ac0ca30 [CANDIDATE]: Term 1 pre-election: Requested pre-vote from peers 146c82e145b1494daaeade9743d83287 (127.19.183.65:45045), 1b10f0017082476c995c767c571ede36 (127.19.183.66:32995)
I20260710 11:02:09.857726 21555 raft_consensus.cc:493] T f48517d85b81448bb723acdce332cf04 P 146c82e145b1494daaeade9743d83287 [term 0 FOLLOWER]: Starting pre-election (no leader contacted us within the election timeout)
I20260710 11:02:09.857012 21525 raft_consensus.cc:515] T 53b30b147a7e448fb7072e4f011fe020 P 2722921a086a4780870c40706ac0ca30 [term 1 FOLLOWER]: Starting leader election with config: opid_index: -1 OBSOLETE_local: false peers { permanent_uuid: "146c82e145b1494daaeade9743d83287" member_type: VOTER last_known_addr { host: "127.19.183.65" port: 45045 } } peers { permanent_uuid: "1b10f0017082476c995c767c571ede36" member_type: VOTER last_known_addr { host: "127.19.183.66" port: 32995 } } peers { permanent_uuid: "2722921a086a4780870c40706ac0ca30" member_type: VOTER last_known_addr { host: "127.19.183.67" port: 35969 } }
I20260710 11:02:09.858927 21545 raft_consensus.cc:493] T 789e640f34a448d2a11a10e5ec4083d5 P 1b10f0017082476c995c767c571ede36 [term 0 FOLLOWER]: Starting pre-election (no leader contacted us within the election timeout)
I20260710 11:02:09.858333 21555 raft_consensus.cc:515] T f48517d85b81448bb723acdce332cf04 P 146c82e145b1494daaeade9743d83287 [term 0 FOLLOWER]: Starting pre-election with config: opid_index: -1 OBSOLETE_local: false peers { permanent_uuid: "146c82e145b1494daaeade9743d83287" member_type: VOTER last_known_addr { host: "127.19.183.65" port: 45045 } } peers { permanent_uuid: "1b10f0017082476c995c767c571ede36" member_type: VOTER last_known_addr { host: "127.19.183.66" port: 32995 } } peers { permanent_uuid: "2722921a086a4780870c40706ac0ca30" member_type: VOTER last_known_addr { host: "127.19.183.67" port: 35969 } }
I20260710 11:02:09.859687 21545 raft_consensus.cc:515] T 789e640f34a448d2a11a10e5ec4083d5 P 1b10f0017082476c995c767c571ede36 [term 0 FOLLOWER]: Starting pre-election with config: opid_index: -1 OBSOLETE_local: false peers { permanent_uuid: "146c82e145b1494daaeade9743d83287" member_type: VOTER last_known_addr { host: "127.19.183.65" port: 45045 } } peers { permanent_uuid: "1b10f0017082476c995c767c571ede36" member_type: VOTER last_known_addr { host: "127.19.183.66" port: 32995 } } peers { permanent_uuid: "2722921a086a4780870c40706ac0ca30" member_type: VOTER last_known_addr { host: "127.19.183.67" port: 35969 } }
I20260710 11:02:09.862367 21555 leader_election.cc:290] T f48517d85b81448bb723acdce332cf04 P 146c82e145b1494daaeade9743d83287 [CANDIDATE]: Term 1 pre-election: Requested pre-vote from peers 1b10f0017082476c995c767c571ede36 (127.19.183.66:32995), 2722921a086a4780870c40706ac0ca30 (127.19.183.67:35969)
I20260710 11:02:09.863482 21545 leader_election.cc:290] T 789e640f34a448d2a11a10e5ec4083d5 P 1b10f0017082476c995c767c571ede36 [CANDIDATE]: Term 1 pre-election: Requested pre-vote from peers 146c82e145b1494daaeade9743d83287 (127.19.183.65:45045), 2722921a086a4780870c40706ac0ca30 (127.19.183.67:35969)
I20260710 11:02:09.863866 21486 raft_consensus.cc:493] T 2f65582a17e5410eb8a6b0e9373cd0c0 P 2722921a086a4780870c40706ac0ca30 [term 0 FOLLOWER]: Starting pre-election (no leader contacted us within the election timeout)
I20260710 11:02:09.864488 21440 tablet_service.cc:1917] Received RequestConsensusVote() RPC: tablet_id: "789e640f34a448d2a11a10e5ec4083d5" candidate_uuid: "1b10f0017082476c995c767c571ede36" candidate_term: 1 candidate_status { last_received { term: 0 index: 0 } } ignore_live_leader: false dest_uuid: "2722921a086a4780870c40706ac0ca30" is_pre_election: true
I20260710 11:02:09.864389 21486 raft_consensus.cc:515] T 2f65582a17e5410eb8a6b0e9373cd0c0 P 2722921a086a4780870c40706ac0ca30 [term 0 FOLLOWER]: Starting pre-election with config: opid_index: -1 OBSOLETE_local: false peers { permanent_uuid: "146c82e145b1494daaeade9743d83287" member_type: VOTER last_known_addr { host: "127.19.183.65" port: 45045 } } peers { permanent_uuid: "1b10f0017082476c995c767c571ede36" member_type: VOTER last_known_addr { host: "127.19.183.66" port: 32995 } } peers { permanent_uuid: "2722921a086a4780870c40706ac0ca30" member_type: VOTER last_known_addr { host: "127.19.183.67" port: 35969 } }
I20260710 11:02:09.865358 21440 raft_consensus.cc:2393] T 789e640f34a448d2a11a10e5ec4083d5 P 2722921a086a4780870c40706ac0ca30 [term 1 FOLLOWER]: Leader pre-election vote request: Denying vote to candidate 1b10f0017082476c995c767c571ede36 in current term 1: Already voted for candidate 146c82e145b1494daaeade9743d83287 in this term.
I20260710 11:02:09.867580 21480 tablet_bootstrap.cc:654] T 724c108313dd440fa85a2030311605a6 P 2722921a086a4780870c40706ac0ca30: Neither blocks nor log segments found. Creating new log.
I20260710 11:02:09.866868 21291 tablet_service.cc:1917] Received RequestConsensusVote() RPC: tablet_id: "789e640f34a448d2a11a10e5ec4083d5" candidate_uuid: "1b10f0017082476c995c767c571ede36" candidate_term: 1 candidate_status { last_received { term: 0 index: 0 } } ignore_live_leader: false dest_uuid: "146c82e145b1494daaeade9743d83287" is_pre_election: true
I20260710 11:02:09.877661 21365 tablet_service.cc:1917] Received RequestConsensusVote() RPC: tablet_id: "f48517d85b81448bb723acdce332cf04" candidate_uuid: "146c82e145b1494daaeade9743d83287" candidate_term: 1 candidate_status { last_received { term: 0 index: 0 } } ignore_live_leader: false dest_uuid: "1b10f0017082476c995c767c571ede36" is_pre_election: true
I20260710 11:02:09.878402 21365 raft_consensus.cc:2468] T f48517d85b81448bb723acdce332cf04 P 1b10f0017082476c995c767c571ede36 [term 0 FOLLOWER]: Leader pre-election vote request: Granting yes vote for candidate 146c82e145b1494daaeade9743d83287 in term 0.
I20260710 11:02:09.879491 21366 tablet_service.cc:1917] Received RequestConsensusVote() RPC: tablet_id: "53b30b147a7e448fb7072e4f011fe020" candidate_uuid: "2722921a086a4780870c40706ac0ca30" candidate_term: 1 candidate_status { last_received { term: 0 index: 0 } } ignore_live_leader: false dest_uuid: "1b10f0017082476c995c767c571ede36"
I20260710 11:02:09.880203 21330 leader_election.cc:304] T 789e640f34a448d2a11a10e5ec4083d5 P 1b10f0017082476c995c767c571ede36 [CANDIDATE]: Term 1 pre-election: Election decided. Result: candidate lost. Election summary: received 3 responses out of 3 voters: 1 yes votes; 2 no votes. yes voters: 1b10f0017082476c995c767c571ede36; no voters: 146c82e145b1494daaeade9743d83287, 2722921a086a4780870c40706ac0ca30
I20260710 11:02:09.881093 21555 raft_consensus.cc:493] T 62f3347daa474789a71b25bcd34ce34f P 146c82e145b1494daaeade9743d83287 [term 0 FOLLOWER]: Starting pre-election (no leader contacted us within the election timeout)
I20260710 11:02:09.881517 21545 raft_consensus.cc:3060] T 789e640f34a448d2a11a10e5ec4083d5 P 1b10f0017082476c995c767c571ede36 [term 0 FOLLOWER]: Advancing to term 1
I20260710 11:02:09.881772 21555 raft_consensus.cc:515] T 62f3347daa474789a71b25bcd34ce34f P 146c82e145b1494daaeade9743d83287 [term 0 FOLLOWER]: Starting pre-election with config: opid_index: -1 OBSOLETE_local: false peers { permanent_uuid: "146c82e145b1494daaeade9743d83287" member_type: VOTER last_known_addr { host: "127.19.183.65" port: 45045 } } peers { permanent_uuid: "1b10f0017082476c995c767c571ede36" member_type: VOTER last_known_addr { host: "127.19.183.66" port: 32995 } } peers { permanent_uuid: "2722921a086a4780870c40706ac0ca30" member_type: VOTER last_known_addr { host: "127.19.183.67" port: 35969 } }
I20260710 11:02:09.880347 21366 raft_consensus.cc:3060] T 53b30b147a7e448fb7072e4f011fe020 P 1b10f0017082476c995c767c571ede36 [term 0 FOLLOWER]: Advancing to term 1
I20260710 11:02:09.884867 21486 leader_election.cc:290] T 2f65582a17e5410eb8a6b0e9373cd0c0 P 2722921a086a4780870c40706ac0ca30 [CANDIDATE]: Term 1 pre-election: Requested pre-vote from peers 146c82e145b1494daaeade9743d83287 (127.19.183.65:45045), 1b10f0017082476c995c767c571ede36 (127.19.183.66:32995)
I20260710 11:02:09.867513 21439 tablet_service.cc:1917] Received RequestConsensusVote() RPC: tablet_id: "f48517d85b81448bb723acdce332cf04" candidate_uuid: "146c82e145b1494daaeade9743d83287" candidate_term: 1 candidate_status { last_received { term: 0 index: 0 } } ignore_live_leader: false dest_uuid: "2722921a086a4780870c40706ac0ca30" is_pre_election: true
I20260710 11:02:09.886132 21439 raft_consensus.cc:2468] T f48517d85b81448bb723acdce332cf04 P 2722921a086a4780870c40706ac0ca30 [term 0 FOLLOWER]: Leader pre-election vote request: Granting yes vote for candidate 146c82e145b1494daaeade9743d83287 in term 0.
I20260710 11:02:09.887187 21365 tablet_service.cc:1917] Received RequestConsensusVote() RPC: tablet_id: "62f3347daa474789a71b25bcd34ce34f" candidate_uuid: "146c82e145b1494daaeade9743d83287" candidate_term: 1 candidate_status { last_received { term: 0 index: 0 } } ignore_live_leader: false dest_uuid: "1b10f0017082476c995c767c571ede36" is_pre_election: true
I20260710 11:02:09.886147 21257 leader_election.cc:304] T f48517d85b81448bb723acdce332cf04 P 146c82e145b1494daaeade9743d83287 [CANDIDATE]: Term 1 pre-election: Election decided. Result: candidate won. Election summary: received 2 responses out of 3 voters: 2 yes votes; 0 no votes. yes voters: 146c82e145b1494daaeade9743d83287, 1b10f0017082476c995c767c571ede36; no voters: 
I20260710 11:02:09.889447 21555 leader_election.cc:290] T 62f3347daa474789a71b25bcd34ce34f P 146c82e145b1494daaeade9743d83287 [CANDIDATE]: Term 1 pre-election: Requested pre-vote from peers 1b10f0017082476c995c767c571ede36 (127.19.183.66:32995), 2722921a086a4780870c40706ac0ca30 (127.19.183.67:35969)
I20260710 11:02:09.890285 21612 raft_consensus.cc:2804] T f48517d85b81448bb723acdce332cf04 P 146c82e145b1494daaeade9743d83287 [term 0 FOLLOWER]: Leader pre-election won for term 1
I20260710 11:02:09.893824 21612 raft_consensus.cc:493] T f48517d85b81448bb723acdce332cf04 P 146c82e145b1494daaeade9743d83287 [term 0 FOLLOWER]: Starting leader election (no leader contacted us within the election timeout)
I20260710 11:02:09.895915 21612 raft_consensus.cc:3060] T f48517d85b81448bb723acdce332cf04 P 146c82e145b1494daaeade9743d83287 [term 0 FOLLOWER]: Advancing to term 1
I20260710 11:02:09.898906 21545 raft_consensus.cc:2749] T 789e640f34a448d2a11a10e5ec4083d5 P 1b10f0017082476c995c767c571ede36 [term 1 FOLLOWER]: Leader pre-election lost for term 1. Reason: could not achieve majority
I20260710 11:02:09.891156 21525 leader_election.cc:290] T 53b30b147a7e448fb7072e4f011fe020 P 2722921a086a4780870c40706ac0ca30 [CANDIDATE]: Term 1 election: Requested vote from peers 146c82e145b1494daaeade9743d83287 (127.19.183.65:45045), 1b10f0017082476c995c767c571ede36 (127.19.183.66:32995)
I20260710 11:02:09.900290 21291 tablet_service.cc:1917] Received RequestConsensusVote() RPC: tablet_id: "2f65582a17e5410eb8a6b0e9373cd0c0" candidate_uuid: "2722921a086a4780870c40706ac0ca30" candidate_term: 1 candidate_status { last_received { term: 0 index: 0 } } ignore_live_leader: false dest_uuid: "146c82e145b1494daaeade9743d83287" is_pre_election: true
W20260710 11:02:09.900728 21257 leader_election.cc:343] T 62f3347daa474789a71b25bcd34ce34f P 146c82e145b1494daaeade9743d83287 [CANDIDATE]: Term 1 pre-election: Tablet error from VoteRequest() call to peer 1b10f0017082476c995c767c571ede36 (127.19.183.66:32995): Illegal state: must be running to vote when last-logged opid is not known
I20260710 11:02:09.900830 21290 tablet_service.cc:1917] Received RequestConsensusVote() RPC: tablet_id: "53b30b147a7e448fb7072e4f011fe020" candidate_uuid: "2722921a086a4780870c40706ac0ca30" candidate_term: 1 candidate_status { last_received { term: 0 index: 0 } } ignore_live_leader: false dest_uuid: "146c82e145b1494daaeade9743d83287"
I20260710 11:02:09.903431 21440 raft_consensus.cc:3060] T f77047ba6fea4fc088a3018c40f1a1ec P 2722921a086a4780870c40706ac0ca30 [term 0 FOLLOWER]: Advancing to term 1
I20260710 11:02:09.903792 21365 tablet_service.cc:1917] Received RequestConsensusVote() RPC: tablet_id: "2f65582a17e5410eb8a6b0e9373cd0c0" candidate_uuid: "2722921a086a4780870c40706ac0ca30" candidate_term: 1 candidate_status { last_received { term: 0 index: 0 } } ignore_live_leader: false dest_uuid: "1b10f0017082476c995c767c571ede36" is_pre_election: true
I20260710 11:02:09.906904 21612 raft_consensus.cc:515] T f48517d85b81448bb723acdce332cf04 P 146c82e145b1494daaeade9743d83287 [term 1 FOLLOWER]: Starting leader election with config: opid_index: -1 OBSOLETE_local: false peers { permanent_uuid: "146c82e145b1494daaeade9743d83287" member_type: VOTER last_known_addr { host: "127.19.183.65" port: 45045 } } peers { permanent_uuid: "1b10f0017082476c995c767c571ede36" member_type: VOTER last_known_addr { host: "127.19.183.66" port: 32995 } } peers { permanent_uuid: "2722921a086a4780870c40706ac0ca30" member_type: VOTER last_known_addr { host: "127.19.183.67" port: 35969 } }
I20260710 11:02:09.910622 21290 raft_consensus.cc:3060] T 53b30b147a7e448fb7072e4f011fe020 P 146c82e145b1494daaeade9743d83287 [term 0 FOLLOWER]: Advancing to term 1
I20260710 11:02:09.934296 21612 leader_election.cc:290] T f48517d85b81448bb723acdce332cf04 P 146c82e145b1494daaeade9743d83287 [CANDIDATE]: Term 1 election: Requested vote from peers 1b10f0017082476c995c767c571ede36 (127.19.183.66:32995), 2722921a086a4780870c40706ac0ca30 (127.19.183.67:35969)
I20260710 11:02:09.899569 21439 tablet_service.cc:1917] Received RequestConsensusVote() RPC: tablet_id: "62f3347daa474789a71b25bcd34ce34f" candidate_uuid: "146c82e145b1494daaeade9743d83287" candidate_term: 1 candidate_status { last_received { term: 0 index: 0 } } ignore_live_leader: false dest_uuid: "2722921a086a4780870c40706ac0ca30" is_pre_election: true
I20260710 11:02:09.936527 21406 leader_election.cc:304] T 2f65582a17e5410eb8a6b0e9373cd0c0 P 2722921a086a4780870c40706ac0ca30 [CANDIDATE]: Term 1 pre-election: Election decided. Result: candidate lost. Election summary: received 3 responses out of 3 voters: 1 yes votes; 2 no votes. yes voters: 2722921a086a4780870c40706ac0ca30; no voters: 146c82e145b1494daaeade9743d83287, 1b10f0017082476c995c767c571ede36
I20260710 11:02:09.939121 21486 raft_consensus.cc:2749] T 2f65582a17e5410eb8a6b0e9373cd0c0 P 2722921a086a4780870c40706ac0ca30 [term 0 FOLLOWER]: Leader pre-election lost for term 1. Reason: could not achieve majority
W20260710 11:02:09.941437 21256 leader_election.cc:343] T 62f3347daa474789a71b25bcd34ce34f P 146c82e145b1494daaeade9743d83287 [CANDIDATE]: Term 1 pre-election: Tablet error from VoteRequest() call to peer 2722921a086a4780870c40706ac0ca30 (127.19.183.67:35969): Illegal state: must be running to vote when last-logged opid is not known
I20260710 11:02:09.945152 21256 leader_election.cc:304] T 62f3347daa474789a71b25bcd34ce34f P 146c82e145b1494daaeade9743d83287 [CANDIDATE]: Term 1 pre-election: Election decided. Result: candidate lost. Election summary: received 3 responses out of 3 voters: 1 yes votes; 2 no votes. yes voters: 146c82e145b1494daaeade9743d83287; no voters: 1b10f0017082476c995c767c571ede36, 2722921a086a4780870c40706ac0ca30
I20260710 11:02:09.945636 21365 tablet_service.cc:1917] Received RequestConsensusVote() RPC: tablet_id: "f48517d85b81448bb723acdce332cf04" candidate_uuid: "146c82e145b1494daaeade9743d83287" candidate_term: 1 candidate_status { last_received { term: 0 index: 0 } } ignore_live_leader: false dest_uuid: "1b10f0017082476c995c767c571ede36"
I20260710 11:02:09.946177 21365 raft_consensus.cc:3060] T f48517d85b81448bb723acdce332cf04 P 1b10f0017082476c995c767c571ede36 [term 0 FOLLOWER]: Advancing to term 1
I20260710 11:02:09.946445 21555 raft_consensus.cc:2749] T 62f3347daa474789a71b25bcd34ce34f P 146c82e145b1494daaeade9743d83287 [term 0 FOLLOWER]: Leader pre-election lost for term 1. Reason: could not achieve majority
I20260710 11:02:09.942950 21437 tablet_service.cc:1917] Received RequestConsensusVote() RPC: tablet_id: "f48517d85b81448bb723acdce332cf04" candidate_uuid: "146c82e145b1494daaeade9743d83287" candidate_term: 1 candidate_status { last_received { term: 0 index: 0 } } ignore_live_leader: false dest_uuid: "2722921a086a4780870c40706ac0ca30"
W20260710 11:02:09.948354 21618 log.cc:927] Time spent T 15ddb5d3d6064743b6fb25213300ae35 P 2722921a086a4780870c40706ac0ca30: Append to log took a long time: real 0.054s	user 0.001s	sys 0.001s
I20260710 11:02:09.950460 21437 raft_consensus.cc:3060] T f48517d85b81448bb723acdce332cf04 P 2722921a086a4780870c40706ac0ca30 [term 0 FOLLOWER]: Advancing to term 1
I20260710 11:02:09.950726 21290 raft_consensus.cc:2468] T 53b30b147a7e448fb7072e4f011fe020 P 146c82e145b1494daaeade9743d83287 [term 1 FOLLOWER]: Leader election vote request: Granting yes vote for candidate 2722921a086a4780870c40706ac0ca30 in term 1.
I20260710 11:02:09.954865 21404 leader_election.cc:304] T 53b30b147a7e448fb7072e4f011fe020 P 2722921a086a4780870c40706ac0ca30 [CANDIDATE]: Term 1 election: Election decided. Result: candidate won. Election summary: received 2 responses out of 3 voters: 2 yes votes; 0 no votes. yes voters: 146c82e145b1494daaeade9743d83287, 2722921a086a4780870c40706ac0ca30; no voters: 
I20260710 11:02:09.955741 21552 raft_consensus.cc:2804] T 53b30b147a7e448fb7072e4f011fe020 P 2722921a086a4780870c40706ac0ca30 [term 1 FOLLOWER]: Leader election won for term 1
I20260710 11:02:09.956380 21552 raft_consensus.cc:697] T 53b30b147a7e448fb7072e4f011fe020 P 2722921a086a4780870c40706ac0ca30 [term 1 LEADER]: Becoming Leader. State: Replica: 2722921a086a4780870c40706ac0ca30, State: Running, Role: LEADER
I20260710 11:02:09.956791 21365 raft_consensus.cc:2468] T f48517d85b81448bb723acdce332cf04 P 1b10f0017082476c995c767c571ede36 [term 1 FOLLOWER]: Leader election vote request: Granting yes vote for candidate 146c82e145b1494daaeade9743d83287 in term 1.
I20260710 11:02:09.957330 21552 consensus_queue.cc:237] T 53b30b147a7e448fb7072e4f011fe020 P 2722921a086a4780870c40706ac0ca30 [LEADER]: Queue going to LEADER mode. State: All replicated index: 0, Majority replicated index: 0, Committed index: 0, Last appended: 0.0, Last appended by leader: 0, Current term: 1, Majority size: 2, State: 0, Mode: LEADER, active raft config: opid_index: -1 OBSOLETE_local: false peers { permanent_uuid: "146c82e145b1494daaeade9743d83287" member_type: VOTER last_known_addr { host: "127.19.183.65" port: 45045 } } peers { permanent_uuid: "1b10f0017082476c995c767c571ede36" member_type: VOTER last_known_addr { host: "127.19.183.66" port: 32995 } } peers { permanent_uuid: "2722921a086a4780870c40706ac0ca30" member_type: VOTER last_known_addr { host: "127.19.183.67" port: 35969 } }
I20260710 11:02:09.958014 21257 leader_election.cc:304] T f48517d85b81448bb723acdce332cf04 P 146c82e145b1494daaeade9743d83287 [CANDIDATE]: Term 1 election: Election decided. Result: candidate won. Election summary: received 2 responses out of 3 voters: 2 yes votes; 0 no votes. yes voters: 146c82e145b1494daaeade9743d83287, 1b10f0017082476c995c767c571ede36; no voters: 
I20260710 11:02:09.958782 21612 raft_consensus.cc:2804] T f48517d85b81448bb723acdce332cf04 P 146c82e145b1494daaeade9743d83287 [term 1 FOLLOWER]: Leader election won for term 1
I20260710 11:02:09.960186 21437 raft_consensus.cc:2468] T f48517d85b81448bb723acdce332cf04 P 2722921a086a4780870c40706ac0ca30 [term 1 FOLLOWER]: Leader election vote request: Granting yes vote for candidate 146c82e145b1494daaeade9743d83287 in term 1.
I20260710 11:02:09.960212 21366 raft_consensus.cc:2468] T 53b30b147a7e448fb7072e4f011fe020 P 1b10f0017082476c995c767c571ede36 [term 1 FOLLOWER]: Leader election vote request: Granting yes vote for candidate 2722921a086a4780870c40706ac0ca30 in term 1.
I20260710 11:02:09.960798 21612 raft_consensus.cc:697] T f48517d85b81448bb723acdce332cf04 P 146c82e145b1494daaeade9743d83287 [term 1 LEADER]: Becoming Leader. State: Replica: 146c82e145b1494daaeade9743d83287, State: Running, Role: LEADER
I20260710 11:02:09.961884 21612 consensus_queue.cc:237] T f48517d85b81448bb723acdce332cf04 P 146c82e145b1494daaeade9743d83287 [LEADER]: Queue going to LEADER mode. State: All replicated index: 0, Majority replicated index: 0, Committed index: 0, Last appended: 0.0, Last appended by leader: 0, Current term: 1, Majority size: 2, State: 0, Mode: LEADER, active raft config: opid_index: -1 OBSOLETE_local: false peers { permanent_uuid: "146c82e145b1494daaeade9743d83287" member_type: VOTER last_known_addr { host: "127.19.183.65" port: 45045 } } peers { permanent_uuid: "1b10f0017082476c995c767c571ede36" member_type: VOTER last_known_addr { host: "127.19.183.66" port: 32995 } } peers { permanent_uuid: "2722921a086a4780870c40706ac0ca30" member_type: VOTER last_known_addr { host: "127.19.183.67" port: 35969 } }
I20260710 11:02:09.975955 21480 tablet_bootstrap.cc:492] T 724c108313dd440fa85a2030311605a6 P 2722921a086a4780870c40706ac0ca30: No bootstrap required, opened a new log
I20260710 11:02:09.976627 21480 ts_tablet_manager.cc:1403] T 724c108313dd440fa85a2030311605a6 P 2722921a086a4780870c40706ac0ca30: Time spent bootstrapping tablet: real 0.147s	user 0.012s	sys 0.029s
I20260710 11:02:09.977871 21482 tablet_bootstrap.cc:492] T 7bb547b91cdf4f56a7dac5a2809c8ec7 P 1b10f0017082476c995c767c571ede36: No bootstrap required, opened a new log
I20260710 11:02:09.978559 21482 ts_tablet_manager.cc:1403] T 7bb547b91cdf4f56a7dac5a2809c8ec7 P 1b10f0017082476c995c767c571ede36: Time spent bootstrapping tablet: real 0.155s	user 0.038s	sys 0.064s
I20260710 11:02:09.989566 21482 raft_consensus.cc:359] T 7bb547b91cdf4f56a7dac5a2809c8ec7 P 1b10f0017082476c995c767c571ede36 [term 0 FOLLOWER]: Replica starting. Triggering 0 pending ops. Active config: opid_index: -1 OBSOLETE_local: false peers { permanent_uuid: "146c82e145b1494daaeade9743d83287" member_type: VOTER last_known_addr { host: "127.19.183.65" port: 45045 } } peers { permanent_uuid: "1b10f0017082476c995c767c571ede36" member_type: VOTER last_known_addr { host: "127.19.183.66" port: 32995 } } peers { permanent_uuid: "2722921a086a4780870c40706ac0ca30" member_type: VOTER last_known_addr { host: "127.19.183.67" port: 35969 } }
I20260710 11:02:09.990341 21482 raft_consensus.cc:385] T 7bb547b91cdf4f56a7dac5a2809c8ec7 P 1b10f0017082476c995c767c571ede36 [term 0 FOLLOWER]: Consensus starting up: Expiring failure detector timer to make a prompt election more likely
I20260710 11:02:09.990154 21489 consensus_queue.cc:1048] T 15ddb5d3d6064743b6fb25213300ae35 P 1b10f0017082476c995c767c571ede36 [LEADER]: Connected to new peer: Peer: permanent_uuid: "146c82e145b1494daaeade9743d83287" member_type: VOTER last_known_addr { host: "127.19.183.65" port: 45045 }, Status: LMP_MISMATCH, Last received: 0.0, Next index: 1, Last known committed idx: 0, Time since last communication: 0.001s
I20260710 11:02:09.990746 21482 raft_consensus.cc:740] T 7bb547b91cdf4f56a7dac5a2809c8ec7 P 1b10f0017082476c995c767c571ede36 [term 0 FOLLOWER]: Becoming Follower/Learner. State: Replica: 1b10f0017082476c995c767c571ede36, State: Initialized, Role: FOLLOWER
