I20260710 11:02:11.073765 20189 webserver.cc:533] Webserver started at http://127.19.183.68:42819/ using document root <none> and password file <none>
I20260710 11:02:11.074187 20189 fs_manager.cc:362] Metadata directory not provided
I20260710 11:02:11.074338 20189 fs_manager.cc:368] Using write-ahead log directory (fs_wal_dir) as metadata directory
I20260710 11:02:11.074532 20189 server_base.cc:909] This appears to be a new deployment of Kudu; creating new FS layout
I20260710 11:02:11.075518 20189 fs_manager.cc:1068] Generated new instance metadata in path /tmp/dist-test-task2eKaEt/test-tmp/auto_leader_rebalancer-test.0.LeaderRebalancerTest.AddTserver.1783681303875066-20189-0/minicluster-data/ts-3-root/instance:
uuid: "da3c8c4edc2648b6a6e54fc7979f30da"
format_stamp: "Formatted at 2026-07-10 11:02:11 on dist-test-slave-s8c0"
I20260710 11:02:11.079649 20189 fs_manager.cc:696] Time spent creating directory manager: real 0.004s	user 0.003s	sys 0.000s
I20260710 11:02:11.082945 21670 log_block_manager.cc:4127] Time spent loading block containers with low live blocks: real 0.000s	user 0.000s	sys 0.000s
I20260710 11:02:11.083913 20189 fs_manager.cc:730] Time spent opening block manager: real 0.002s	user 0.003s	sys 0.000s
I20260710 11:02:11.084219 20189 fs_manager.cc:647] Opened local filesystem: /tmp/dist-test-task2eKaEt/test-tmp/auto_leader_rebalancer-test.0.LeaderRebalancerTest.AddTserver.1783681303875066-20189-0/minicluster-data/ts-3-root
uuid: "da3c8c4edc2648b6a6e54fc7979f30da"
format_stamp: "Formatted at 2026-07-10 11:02:11 on dist-test-slave-s8c0"
I20260710 11:02:11.084522 20189 fs_report.cc:389] FS layout report
--------------------
wal directory: /tmp/dist-test-task2eKaEt/test-tmp/auto_leader_rebalancer-test.0.LeaderRebalancerTest.AddTserver.1783681303875066-20189-0/minicluster-data/ts-3-root
metadata directory: /tmp/dist-test-task2eKaEt/test-tmp/auto_leader_rebalancer-test.0.LeaderRebalancerTest.AddTserver.1783681303875066-20189-0/minicluster-data/ts-3-root
1 data directories: /tmp/dist-test-task2eKaEt/test-tmp/auto_leader_rebalancer-test.0.LeaderRebalancerTest.AddTserver.1783681303875066-20189-0/minicluster-data/ts-3-root/data
Total live blocks: 0
Total live bytes: 0
Total live bytes (after alignment): 0
Total number of LBM containers: 0 (0 full)
Did not check for missing blocks
Did not check for orphaned blocks
Total full LBM containers with extra space: 0 (0 repaired)
Total full LBM container extra space in bytes: 0 (0 repaired)
Total incomplete LBM containers: 0 (0 repaired)
Total LBM partial records: 0 (0 repaired)
Total corrupted LBM metadata records in RocksDB: 0 (0 repaired)
I20260710 11:02:11.105476 20189 rpc_server.cc:225] running with OpenSSL 1.1.1  11 Sep 2018
I20260710 11:02:11.106688 20189 kserver.cc:163] Server-wide thread pool size limit: 3276
I20260710 11:02:11.108400 20189 txn_system_client.cc:432] TxnSystemClient initialization is disabled...
I20260710 11:02:11.110325 20189 ts_tablet_manager.cc:585] Loaded tablet metadata (0 total tablets, 0 live tablets)
I20260710 11:02:11.110548 20189 ts_tablet_manager.cc:531] Time spent load tablet metadata: real 0.000s	user 0.000s	sys 0.000s
I20260710 11:02:11.110816 20189 ts_tablet_manager.cc:616] Registered 0 tablets
I20260710 11:02:11.110977 20189 ts_tablet_manager.cc:595] Time spent register tablets: real 0.000s	user 0.000s	sys 0.000s
I20260710 11:02:11.174001 20189 rpc_server.cc:307] RPC server started. Bound to: 127.19.183.68:34825
I20260710 11:02:11.174081 21732 acceptor_pool.cc:272] collecting diagnostics on the listening RPC socket 127.19.183.68:34825 every 8 connection(s)
I20260710 11:02:11.178936 20189 auto_leader_rebalancer-test.cc:388] add a tserver: da3c8c4edc2648b6a6e54fc7979f30da
I20260710 11:02:11.196906 21733 heartbeater.cc:344] Connected to a master server at 127.19.183.126:33845
I20260710 11:02:11.197254 21733 heartbeater.cc:461] Registering TS with master...
I20260710 11:02:11.197911 21733 heartbeater.cc:507] Master 127.19.183.126:33845 requested a full tablet report, sending...
I20260710 11:02:11.199824 21188 ts_manager.cc:194] Registered new tserver with Master: da3c8c4edc2648b6a6e54fc7979f30da (127.19.183.68:34825)
I20260710 11:02:11.201143 21188 master_service.cc:502] Signed X509 certificate for tserver {username='slave'} at 127.0.0.1:60870
I20260710 11:02:11.231873 21290 raft_consensus.cc:1275] T c7f7aba82ba5434d9194cfb7984d7a84 P 146c82e145b1494daaeade9743d83287 [term 2 FOLLOWER]: Refusing update from remote peer 2722921a086a4780870c40706ac0ca30: Log matching property violated. Preceding OpId in replica: term: 0 index: 0. Preceding OpId from leader: term: 2 index: 1. (index mismatch)
I20260710 11:02:11.233119 21552 consensus_queue.cc:1048] T c7f7aba82ba5434d9194cfb7984d7a84 P 2722921a086a4780870c40706ac0ca30 [LEADER]: Connected to new peer: Peer: permanent_uuid: "146c82e145b1494daaeade9743d83287" member_type: VOTER last_known_addr { host: "127.19.183.65" port: 45045 }, Status: LMP_MISMATCH, Last received: 0.0, Next index: 1, Last known committed idx: 0, Time since last communication: 0.000s
I20260710 11:02:11.247057 21364 raft_consensus.cc:1275] T c7f7aba82ba5434d9194cfb7984d7a84 P 1b10f0017082476c995c767c571ede36 [term 2 FOLLOWER]: Refusing update from remote peer 2722921a086a4780870c40706ac0ca30: Log matching property violated. Preceding OpId in replica: term: 0 index: 0. Preceding OpId from leader: term: 2 index: 1. (index mismatch)
I20260710 11:02:11.248020 21437 raft_consensus.cc:1275] T dd1ba1c1c326429788244d8f83a28039 P 2722921a086a4780870c40706ac0ca30 [term 2 FOLLOWER]: Refusing update from remote peer 146c82e145b1494daaeade9743d83287: Log matching property violated. Preceding OpId in replica: term: 0 index: 0. Preceding OpId from leader: term: 2 index: 1. (index mismatch)
I20260710 11:02:11.250180 21620 consensus_queue.cc:1048] T c7f7aba82ba5434d9194cfb7984d7a84 P 2722921a086a4780870c40706ac0ca30 [LEADER]: Connected to new peer: Peer: permanent_uuid: "1b10f0017082476c995c767c571ede36" member_type: VOTER last_known_addr { host: "127.19.183.66" port: 32995 }, Status: LMP_MISMATCH, Last received: 0.0, Next index: 1, Last known committed idx: 0, Time since last communication: 0.000s
I20260710 11:02:11.252223 21569 consensus_queue.cc:1048] T dd1ba1c1c326429788244d8f83a28039 P 146c82e145b1494daaeade9743d83287 [LEADER]: Connected to new peer: Peer: permanent_uuid: "2722921a086a4780870c40706ac0ca30" member_type: VOTER last_known_addr { host: "127.19.183.67" port: 35969 }, Status: LMP_MISMATCH, Last received: 0.0, Next index: 1, Last known committed idx: 0, Time since last communication: 0.000s
I20260710 11:02:11.266193 21364 raft_consensus.cc:1275] T dd1ba1c1c326429788244d8f83a28039 P 1b10f0017082476c995c767c571ede36 [term 2 FOLLOWER]: Refusing update from remote peer 146c82e145b1494daaeade9743d83287: Log matching property violated. Preceding OpId in replica: term: 0 index: 0. Preceding OpId from leader: term: 2 index: 1. (index mismatch)
I20260710 11:02:11.267582 21555 consensus_queue.cc:1048] T dd1ba1c1c326429788244d8f83a28039 P 146c82e145b1494daaeade9743d83287 [LEADER]: Connected to new peer: Peer: permanent_uuid: "1b10f0017082476c995c767c571ede36" member_type: VOTER last_known_addr { host: "127.19.183.66" port: 32995 }, Status: LMP_MISMATCH, Last received: 0.0, Next index: 1, Last known committed idx: 0, Time since last communication: 0.000s
W20260710 11:02:11.298838 21461 debug-util.cc:398] Leaking SignalData structure 0x7b0800199a40 after lost signal to thread 20192
W20260710 11:02:11.300338 21461 debug-util.cc:398] Leaking SignalData structure 0x7b0800227e60 after lost signal to thread 21315
W20260710 11:02:11.301098 21461 debug-util.cc:398] Leaking SignalData structure 0x7b08002286e0 after lost signal to thread 21390
W20260710 11:02:11.302034 21461 debug-util.cc:398] Leaking SignalData structure 0x7b08001a5460 after lost signal to thread 21464
I20260710 11:02:12.117628 21290 consensus_queue.cc:237] T dd1ba1c1c326429788244d8f83a28039 P 146c82e145b1494daaeade9743d83287 [LEADER]: Queue going to LEADER mode. State: All replicated index: 0, Majority replicated index: 1, Committed index: 1, Last appended: 2.1, Last appended by leader: 0, Current term: 2, Majority size: 2, State: 0, Mode: LEADER, active raft config: opid_index: 2 OBSOLETE_local: false peers { permanent_uuid: "146c82e145b1494daaeade9743d83287" member_type: VOTER last_known_addr { host: "127.19.183.65" port: 45045 } } peers { permanent_uuid: "1b10f0017082476c995c767c571ede36" member_type: VOTER last_known_addr { host: "127.19.183.66" port: 32995 } } peers { permanent_uuid: "2722921a086a4780870c40706ac0ca30" member_type: VOTER last_known_addr { host: "127.19.183.67" port: 35969 } attrs { replace: true } } peers { permanent_uuid: "da3c8c4edc2648b6a6e54fc7979f30da" member_type: NON_VOTER last_known_addr { host: "127.19.183.68" port: 34825 } attrs { promote: true } }
I20260710 11:02:12.126271 21364 raft_consensus.cc:1275] T dd1ba1c1c326429788244d8f83a28039 P 1b10f0017082476c995c767c571ede36 [term 2 FOLLOWER]: Refusing update from remote peer 146c82e145b1494daaeade9743d83287: Log matching property violated. Preceding OpId in replica: term: 2 index: 1. Preceding OpId from leader: term: 2 index: 2. (index mismatch)
I20260710 11:02:12.128115 21555 consensus_queue.cc:1048] T dd1ba1c1c326429788244d8f83a28039 P 146c82e145b1494daaeade9743d83287 [LEADER]: Connected to new peer: Peer: permanent_uuid: "1b10f0017082476c995c767c571ede36" member_type: VOTER last_known_addr { host: "127.19.183.66" port: 32995 }, Status: LMP_MISMATCH, Last received: 0.0, Next index: 2, Last known committed idx: 1, Time since last communication: 0.000s
I20260710 11:02:12.131440 21437 raft_consensus.cc:1275] T dd1ba1c1c326429788244d8f83a28039 P 2722921a086a4780870c40706ac0ca30 [term 2 FOLLOWER]: Refusing update from remote peer 146c82e145b1494daaeade9743d83287: Log matching property violated. Preceding OpId in replica: term: 2 index: 1. Preceding OpId from leader: term: 2 index: 2. (index mismatch)
I20260710 11:02:12.132974 21510 consensus_queue.cc:1048] T dd1ba1c1c326429788244d8f83a28039 P 146c82e145b1494daaeade9743d83287 [LEADER]: Connected to new peer: Peer: permanent_uuid: "2722921a086a4780870c40706ac0ca30" member_type: VOTER last_known_addr { host: "127.19.183.67" port: 35969 } attrs { replace: true }, Status: LMP_MISMATCH, Last received: 0.0, Next index: 2, Last known committed idx: 1, Time since last communication: 0.000s
I20260710 11:02:12.136098 21741 raft_consensus.cc:2955] T dd1ba1c1c326429788244d8f83a28039 P 146c82e145b1494daaeade9743d83287 [term 2 LEADER]: Committing config change with OpId 2.2: config changed from index -1 to 2, NON_VOTER da3c8c4edc2648b6a6e54fc7979f30da (127.19.183.68) added. New config: { opid_index: 2 OBSOLETE_local: false peers { permanent_uuid: "146c82e145b1494daaeade9743d83287" member_type: VOTER last_known_addr { host: "127.19.183.65" port: 45045 } } peers { permanent_uuid: "1b10f0017082476c995c767c571ede36" member_type: VOTER last_known_addr { host: "127.19.183.66" port: 32995 } } peers { permanent_uuid: "2722921a086a4780870c40706ac0ca30" member_type: VOTER last_known_addr { host: "127.19.183.67" port: 35969 } attrs { replace: true } } peers { permanent_uuid: "da3c8c4edc2648b6a6e54fc7979f30da" member_type: NON_VOTER last_known_addr { host: "127.19.183.68" port: 34825 } attrs { promote: true } } }
W20260710 11:02:12.142261 21256 consensus_peers.cc:597] T dd1ba1c1c326429788244d8f83a28039 P 146c82e145b1494daaeade9743d83287 -> Peer da3c8c4edc2648b6a6e54fc7979f30da (127.19.183.68:34825): Couldn't send request to peer da3c8c4edc2648b6a6e54fc7979f30da. Error code: TABLET_NOT_FOUND (6). Status: Not found: Tablet not found: dd1ba1c1c326429788244d8f83a28039. This is attempt 1: this message will repeat every 5th retry.
I20260710 11:02:12.143826 21364 raft_consensus.cc:2955] T dd1ba1c1c326429788244d8f83a28039 P 1b10f0017082476c995c767c571ede36 [term 2 FOLLOWER]: Committing config change with OpId 2.2: config changed from index -1 to 2, NON_VOTER da3c8c4edc2648b6a6e54fc7979f30da (127.19.183.68) added. New config: { opid_index: 2 OBSOLETE_local: false peers { permanent_uuid: "146c82e145b1494daaeade9743d83287" member_type: VOTER last_known_addr { host: "127.19.183.65" port: 45045 } } peers { permanent_uuid: "1b10f0017082476c995c767c571ede36" member_type: VOTER last_known_addr { host: "127.19.183.66" port: 32995 } } peers { permanent_uuid: "2722921a086a4780870c40706ac0ca30" member_type: VOTER last_known_addr { host: "127.19.183.67" port: 35969 } attrs { replace: true } } peers { permanent_uuid: "da3c8c4edc2648b6a6e54fc7979f30da" member_type: NON_VOTER last_known_addr { host: "127.19.183.68" port: 34825 } attrs { promote: true } } }
I20260710 11:02:12.145298 21437 raft_consensus.cc:2955] T dd1ba1c1c326429788244d8f83a28039 P 2722921a086a4780870c40706ac0ca30 [term 2 FOLLOWER]: Committing config change with OpId 2.2: config changed from index -1 to 2, NON_VOTER da3c8c4edc2648b6a6e54fc7979f30da (127.19.183.68) added. New config: { opid_index: 2 OBSOLETE_local: false peers { permanent_uuid: "146c82e145b1494daaeade9743d83287" member_type: VOTER last_known_addr { host: "127.19.183.65" port: 45045 } } peers { permanent_uuid: "1b10f0017082476c995c767c571ede36" member_type: VOTER last_known_addr { host: "127.19.183.66" port: 32995 } } peers { permanent_uuid: "2722921a086a4780870c40706ac0ca30" member_type: VOTER last_known_addr { host: "127.19.183.67" port: 35969 } attrs { replace: true } } peers { permanent_uuid: "da3c8c4edc2648b6a6e54fc7979f30da" member_type: NON_VOTER last_known_addr { host: "127.19.183.68" port: 34825 } attrs { promote: true } } }
I20260710 11:02:12.160521 21188 catalog_manager.cc:5697] T dd1ba1c1c326429788244d8f83a28039 P 1b10f0017082476c995c767c571ede36 reported cstate change: config changed from index -1 to 2, NON_VOTER da3c8c4edc2648b6a6e54fc7979f30da (127.19.183.68) added. New cstate: current_term: 2 leader_uuid: "146c82e145b1494daaeade9743d83287" committed_config { opid_index: 2 OBSOLETE_local: false peers { permanent_uuid: "146c82e145b1494daaeade9743d83287" member_type: VOTER last_known_addr { host: "127.19.183.65" port: 45045 } } peers { permanent_uuid: "1b10f0017082476c995c767c571ede36" member_type: VOTER last_known_addr { host: "127.19.183.66" port: 32995 } } peers { permanent_uuid: "2722921a086a4780870c40706ac0ca30" member_type: VOTER last_known_addr { host: "127.19.183.67" port: 35969 } attrs { replace: true } } peers { permanent_uuid: "da3c8c4edc2648b6a6e54fc7979f30da" member_type: NON_VOTER last_known_addr { host: "127.19.183.68" port: 34825 } attrs { promote: true } } }
I20260710 11:02:12.180096 21437 consensus_queue.cc:237] T 2a83c16ec27b49cb9a4801183a375382 P 2722921a086a4780870c40706ac0ca30 [LEADER]: Queue going to LEADER mode. State: All replicated index: 0, Majority replicated index: 1, Committed index: 1, Last appended: 1.1, Last appended by leader: 0, Current term: 1, Majority size: 2, State: 0, Mode: LEADER, active raft config: opid_index: 2 OBSOLETE_local: false peers { permanent_uuid: "146c82e145b1494daaeade9743d83287" member_type: VOTER last_known_addr { host: "127.19.183.65" port: 45045 } attrs { replace: true } } peers { permanent_uuid: "1b10f0017082476c995c767c571ede36" member_type: VOTER last_known_addr { host: "127.19.183.66" port: 32995 } } peers { permanent_uuid: "2722921a086a4780870c40706ac0ca30" member_type: VOTER last_known_addr { host: "127.19.183.67" port: 35969 } } peers { permanent_uuid: "da3c8c4edc2648b6a6e54fc7979f30da" member_type: NON_VOTER last_known_addr { host: "127.19.183.68" port: 34825 } attrs { promote: true } }
I20260710 11:02:12.193657 21364 raft_consensus.cc:1275] T 2a83c16ec27b49cb9a4801183a375382 P 1b10f0017082476c995c767c571ede36 [term 1 FOLLOWER]: Refusing update from remote peer 2722921a086a4780870c40706ac0ca30: Log matching property violated. Preceding OpId in replica: term: 1 index: 1. Preceding OpId from leader: term: 1 index: 2. (index mismatch)
I20260710 11:02:12.197824 21752 consensus_queue.cc:1048] T 2a83c16ec27b49cb9a4801183a375382 P 2722921a086a4780870c40706ac0ca30 [LEADER]: Connected to new peer: Peer: permanent_uuid: "1b10f0017082476c995c767c571ede36" member_type: VOTER last_known_addr { host: "127.19.183.66" port: 32995 }, Status: LMP_MISMATCH, Last received: 0.0, Next index: 2, Last known committed idx: 1, Time since last communication: 0.001s
I20260710 11:02:12.198374 21290 raft_consensus.cc:1275] T 2a83c16ec27b49cb9a4801183a375382 P 146c82e145b1494daaeade9743d83287 [term 1 FOLLOWER]: Refusing update from remote peer 2722921a086a4780870c40706ac0ca30: Log matching property violated. Preceding OpId in replica: term: 1 index: 1. Preceding OpId from leader: term: 1 index: 2. (index mismatch)
I20260710 11:02:12.200850 21486 consensus_queue.cc:1048] T 2a83c16ec27b49cb9a4801183a375382 P 2722921a086a4780870c40706ac0ca30 [LEADER]: Connected to new peer: Peer: permanent_uuid: "146c82e145b1494daaeade9743d83287" member_type: VOTER last_known_addr { host: "127.19.183.65" port: 45045 } attrs { replace: true }, Status: LMP_MISMATCH, Last received: 0.0, Next index: 2, Last known committed idx: 1, Time since last communication: 0.000s
I20260710 11:02:12.203634 21733 heartbeater.cc:499] Master 127.19.183.126:33845 was elected leader, sending a full tablet report...
I20260710 11:02:12.235198 21752 raft_consensus.cc:2955] T 2a83c16ec27b49cb9a4801183a375382 P 2722921a086a4780870c40706ac0ca30 [term 1 LEADER]: Committing config change with OpId 1.2: config changed from index -1 to 2, NON_VOTER da3c8c4edc2648b6a6e54fc7979f30da (127.19.183.68) added. New config: { opid_index: 2 OBSOLETE_local: false peers { permanent_uuid: "146c82e145b1494daaeade9743d83287" member_type: VOTER last_known_addr { host: "127.19.183.65" port: 45045 } attrs { replace: true } } peers { permanent_uuid: "1b10f0017082476c995c767c571ede36" member_type: VOTER last_known_addr { host: "127.19.183.66" port: 32995 } } peers { permanent_uuid: "2722921a086a4780870c40706ac0ca30" member_type: VOTER last_known_addr { host: "127.19.183.67" port: 35969 } } peers { permanent_uuid: "da3c8c4edc2648b6a6e54fc7979f30da" member_type: NON_VOTER last_known_addr { host: "127.19.183.68" port: 34825 } attrs { promote: true } } }
I20260710 11:02:12.237716 21291 raft_consensus.cc:2955] T 2a83c16ec27b49cb9a4801183a375382 P 146c82e145b1494daaeade9743d83287 [term 1 FOLLOWER]: Committing config change with OpId 1.2: config changed from index -1 to 2, NON_VOTER da3c8c4edc2648b6a6e54fc7979f30da (127.19.183.68) added. New config: { opid_index: 2 OBSOLETE_local: false peers { permanent_uuid: "146c82e145b1494daaeade9743d83287" member_type: VOTER last_known_addr { host: "127.19.183.65" port: 45045 } attrs { replace: true } } peers { permanent_uuid: "1b10f0017082476c995c767c571ede36" member_type: VOTER last_known_addr { host: "127.19.183.66" port: 32995 } } peers { permanent_uuid: "2722921a086a4780870c40706ac0ca30" member_type: VOTER last_known_addr { host: "127.19.183.67" port: 35969 } } peers { permanent_uuid: "da3c8c4edc2648b6a6e54fc7979f30da" member_type: NON_VOTER last_known_addr { host: "127.19.183.68" port: 34825 } attrs { promote: true } } }
I20260710 11:02:12.239539 21364 raft_consensus.cc:2955] T 2a83c16ec27b49cb9a4801183a375382 P 1b10f0017082476c995c767c571ede36 [term 1 FOLLOWER]: Committing config change with OpId 1.2: config changed from index -1 to 2, NON_VOTER da3c8c4edc2648b6a6e54fc7979f30da (127.19.183.68) added. New config: { opid_index: 2 OBSOLETE_local: false peers { permanent_uuid: "146c82e145b1494daaeade9743d83287" member_type: VOTER last_known_addr { host: "127.19.183.65" port: 45045 } attrs { replace: true } } peers { permanent_uuid: "1b10f0017082476c995c767c571ede36" member_type: VOTER last_known_addr { host: "127.19.183.66" port: 32995 } } peers { permanent_uuid: "2722921a086a4780870c40706ac0ca30" member_type: VOTER last_known_addr { host: "127.19.183.67" port: 35969 } } peers { permanent_uuid: "da3c8c4edc2648b6a6e54fc7979f30da" member_type: NON_VOTER last_known_addr { host: "127.19.183.68" port: 34825 } attrs { promote: true } } }
I20260710 11:02:12.257500 21188 catalog_manager.cc:5697] T 2a83c16ec27b49cb9a4801183a375382 P 146c82e145b1494daaeade9743d83287 reported cstate change: config changed from index -1 to 2, NON_VOTER da3c8c4edc2648b6a6e54fc7979f30da (127.19.183.68) added. New cstate: current_term: 1 leader_uuid: "2722921a086a4780870c40706ac0ca30" committed_config { opid_index: 2 OBSOLETE_local: false peers { permanent_uuid: "146c82e145b1494daaeade9743d83287" member_type: VOTER last_known_addr { host: "127.19.183.65" port: 45045 } attrs { replace: true } } peers { permanent_uuid: "1b10f0017082476c995c767c571ede36" member_type: VOTER last_known_addr { host: "127.19.183.66" port: 32995 } } peers { permanent_uuid: "2722921a086a4780870c40706ac0ca30" member_type: VOTER last_known_addr { host: "127.19.183.67" port: 35969 } } peers { permanent_uuid: "da3c8c4edc2648b6a6e54fc7979f30da" member_type: NON_VOTER last_known_addr { host: "127.19.183.68" port: 34825 } attrs { promote: true } } }
I20260710 11:02:12.265206 21437 consensus_queue.cc:237] T eea7c2664e3341a390dc92d16166372c P 2722921a086a4780870c40706ac0ca30 [LEADER]: Queue going to LEADER mode. State: All replicated index: 0, Majority replicated index: 1, Committed index: 1, Last appended: 1.1, Last appended by leader: 0, Current term: 1, Majority size: 2, State: 0, Mode: LEADER, active raft config: opid_index: 2 OBSOLETE_local: false peers { permanent_uuid: "146c82e145b1494daaeade9743d83287" member_type: VOTER last_known_addr { host: "127.19.183.65" port: 45045 } } peers { permanent_uuid: "1b10f0017082476c995c767c571ede36" member_type: VOTER last_known_addr { host: "127.19.183.66" port: 32995 } attrs { replace: true } } peers { permanent_uuid: "2722921a086a4780870c40706ac0ca30" member_type: VOTER last_known_addr { host: "127.19.183.67" port: 35969 } } peers { permanent_uuid: "da3c8c4edc2648b6a6e54fc7979f30da" member_type: NON_VOTER last_known_addr { host: "127.19.183.68" port: 34825 } attrs { promote: true } }
W20260710 11:02:12.272348 21405 consensus_peers.cc:597] T 2a83c16ec27b49cb9a4801183a375382 P 2722921a086a4780870c40706ac0ca30 -> Peer da3c8c4edc2648b6a6e54fc7979f30da (127.19.183.68:34825): Couldn't send request to peer da3c8c4edc2648b6a6e54fc7979f30da. Error code: TABLET_NOT_FOUND (6). Status: Not found: Tablet not found: 2a83c16ec27b49cb9a4801183a375382. This is attempt 1: this message will repeat every 5th retry.
W20260710 11:02:12.277747 21405 consensus_peers.cc:597] T eea7c2664e3341a390dc92d16166372c P 2722921a086a4780870c40706ac0ca30 -> Peer da3c8c4edc2648b6a6e54fc7979f30da (127.19.183.68:34825): Couldn't send request to peer da3c8c4edc2648b6a6e54fc7979f30da. Error code: TABLET_NOT_FOUND (6). Status: Not found: Tablet not found: eea7c2664e3341a390dc92d16166372c. This is attempt 1: this message will repeat every 5th retry.
I20260710 11:02:12.277808 21291 raft_consensus.cc:1275] T eea7c2664e3341a390dc92d16166372c P 146c82e145b1494daaeade9743d83287 [term 1 FOLLOWER]: Refusing update from remote peer 2722921a086a4780870c40706ac0ca30: Log matching property violated. Preceding OpId in replica: term: 1 index: 1. Preceding OpId from leader: term: 1 index: 2. (index mismatch)
I20260710 11:02:12.279228 21364 raft_consensus.cc:1275] T eea7c2664e3341a390dc92d16166372c P 1b10f0017082476c995c767c571ede36 [term 1 FOLLOWER]: Refusing update from remote peer 2722921a086a4780870c40706ac0ca30: Log matching property violated. Preceding OpId in replica: term: 1 index: 1. Preceding OpId from leader: term: 1 index: 2. (index mismatch)
I20260710 11:02:12.279630 21752 consensus_queue.cc:1048] T eea7c2664e3341a390dc92d16166372c P 2722921a086a4780870c40706ac0ca30 [LEADER]: Connected to new peer: Peer: permanent_uuid: "146c82e145b1494daaeade9743d83287" member_type: VOTER last_known_addr { host: "127.19.183.65" port: 45045 }, Status: LMP_MISMATCH, Last received: 0.0, Next index: 2, Last known committed idx: 1, Time since last communication: 0.001s
I20260710 11:02:12.283190 21486 consensus_queue.cc:1048] T eea7c2664e3341a390dc92d16166372c P 2722921a086a4780870c40706ac0ca30 [LEADER]: Connected to new peer: Peer: permanent_uuid: "1b10f0017082476c995c767c571ede36" member_type: VOTER last_known_addr { host: "127.19.183.66" port: 32995 } attrs { replace: true }, Status: LMP_MISMATCH, Last received: 0.0, Next index: 2, Last known committed idx: 1, Time since last communication: 0.000s
I20260710 11:02:12.300029 21486 raft_consensus.cc:2955] T eea7c2664e3341a390dc92d16166372c P 2722921a086a4780870c40706ac0ca30 [term 1 LEADER]: Committing config change with OpId 1.2: config changed from index -1 to 2, NON_VOTER da3c8c4edc2648b6a6e54fc7979f30da (127.19.183.68) added. New config: { opid_index: 2 OBSOLETE_local: false peers { permanent_uuid: "146c82e145b1494daaeade9743d83287" member_type: VOTER last_known_addr { host: "127.19.183.65" port: 45045 } } peers { permanent_uuid: "1b10f0017082476c995c767c571ede36" member_type: VOTER last_known_addr { host: "127.19.183.66" port: 32995 } attrs { replace: true } } peers { permanent_uuid: "2722921a086a4780870c40706ac0ca30" member_type: VOTER last_known_addr { host: "127.19.183.67" port: 35969 } } peers { permanent_uuid: "da3c8c4edc2648b6a6e54fc7979f30da" member_type: NON_VOTER last_known_addr { host: "127.19.183.68" port: 34825 } attrs { promote: true } } }
I20260710 11:02:12.302620 21291 raft_consensus.cc:2955] T eea7c2664e3341a390dc92d16166372c P 146c82e145b1494daaeade9743d83287 [term 1 FOLLOWER]: Committing config change with OpId 1.2: config changed from index -1 to 2, NON_VOTER da3c8c4edc2648b6a6e54fc7979f30da (127.19.183.68) added. New config: { opid_index: 2 OBSOLETE_local: false peers { permanent_uuid: "146c82e145b1494daaeade9743d83287" member_type: VOTER last_known_addr { host: "127.19.183.65" port: 45045 } } peers { permanent_uuid: "1b10f0017082476c995c767c571ede36" member_type: VOTER last_known_addr { host: "127.19.183.66" port: 32995 } attrs { replace: true } } peers { permanent_uuid: "2722921a086a4780870c40706ac0ca30" member_type: VOTER last_known_addr { host: "127.19.183.67" port: 35969 } } peers { permanent_uuid: "da3c8c4edc2648b6a6e54fc7979f30da" member_type: NON_VOTER last_known_addr { host: "127.19.183.68" port: 34825 } attrs { promote: true } } }
I20260710 11:02:12.313231 21364 raft_consensus.cc:2955] T eea7c2664e3341a390dc92d16166372c P 1b10f0017082476c995c767c571ede36 [term 1 FOLLOWER]: Committing config change with OpId 1.2: config changed from index -1 to 2, NON_VOTER da3c8c4edc2648b6a6e54fc7979f30da (127.19.183.68) added. New config: { opid_index: 2 OBSOLETE_local: false peers { permanent_uuid: "146c82e145b1494daaeade9743d83287" member_type: VOTER last_known_addr { host: "127.19.183.65" port: 45045 } } peers { permanent_uuid: "1b10f0017082476c995c767c571ede36" member_type: VOTER last_known_addr { host: "127.19.183.66" port: 32995 } attrs { replace: true } } peers { permanent_uuid: "2722921a086a4780870c40706ac0ca30" member_type: VOTER last_known_addr { host: "127.19.183.67" port: 35969 } } peers { permanent_uuid: "da3c8c4edc2648b6a6e54fc7979f30da" member_type: NON_VOTER last_known_addr { host: "127.19.183.68" port: 34825 } attrs { promote: true } } }
I20260710 11:02:12.316752 21186 catalog_manager.cc:5697] T eea7c2664e3341a390dc92d16166372c P 2722921a086a4780870c40706ac0ca30 reported cstate change: config changed from index -1 to 2, NON_VOTER da3c8c4edc2648b6a6e54fc7979f30da (127.19.183.68) added. New cstate: current_term: 1 leader_uuid: "2722921a086a4780870c40706ac0ca30" committed_config { opid_index: 2 OBSOLETE_local: false peers { permanent_uuid: "146c82e145b1494daaeade9743d83287" member_type: VOTER last_known_addr { host: "127.19.183.65" port: 45045 } health_report { overall_health: HEALTHY } } peers { permanent_uuid: "1b10f0017082476c995c767c571ede36" member_type: VOTER last_known_addr { host: "127.19.183.66" port: 32995 } attrs { replace: true } health_report { overall_health: HEALTHY } } peers { permanent_uuid: "2722921a086a4780870c40706ac0ca30" member_type: VOTER last_known_addr { host: "127.19.183.67" port: 35969 } health_report { overall_health: HEALTHY } } peers { permanent_uuid: "da3c8c4edc2648b6a6e54fc7979f30da" member_type: NON_VOTER last_known_addr { host: "127.19.183.68" port: 34825 } attrs { promote: true } health_report { overall_health: UNKNOWN } } }
I20260710 11:02:12.318369 21291 consensus_queue.cc:237] T 1269298db3974f7c9d5aebad30ebcaf3 P 146c82e145b1494daaeade9743d83287 [LEADER]: Queue going to LEADER mode. State: All replicated index: 0, Majority replicated index: 1, Committed index: 1, Last appended: 1.1, Last appended by leader: 0, Current term: 1, Majority size: 2, State: 0, Mode: LEADER, active raft config: opid_index: 2 OBSOLETE_local: false peers { permanent_uuid: "146c82e145b1494daaeade9743d83287" member_type: VOTER last_known_addr { host: "127.19.183.65" port: 45045 } } peers { permanent_uuid: "1b10f0017082476c995c767c571ede36" member_type: VOTER last_known_addr { host: "127.19.183.66" port: 32995 } attrs { replace: true } } peers { permanent_uuid: "2722921a086a4780870c40706ac0ca30" member_type: VOTER last_known_addr { host: "127.19.183.67" port: 35969 } } peers { permanent_uuid: "da3c8c4edc2648b6a6e54fc7979f30da" member_type: NON_VOTER last_known_addr { host: "127.19.183.68" port: 34825 } attrs { promote: true } }
W20260710 11:02:12.349435 21256 consensus_peers.cc:597] T 1269298db3974f7c9d5aebad30ebcaf3 P 146c82e145b1494daaeade9743d83287 -> Peer da3c8c4edc2648b6a6e54fc7979f30da (127.19.183.68:34825): Couldn't send request to peer da3c8c4edc2648b6a6e54fc7979f30da. Error code: TABLET_NOT_FOUND (6). Status: Not found: Tablet not found: 1269298db3974f7c9d5aebad30ebcaf3. This is attempt 1: this message will repeat every 5th retry.
I20260710 11:02:12.349809 21364 raft_consensus.cc:1275] T 1269298db3974f7c9d5aebad30ebcaf3 P 1b10f0017082476c995c767c571ede36 [term 1 FOLLOWER]: Refusing update from remote peer 146c82e145b1494daaeade9743d83287: Log matching property violated. Preceding OpId in replica: term: 1 index: 1. Preceding OpId from leader: term: 1 index: 2. (index mismatch)
I20260710 11:02:12.350435 21437 raft_consensus.cc:1275] T 1269298db3974f7c9d5aebad30ebcaf3 P 2722921a086a4780870c40706ac0ca30 [term 1 FOLLOWER]: Refusing update from remote peer 146c82e145b1494daaeade9743d83287: Log matching property violated. Preceding OpId in replica: term: 1 index: 1. Preceding OpId from leader: term: 1 index: 2. (index mismatch)
I20260710 11:02:12.351909 21741 consensus_queue.cc:1048] T 1269298db3974f7c9d5aebad30ebcaf3 P 146c82e145b1494daaeade9743d83287 [LEADER]: Connected to new peer: Peer: permanent_uuid: "2722921a086a4780870c40706ac0ca30" member_type: VOTER last_known_addr { host: "127.19.183.67" port: 35969 }, Status: LMP_MISMATCH, Last received: 0.0, Next index: 2, Last known committed idx: 1, Time since last communication: 0.000s
I20260710 11:02:12.353780 21741 consensus_queue.cc:1048] T 1269298db3974f7c9d5aebad30ebcaf3 P 146c82e145b1494daaeade9743d83287 [LEADER]: Connected to new peer: Peer: permanent_uuid: "1b10f0017082476c995c767c571ede36" member_type: VOTER last_known_addr { host: "127.19.183.66" port: 32995 } attrs { replace: true }, Status: LMP_MISMATCH, Last received: 0.0, Next index: 2, Last known committed idx: 1, Time since last communication: 0.000s
I20260710 11:02:12.362998 21741 raft_consensus.cc:2955] T 1269298db3974f7c9d5aebad30ebcaf3 P 146c82e145b1494daaeade9743d83287 [term 1 LEADER]: Committing config change with OpId 1.2: config changed from index -1 to 2, NON_VOTER da3c8c4edc2648b6a6e54fc7979f30da (127.19.183.68) added. New config: { opid_index: 2 OBSOLETE_local: false peers { permanent_uuid: "146c82e145b1494daaeade9743d83287" member_type: VOTER last_known_addr { host: "127.19.183.65" port: 45045 } } peers { permanent_uuid: "1b10f0017082476c995c767c571ede36" member_type: VOTER last_known_addr { host: "127.19.183.66" port: 32995 } attrs { replace: true } } peers { permanent_uuid: "2722921a086a4780870c40706ac0ca30" member_type: VOTER last_known_addr { host: "127.19.183.67" port: 35969 } } peers { permanent_uuid: "da3c8c4edc2648b6a6e54fc7979f30da" member_type: NON_VOTER last_known_addr { host: "127.19.183.68" port: 34825 } attrs { promote: true } } }
I20260710 11:02:12.364971 21366 raft_consensus.cc:2955] T 1269298db3974f7c9d5aebad30ebcaf3 P 1b10f0017082476c995c767c571ede36 [term 1 FOLLOWER]: Committing config change with OpId 1.2: config changed from index -1 to 2, NON_VOTER da3c8c4edc2648b6a6e54fc7979f30da (127.19.183.68) added. New config: { opid_index: 2 OBSOLETE_local: false peers { permanent_uuid: "146c82e145b1494daaeade9743d83287" member_type: VOTER last_known_addr { host: "127.19.183.65" port: 45045 } } peers { permanent_uuid: "1b10f0017082476c995c767c571ede36" member_type: VOTER last_known_addr { host: "127.19.183.66" port: 32995 } attrs { replace: true } } peers { permanent_uuid: "2722921a086a4780870c40706ac0ca30" member_type: VOTER last_known_addr { host: "127.19.183.67" port: 35969 } } peers { permanent_uuid: "da3c8c4edc2648b6a6e54fc7979f30da" member_type: NON_VOTER last_known_addr { host: "127.19.183.68" port: 34825 } attrs { promote: true } } }
I20260710 11:02:12.366113 21437 raft_consensus.cc:2955] T 1269298db3974f7c9d5aebad30ebcaf3 P 2722921a086a4780870c40706ac0ca30 [term 1 FOLLOWER]: Committing config change with OpId 1.2: config changed from index -1 to 2, NON_VOTER da3c8c4edc2648b6a6e54fc7979f30da (127.19.183.68) added. New config: { opid_index: 2 OBSOLETE_local: false peers { permanent_uuid: "146c82e145b1494daaeade9743d83287" member_type: VOTER last_known_addr { host: "127.19.183.65" port: 45045 } } peers { permanent_uuid: "1b10f0017082476c995c767c571ede36" member_type: VOTER last_known_addr { host: "127.19.183.66" port: 32995 } attrs { replace: true } } peers { permanent_uuid: "2722921a086a4780870c40706ac0ca30" member_type: VOTER last_known_addr { host: "127.19.183.67" port: 35969 } } peers { permanent_uuid: "da3c8c4edc2648b6a6e54fc7979f30da" member_type: NON_VOTER last_known_addr { host: "127.19.183.68" port: 34825 } attrs { promote: true } } }
I20260710 11:02:12.379055 21186 catalog_manager.cc:5697] T 1269298db3974f7c9d5aebad30ebcaf3 P 146c82e145b1494daaeade9743d83287 reported cstate change: config changed from index -1 to 2, NON_VOTER da3c8c4edc2648b6a6e54fc7979f30da (127.19.183.68) added. New cstate: current_term: 1 leader_uuid: "146c82e145b1494daaeade9743d83287" committed_config { opid_index: 2 OBSOLETE_local: false peers { permanent_uuid: "146c82e145b1494daaeade9743d83287" member_type: VOTER last_known_addr { host: "127.19.183.65" port: 45045 } health_report { overall_health: HEALTHY } } peers { permanent_uuid: "1b10f0017082476c995c767c571ede36" member_type: VOTER last_known_addr { host: "127.19.183.66" port: 32995 } attrs { replace: true } health_report { overall_health: HEALTHY } } peers { permanent_uuid: "2722921a086a4780870c40706ac0ca30" member_type: VOTER last_known_addr { host: "127.19.183.67" port: 35969 } health_report { overall_health: HEALTHY } } peers { permanent_uuid: "da3c8c4edc2648b6a6e54fc7979f30da" member_type: NON_VOTER last_known_addr { host: "127.19.183.68" port: 34825 } attrs { promote: true } health_report { overall_health: UNKNOWN } } }
I20260710 11:02:12.524052 21764 ts_tablet_manager.cc:933] T dd1ba1c1c326429788244d8f83a28039 P da3c8c4edc2648b6a6e54fc7979f30da: Initiating tablet copy from peer 146c82e145b1494daaeade9743d83287 (127.19.183.65:45045)
I20260710 11:02:12.534343 21764 tablet_copy_client.cc:323] T dd1ba1c1c326429788244d8f83a28039 P da3c8c4edc2648b6a6e54fc7979f30da: tablet copy: Beginning tablet copy session from remote peer at address 127.19.183.65:45045
I20260710 11:02:12.552543 21301 tablet_copy_service.cc:140] P 146c82e145b1494daaeade9743d83287: Received BeginTabletCopySession request for tablet dd1ba1c1c326429788244d8f83a28039 from peer da3c8c4edc2648b6a6e54fc7979f30da ({username='slave'} at 127.0.0.1:43732)
I20260710 11:02:12.553217 21301 tablet_copy_service.cc:161] P 146c82e145b1494daaeade9743d83287: Beginning new tablet copy session on tablet dd1ba1c1c326429788244d8f83a28039 from peer da3c8c4edc2648b6a6e54fc7979f30da at {username='slave'} at 127.0.0.1:43732: session id = da3c8c4edc2648b6a6e54fc7979f30da-dd1ba1c1c326429788244d8f83a28039
I20260710 11:02:12.562111 21301 tablet_copy_source_session.cc:215] T dd1ba1c1c326429788244d8f83a28039 P 146c82e145b1494daaeade9743d83287: Tablet Copy: opened 0 blocks and 1 log segments
I20260710 11:02:12.566709 21764 data_dirs.cc:400] Could only allocate 1 dirs of requested 3 for tablet dd1ba1c1c326429788244d8f83a28039. 1 dirs total, 0 dirs full, 0 dirs failed
I20260710 11:02:12.586766 21764 tablet_copy_client.cc:806] T dd1ba1c1c326429788244d8f83a28039 P da3c8c4edc2648b6a6e54fc7979f30da: tablet copy: Starting download of 0 data blocks...
I20260710 11:02:12.587498 21764 tablet_copy_client.cc:670] T dd1ba1c1c326429788244d8f83a28039 P da3c8c4edc2648b6a6e54fc7979f30da: tablet copy: Starting download of 1 WAL segments...
I20260710 11:02:12.593007 21764 tablet_copy_client.cc:538] T dd1ba1c1c326429788244d8f83a28039 P da3c8c4edc2648b6a6e54fc7979f30da: tablet copy: Tablet Copy complete. Replacing tablet superblock.
I20260710 11:02:12.602299 21764 tablet_bootstrap.cc:492] T dd1ba1c1c326429788244d8f83a28039 P da3c8c4edc2648b6a6e54fc7979f30da: Bootstrap starting.
I20260710 11:02:12.627197 21764 tablet_bootstrap.cc:492] T dd1ba1c1c326429788244d8f83a28039 P da3c8c4edc2648b6a6e54fc7979f30da: Bootstrap replayed 1/1 log segments. Stats: ops{read=2 overwritten=0 applied=2 ignored=0} inserts{seen=0 ignored=0} mutations{seen=0 ignored=0} orphaned_commits=0. Pending: 0 replicates
I20260710 11:02:12.628187 21764 tablet_bootstrap.cc:492] T dd1ba1c1c326429788244d8f83a28039 P da3c8c4edc2648b6a6e54fc7979f30da: Bootstrap complete.
I20260710 11:02:12.628829 21764 ts_tablet_manager.cc:1403] T dd1ba1c1c326429788244d8f83a28039 P da3c8c4edc2648b6a6e54fc7979f30da: Time spent bootstrapping tablet: real 0.027s	user 0.022s	sys 0.003s
I20260710 11:02:12.632467 21764 raft_consensus.cc:359] T dd1ba1c1c326429788244d8f83a28039 P da3c8c4edc2648b6a6e54fc7979f30da [term 2 LEARNER]: Replica starting. Triggering 0 pending ops. Active config: opid_index: 2 OBSOLETE_local: false peers { permanent_uuid: "146c82e145b1494daaeade9743d83287" member_type: VOTER last_known_addr { host: "127.19.183.65" port: 45045 } } peers { permanent_uuid: "1b10f0017082476c995c767c571ede36" member_type: VOTER last_known_addr { host: "127.19.183.66" port: 32995 } } peers { permanent_uuid: "2722921a086a4780870c40706ac0ca30" member_type: VOTER last_known_addr { host: "127.19.183.67" port: 35969 } attrs { replace: true } } peers { permanent_uuid: "da3c8c4edc2648b6a6e54fc7979f30da" member_type: NON_VOTER last_known_addr { host: "127.19.183.68" port: 34825 } attrs { promote: true } }
I20260710 11:02:12.633291 21764 raft_consensus.cc:740] T dd1ba1c1c326429788244d8f83a28039 P da3c8c4edc2648b6a6e54fc7979f30da [term 2 LEARNER]: Becoming Follower/Learner. State: Replica: da3c8c4edc2648b6a6e54fc7979f30da, State: Initialized, Role: LEARNER
I20260710 11:02:12.633927 21764 consensus_queue.cc:260] T dd1ba1c1c326429788244d8f83a28039 P da3c8c4edc2648b6a6e54fc7979f30da [NON_LEADER]: Queue going to NON_LEADER mode. State: All replicated index: 0, Majority replicated index: 0, Committed index: 2, Last appended: 2.2, Last appended by leader: 2, Current term: 0, Majority size: -1, State: 0, Mode: NON_LEADER, active raft config: opid_index: 2 OBSOLETE_local: false peers { permanent_uuid: "146c82e145b1494daaeade9743d83287" member_type: VOTER last_known_addr { host: "127.19.183.65" port: 45045 } } peers { permanent_uuid: "1b10f0017082476c995c767c571ede36" member_type: VOTER last_known_addr { host: "127.19.183.66" port: 32995 } } peers { permanent_uuid: "2722921a086a4780870c40706ac0ca30" member_type: VOTER last_known_addr { host: "127.19.183.67" port: 35969 } attrs { replace: true } } peers { permanent_uuid: "da3c8c4edc2648b6a6e54fc7979f30da" member_type: NON_VOTER last_known_addr { host: "127.19.183.68" port: 34825 } attrs { promote: true } }
I20260710 11:02:12.643777 21764 ts_tablet_manager.cc:1434] T dd1ba1c1c326429788244d8f83a28039 P da3c8c4edc2648b6a6e54fc7979f30da: Time spent starting tablet: real 0.015s	user 0.010s	sys 0.004s
I20260710 11:02:12.646674 21301 tablet_copy_service.cc:342] P 146c82e145b1494daaeade9743d83287: Request end of tablet copy session da3c8c4edc2648b6a6e54fc7979f30da-dd1ba1c1c326429788244d8f83a28039 received from {username='slave'} at 127.0.0.1:43732
I20260710 11:02:12.647111 21301 tablet_copy_service.cc:434] P 146c82e145b1494daaeade9743d83287: ending tablet copy session da3c8c4edc2648b6a6e54fc7979f30da-dd1ba1c1c326429788244d8f83a28039 on tablet dd1ba1c1c326429788244d8f83a28039 with peer da3c8c4edc2648b6a6e54fc7979f30da
I20260710 11:02:12.767629 21764 ts_tablet_manager.cc:933] T 2a83c16ec27b49cb9a4801183a375382 P da3c8c4edc2648b6a6e54fc7979f30da: Initiating tablet copy from peer 2722921a086a4780870c40706ac0ca30 (127.19.183.67:35969)
I20260710 11:02:12.776192 21764 tablet_copy_client.cc:323] T 2a83c16ec27b49cb9a4801183a375382 P da3c8c4edc2648b6a6e54fc7979f30da: tablet copy: Beginning tablet copy session from remote peer at address 127.19.183.67:35969
I20260710 11:02:12.815739 21450 tablet_copy_service.cc:140] P 2722921a086a4780870c40706ac0ca30: Received BeginTabletCopySession request for tablet 2a83c16ec27b49cb9a4801183a375382 from peer da3c8c4edc2648b6a6e54fc7979f30da ({username='slave'} at 127.0.0.1:59874)
I20260710 11:02:12.816414 21450 tablet_copy_service.cc:161] P 2722921a086a4780870c40706ac0ca30: Beginning new tablet copy session on tablet 2a83c16ec27b49cb9a4801183a375382 from peer da3c8c4edc2648b6a6e54fc7979f30da at {username='slave'} at 127.0.0.1:59874: session id = da3c8c4edc2648b6a6e54fc7979f30da-2a83c16ec27b49cb9a4801183a375382
I20260710 11:02:12.830742 21450 tablet_copy_source_session.cc:215] T 2a83c16ec27b49cb9a4801183a375382 P 2722921a086a4780870c40706ac0ca30: Tablet Copy: opened 0 blocks and 1 log segments
I20260710 11:02:12.834517 21764 data_dirs.cc:400] Could only allocate 1 dirs of requested 3 for tablet 2a83c16ec27b49cb9a4801183a375382. 1 dirs total, 0 dirs full, 0 dirs failed
I20260710 11:02:12.844671 21771 ts_tablet_manager.cc:933] T eea7c2664e3341a390dc92d16166372c P da3c8c4edc2648b6a6e54fc7979f30da: Initiating tablet copy from peer 2722921a086a4780870c40706ac0ca30 (127.19.183.67:35969)
I20260710 11:02:12.884835 21771 tablet_copy_client.cc:323] T eea7c2664e3341a390dc92d16166372c P da3c8c4edc2648b6a6e54fc7979f30da: tablet copy: Beginning tablet copy session from remote peer at address 127.19.183.67:35969
I20260710 11:02:12.887235 21450 tablet_copy_service.cc:140] P 2722921a086a4780870c40706ac0ca30: Received BeginTabletCopySession request for tablet eea7c2664e3341a390dc92d16166372c from peer da3c8c4edc2648b6a6e54fc7979f30da ({username='slave'} at 127.0.0.1:59874)
I20260710 11:02:12.887905 21450 tablet_copy_service.cc:161] P 2722921a086a4780870c40706ac0ca30: Beginning new tablet copy session on tablet eea7c2664e3341a390dc92d16166372c from peer da3c8c4edc2648b6a6e54fc7979f30da at {username='slave'} at 127.0.0.1:59874: session id = da3c8c4edc2648b6a6e54fc7979f30da-eea7c2664e3341a390dc92d16166372c
I20260710 11:02:12.888409 21773 ts_tablet_manager.cc:933] T 1269298db3974f7c9d5aebad30ebcaf3 P da3c8c4edc2648b6a6e54fc7979f30da: Initiating tablet copy from peer 146c82e145b1494daaeade9743d83287 (127.19.183.65:45045)
I20260710 11:02:12.906456 21773 tablet_copy_client.cc:323] T 1269298db3974f7c9d5aebad30ebcaf3 P da3c8c4edc2648b6a6e54fc7979f30da: tablet copy: Beginning tablet copy session from remote peer at address 127.19.183.65:45045
I20260710 11:02:12.908514 21301 tablet_copy_service.cc:140] P 146c82e145b1494daaeade9743d83287: Received BeginTabletCopySession request for tablet 1269298db3974f7c9d5aebad30ebcaf3 from peer da3c8c4edc2648b6a6e54fc7979f30da ({username='slave'} at 127.0.0.1:43732)
I20260710 11:02:12.909096 21301 tablet_copy_service.cc:161] P 146c82e145b1494daaeade9743d83287: Beginning new tablet copy session on tablet 1269298db3974f7c9d5aebad30ebcaf3 from peer da3c8c4edc2648b6a6e54fc7979f30da at {username='slave'} at 127.0.0.1:43732: session id = da3c8c4edc2648b6a6e54fc7979f30da-1269298db3974f7c9d5aebad30ebcaf3
I20260710 11:02:12.909811 21764 tablet_copy_client.cc:806] T 2a83c16ec27b49cb9a4801183a375382 P da3c8c4edc2648b6a6e54fc7979f30da: tablet copy: Starting download of 0 data blocks...
I20260710 11:02:12.910528 21764 tablet_copy_client.cc:670] T 2a83c16ec27b49cb9a4801183a375382 P da3c8c4edc2648b6a6e54fc7979f30da: tablet copy: Starting download of 1 WAL segments...
I20260710 11:02:12.907096 21450 tablet_copy_source_session.cc:215] T eea7c2664e3341a390dc92d16166372c P 2722921a086a4780870c40706ac0ca30: Tablet Copy: opened 0 blocks and 1 log segments
I20260710 11:02:12.919399 21301 tablet_copy_source_session.cc:215] T 1269298db3974f7c9d5aebad30ebcaf3 P 146c82e145b1494daaeade9743d83287: Tablet Copy: opened 0 blocks and 1 log segments
I20260710 11:02:12.920989 21771 data_dirs.cc:400] Could only allocate 1 dirs of requested 3 for tablet eea7c2664e3341a390dc92d16166372c. 1 dirs total, 0 dirs full, 0 dirs failed
I20260710 11:02:12.925988 21764 tablet_copy_client.cc:538] T 2a83c16ec27b49cb9a4801183a375382 P da3c8c4edc2648b6a6e54fc7979f30da: tablet copy: Tablet Copy complete. Replacing tablet superblock.
I20260710 11:02:12.925599 21773 data_dirs.cc:400] Could only allocate 1 dirs of requested 3 for tablet 1269298db3974f7c9d5aebad30ebcaf3. 1 dirs total, 0 dirs full, 0 dirs failed
I20260710 11:02:12.936434 21764 tablet_bootstrap.cc:492] T 2a83c16ec27b49cb9a4801183a375382 P da3c8c4edc2648b6a6e54fc7979f30da: Bootstrap starting.
I20260710 11:02:12.963402 21771 tablet_copy_client.cc:806] T eea7c2664e3341a390dc92d16166372c P da3c8c4edc2648b6a6e54fc7979f30da: tablet copy: Starting download of 0 data blocks...
I20260710 11:02:12.967557 21771 tablet_copy_client.cc:670] T eea7c2664e3341a390dc92d16166372c P da3c8c4edc2648b6a6e54fc7979f30da: tablet copy: Starting download of 1 WAL segments...
I20260710 11:02:12.968124 21773 tablet_copy_client.cc:806] T 1269298db3974f7c9d5aebad30ebcaf3 P da3c8c4edc2648b6a6e54fc7979f30da: tablet copy: Starting download of 0 data blocks...
I20260710 11:02:12.968780 21773 tablet_copy_client.cc:670] T 1269298db3974f7c9d5aebad30ebcaf3 P da3c8c4edc2648b6a6e54fc7979f30da: tablet copy: Starting download of 1 WAL segments...
I20260710 11:02:12.972582 21764 tablet_bootstrap.cc:492] T 2a83c16ec27b49cb9a4801183a375382 P da3c8c4edc2648b6a6e54fc7979f30da: Bootstrap replayed 1/1 log segments. Stats: ops{read=2 overwritten=0 applied=2 ignored=0} inserts{seen=0 ignored=0} mutations{seen=0 ignored=0} orphaned_commits=0. Pending: 0 replicates
I20260710 11:02:12.973519 21764 tablet_bootstrap.cc:492] T 2a83c16ec27b49cb9a4801183a375382 P da3c8c4edc2648b6a6e54fc7979f30da: Bootstrap complete.
I20260710 11:02:12.973811 21771 tablet_copy_client.cc:538] T eea7c2664e3341a390dc92d16166372c P da3c8c4edc2648b6a6e54fc7979f30da: tablet copy: Tablet Copy complete. Replacing tablet superblock.
I20260710 11:02:12.974247 21764 ts_tablet_manager.cc:1403] T 2a83c16ec27b49cb9a4801183a375382 P da3c8c4edc2648b6a6e54fc7979f30da: Time spent bootstrapping tablet: real 0.038s	user 0.019s	sys 0.013s
I20260710 11:02:12.977245 21764 raft_consensus.cc:359] T 2a83c16ec27b49cb9a4801183a375382 P da3c8c4edc2648b6a6e54fc7979f30da [term 1 LEARNER]: Replica starting. Triggering 0 pending ops. Active config: opid_index: 2 OBSOLETE_local: false peers { permanent_uuid: "146c82e145b1494daaeade9743d83287" member_type: VOTER last_known_addr { host: "127.19.183.65" port: 45045 } attrs { replace: true } } peers { permanent_uuid: "1b10f0017082476c995c767c571ede36" member_type: VOTER last_known_addr { host: "127.19.183.66" port: 32995 } } peers { permanent_uuid: "2722921a086a4780870c40706ac0ca30" member_type: VOTER last_known_addr { host: "127.19.183.67" port: 35969 } } peers { permanent_uuid: "da3c8c4edc2648b6a6e54fc7979f30da" member_type: NON_VOTER last_known_addr { host: "127.19.183.68" port: 34825 } attrs { promote: true } }
I20260710 11:02:12.978165 21764 raft_consensus.cc:740] T 2a83c16ec27b49cb9a4801183a375382 P da3c8c4edc2648b6a6e54fc7979f30da [term 1 LEARNER]: Becoming Follower/Learner. State: Replica: da3c8c4edc2648b6a6e54fc7979f30da, State: Initialized, Role: LEARNER
I20260710 11:02:12.978855 21764 consensus_queue.cc:260] T 2a83c16ec27b49cb9a4801183a375382 P da3c8c4edc2648b6a6e54fc7979f30da [NON_LEADER]: Queue going to NON_LEADER mode. State: All replicated index: 0, Majority replicated index: 0, Committed index: 2, Last appended: 1.2, Last appended by leader: 2, Current term: 0, Majority size: -1, State: 0, Mode: NON_LEADER, active raft config: opid_index: 2 OBSOLETE_local: false peers { permanent_uuid: "146c82e145b1494daaeade9743d83287" member_type: VOTER last_known_addr { host: "127.19.183.65" port: 45045 } attrs { replace: true } } peers { permanent_uuid: "1b10f0017082476c995c767c571ede36" member_type: VOTER last_known_addr { host: "127.19.183.66" port: 32995 } } peers { permanent_uuid: "2722921a086a4780870c40706ac0ca30" member_type: VOTER last_known_addr { host: "127.19.183.67" port: 35969 } } peers { permanent_uuid: "da3c8c4edc2648b6a6e54fc7979f30da" member_type: NON_VOTER last_known_addr { host: "127.19.183.68" port: 34825 } attrs { promote: true } }
I20260710 11:02:12.983444 21771 tablet_bootstrap.cc:492] T eea7c2664e3341a390dc92d16166372c P da3c8c4edc2648b6a6e54fc7979f30da: Bootstrap starting.
I20260710 11:02:12.983822 21773 tablet_copy_client.cc:538] T 1269298db3974f7c9d5aebad30ebcaf3 P da3c8c4edc2648b6a6e54fc7979f30da: tablet copy: Tablet Copy complete. Replacing tablet superblock.
I20260710 11:02:12.992295 21773 tablet_bootstrap.cc:492] T 1269298db3974f7c9d5aebad30ebcaf3 P da3c8c4edc2648b6a6e54fc7979f30da: Bootstrap starting.
