I20260710 11:02:02.400279  6059 consensus_queue.cc:260] T 80b04229598848c7ac65148268ba1d63 P c172257fb4654622bd2e08d18ee725d6 [NON_LEADER]: Queue going to NON_LEADER mode. State: All replicated index: 0, Majority replicated index: 2, Committed index: 2, Last appended: 2.2, Last appended by leader: 2, Current term: 2, Majority size: -1, State: 0, Mode: NON_LEADER, active raft config: opid_index: -1 OBSOLETE_local: false peers { permanent_uuid: "a1d769341c7147d2b696ce6940bdb800" member_type: VOTER last_known_addr { host: "127.5.61.129" port: 35067 } } peers { permanent_uuid: "c172257fb4654622bd2e08d18ee725d6" member_type: VOTER last_known_addr { host: "127.5.61.130" port: 33739 } } peers { permanent_uuid: "230314f26af14d80974126b125ff3562" member_type: VOTER last_known_addr { host: "127.5.61.131" port: 34487 } }
I20260710 11:02:02.401224  6059 raft_consensus.cc:3060] T 80b04229598848c7ac65148268ba1d63 P c172257fb4654622bd2e08d18ee725d6 [term 2 FOLLOWER]: Advancing to term 3
I20260710 11:02:02.403805  6130 raft_consensus.cc:2468] T 80b04229598848c7ac65148268ba1d63 P 230314f26af14d80974126b125ff3562 [term 3 FOLLOWER]: Leader election vote request: Granting yes vote for candidate a1d769341c7147d2b696ce6940bdb800 in term 3.
I20260710 11:02:02.404659  5949 leader_election.cc:304] T 80b04229598848c7ac65148268ba1d63 P a1d769341c7147d2b696ce6940bdb800 [CANDIDATE]: Term 3 election: Election decided. Result: candidate won. Election summary: received 2 responses out of 3 voters: 2 yes votes; 0 no votes. yes voters: 230314f26af14d80974126b125ff3562, a1d769341c7147d2b696ce6940bdb800; no voters: 
I20260710 11:02:02.405339  6297 raft_consensus.cc:2804] T 80b04229598848c7ac65148268ba1d63 P a1d769341c7147d2b696ce6940bdb800 [term 3 FOLLOWER]: Leader election won for term 3
I20260710 11:02:02.405732  6297 raft_consensus.cc:697] T 80b04229598848c7ac65148268ba1d63 P a1d769341c7147d2b696ce6940bdb800 [term 3 LEADER]: Becoming Leader. State: Replica: a1d769341c7147d2b696ce6940bdb800, State: Running, Role: LEADER
I20260710 11:02:02.406196  6059 raft_consensus.cc:2468] T 80b04229598848c7ac65148268ba1d63 P c172257fb4654622bd2e08d18ee725d6 [term 3 FOLLOWER]: Leader election vote request: Granting yes vote for candidate a1d769341c7147d2b696ce6940bdb800 in term 3.
I20260710 11:02:02.406421  6297 consensus_queue.cc:237] T 80b04229598848c7ac65148268ba1d63 P a1d769341c7147d2b696ce6940bdb800 [LEADER]: Queue going to LEADER mode. State: All replicated index: 0, Majority replicated index: 2, Committed index: 2, Last appended: 2.2, Last appended by leader: 2, Current term: 3, Majority size: 2, State: 0, Mode: LEADER, active raft config: opid_index: -1 OBSOLETE_local: false peers { permanent_uuid: "a1d769341c7147d2b696ce6940bdb800" member_type: VOTER last_known_addr { host: "127.5.61.129" port: 35067 } } peers { permanent_uuid: "c172257fb4654622bd2e08d18ee725d6" member_type: VOTER last_known_addr { host: "127.5.61.130" port: 33739 } } peers { permanent_uuid: "230314f26af14d80974126b125ff3562" member_type: VOTER last_known_addr { host: "127.5.61.131" port: 34487 } }
I20260710 11:02:02.413105  5883 catalog_manager.cc:5697] T 80b04229598848c7ac65148268ba1d63 P a1d769341c7147d2b696ce6940bdb800 reported cstate change: term changed from 2 to 3, leader changed from c172257fb4654622bd2e08d18ee725d6 (127.5.61.130) to a1d769341c7147d2b696ce6940bdb800 (127.5.61.129). New cstate: current_term: 3 leader_uuid: "a1d769341c7147d2b696ce6940bdb800" committed_config { opid_index: -1 OBSOLETE_local: false peers { permanent_uuid: "a1d769341c7147d2b696ce6940bdb800" member_type: VOTER last_known_addr { host: "127.5.61.129" port: 35067 } health_report { overall_health: HEALTHY } } peers { permanent_uuid: "c172257fb4654622bd2e08d18ee725d6" member_type: VOTER last_known_addr { host: "127.5.61.130" port: 33739 } health_report { overall_health: UNKNOWN } } peers { permanent_uuid: "230314f26af14d80974126b125ff3562" member_type: VOTER last_known_addr { host: "127.5.61.131" port: 34487 } health_report { overall_health: UNKNOWN } } }
I20260710 11:02:02.566198  6059 raft_consensus.cc:1275] T 3369db57449b4d0cb7c813a694e77cbf P c172257fb4654622bd2e08d18ee725d6 [term 4 FOLLOWER]: Refusing update from remote peer a1d769341c7147d2b696ce6940bdb800: Log matching property violated. Preceding OpId in replica: term: 3 index: 3. Preceding OpId from leader: term: 4 index: 4. (index mismatch)
I20260710 11:02:02.567276  6297 consensus_queue.cc:1048] T 3369db57449b4d0cb7c813a694e77cbf P a1d769341c7147d2b696ce6940bdb800 [LEADER]: Connected to new peer: Peer: permanent_uuid: "c172257fb4654622bd2e08d18ee725d6" member_type: VOTER last_known_addr { host: "127.5.61.130" port: 33739 }, Status: LMP_MISMATCH, Last received: 0.0, Next index: 4, Last known committed idx: 3, Time since last communication: 0.000s
I20260710 11:02:02.575155  6130 raft_consensus.cc:1275] T 3369db57449b4d0cb7c813a694e77cbf P 230314f26af14d80974126b125ff3562 [term 4 FOLLOWER]: Refusing update from remote peer a1d769341c7147d2b696ce6940bdb800: Log matching property violated. Preceding OpId in replica: term: 3 index: 3. Preceding OpId from leader: term: 4 index: 4. (index mismatch)
I20260710 11:02:02.577921  6280 consensus_queue.cc:1048] T 3369db57449b4d0cb7c813a694e77cbf P a1d769341c7147d2b696ce6940bdb800 [LEADER]: Connected to new peer: Peer: permanent_uuid: "230314f26af14d80974126b125ff3562" member_type: VOTER last_known_addr { host: "127.5.61.131" port: 34487 }, Status: LMP_MISMATCH, Last received: 0.0, Next index: 4, Last known committed idx: 3, Time since last communication: 0.000s
I20260710 11:02:02.736502  6059 raft_consensus.cc:1275] T 148c5ef0f74142449b2f05ba28ac7c10 P c172257fb4654622bd2e08d18ee725d6 [term 3 FOLLOWER]: Refusing update from remote peer a1d769341c7147d2b696ce6940bdb800: Log matching property violated. Preceding OpId in replica: term: 2 index: 2. Preceding OpId from leader: term: 3 index: 3. (index mismatch)
I20260710 11:02:02.737895  6297 consensus_queue.cc:1048] T 148c5ef0f74142449b2f05ba28ac7c10 P a1d769341c7147d2b696ce6940bdb800 [LEADER]: Connected to new peer: Peer: permanent_uuid: "c172257fb4654622bd2e08d18ee725d6" member_type: VOTER last_known_addr { host: "127.5.61.130" port: 33739 }, Status: LMP_MISMATCH, Last received: 0.0, Next index: 3, Last known committed idx: 2, Time since last communication: 0.000s
I20260710 11:02:02.749112  6130 raft_consensus.cc:1275] T 148c5ef0f74142449b2f05ba28ac7c10 P 230314f26af14d80974126b125ff3562 [term 3 FOLLOWER]: Refusing update from remote peer a1d769341c7147d2b696ce6940bdb800: Log matching property violated. Preceding OpId in replica: term: 2 index: 2. Preceding OpId from leader: term: 3 index: 3. (index mismatch)
I20260710 11:02:02.750491  6310 consensus_queue.cc:1048] T 148c5ef0f74142449b2f05ba28ac7c10 P a1d769341c7147d2b696ce6940bdb800 [LEADER]: Connected to new peer: Peer: permanent_uuid: "230314f26af14d80974126b125ff3562" member_type: VOTER last_known_addr { host: "127.5.61.131" port: 34487 }, Status: LMP_MISMATCH, Last received: 0.0, Next index: 3, Last known committed idx: 2, Time since last communication: 0.000s
I20260710 11:02:02.784406  6059 raft_consensus.cc:1275] T 5aebf47a2bed47349aa19c0cda8765f3 P c172257fb4654622bd2e08d18ee725d6 [term 4 FOLLOWER]: Refusing update from remote peer a1d769341c7147d2b696ce6940bdb800: Log matching property violated. Preceding OpId in replica: term: 3 index: 3. Preceding OpId from leader: term: 4 index: 4. (index mismatch)
I20260710 11:02:02.785638  6310 consensus_queue.cc:1048] T 5aebf47a2bed47349aa19c0cda8765f3 P a1d769341c7147d2b696ce6940bdb800 [LEADER]: Connected to new peer: Peer: permanent_uuid: "c172257fb4654622bd2e08d18ee725d6" member_type: VOTER last_known_addr { host: "127.5.61.130" port: 33739 }, Status: LMP_MISMATCH, Last received: 0.0, Next index: 4, Last known committed idx: 3, Time since last communication: 0.000s
I20260710 11:02:02.792996  6130 raft_consensus.cc:1275] T 5aebf47a2bed47349aa19c0cda8765f3 P 230314f26af14d80974126b125ff3562 [term 4 FOLLOWER]: Refusing update from remote peer a1d769341c7147d2b696ce6940bdb800: Log matching property violated. Preceding OpId in replica: term: 3 index: 3. Preceding OpId from leader: term: 4 index: 4. (index mismatch)
I20260710 11:02:02.795476  6297 consensus_queue.cc:1048] T 5aebf47a2bed47349aa19c0cda8765f3 P a1d769341c7147d2b696ce6940bdb800 [LEADER]: Connected to new peer: Peer: permanent_uuid: "230314f26af14d80974126b125ff3562" member_type: VOTER last_known_addr { host: "127.5.61.131" port: 34487 }, Status: LMP_MISMATCH, Last received: 0.0, Next index: 4, Last known committed idx: 3, Time since last communication: 0.000s
I20260710 11:02:02.828985  6059 raft_consensus.cc:1275] T 2217d24717d54861a622942de426a3ad P c172257fb4654622bd2e08d18ee725d6 [term 2 FOLLOWER]: Refusing update from remote peer a1d769341c7147d2b696ce6940bdb800: Log matching property violated. Preceding OpId in replica: term: 1 index: 1. Preceding OpId from leader: term: 2 index: 2. (index mismatch)
I20260710 11:02:02.830395  6297 consensus_queue.cc:1048] T 2217d24717d54861a622942de426a3ad P a1d769341c7147d2b696ce6940bdb800 [LEADER]: Connected to new peer: Peer: permanent_uuid: "c172257fb4654622bd2e08d18ee725d6" member_type: VOTER last_known_addr { host: "127.5.61.130" port: 33739 }, Status: LMP_MISMATCH, Last received: 0.0, Next index: 2, Last known committed idx: 1, Time since last communication: 0.000s
I20260710 11:02:02.839176  6130 raft_consensus.cc:1275] T 2217d24717d54861a622942de426a3ad P 230314f26af14d80974126b125ff3562 [term 2 FOLLOWER]: Refusing update from remote peer a1d769341c7147d2b696ce6940bdb800: Log matching property violated. Preceding OpId in replica: term: 1 index: 1. Preceding OpId from leader: term: 2 index: 2. (index mismatch)
I20260710 11:02:02.841816  6297 consensus_queue.cc:1048] T 2217d24717d54861a622942de426a3ad P a1d769341c7147d2b696ce6940bdb800 [LEADER]: Connected to new peer: Peer: permanent_uuid: "230314f26af14d80974126b125ff3562" member_type: VOTER last_known_addr { host: "127.5.61.131" port: 34487 }, Status: LMP_MISMATCH, Last received: 0.0, Next index: 2, Last known committed idx: 1, Time since last communication: 0.000s
I20260710 11:02:02.896016  6130 raft_consensus.cc:1275] T 80b04229598848c7ac65148268ba1d63 P 230314f26af14d80974126b125ff3562 [term 3 FOLLOWER]: Refusing update from remote peer a1d769341c7147d2b696ce6940bdb800: Log matching property violated. Preceding OpId in replica: term: 2 index: 2. Preceding OpId from leader: term: 3 index: 3. (index mismatch)
I20260710 11:02:02.897315  6297 consensus_queue.cc:1048] T 80b04229598848c7ac65148268ba1d63 P a1d769341c7147d2b696ce6940bdb800 [LEADER]: Connected to new peer: Peer: permanent_uuid: "230314f26af14d80974126b125ff3562" member_type: VOTER last_known_addr { host: "127.5.61.131" port: 34487 }, Status: LMP_MISMATCH, Last received: 0.0, Next index: 3, Last known committed idx: 2, Time since last communication: 0.000s
I20260710 11:02:02.906458  6059 raft_consensus.cc:1275] T 80b04229598848c7ac65148268ba1d63 P c172257fb4654622bd2e08d18ee725d6 [term 3 FOLLOWER]: Refusing update from remote peer a1d769341c7147d2b696ce6940bdb800: Log matching property violated. Preceding OpId in replica: term: 2 index: 2. Preceding OpId from leader: term: 3 index: 3. (index mismatch)
I20260710 11:02:02.910180  6297 consensus_queue.cc:1048] T 80b04229598848c7ac65148268ba1d63 P a1d769341c7147d2b696ce6940bdb800 [LEADER]: Connected to new peer: Peer: permanent_uuid: "c172257fb4654622bd2e08d18ee725d6" member_type: VOTER last_known_addr { host: "127.5.61.130" port: 33739 }, Status: LMP_MISMATCH, Last received: 0.0, Next index: 3, Last known committed idx: 2, Time since last communication: 0.000s
I20260710 11:02:04.870311  5366 auto_leader_rebalancer.cc:141] leader rebalance for table test-workload
I20260710 11:02:04.877972  5984 tablet_service.cc:2072] Received LeaderStepDown RPC: tablet_id: "148c5ef0f74142449b2f05ba28ac7c10"
dest_uuid: "a1d769341c7147d2b696ce6940bdb800"
mode: GRACEFUL
new_leader_uuid: "230314f26af14d80974126b125ff3562"
 from {username='slave'} at 127.0.0.1:46464
I20260710 11:02:04.878634  5984 raft_consensus.cc:606] T 148c5ef0f74142449b2f05ba28ac7c10 P a1d769341c7147d2b696ce6940bdb800 [term 3 LEADER]: Received request to transfer leadership to TS 230314f26af14d80974126b125ff3562
I20260710 11:02:04.881266  5984 tablet_service.cc:2072] Received LeaderStepDown RPC: tablet_id: "2217d24717d54861a622942de426a3ad"
dest_uuid: "a1d769341c7147d2b696ce6940bdb800"
mode: GRACEFUL
new_leader_uuid: "c172257fb4654622bd2e08d18ee725d6"
 from {username='slave'} at 127.0.0.1:46464
I20260710 11:02:04.881688  5984 raft_consensus.cc:606] T 2217d24717d54861a622942de426a3ad P a1d769341c7147d2b696ce6940bdb800 [term 2 LEADER]: Received request to transfer leadership to TS c172257fb4654622bd2e08d18ee725d6
I20260710 11:02:04.884212  5984 tablet_service.cc:2072] Received LeaderStepDown RPC: tablet_id: "3369db57449b4d0cb7c813a694e77cbf"
dest_uuid: "a1d769341c7147d2b696ce6940bdb800"
mode: GRACEFUL
new_leader_uuid: "c172257fb4654622bd2e08d18ee725d6"
 from {username='slave'} at 127.0.0.1:46464
I20260710 11:02:04.884644  5984 raft_consensus.cc:606] T 3369db57449b4d0cb7c813a694e77cbf P a1d769341c7147d2b696ce6940bdb800 [term 4 LEADER]: Received request to transfer leadership to TS c172257fb4654622bd2e08d18ee725d6
I20260710 11:02:04.886864  5984 tablet_service.cc:2072] Received LeaderStepDown RPC: tablet_id: "bb317e81c94141d5b8375d12c4b21b67"
dest_uuid: "a1d769341c7147d2b696ce6940bdb800"
mode: GRACEFUL
new_leader_uuid: "230314f26af14d80974126b125ff3562"
 from {username='slave'} at 127.0.0.1:46464
I20260710 11:02:04.887298  5984 raft_consensus.cc:606] T bb317e81c94141d5b8375d12c4b21b67 P a1d769341c7147d2b696ce6940bdb800 [term 2 LEADER]: Received request to transfer leadership to TS 230314f26af14d80974126b125ff3562
I20260710 11:02:04.888319  5366 auto_leader_rebalancer.cc:452] table: test-workload, leader rebalance finish, leader transfer count: 4
I20260710 11:02:04.888756  5366 auto_leader_rebalancer.cc:527] All tables' leader rebalancing finished this round
I20260710 11:02:05.006100  6297 raft_consensus.cc:993] T 2217d24717d54861a622942de426a3ad P a1d769341c7147d2b696ce6940bdb800: : Instructing follower c172257fb4654622bd2e08d18ee725d6 to start an election
I20260710 11:02:05.006595  6319 raft_consensus.cc:1081] T 2217d24717d54861a622942de426a3ad P a1d769341c7147d2b696ce6940bdb800 [term 2 LEADER]: Signalling peer c172257fb4654622bd2e08d18ee725d6 to start an election
I20260710 11:02:05.008235  6058 tablet_service.cc:2044] Received Run Leader Election RPC: tablet_id: "2217d24717d54861a622942de426a3ad"
dest_uuid: "c172257fb4654622bd2e08d18ee725d6"
 from {username='slave'} at 127.0.0.1:41252
I20260710 11:02:05.008699  6058 raft_consensus.cc:493] T 2217d24717d54861a622942de426a3ad P c172257fb4654622bd2e08d18ee725d6 [term 2 FOLLOWER]: Starting forced leader election (received explicit request)
I20260710 11:02:05.008992  6058 raft_consensus.cc:3060] T 2217d24717d54861a622942de426a3ad P c172257fb4654622bd2e08d18ee725d6 [term 2 FOLLOWER]: Advancing to term 3
I20260710 11:02:05.013969  6058 raft_consensus.cc:515] T 2217d24717d54861a622942de426a3ad P c172257fb4654622bd2e08d18ee725d6 [term 3 FOLLOWER]: Starting forced leader election with config: opid_index: -1 OBSOLETE_local: false peers { permanent_uuid: "a1d769341c7147d2b696ce6940bdb800" member_type: VOTER last_known_addr { host: "127.5.61.129" port: 35067 } } peers { permanent_uuid: "c172257fb4654622bd2e08d18ee725d6" member_type: VOTER last_known_addr { host: "127.5.61.130" port: 33739 } } peers { permanent_uuid: "230314f26af14d80974126b125ff3562" member_type: VOTER last_known_addr { host: "127.5.61.131" port: 34487 } }
I20260710 11:02:05.015653  6058 leader_election.cc:290] T 2217d24717d54861a622942de426a3ad P c172257fb4654622bd2e08d18ee725d6 [CANDIDATE]: Term 3 election: Requested vote from peers a1d769341c7147d2b696ce6940bdb800 (127.5.61.129:35067), 230314f26af14d80974126b125ff3562 (127.5.61.131:34487)
I20260710 11:02:05.016369  5984 tablet_service.cc:1917] Received RequestConsensusVote() RPC: tablet_id: "2217d24717d54861a622942de426a3ad" candidate_uuid: "c172257fb4654622bd2e08d18ee725d6" candidate_term: 3 candidate_status { last_received { term: 2 index: 2 } } ignore_live_leader: true dest_uuid: "a1d769341c7147d2b696ce6940bdb800"
I20260710 11:02:05.016889  6130 tablet_service.cc:1917] Received RequestConsensusVote() RPC: tablet_id: "2217d24717d54861a622942de426a3ad" candidate_uuid: "c172257fb4654622bd2e08d18ee725d6" candidate_term: 3 candidate_status { last_received { term: 2 index: 2 } } ignore_live_leader: true dest_uuid: "230314f26af14d80974126b125ff3562"
I20260710 11:02:05.017136  5984 raft_consensus.cc:3055] T 2217d24717d54861a622942de426a3ad P a1d769341c7147d2b696ce6940bdb800 [term 2 LEADER]: Stepping down as leader of term 2
I20260710 11:02:05.017361  6130 raft_consensus.cc:3060] T 2217d24717d54861a622942de426a3ad P 230314f26af14d80974126b125ff3562 [term 2 FOLLOWER]: Advancing to term 3
I20260710 11:02:05.017447  5984 raft_consensus.cc:740] T 2217d24717d54861a622942de426a3ad P a1d769341c7147d2b696ce6940bdb800 [term 2 LEADER]: Becoming Follower/Learner. State: Replica: a1d769341c7147d2b696ce6940bdb800, State: Running, Role: LEADER
I20260710 11:02:05.018260  5984 consensus_queue.cc:260] T 2217d24717d54861a622942de426a3ad P a1d769341c7147d2b696ce6940bdb800 [NON_LEADER]: Queue going to NON_LEADER mode. State: All replicated index: 0, Majority replicated index: 2, Committed index: 2, Last appended: 2.2, Last appended by leader: 2, Current term: 2, Majority size: -1, State: 0, Mode: NON_LEADER, active raft config: opid_index: -1 OBSOLETE_local: false peers { permanent_uuid: "a1d769341c7147d2b696ce6940bdb800" member_type: VOTER last_known_addr { host: "127.5.61.129" port: 35067 } } peers { permanent_uuid: "c172257fb4654622bd2e08d18ee725d6" member_type: VOTER last_known_addr { host: "127.5.61.130" port: 33739 } } peers { permanent_uuid: "230314f26af14d80974126b125ff3562" member_type: VOTER last_known_addr { host: "127.5.61.131" port: 34487 } }
I20260710 11:02:05.019490  5984 raft_consensus.cc:3060] T 2217d24717d54861a622942de426a3ad P a1d769341c7147d2b696ce6940bdb800 [term 2 FOLLOWER]: Advancing to term 3
I20260710 11:02:05.024531  6130 raft_consensus.cc:2468] T 2217d24717d54861a622942de426a3ad P 230314f26af14d80974126b125ff3562 [term 3 FOLLOWER]: Leader election vote request: Granting yes vote for candidate c172257fb4654622bd2e08d18ee725d6 in term 3.
I20260710 11:02:05.025900  6024 leader_election.cc:304] T 2217d24717d54861a622942de426a3ad P c172257fb4654622bd2e08d18ee725d6 [CANDIDATE]: Term 3 election: Election decided. Result: candidate won. Election summary: received 2 responses out of 3 voters: 2 yes votes; 0 no votes. yes voters: 230314f26af14d80974126b125ff3562, c172257fb4654622bd2e08d18ee725d6; no voters: 
I20260710 11:02:05.026216  5984 raft_consensus.cc:2468] T 2217d24717d54861a622942de426a3ad P a1d769341c7147d2b696ce6940bdb800 [term 3 FOLLOWER]: Leader election vote request: Granting yes vote for candidate c172257fb4654622bd2e08d18ee725d6 in term 3.
I20260710 11:02:05.027384  6296 raft_consensus.cc:2804] T 2217d24717d54861a622942de426a3ad P c172257fb4654622bd2e08d18ee725d6 [term 3 FOLLOWER]: Leader election won for term 3
I20260710 11:02:05.028836  6296 raft_consensus.cc:697] T 2217d24717d54861a622942de426a3ad P c172257fb4654622bd2e08d18ee725d6 [term 3 LEADER]: Becoming Leader. State: Replica: c172257fb4654622bd2e08d18ee725d6, State: Running, Role: LEADER
I20260710 11:02:05.029278  6297 raft_consensus.cc:993] T 3369db57449b4d0cb7c813a694e77cbf P a1d769341c7147d2b696ce6940bdb800: : Instructing follower c172257fb4654622bd2e08d18ee725d6 to start an election
I20260710 11:02:05.029727  6319 raft_consensus.cc:1081] T 3369db57449b4d0cb7c813a694e77cbf P a1d769341c7147d2b696ce6940bdb800 [term 4 LEADER]: Signalling peer c172257fb4654622bd2e08d18ee725d6 to start an election
I20260710 11:02:05.029778  6296 consensus_queue.cc:237] T 2217d24717d54861a622942de426a3ad P c172257fb4654622bd2e08d18ee725d6 [LEADER]: Queue going to LEADER mode. State: All replicated index: 0, Majority replicated index: 2, Committed index: 2, Last appended: 2.2, Last appended by leader: 2, Current term: 3, Majority size: 2, State: 0, Mode: LEADER, active raft config: opid_index: -1 OBSOLETE_local: false peers { permanent_uuid: "a1d769341c7147d2b696ce6940bdb800" member_type: VOTER last_known_addr { host: "127.5.61.129" port: 35067 } } peers { permanent_uuid: "c172257fb4654622bd2e08d18ee725d6" member_type: VOTER last_known_addr { host: "127.5.61.130" port: 33739 } } peers { permanent_uuid: "230314f26af14d80974126b125ff3562" member_type: VOTER last_known_addr { host: "127.5.61.131" port: 34487 } }
I20260710 11:02:05.031189  6058 tablet_service.cc:2044] Received Run Leader Election RPC: tablet_id: "3369db57449b4d0cb7c813a694e77cbf"
dest_uuid: "c172257fb4654622bd2e08d18ee725d6"
 from {username='slave'} at 127.0.0.1:41252
I20260710 11:02:05.031688  6058 raft_consensus.cc:493] T 3369db57449b4d0cb7c813a694e77cbf P c172257fb4654622bd2e08d18ee725d6 [term 4 FOLLOWER]: Starting forced leader election (received explicit request)
I20260710 11:02:05.032029  6058 raft_consensus.cc:3060] T 3369db57449b4d0cb7c813a694e77cbf P c172257fb4654622bd2e08d18ee725d6 [term 4 FOLLOWER]: Advancing to term 5
I20260710 11:02:05.036764  6058 raft_consensus.cc:515] T 3369db57449b4d0cb7c813a694e77cbf P c172257fb4654622bd2e08d18ee725d6 [term 5 FOLLOWER]: Starting forced leader election with config: opid_index: -1 OBSOLETE_local: false peers { permanent_uuid: "a1d769341c7147d2b696ce6940bdb800" member_type: VOTER last_known_addr { host: "127.5.61.129" port: 35067 } } peers { permanent_uuid: "c172257fb4654622bd2e08d18ee725d6" member_type: VOTER last_known_addr { host: "127.5.61.130" port: 33739 } } peers { permanent_uuid: "230314f26af14d80974126b125ff3562" member_type: VOTER last_known_addr { host: "127.5.61.131" port: 34487 } }
I20260710 11:02:05.037006  5880 catalog_manager.cc:5697] T 2217d24717d54861a622942de426a3ad P c172257fb4654622bd2e08d18ee725d6 reported cstate change: term changed from 2 to 3, leader changed from a1d769341c7147d2b696ce6940bdb800 (127.5.61.129) to c172257fb4654622bd2e08d18ee725d6 (127.5.61.130). New cstate: current_term: 3 leader_uuid: "c172257fb4654622bd2e08d18ee725d6" committed_config { opid_index: -1 OBSOLETE_local: false peers { permanent_uuid: "a1d769341c7147d2b696ce6940bdb800" member_type: VOTER last_known_addr { host: "127.5.61.129" port: 35067 } health_report { overall_health: UNKNOWN } } peers { permanent_uuid: "c172257fb4654622bd2e08d18ee725d6" member_type: VOTER last_known_addr { host: "127.5.61.130" port: 33739 } health_report { overall_health: HEALTHY } } peers { permanent_uuid: "230314f26af14d80974126b125ff3562" member_type: VOTER last_known_addr { host: "127.5.61.131" port: 34487 } health_report { overall_health: UNKNOWN } } }
I20260710 11:02:05.038542  6058 leader_election.cc:290] T 3369db57449b4d0cb7c813a694e77cbf P c172257fb4654622bd2e08d18ee725d6 [CANDIDATE]: Term 5 election: Requested vote from peers a1d769341c7147d2b696ce6940bdb800 (127.5.61.129:35067), 230314f26af14d80974126b125ff3562 (127.5.61.131:34487)
I20260710 11:02:05.038803  5984 tablet_service.cc:1917] Received RequestConsensusVote() RPC: tablet_id: "3369db57449b4d0cb7c813a694e77cbf" candidate_uuid: "c172257fb4654622bd2e08d18ee725d6" candidate_term: 5 candidate_status { last_received { term: 4 index: 4 } } ignore_live_leader: true dest_uuid: "a1d769341c7147d2b696ce6940bdb800"
I20260710 11:02:05.039110  6130 tablet_service.cc:1917] Received RequestConsensusVote() RPC: tablet_id: "3369db57449b4d0cb7c813a694e77cbf" candidate_uuid: "c172257fb4654622bd2e08d18ee725d6" candidate_term: 5 candidate_status { last_received { term: 4 index: 4 } } ignore_live_leader: true dest_uuid: "230314f26af14d80974126b125ff3562"
I20260710 11:02:05.039564  5984 raft_consensus.cc:3055] T 3369db57449b4d0cb7c813a694e77cbf P a1d769341c7147d2b696ce6940bdb800 [term 4 LEADER]: Stepping down as leader of term 4
I20260710 11:02:05.039837  6130 raft_consensus.cc:3060] T 3369db57449b4d0cb7c813a694e77cbf P 230314f26af14d80974126b125ff3562 [term 4 FOLLOWER]: Advancing to term 5
I20260710 11:02:05.040002  5984 raft_consensus.cc:740] T 3369db57449b4d0cb7c813a694e77cbf P a1d769341c7147d2b696ce6940bdb800 [term 4 LEADER]: Becoming Follower/Learner. State: Replica: a1d769341c7147d2b696ce6940bdb800, State: Running, Role: LEADER
I20260710 11:02:05.040843  5984 consensus_queue.cc:260] T 3369db57449b4d0cb7c813a694e77cbf P a1d769341c7147d2b696ce6940bdb800 [NON_LEADER]: Queue going to NON_LEADER mode. State: All replicated index: 0, Majority replicated index: 4, Committed index: 4, Last appended: 4.4, Last appended by leader: 4, Current term: 4, Majority size: -1, State: 0, Mode: NON_LEADER, active raft config: opid_index: -1 OBSOLETE_local: false peers { permanent_uuid: "a1d769341c7147d2b696ce6940bdb800" member_type: VOTER last_known_addr { host: "127.5.61.129" port: 35067 } } peers { permanent_uuid: "c172257fb4654622bd2e08d18ee725d6" member_type: VOTER last_known_addr { host: "127.5.61.130" port: 33739 } } peers { permanent_uuid: "230314f26af14d80974126b125ff3562" member_type: VOTER last_known_addr { host: "127.5.61.131" port: 34487 } }
I20260710 11:02:05.041873  5984 raft_consensus.cc:3060] T 3369db57449b4d0cb7c813a694e77cbf P a1d769341c7147d2b696ce6940bdb800 [term 4 FOLLOWER]: Advancing to term 5
I20260710 11:02:05.052145  5984 raft_consensus.cc:2468] T 3369db57449b4d0cb7c813a694e77cbf P a1d769341c7147d2b696ce6940bdb800 [term 5 FOLLOWER]: Leader election vote request: Granting yes vote for candidate c172257fb4654622bd2e08d18ee725d6 in term 5.
I20260710 11:02:05.058030  6130 raft_consensus.cc:2468] T 3369db57449b4d0cb7c813a694e77cbf P 230314f26af14d80974126b125ff3562 [term 5 FOLLOWER]: Leader election vote request: Granting yes vote for candidate c172257fb4654622bd2e08d18ee725d6 in term 5.
I20260710 11:02:05.059669  6024 leader_election.cc:304] T 3369db57449b4d0cb7c813a694e77cbf P c172257fb4654622bd2e08d18ee725d6 [CANDIDATE]: Term 5 election: Election decided. Result: candidate won. Election summary: received 2 responses out of 3 voters: 2 yes votes; 0 no votes. yes voters: 230314f26af14d80974126b125ff3562, c172257fb4654622bd2e08d18ee725d6; no voters: 
I20260710 11:02:05.060598  6296 raft_consensus.cc:2804] T 3369db57449b4d0cb7c813a694e77cbf P c172257fb4654622bd2e08d18ee725d6 [term 5 FOLLOWER]: Leader election won for term 5
I20260710 11:02:05.061082  6296 raft_consensus.cc:697] T 3369db57449b4d0cb7c813a694e77cbf P c172257fb4654622bd2e08d18ee725d6 [term 5 LEADER]: Becoming Leader. State: Replica: c172257fb4654622bd2e08d18ee725d6, State: Running, Role: LEADER
I20260710 11:02:05.062017  6296 consensus_queue.cc:237] T 3369db57449b4d0cb7c813a694e77cbf P c172257fb4654622bd2e08d18ee725d6 [LEADER]: Queue going to LEADER mode. State: All replicated index: 0, Majority replicated index: 4, Committed index: 4, Last appended: 4.4, Last appended by leader: 4, Current term: 5, Majority size: 2, State: 0, Mode: LEADER, active raft config: opid_index: -1 OBSOLETE_local: false peers { permanent_uuid: "a1d769341c7147d2b696ce6940bdb800" member_type: VOTER last_known_addr { host: "127.5.61.129" port: 35067 } } peers { permanent_uuid: "c172257fb4654622bd2e08d18ee725d6" member_type: VOTER last_known_addr { host: "127.5.61.130" port: 33739 } } peers { permanent_uuid: "230314f26af14d80974126b125ff3562" member_type: VOTER last_known_addr { host: "127.5.61.131" port: 34487 } }
I20260710 11:02:05.074762  5880 catalog_manager.cc:5697] T 3369db57449b4d0cb7c813a694e77cbf P c172257fb4654622bd2e08d18ee725d6 reported cstate change: term changed from 4 to 5, leader changed from a1d769341c7147d2b696ce6940bdb800 (127.5.61.129) to c172257fb4654622bd2e08d18ee725d6 (127.5.61.130). New cstate: current_term: 5 leader_uuid: "c172257fb4654622bd2e08d18ee725d6" committed_config { opid_index: -1 OBSOLETE_local: false peers { permanent_uuid: "a1d769341c7147d2b696ce6940bdb800" member_type: VOTER last_known_addr { host: "127.5.61.129" port: 35067 } health_report { overall_health: UNKNOWN } } peers { permanent_uuid: "c172257fb4654622bd2e08d18ee725d6" member_type: VOTER last_known_addr { host: "127.5.61.130" port: 33739 } health_report { overall_health: HEALTHY } } peers { permanent_uuid: "230314f26af14d80974126b125ff3562" member_type: VOTER last_known_addr { host: "127.5.61.131" port: 34487 } health_report { overall_health: UNKNOWN } } }
I20260710 11:02:05.107534  6297 raft_consensus.cc:993] T 148c5ef0f74142449b2f05ba28ac7c10 P a1d769341c7147d2b696ce6940bdb800: : Instructing follower 230314f26af14d80974126b125ff3562 to start an election
I20260710 11:02:05.108773  6319 raft_consensus.cc:1081] T 148c5ef0f74142449b2f05ba28ac7c10 P a1d769341c7147d2b696ce6940bdb800 [term 3 LEADER]: Signalling peer 230314f26af14d80974126b125ff3562 to start an election
I20260710 11:02:05.110267  6130 tablet_service.cc:2044] Received Run Leader Election RPC: tablet_id: "148c5ef0f74142449b2f05ba28ac7c10"
dest_uuid: "230314f26af14d80974126b125ff3562"
 from {username='slave'} at 127.0.0.1:54956
I20260710 11:02:05.110692  6130 raft_consensus.cc:493] T 148c5ef0f74142449b2f05ba28ac7c10 P 230314f26af14d80974126b125ff3562 [term 3 FOLLOWER]: Starting forced leader election (received explicit request)
I20260710 11:02:05.110973  6130 raft_consensus.cc:3060] T 148c5ef0f74142449b2f05ba28ac7c10 P 230314f26af14d80974126b125ff3562 [term 3 FOLLOWER]: Advancing to term 4
I20260710 11:02:05.115248  6130 raft_consensus.cc:515] T 148c5ef0f74142449b2f05ba28ac7c10 P 230314f26af14d80974126b125ff3562 [term 4 FOLLOWER]: Starting forced leader election with config: opid_index: -1 OBSOLETE_local: false peers { permanent_uuid: "a1d769341c7147d2b696ce6940bdb800" member_type: VOTER last_known_addr { host: "127.5.61.129" port: 35067 } } peers { permanent_uuid: "c172257fb4654622bd2e08d18ee725d6" member_type: VOTER last_known_addr { host: "127.5.61.130" port: 33739 } } peers { permanent_uuid: "230314f26af14d80974126b125ff3562" member_type: VOTER last_known_addr { host: "127.5.61.131" port: 34487 } }
I20260710 11:02:05.116616  6130 leader_election.cc:290] T 148c5ef0f74142449b2f05ba28ac7c10 P 230314f26af14d80974126b125ff3562 [CANDIDATE]: Term 4 election: Requested vote from peers a1d769341c7147d2b696ce6940bdb800 (127.5.61.129:35067), c172257fb4654622bd2e08d18ee725d6 (127.5.61.130:33739)
I20260710 11:02:05.117393  5984 tablet_service.cc:1917] Received RequestConsensusVote() RPC: tablet_id: "148c5ef0f74142449b2f05ba28ac7c10" candidate_uuid: "230314f26af14d80974126b125ff3562" candidate_term: 4 candidate_status { last_received { term: 3 index: 3 } } ignore_live_leader: true dest_uuid: "a1d769341c7147d2b696ce6940bdb800"
I20260710 11:02:05.117632  6058 tablet_service.cc:1917] Received RequestConsensusVote() RPC: tablet_id: "148c5ef0f74142449b2f05ba28ac7c10" candidate_uuid: "230314f26af14d80974126b125ff3562" candidate_term: 4 candidate_status { last_received { term: 3 index: 3 } } ignore_live_leader: true dest_uuid: "c172257fb4654622bd2e08d18ee725d6"
I20260710 11:02:05.117918  5984 raft_consensus.cc:3055] T 148c5ef0f74142449b2f05ba28ac7c10 P a1d769341c7147d2b696ce6940bdb800 [term 3 LEADER]: Stepping down as leader of term 3
I20260710 11:02:05.118077  6058 raft_consensus.cc:3060] T 148c5ef0f74142449b2f05ba28ac7c10 P c172257fb4654622bd2e08d18ee725d6 [term 3 FOLLOWER]: Advancing to term 4
I20260710 11:02:05.118235  5984 raft_consensus.cc:740] T 148c5ef0f74142449b2f05ba28ac7c10 P a1d769341c7147d2b696ce6940bdb800 [term 3 LEADER]: Becoming Follower/Learner. State: Replica: a1d769341c7147d2b696ce6940bdb800, State: Running, Role: LEADER
I20260710 11:02:05.118978  5984 consensus_queue.cc:260] T 148c5ef0f74142449b2f05ba28ac7c10 P a1d769341c7147d2b696ce6940bdb800 [NON_LEADER]: Queue going to NON_LEADER mode. State: All replicated index: 0, Majority replicated index: 3, Committed index: 3, Last appended: 3.3, Last appended by leader: 3, Current term: 3, Majority size: -1, State: 0, Mode: NON_LEADER, active raft config: opid_index: -1 OBSOLETE_local: false peers { permanent_uuid: "a1d769341c7147d2b696ce6940bdb800" member_type: VOTER last_known_addr { host: "127.5.61.129" port: 35067 } } peers { permanent_uuid: "c172257fb4654622bd2e08d18ee725d6" member_type: VOTER last_known_addr { host: "127.5.61.130" port: 33739 } } peers { permanent_uuid: "230314f26af14d80974126b125ff3562" member_type: VOTER last_known_addr { host: "127.5.61.131" port: 34487 } }
I20260710 11:02:05.120040  5984 raft_consensus.cc:3060] T 148c5ef0f74142449b2f05ba28ac7c10 P a1d769341c7147d2b696ce6940bdb800 [term 3 FOLLOWER]: Advancing to term 4
I20260710 11:02:05.123838  6058 raft_consensus.cc:2468] T 148c5ef0f74142449b2f05ba28ac7c10 P c172257fb4654622bd2e08d18ee725d6 [term 4 FOLLOWER]: Leader election vote request: Granting yes vote for candidate 230314f26af14d80974126b125ff3562 in term 4.
I20260710 11:02:05.125065  6099 leader_election.cc:304] T 148c5ef0f74142449b2f05ba28ac7c10 P 230314f26af14d80974126b125ff3562 [CANDIDATE]: Term 4 election: Election decided. Result: candidate won. Election summary: received 2 responses out of 3 voters: 2 yes votes; 0 no votes. yes voters: 230314f26af14d80974126b125ff3562, c172257fb4654622bd2e08d18ee725d6; no voters: 
I20260710 11:02:05.125669  5984 raft_consensus.cc:2468] T 148c5ef0f74142449b2f05ba28ac7c10 P a1d769341c7147d2b696ce6940bdb800 [term 4 FOLLOWER]: Leader election vote request: Granting yes vote for candidate 230314f26af14d80974126b125ff3562 in term 4.
I20260710 11:02:05.125864  6318 raft_consensus.cc:2804] T 148c5ef0f74142449b2f05ba28ac7c10 P 230314f26af14d80974126b125ff3562 [term 4 FOLLOWER]: Leader election won for term 4
I20260710 11:02:05.127106  6318 raft_consensus.cc:697] T 148c5ef0f74142449b2f05ba28ac7c10 P 230314f26af14d80974126b125ff3562 [term 4 LEADER]: Becoming Leader. State: Replica: 230314f26af14d80974126b125ff3562, State: Running, Role: LEADER
I20260710 11:02:05.128077  6318 consensus_queue.cc:237] T 148c5ef0f74142449b2f05ba28ac7c10 P 230314f26af14d80974126b125ff3562 [LEADER]: Queue going to LEADER mode. State: All replicated index: 0, Majority replicated index: 3, Committed index: 3, Last appended: 3.3, Last appended by leader: 3, Current term: 4, Majority size: 2, State: 0, Mode: LEADER, active raft config: opid_index: -1 OBSOLETE_local: false peers { permanent_uuid: "a1d769341c7147d2b696ce6940bdb800" member_type: VOTER last_known_addr { host: "127.5.61.129" port: 35067 } } peers { permanent_uuid: "c172257fb4654622bd2e08d18ee725d6" member_type: VOTER last_known_addr { host: "127.5.61.130" port: 33739 } } peers { permanent_uuid: "230314f26af14d80974126b125ff3562" member_type: VOTER last_known_addr { host: "127.5.61.131" port: 34487 } }
I20260710 11:02:05.135360  5880 catalog_manager.cc:5697] T 148c5ef0f74142449b2f05ba28ac7c10 P 230314f26af14d80974126b125ff3562 reported cstate change: term changed from 3 to 4, leader changed from a1d769341c7147d2b696ce6940bdb800 (127.5.61.129) to 230314f26af14d80974126b125ff3562 (127.5.61.131). New cstate: current_term: 4 leader_uuid: "230314f26af14d80974126b125ff3562" committed_config { opid_index: -1 OBSOLETE_local: false peers { permanent_uuid: "a1d769341c7147d2b696ce6940bdb800" member_type: VOTER last_known_addr { host: "127.5.61.129" port: 35067 } health_report { overall_health: UNKNOWN } } peers { permanent_uuid: "c172257fb4654622bd2e08d18ee725d6" member_type: VOTER last_known_addr { host: "127.5.61.130" port: 33739 } health_report { overall_health: UNKNOWN } } peers { permanent_uuid: "230314f26af14d80974126b125ff3562" member_type: VOTER last_known_addr { host: "127.5.61.131" port: 34487 } health_report { overall_health: HEALTHY } } }
I20260710 11:02:05.346443  6319 raft_consensus.cc:993] T bb317e81c94141d5b8375d12c4b21b67 P a1d769341c7147d2b696ce6940bdb800: : Instructing follower 230314f26af14d80974126b125ff3562 to start an election
I20260710 11:02:05.346987  6327 raft_consensus.cc:1081] T bb317e81c94141d5b8375d12c4b21b67 P a1d769341c7147d2b696ce6940bdb800 [term 2 LEADER]: Signalling peer 230314f26af14d80974126b125ff3562 to start an election
I20260710 11:02:05.348517  6130 tablet_service.cc:2044] Received Run Leader Election RPC: tablet_id: "bb317e81c94141d5b8375d12c4b21b67"
dest_uuid: "230314f26af14d80974126b125ff3562"
 from {username='slave'} at 127.0.0.1:54956
I20260710 11:02:05.348883  6130 raft_consensus.cc:493] T bb317e81c94141d5b8375d12c4b21b67 P 230314f26af14d80974126b125ff3562 [term 2 FOLLOWER]: Starting forced leader election (received explicit request)
I20260710 11:02:05.349153  6130 raft_consensus.cc:3060] T bb317e81c94141d5b8375d12c4b21b67 P 230314f26af14d80974126b125ff3562 [term 2 FOLLOWER]: Advancing to term 3
I20260710 11:02:05.353179  6130 raft_consensus.cc:515] T bb317e81c94141d5b8375d12c4b21b67 P 230314f26af14d80974126b125ff3562 [term 3 FOLLOWER]: Starting forced leader election with config: opid_index: -1 OBSOLETE_local: false peers { permanent_uuid: "a1d769341c7147d2b696ce6940bdb800" member_type: VOTER last_known_addr { host: "127.5.61.129" port: 35067 } } peers { permanent_uuid: "c172257fb4654622bd2e08d18ee725d6" member_type: VOTER last_known_addr { host: "127.5.61.130" port: 33739 } } peers { permanent_uuid: "230314f26af14d80974126b125ff3562" member_type: VOTER last_known_addr { host: "127.5.61.131" port: 34487 } }
I20260710 11:02:05.354640  6130 leader_election.cc:290] T bb317e81c94141d5b8375d12c4b21b67 P 230314f26af14d80974126b125ff3562 [CANDIDATE]: Term 3 election: Requested vote from peers a1d769341c7147d2b696ce6940bdb800 (127.5.61.129:35067), c172257fb4654622bd2e08d18ee725d6 (127.5.61.130:33739)
I20260710 11:02:05.355676  5985 tablet_service.cc:1917] Received RequestConsensusVote() RPC: tablet_id: "bb317e81c94141d5b8375d12c4b21b67" candidate_uuid: "230314f26af14d80974126b125ff3562" candidate_term: 3 candidate_status { last_received { term: 2 index: 2 } } ignore_live_leader: true dest_uuid: "a1d769341c7147d2b696ce6940bdb800"
I20260710 11:02:05.355553  6058 tablet_service.cc:1917] Received RequestConsensusVote() RPC: tablet_id: "bb317e81c94141d5b8375d12c4b21b67" candidate_uuid: "230314f26af14d80974126b125ff3562" candidate_term: 3 candidate_status { last_received { term: 2 index: 2 } } ignore_live_leader: true dest_uuid: "c172257fb4654622bd2e08d18ee725d6"
I20260710 11:02:05.356374  5985 raft_consensus.cc:3055] T bb317e81c94141d5b8375d12c4b21b67 P a1d769341c7147d2b696ce6940bdb800 [term 2 LEADER]: Stepping down as leader of term 2
I20260710 11:02:05.356753  6058 raft_consensus.cc:3060] T bb317e81c94141d5b8375d12c4b21b67 P c172257fb4654622bd2e08d18ee725d6 [term 2 FOLLOWER]: Advancing to term 3
I20260710 11:02:05.356777  5985 raft_consensus.cc:740] T bb317e81c94141d5b8375d12c4b21b67 P a1d769341c7147d2b696ce6940bdb800 [term 2 LEADER]: Becoming Follower/Learner. State: Replica: a1d769341c7147d2b696ce6940bdb800, State: Running, Role: LEADER
I20260710 11:02:05.358048  5985 consensus_queue.cc:260] T bb317e81c94141d5b8375d12c4b21b67 P a1d769341c7147d2b696ce6940bdb800 [NON_LEADER]: Queue going to NON_LEADER mode. State: All replicated index: 0, Majority replicated index: 2, Committed index: 2, Last appended: 2.2, Last appended by leader: 2, Current term: 2, Majority size: -1, State: 0, Mode: NON_LEADER, active raft config: opid_index: -1 OBSOLETE_local: false peers { permanent_uuid: "a1d769341c7147d2b696ce6940bdb800" member_type: VOTER last_known_addr { host: "127.5.61.129" port: 35067 } } peers { permanent_uuid: "c172257fb4654622bd2e08d18ee725d6" member_type: VOTER last_known_addr { host: "127.5.61.130" port: 33739 } } peers { permanent_uuid: "230314f26af14d80974126b125ff3562" member_type: VOTER last_known_addr { host: "127.5.61.131" port: 34487 } }
I20260710 11:02:05.359346  5985 raft_consensus.cc:3060] T bb317e81c94141d5b8375d12c4b21b67 P a1d769341c7147d2b696ce6940bdb800 [term 2 FOLLOWER]: Advancing to term 3
I20260710 11:02:05.361725  6058 raft_consensus.cc:2468] T bb317e81c94141d5b8375d12c4b21b67 P c172257fb4654622bd2e08d18ee725d6 [term 3 FOLLOWER]: Leader election vote request: Granting yes vote for candidate 230314f26af14d80974126b125ff3562 in term 3.
I20260710 11:02:05.362982  6099 leader_election.cc:304] T bb317e81c94141d5b8375d12c4b21b67 P 230314f26af14d80974126b125ff3562 [CANDIDATE]: Term 3 election: Election decided. Result: candidate won. Election summary: received 2 responses out of 3 voters: 2 yes votes; 0 no votes. yes voters: 230314f26af14d80974126b125ff3562, c172257fb4654622bd2e08d18ee725d6; no voters: 
I20260710 11:02:05.363981  6318 raft_consensus.cc:2804] T bb317e81c94141d5b8375d12c4b21b67 P 230314f26af14d80974126b125ff3562 [term 3 FOLLOWER]: Leader election won for term 3
I20260710 11:02:05.364460  6318 raft_consensus.cc:697] T bb317e81c94141d5b8375d12c4b21b67 P 230314f26af14d80974126b125ff3562 [term 3 LEADER]: Becoming Leader. State: Replica: 230314f26af14d80974126b125ff3562, State: Running, Role: LEADER
I20260710 11:02:05.364601  5985 raft_consensus.cc:2468] T bb317e81c94141d5b8375d12c4b21b67 P a1d769341c7147d2b696ce6940bdb800 [term 3 FOLLOWER]: Leader election vote request: Granting yes vote for candidate 230314f26af14d80974126b125ff3562 in term 3.
I20260710 11:02:05.365500  6318 consensus_queue.cc:237] T bb317e81c94141d5b8375d12c4b21b67 P 230314f26af14d80974126b125ff3562 [LEADER]: Queue going to LEADER mode. State: All replicated index: 0, Majority replicated index: 2, Committed index: 2, Last appended: 2.2, Last appended by leader: 2, Current term: 3, Majority size: 2, State: 0, Mode: LEADER, active raft config: opid_index: -1 OBSOLETE_local: false peers { permanent_uuid: "a1d769341c7147d2b696ce6940bdb800" member_type: VOTER last_known_addr { host: "127.5.61.129" port: 35067 } } peers { permanent_uuid: "c172257fb4654622bd2e08d18ee725d6" member_type: VOTER last_known_addr { host: "127.5.61.130" port: 33739 } } peers { permanent_uuid: "230314f26af14d80974126b125ff3562" member_type: VOTER last_known_addr { host: "127.5.61.131" port: 34487 } }
I20260710 11:02:05.371539  5880 catalog_manager.cc:5697] T bb317e81c94141d5b8375d12c4b21b67 P 230314f26af14d80974126b125ff3562 reported cstate change: term changed from 2 to 3, leader changed from a1d769341c7147d2b696ce6940bdb800 (127.5.61.129) to 230314f26af14d80974126b125ff3562 (127.5.61.131). New cstate: current_term: 3 leader_uuid: "230314f26af14d80974126b125ff3562" committed_config { opid_index: -1 OBSOLETE_local: false peers { permanent_uuid: "a1d769341c7147d2b696ce6940bdb800" member_type: VOTER last_known_addr { host: "127.5.61.129" port: 35067 } health_report { overall_health: UNKNOWN } } peers { permanent_uuid: "c172257fb4654622bd2e08d18ee725d6" member_type: VOTER last_known_addr { host: "127.5.61.130" port: 33739 } health_report { overall_health: UNKNOWN } } peers { permanent_uuid: "230314f26af14d80974126b125ff3562" member_type: VOTER last_known_addr { host: "127.5.61.131" port: 34487 } health_report { overall_health: HEALTHY } } }
I20260710 11:02:05.412700  5985 raft_consensus.cc:1275] T 2217d24717d54861a622942de426a3ad P a1d769341c7147d2b696ce6940bdb800 [term 3 FOLLOWER]: Refusing update from remote peer c172257fb4654622bd2e08d18ee725d6: Log matching property violated. Preceding OpId in replica: term: 2 index: 2. Preceding OpId from leader: term: 3 index: 3. (index mismatch)
I20260710 11:02:05.413906  6296 consensus_queue.cc:1048] T 2217d24717d54861a622942de426a3ad P c172257fb4654622bd2e08d18ee725d6 [LEADER]: Connected to new peer: Peer: permanent_uuid: "a1d769341c7147d2b696ce6940bdb800" member_type: VOTER last_known_addr { host: "127.5.61.129" port: 35067 }, Status: LMP_MISMATCH, Last received: 0.0, Next index: 3, Last known committed idx: 2, Time since last communication: 0.000s
I20260710 11:02:05.425621  6130 raft_consensus.cc:1275] T 2217d24717d54861a622942de426a3ad P 230314f26af14d80974126b125ff3562 [term 3 FOLLOWER]: Refusing update from remote peer c172257fb4654622bd2e08d18ee725d6: Log matching property violated. Preceding OpId in replica: term: 2 index: 2. Preceding OpId from leader: term: 3 index: 3. (index mismatch)
I20260710 11:02:05.427850  6333 consensus_queue.cc:1048] T 2217d24717d54861a622942de426a3ad P c172257fb4654622bd2e08d18ee725d6 [LEADER]: Connected to new peer: Peer: permanent_uuid: "230314f26af14d80974126b125ff3562" member_type: VOTER last_known_addr { host: "127.5.61.131" port: 34487 }, Status: LMP_MISMATCH, Last received: 0.0, Next index: 3, Last known committed idx: 2, Time since last communication: 0.001s
I20260710 11:02:05.522277  6130 raft_consensus.cc:1275] T 3369db57449b4d0cb7c813a694e77cbf P 230314f26af14d80974126b125ff3562 [term 5 FOLLOWER]: Refusing update from remote peer c172257fb4654622bd2e08d18ee725d6: Log matching property violated. Preceding OpId in replica: term: 4 index: 4. Preceding OpId from leader: term: 5 index: 5. (index mismatch)
I20260710 11:02:05.523579  6333 consensus_queue.cc:1048] T 3369db57449b4d0cb7c813a694e77cbf P c172257fb4654622bd2e08d18ee725d6 [LEADER]: Connected to new peer: Peer: permanent_uuid: "230314f26af14d80974126b125ff3562" member_type: VOTER last_known_addr { host: "127.5.61.131" port: 34487 }, Status: LMP_MISMATCH, Last received: 0.0, Next index: 5, Last known committed idx: 4, Time since last communication: 0.000s
I20260710 11:02:05.532399  5985 raft_consensus.cc:1275] T 3369db57449b4d0cb7c813a694e77cbf P a1d769341c7147d2b696ce6940bdb800 [term 5 FOLLOWER]: Refusing update from remote peer c172257fb4654622bd2e08d18ee725d6: Log matching property violated. Preceding OpId in replica: term: 4 index: 4. Preceding OpId from leader: term: 5 index: 5. (index mismatch)
I20260710 11:02:05.534161  6320 consensus_queue.cc:1048] T 3369db57449b4d0cb7c813a694e77cbf P c172257fb4654622bd2e08d18ee725d6 [LEADER]: Connected to new peer: Peer: permanent_uuid: "a1d769341c7147d2b696ce6940bdb800" member_type: VOTER last_known_addr { host: "127.5.61.129" port: 35067 }, Status: LMP_MISMATCH, Last received: 0.0, Next index: 5, Last known committed idx: 4, Time since last communication: 0.000s
I20260710 11:02:05.596526  6058 raft_consensus.cc:1275] T 148c5ef0f74142449b2f05ba28ac7c10 P c172257fb4654622bd2e08d18ee725d6 [term 4 FOLLOWER]: Refusing update from remote peer 230314f26af14d80974126b125ff3562: Log matching property violated. Preceding OpId in replica: term: 3 index: 3. Preceding OpId from leader: term: 4 index: 4. (index mismatch)
I20260710 11:02:05.597538  6318 consensus_queue.cc:1048] T 148c5ef0f74142449b2f05ba28ac7c10 P 230314f26af14d80974126b125ff3562 [LEADER]: Connected to new peer: Peer: permanent_uuid: "c172257fb4654622bd2e08d18ee725d6" member_type: VOTER last_known_addr { host: "127.5.61.130" port: 33739 }, Status: LMP_MISMATCH, Last received: 0.0, Next index: 4, Last known committed idx: 3, Time since last communication: 0.001s
I20260710 11:02:05.606272  5985 raft_consensus.cc:1275] T 148c5ef0f74142449b2f05ba28ac7c10 P a1d769341c7147d2b696ce6940bdb800 [term 4 FOLLOWER]: Refusing update from remote peer 230314f26af14d80974126b125ff3562: Log matching property violated. Preceding OpId in replica: term: 3 index: 3. Preceding OpId from leader: term: 4 index: 4. (index mismatch)
I20260710 11:02:05.607604  6318 consensus_queue.cc:1048] T 148c5ef0f74142449b2f05ba28ac7c10 P 230314f26af14d80974126b125ff3562 [LEADER]: Connected to new peer: Peer: permanent_uuid: "a1d769341c7147d2b696ce6940bdb800" member_type: VOTER last_known_addr { host: "127.5.61.129" port: 35067 }, Status: LMP_MISMATCH, Last received: 0.0, Next index: 4, Last known committed idx: 3, Time since last communication: 0.000s
I20260710 11:02:05.758694  5985 raft_consensus.cc:1275] T bb317e81c94141d5b8375d12c4b21b67 P a1d769341c7147d2b696ce6940bdb800 [term 3 FOLLOWER]: Refusing update from remote peer 230314f26af14d80974126b125ff3562: Log matching property violated. Preceding OpId in replica: term: 2 index: 2. Preceding OpId from leader: term: 3 index: 3. (index mismatch)
I20260710 11:02:05.759971  6318 consensus_queue.cc:1048] T bb317e81c94141d5b8375d12c4b21b67 P 230314f26af14d80974126b125ff3562 [LEADER]: Connected to new peer: Peer: permanent_uuid: "a1d769341c7147d2b696ce6940bdb800" member_type: VOTER last_known_addr { host: "127.5.61.129" port: 35067 }, Status: LMP_MISMATCH, Last received: 0.0, Next index: 3, Last known committed idx: 2, Time since last communication: 0.000s
I20260710 11:02:05.768152  6058 raft_consensus.cc:1275] T bb317e81c94141d5b8375d12c4b21b67 P c172257fb4654622bd2e08d18ee725d6 [term 3 FOLLOWER]: Refusing update from remote peer 230314f26af14d80974126b125ff3562: Log matching property violated. Preceding OpId in replica: term: 2 index: 2. Preceding OpId from leader: term: 3 index: 3. (index mismatch)
I20260710 11:02:05.769658  6341 consensus_queue.cc:1048] T bb317e81c94141d5b8375d12c4b21b67 P 230314f26af14d80974126b125ff3562 [LEADER]: Connected to new peer: Peer: permanent_uuid: "c172257fb4654622bd2e08d18ee725d6" member_type: VOTER last_known_addr { host: "127.5.61.130" port: 33739 }, Status: LMP_MISMATCH, Last received: 0.0, Next index: 3, Last known committed idx: 2, Time since last communication: 0.001s
I20260710 11:02:05.889576  5366 auto_leader_rebalancer.cc:141] leader rebalance for table test-workload
I20260710 11:02:05.896508  5366 tablet_server.cc:179] TabletServer@127.5.61.129:0 shutting down...
W20260710 11:02:05.919445  6026 proxy.cc:239] Call had error, refreshing address and retrying: Remote error: Service unavailable: service kudu.consensus.ConsensusService not registered on TabletServer [suppressed 2 similar messages]
I20260710 11:02:05.921476  5366 ts_tablet_manager.cc:1507] Shutting down tablet manager...
I20260710 11:02:05.922367  5366 tablet_replica.cc:333] T fbb613dcaca94525880cbe7f6e035bd6 P a1d769341c7147d2b696ce6940bdb800: stopping tablet replica
I20260710 11:02:05.923357  5366 raft_consensus.cc:2243] T fbb613dcaca94525880cbe7f6e035bd6 P a1d769341c7147d2b696ce6940bdb800 [term 2 LEADER]: Raft consensus shutting down.
