I20260710 11:01:50.613183  5397 catalog_manager.cc:5697] T f4fcdcf229ec4a3ebdb9af04d4111211 P 960ef715c10848d8aaa759dd9bebfd22 reported cstate change: term changed from 2 to 3, leader changed from f5542df62901463798740528eee0bff5 (127.5.61.129) to 960ef715c10848d8aaa759dd9bebfd22 (127.5.61.131). New cstate: current_term: 3 leader_uuid: "960ef715c10848d8aaa759dd9bebfd22" committed_config { opid_index: -1 OBSOLETE_local: false peers { permanent_uuid: "31bb549ec0f54fa7bbee900fa399da3d" member_type: VOTER last_known_addr { host: "127.5.61.130" port: 42543 } health_report { overall_health: UNKNOWN } } peers { permanent_uuid: "960ef715c10848d8aaa759dd9bebfd22" member_type: VOTER last_known_addr { host: "127.5.61.131" port: 33733 } health_report { overall_health: HEALTHY } } peers { permanent_uuid: "f5542df62901463798740528eee0bff5" member_type: VOTER last_known_addr { host: "127.5.61.129" port: 41101 } health_report { overall_health: UNKNOWN } } }
I20260710 11:01:50.860638  5501 raft_consensus.cc:1275] T 903458b070cb41d68f6bdb5603b418a5 P f5542df62901463798740528eee0bff5 [term 3 FOLLOWER]: Refusing update from remote peer 960ef715c10848d8aaa759dd9bebfd22: Log matching property violated. Preceding OpId in replica: term: 2 index: 2. Preceding OpId from leader: term: 3 index: 3. (index mismatch)
I20260710 11:01:50.861922  5773 consensus_queue.cc:1048] T 903458b070cb41d68f6bdb5603b418a5 P 960ef715c10848d8aaa759dd9bebfd22 [LEADER]: Connected to new peer: Peer: permanent_uuid: "f5542df62901463798740528eee0bff5" member_type: VOTER last_known_addr { host: "127.5.61.129" port: 41101 }, Status: LMP_MISMATCH, Last received: 0.0, Next index: 3, Last known committed idx: 2, Time since last communication: 0.000s
I20260710 11:01:50.879325  5576 raft_consensus.cc:1275] T 903458b070cb41d68f6bdb5603b418a5 P 31bb549ec0f54fa7bbee900fa399da3d [term 3 FOLLOWER]: Refusing update from remote peer 960ef715c10848d8aaa759dd9bebfd22: Log matching property violated. Preceding OpId in replica: term: 2 index: 2. Preceding OpId from leader: term: 3 index: 3. (index mismatch)
I20260710 11:01:50.881644  5785 consensus_queue.cc:1048] T 903458b070cb41d68f6bdb5603b418a5 P 960ef715c10848d8aaa759dd9bebfd22 [LEADER]: Connected to new peer: Peer: permanent_uuid: "31bb549ec0f54fa7bbee900fa399da3d" member_type: VOTER last_known_addr { host: "127.5.61.130" port: 42543 }, Status: LMP_MISMATCH, Last received: 0.0, Next index: 3, Last known committed idx: 2, Time since last communication: 0.001s
I20260710 11:01:51.074294  5501 raft_consensus.cc:1275] T f4fcdcf229ec4a3ebdb9af04d4111211 P f5542df62901463798740528eee0bff5 [term 3 FOLLOWER]: Refusing update from remote peer 960ef715c10848d8aaa759dd9bebfd22: Log matching property violated. Preceding OpId in replica: term: 2 index: 2. Preceding OpId from leader: term: 3 index: 3. (index mismatch)
I20260710 11:01:51.075528  5785 consensus_queue.cc:1048] T f4fcdcf229ec4a3ebdb9af04d4111211 P 960ef715c10848d8aaa759dd9bebfd22 [LEADER]: Connected to new peer: Peer: permanent_uuid: "f5542df62901463798740528eee0bff5" member_type: VOTER last_known_addr { host: "127.5.61.129" port: 41101 }, Status: LMP_MISMATCH, Last received: 0.0, Next index: 3, Last known committed idx: 2, Time since last communication: 0.000s
I20260710 11:01:51.079205  5366 auto_leader_rebalancer.cc:141] leader rebalance for table test-workload
I20260710 11:01:51.088387  5576 raft_consensus.cc:1275] T f4fcdcf229ec4a3ebdb9af04d4111211 P 31bb549ec0f54fa7bbee900fa399da3d [term 3 FOLLOWER]: Refusing update from remote peer 960ef715c10848d8aaa759dd9bebfd22: Log matching property violated. Preceding OpId in replica: term: 2 index: 2. Preceding OpId from leader: term: 3 index: 3. (index mismatch)
I20260710 11:01:51.090056  5799 consensus_queue.cc:1048] T f4fcdcf229ec4a3ebdb9af04d4111211 P 960ef715c10848d8aaa759dd9bebfd22 [LEADER]: Connected to new peer: Peer: permanent_uuid: "31bb549ec0f54fa7bbee900fa399da3d" member_type: VOTER last_known_addr { host: "127.5.61.130" port: 42543 }, Status: LMP_MISMATCH, Last received: 0.0, Next index: 3, Last known committed idx: 2, Time since last communication: 0.000s
I20260710 11:01:51.095141  5649 tablet_service.cc:2072] Received LeaderStepDown RPC: tablet_id: "f4fcdcf229ec4a3ebdb9af04d4111211"
dest_uuid: "960ef715c10848d8aaa759dd9bebfd22"
mode: GRACEFUL
new_leader_uuid: "31bb549ec0f54fa7bbee900fa399da3d"
 from {username='slave'} at 127.0.0.1:59800
I20260710 11:01:51.095862  5649 raft_consensus.cc:606] T f4fcdcf229ec4a3ebdb9af04d4111211 P 960ef715c10848d8aaa759dd9bebfd22 [term 3 LEADER]: Received request to transfer leadership to TS 31bb549ec0f54fa7bbee900fa399da3d
I20260710 11:01:51.103991  5773 raft_consensus.cc:993] T f4fcdcf229ec4a3ebdb9af04d4111211 P 960ef715c10848d8aaa759dd9bebfd22: : Instructing follower 31bb549ec0f54fa7bbee900fa399da3d to start an election
I20260710 11:01:51.104413  5773 raft_consensus.cc:1081] T f4fcdcf229ec4a3ebdb9af04d4111211 P 960ef715c10848d8aaa759dd9bebfd22 [term 3 LEADER]: Signalling peer 31bb549ec0f54fa7bbee900fa399da3d to start an election
I20260710 11:01:51.106092  5576 tablet_service.cc:2044] Received Run Leader Election RPC: tablet_id: "f4fcdcf229ec4a3ebdb9af04d4111211"
dest_uuid: "31bb549ec0f54fa7bbee900fa399da3d"
 from {username='slave'} at 127.0.0.1:55948
I20260710 11:01:51.106702  5576 raft_consensus.cc:493] T f4fcdcf229ec4a3ebdb9af04d4111211 P 31bb549ec0f54fa7bbee900fa399da3d [term 3 FOLLOWER]: Starting forced leader election (received explicit request)
I20260710 11:01:51.107148  5576 raft_consensus.cc:3060] T f4fcdcf229ec4a3ebdb9af04d4111211 P 31bb549ec0f54fa7bbee900fa399da3d [term 3 FOLLOWER]: Advancing to term 4
I20260710 11:01:51.114444  5576 raft_consensus.cc:515] T f4fcdcf229ec4a3ebdb9af04d4111211 P 31bb549ec0f54fa7bbee900fa399da3d [term 4 FOLLOWER]: Starting forced leader election with config: opid_index: -1 OBSOLETE_local: false peers { permanent_uuid: "31bb549ec0f54fa7bbee900fa399da3d" member_type: VOTER last_known_addr { host: "127.5.61.130" port: 42543 } } peers { permanent_uuid: "960ef715c10848d8aaa759dd9bebfd22" member_type: VOTER last_known_addr { host: "127.5.61.131" port: 33733 } } peers { permanent_uuid: "f5542df62901463798740528eee0bff5" member_type: VOTER last_known_addr { host: "127.5.61.129" port: 41101 } }
I20260710 11:01:51.117268  5649 tablet_service.cc:1917] Received RequestConsensusVote() RPC: tablet_id: "f4fcdcf229ec4a3ebdb9af04d4111211" candidate_uuid: "31bb549ec0f54fa7bbee900fa399da3d" candidate_term: 4 candidate_status { last_received { term: 3 index: 3 } } ignore_live_leader: true dest_uuid: "960ef715c10848d8aaa759dd9bebfd22"
I20260710 11:01:51.117833  5649 raft_consensus.cc:3055] T f4fcdcf229ec4a3ebdb9af04d4111211 P 960ef715c10848d8aaa759dd9bebfd22 [term 3 LEADER]: Stepping down as leader of term 3
I20260710 11:01:51.118150  5649 raft_consensus.cc:740] T f4fcdcf229ec4a3ebdb9af04d4111211 P 960ef715c10848d8aaa759dd9bebfd22 [term 3 LEADER]: Becoming Follower/Learner. State: Replica: 960ef715c10848d8aaa759dd9bebfd22, State: Running, Role: LEADER
I20260710 11:01:51.118919  5649 consensus_queue.cc:260] T f4fcdcf229ec4a3ebdb9af04d4111211 P 960ef715c10848d8aaa759dd9bebfd22 [NON_LEADER]: Queue going to NON_LEADER mode. State: All replicated index: 0, Majority replicated index: 3, Committed index: 3, Last appended: 3.3, Last appended by leader: 3, Current term: 3, Majority size: -1, State: 0, Mode: NON_LEADER, active raft config: opid_index: -1 OBSOLETE_local: false peers { permanent_uuid: "31bb549ec0f54fa7bbee900fa399da3d" member_type: VOTER last_known_addr { host: "127.5.61.130" port: 42543 } } peers { permanent_uuid: "960ef715c10848d8aaa759dd9bebfd22" member_type: VOTER last_known_addr { host: "127.5.61.131" port: 33733 } } peers { permanent_uuid: "f5542df62901463798740528eee0bff5" member_type: VOTER last_known_addr { host: "127.5.61.129" port: 41101 } }
I20260710 11:01:51.120419  5649 raft_consensus.cc:3060] T f4fcdcf229ec4a3ebdb9af04d4111211 P 960ef715c10848d8aaa759dd9bebfd22 [term 3 FOLLOWER]: Advancing to term 4
I20260710 11:01:51.127321  5649 raft_consensus.cc:2468] T f4fcdcf229ec4a3ebdb9af04d4111211 P 960ef715c10848d8aaa759dd9bebfd22 [term 4 FOLLOWER]: Leader election vote request: Granting yes vote for candidate 31bb549ec0f54fa7bbee900fa399da3d in term 4.
I20260710 11:01:51.128417  5576 leader_election.cc:290] T f4fcdcf229ec4a3ebdb9af04d4111211 P 31bb549ec0f54fa7bbee900fa399da3d [CANDIDATE]: Term 4 election: Requested vote from peers 960ef715c10848d8aaa759dd9bebfd22 (127.5.61.131:33733), f5542df62901463798740528eee0bff5 (127.5.61.129:41101)
I20260710 11:01:51.129032  5539 leader_election.cc:304] T f4fcdcf229ec4a3ebdb9af04d4111211 P 31bb549ec0f54fa7bbee900fa399da3d [CANDIDATE]: Term 4 election: Election decided. Result: candidate won. Election summary: received 2 responses out of 3 voters: 2 yes votes; 0 no votes. yes voters: 31bb549ec0f54fa7bbee900fa399da3d, 960ef715c10848d8aaa759dd9bebfd22; no voters: 
I20260710 11:01:51.130340  5781 raft_consensus.cc:2804] T f4fcdcf229ec4a3ebdb9af04d4111211 P 31bb549ec0f54fa7bbee900fa399da3d [term 4 FOLLOWER]: Leader election won for term 4
I20260710 11:01:51.130564  5501 tablet_service.cc:1917] Received RequestConsensusVote() RPC: tablet_id: "f4fcdcf229ec4a3ebdb9af04d4111211" candidate_uuid: "31bb549ec0f54fa7bbee900fa399da3d" candidate_term: 4 candidate_status { last_received { term: 3 index: 3 } } ignore_live_leader: true dest_uuid: "f5542df62901463798740528eee0bff5"
I20260710 11:01:51.131165  5501 raft_consensus.cc:3060] T f4fcdcf229ec4a3ebdb9af04d4111211 P f5542df62901463798740528eee0bff5 [term 3 FOLLOWER]: Advancing to term 4
I20260710 11:01:51.138873  5501 raft_consensus.cc:2468] T f4fcdcf229ec4a3ebdb9af04d4111211 P f5542df62901463798740528eee0bff5 [term 4 FOLLOWER]: Leader election vote request: Granting yes vote for candidate 31bb549ec0f54fa7bbee900fa399da3d in term 4.
I20260710 11:01:51.140877  5781 raft_consensus.cc:697] T f4fcdcf229ec4a3ebdb9af04d4111211 P 31bb549ec0f54fa7bbee900fa399da3d [term 4 LEADER]: Becoming Leader. State: Replica: 31bb549ec0f54fa7bbee900fa399da3d, State: Running, Role: LEADER
I20260710 11:01:51.141901  5781 consensus_queue.cc:237] T f4fcdcf229ec4a3ebdb9af04d4111211 P 31bb549ec0f54fa7bbee900fa399da3d [LEADER]: Queue going to LEADER mode. State: All replicated index: 0, Majority replicated index: 3, Committed index: 3, Last appended: 3.3, Last appended by leader: 3, Current term: 4, Majority size: 2, State: 0, Mode: LEADER, active raft config: opid_index: -1 OBSOLETE_local: false peers { permanent_uuid: "31bb549ec0f54fa7bbee900fa399da3d" member_type: VOTER last_known_addr { host: "127.5.61.130" port: 42543 } } peers { permanent_uuid: "960ef715c10848d8aaa759dd9bebfd22" member_type: VOTER last_known_addr { host: "127.5.61.131" port: 33733 } } peers { permanent_uuid: "f5542df62901463798740528eee0bff5" member_type: VOTER last_known_addr { host: "127.5.61.129" port: 41101 } }
I20260710 11:01:51.143731  5501 tablet_service.cc:2072] Received LeaderStepDown RPC: tablet_id: "c0d43822814c445d962346d41c500b09"
dest_uuid: "f5542df62901463798740528eee0bff5"
mode: GRACEFUL
new_leader_uuid: "31bb549ec0f54fa7bbee900fa399da3d"
 from {username='slave'} at 127.0.0.1:56026
I20260710 11:01:51.144351  5501 raft_consensus.cc:606] T c0d43822814c445d962346d41c500b09 P f5542df62901463798740528eee0bff5 [term 2 LEADER]: Received request to transfer leadership to TS 31bb549ec0f54fa7bbee900fa399da3d
I20260710 11:01:51.150079  5501 tablet_service.cc:2072] Received LeaderStepDown RPC: tablet_id: "9282b5aa7c5f49d69bb4716d0bc4380a"
dest_uuid: "f5542df62901463798740528eee0bff5"
mode: GRACEFUL
new_leader_uuid: "31bb549ec0f54fa7bbee900fa399da3d"
 from {username='slave'} at 127.0.0.1:56026
I20260710 11:01:51.149709  5397 catalog_manager.cc:5697] T f4fcdcf229ec4a3ebdb9af04d4111211 P 31bb549ec0f54fa7bbee900fa399da3d reported cstate change: term changed from 3 to 4, leader changed from 960ef715c10848d8aaa759dd9bebfd22 (127.5.61.131) to 31bb549ec0f54fa7bbee900fa399da3d (127.5.61.130). New cstate: current_term: 4 leader_uuid: "31bb549ec0f54fa7bbee900fa399da3d" committed_config { opid_index: -1 OBSOLETE_local: false peers { permanent_uuid: "31bb549ec0f54fa7bbee900fa399da3d" member_type: VOTER last_known_addr { host: "127.5.61.130" port: 42543 } health_report { overall_health: HEALTHY } } peers { permanent_uuid: "960ef715c10848d8aaa759dd9bebfd22" member_type: VOTER last_known_addr { host: "127.5.61.131" port: 33733 } health_report { overall_health: UNKNOWN } } peers { permanent_uuid: "f5542df62901463798740528eee0bff5" member_type: VOTER last_known_addr { host: "127.5.61.129" port: 41101 } health_report { overall_health: UNKNOWN } } }
I20260710 11:01:51.150655  5501 raft_consensus.cc:606] T 9282b5aa7c5f49d69bb4716d0bc4380a P f5542df62901463798740528eee0bff5 [term 2 LEADER]: Received request to transfer leadership to TS 31bb549ec0f54fa7bbee900fa399da3d
I20260710 11:01:51.155891  5501 tablet_service.cc:2072] Received LeaderStepDown RPC: tablet_id: "9c4ade9b0736493da54cc1d5c1e865c1"
dest_uuid: "f5542df62901463798740528eee0bff5"
mode: GRACEFUL
new_leader_uuid: "31bb549ec0f54fa7bbee900fa399da3d"
 from {username='slave'} at 127.0.0.1:56026
I20260710 11:01:51.156490  5501 raft_consensus.cc:606] T 9c4ade9b0736493da54cc1d5c1e865c1 P f5542df62901463798740528eee0bff5 [term 2 LEADER]: Received request to transfer leadership to TS 31bb549ec0f54fa7bbee900fa399da3d
I20260710 11:01:51.166527  5649 tablet_service.cc:2072] Received LeaderStepDown RPC: tablet_id: "903458b070cb41d68f6bdb5603b418a5"
dest_uuid: "960ef715c10848d8aaa759dd9bebfd22"
mode: GRACEFUL
new_leader_uuid: "31bb549ec0f54fa7bbee900fa399da3d"
 from {username='slave'} at 127.0.0.1:59800
I20260710 11:01:51.167114  5649 raft_consensus.cc:606] T 903458b070cb41d68f6bdb5603b418a5 P 960ef715c10848d8aaa759dd9bebfd22 [term 3 LEADER]: Received request to transfer leadership to TS 31bb549ec0f54fa7bbee900fa399da3d
I20260710 11:01:51.263109  5799 raft_consensus.cc:993] T 903458b070cb41d68f6bdb5603b418a5 P 960ef715c10848d8aaa759dd9bebfd22: : Instructing follower 31bb549ec0f54fa7bbee900fa399da3d to start an election
I20260710 11:01:51.263720  5773 raft_consensus.cc:1081] T 903458b070cb41d68f6bdb5603b418a5 P 960ef715c10848d8aaa759dd9bebfd22 [term 3 LEADER]: Signalling peer 31bb549ec0f54fa7bbee900fa399da3d to start an election
I20260710 11:01:51.265220  5576 tablet_service.cc:2044] Received Run Leader Election RPC: tablet_id: "903458b070cb41d68f6bdb5603b418a5"
dest_uuid: "31bb549ec0f54fa7bbee900fa399da3d"
 from {username='slave'} at 127.0.0.1:55948
I20260710 11:01:51.265883  5576 raft_consensus.cc:493] T 903458b070cb41d68f6bdb5603b418a5 P 31bb549ec0f54fa7bbee900fa399da3d [term 3 FOLLOWER]: Starting forced leader election (received explicit request)
I20260710 11:01:51.266212  5576 raft_consensus.cc:3060] T 903458b070cb41d68f6bdb5603b418a5 P 31bb549ec0f54fa7bbee900fa399da3d [term 3 FOLLOWER]: Advancing to term 4
I20260710 11:01:51.270895  5576 raft_consensus.cc:515] T 903458b070cb41d68f6bdb5603b418a5 P 31bb549ec0f54fa7bbee900fa399da3d [term 4 FOLLOWER]: Starting forced leader election with config: opid_index: -1 OBSOLETE_local: false peers { permanent_uuid: "f5542df62901463798740528eee0bff5" member_type: VOTER last_known_addr { host: "127.5.61.129" port: 41101 } } peers { permanent_uuid: "31bb549ec0f54fa7bbee900fa399da3d" member_type: VOTER last_known_addr { host: "127.5.61.130" port: 42543 } } peers { permanent_uuid: "960ef715c10848d8aaa759dd9bebfd22" member_type: VOTER last_known_addr { host: "127.5.61.131" port: 33733 } }
I20260710 11:01:51.272423  5576 leader_election.cc:290] T 903458b070cb41d68f6bdb5603b418a5 P 31bb549ec0f54fa7bbee900fa399da3d [CANDIDATE]: Term 4 election: Requested vote from peers f5542df62901463798740528eee0bff5 (127.5.61.129:41101), 960ef715c10848d8aaa759dd9bebfd22 (127.5.61.131:33733)
I20260710 11:01:51.273603  5501 tablet_service.cc:1917] Received RequestConsensusVote() RPC: tablet_id: "903458b070cb41d68f6bdb5603b418a5" candidate_uuid: "31bb549ec0f54fa7bbee900fa399da3d" candidate_term: 4 candidate_status { last_received { term: 3 index: 3 } } ignore_live_leader: true dest_uuid: "f5542df62901463798740528eee0bff5"
I20260710 11:01:51.273837  5649 tablet_service.cc:1917] Received RequestConsensusVote() RPC: tablet_id: "903458b070cb41d68f6bdb5603b418a5" candidate_uuid: "31bb549ec0f54fa7bbee900fa399da3d" candidate_term: 4 candidate_status { last_received { term: 3 index: 3 } } ignore_live_leader: true dest_uuid: "960ef715c10848d8aaa759dd9bebfd22"
I20260710 11:01:51.274341  5501 raft_consensus.cc:3060] T 903458b070cb41d68f6bdb5603b418a5 P f5542df62901463798740528eee0bff5 [term 3 FOLLOWER]: Advancing to term 4
I20260710 11:01:51.274477  5649 raft_consensus.cc:3055] T 903458b070cb41d68f6bdb5603b418a5 P 960ef715c10848d8aaa759dd9bebfd22 [term 3 LEADER]: Stepping down as leader of term 3
I20260710 11:01:51.274857  5649 raft_consensus.cc:740] T 903458b070cb41d68f6bdb5603b418a5 P 960ef715c10848d8aaa759dd9bebfd22 [term 3 LEADER]: Becoming Follower/Learner. State: Replica: 960ef715c10848d8aaa759dd9bebfd22, State: Running, Role: LEADER
I20260710 11:01:51.275772  5649 consensus_queue.cc:260] T 903458b070cb41d68f6bdb5603b418a5 P 960ef715c10848d8aaa759dd9bebfd22 [NON_LEADER]: Queue going to NON_LEADER mode. State: All replicated index: 0, Majority replicated index: 3, Committed index: 3, Last appended: 3.3, Last appended by leader: 3, Current term: 3, Majority size: -1, State: 0, Mode: NON_LEADER, active raft config: opid_index: -1 OBSOLETE_local: false peers { permanent_uuid: "f5542df62901463798740528eee0bff5" member_type: VOTER last_known_addr { host: "127.5.61.129" port: 41101 } } peers { permanent_uuid: "31bb549ec0f54fa7bbee900fa399da3d" member_type: VOTER last_known_addr { host: "127.5.61.130" port: 42543 } } peers { permanent_uuid: "960ef715c10848d8aaa759dd9bebfd22" member_type: VOTER last_known_addr { host: "127.5.61.131" port: 33733 } }
I20260710 11:01:51.277067  5649 raft_consensus.cc:3060] T 903458b070cb41d68f6bdb5603b418a5 P 960ef715c10848d8aaa759dd9bebfd22 [term 3 FOLLOWER]: Advancing to term 4
I20260710 11:01:51.279495  5501 raft_consensus.cc:2468] T 903458b070cb41d68f6bdb5603b418a5 P f5542df62901463798740528eee0bff5 [term 4 FOLLOWER]: Leader election vote request: Granting yes vote for candidate 31bb549ec0f54fa7bbee900fa399da3d in term 4.
I20260710 11:01:51.280464  5539 leader_election.cc:304] T 903458b070cb41d68f6bdb5603b418a5 P 31bb549ec0f54fa7bbee900fa399da3d [CANDIDATE]: Term 4 election: Election decided. Result: candidate won. Election summary: received 2 responses out of 3 voters: 2 yes votes; 0 no votes. yes voters: 31bb549ec0f54fa7bbee900fa399da3d, f5542df62901463798740528eee0bff5; no voters: 
I20260710 11:01:51.281113  5781 raft_consensus.cc:2804] T 903458b070cb41d68f6bdb5603b418a5 P 31bb549ec0f54fa7bbee900fa399da3d [term 4 FOLLOWER]: Leader election won for term 4
I20260710 11:01:51.281520  5781 raft_consensus.cc:697] T 903458b070cb41d68f6bdb5603b418a5 P 31bb549ec0f54fa7bbee900fa399da3d [term 4 LEADER]: Becoming Leader. State: Replica: 31bb549ec0f54fa7bbee900fa399da3d, State: Running, Role: LEADER
I20260710 11:01:51.282266  5781 consensus_queue.cc:237] T 903458b070cb41d68f6bdb5603b418a5 P 31bb549ec0f54fa7bbee900fa399da3d [LEADER]: Queue going to LEADER mode. State: All replicated index: 0, Majority replicated index: 3, Committed index: 3, Last appended: 3.3, Last appended by leader: 3, Current term: 4, Majority size: 2, State: 0, Mode: LEADER, active raft config: opid_index: -1 OBSOLETE_local: false peers { permanent_uuid: "f5542df62901463798740528eee0bff5" member_type: VOTER last_known_addr { host: "127.5.61.129" port: 41101 } } peers { permanent_uuid: "31bb549ec0f54fa7bbee900fa399da3d" member_type: VOTER last_known_addr { host: "127.5.61.130" port: 42543 } } peers { permanent_uuid: "960ef715c10848d8aaa759dd9bebfd22" member_type: VOTER last_known_addr { host: "127.5.61.131" port: 33733 } }
I20260710 11:01:51.283953  5649 raft_consensus.cc:2468] T 903458b070cb41d68f6bdb5603b418a5 P 960ef715c10848d8aaa759dd9bebfd22 [term 4 FOLLOWER]: Leader election vote request: Granting yes vote for candidate 31bb549ec0f54fa7bbee900fa399da3d in term 4.
I20260710 11:01:51.288617  5397 catalog_manager.cc:5697] T 903458b070cb41d68f6bdb5603b418a5 P 31bb549ec0f54fa7bbee900fa399da3d reported cstate change: term changed from 3 to 4, leader changed from 960ef715c10848d8aaa759dd9bebfd22 (127.5.61.131) to 31bb549ec0f54fa7bbee900fa399da3d (127.5.61.130). New cstate: current_term: 4 leader_uuid: "31bb549ec0f54fa7bbee900fa399da3d" committed_config { opid_index: -1 OBSOLETE_local: false peers { permanent_uuid: "f5542df62901463798740528eee0bff5" member_type: VOTER last_known_addr { host: "127.5.61.129" port: 41101 } health_report { overall_health: UNKNOWN } } peers { permanent_uuid: "31bb549ec0f54fa7bbee900fa399da3d" member_type: VOTER last_known_addr { host: "127.5.61.130" port: 42543 } health_report { overall_health: HEALTHY } } peers { permanent_uuid: "960ef715c10848d8aaa759dd9bebfd22" member_type: VOTER last_known_addr { host: "127.5.61.131" port: 33733 } health_report { overall_health: UNKNOWN } } }
I20260710 11:01:51.448804  5807 raft_consensus.cc:993] T 9c4ade9b0736493da54cc1d5c1e865c1 P f5542df62901463798740528eee0bff5: : Instructing follower 31bb549ec0f54fa7bbee900fa399da3d to start an election
I20260710 11:01:51.449332  5702 raft_consensus.cc:1081] T 9c4ade9b0736493da54cc1d5c1e865c1 P f5542df62901463798740528eee0bff5 [term 2 LEADER]: Signalling peer 31bb549ec0f54fa7bbee900fa399da3d to start an election
I20260710 11:01:51.450943  5576 tablet_service.cc:2044] Received Run Leader Election RPC: tablet_id: "9c4ade9b0736493da54cc1d5c1e865c1"
dest_uuid: "31bb549ec0f54fa7bbee900fa399da3d"
 from {username='slave'} at 127.0.0.1:55960
I20260710 11:01:51.451413  5576 raft_consensus.cc:493] T 9c4ade9b0736493da54cc1d5c1e865c1 P 31bb549ec0f54fa7bbee900fa399da3d [term 2 FOLLOWER]: Starting forced leader election (received explicit request)
I20260710 11:01:51.451740  5576 raft_consensus.cc:3060] T 9c4ade9b0736493da54cc1d5c1e865c1 P 31bb549ec0f54fa7bbee900fa399da3d [term 2 FOLLOWER]: Advancing to term 3
I20260710 11:01:51.456120  5576 raft_consensus.cc:515] T 9c4ade9b0736493da54cc1d5c1e865c1 P 31bb549ec0f54fa7bbee900fa399da3d [term 3 FOLLOWER]: Starting forced leader election with config: opid_index: -1 OBSOLETE_local: false peers { permanent_uuid: "f5542df62901463798740528eee0bff5" member_type: VOTER last_known_addr { host: "127.5.61.129" port: 41101 } } peers { permanent_uuid: "31bb549ec0f54fa7bbee900fa399da3d" member_type: VOTER last_known_addr { host: "127.5.61.130" port: 42543 } } peers { permanent_uuid: "960ef715c10848d8aaa759dd9bebfd22" member_type: VOTER last_known_addr { host: "127.5.61.131" port: 33733 } }
I20260710 11:01:51.457705  5576 leader_election.cc:290] T 9c4ade9b0736493da54cc1d5c1e865c1 P 31bb549ec0f54fa7bbee900fa399da3d [CANDIDATE]: Term 3 election: Requested vote from peers f5542df62901463798740528eee0bff5 (127.5.61.129:41101), 960ef715c10848d8aaa759dd9bebfd22 (127.5.61.131:33733)
I20260710 11:01:51.458415  5501 tablet_service.cc:1917] Received RequestConsensusVote() RPC: tablet_id: "9c4ade9b0736493da54cc1d5c1e865c1" candidate_uuid: "31bb549ec0f54fa7bbee900fa399da3d" candidate_term: 3 candidate_status { last_received { term: 2 index: 2 } } ignore_live_leader: true dest_uuid: "f5542df62901463798740528eee0bff5"
I20260710 11:01:51.458730  5649 tablet_service.cc:1917] Received RequestConsensusVote() RPC: tablet_id: "9c4ade9b0736493da54cc1d5c1e865c1" candidate_uuid: "31bb549ec0f54fa7bbee900fa399da3d" candidate_term: 3 candidate_status { last_received { term: 2 index: 2 } } ignore_live_leader: true dest_uuid: "960ef715c10848d8aaa759dd9bebfd22"
I20260710 11:01:51.459002  5501 raft_consensus.cc:3055] T 9c4ade9b0736493da54cc1d5c1e865c1 P f5542df62901463798740528eee0bff5 [term 2 LEADER]: Stepping down as leader of term 2
I20260710 11:01:51.459388  5649 raft_consensus.cc:3060] T 9c4ade9b0736493da54cc1d5c1e865c1 P 960ef715c10848d8aaa759dd9bebfd22 [term 2 FOLLOWER]: Advancing to term 3
I20260710 11:01:51.459410  5501 raft_consensus.cc:740] T 9c4ade9b0736493da54cc1d5c1e865c1 P f5542df62901463798740528eee0bff5 [term 2 LEADER]: Becoming Follower/Learner. State: Replica: f5542df62901463798740528eee0bff5, State: Running, Role: LEADER
I20260710 11:01:51.460429  5501 consensus_queue.cc:260] T 9c4ade9b0736493da54cc1d5c1e865c1 P f5542df62901463798740528eee0bff5 [NON_LEADER]: Queue going to NON_LEADER mode. State: All replicated index: 0, Majority replicated index: 2, Committed index: 2, Last appended: 2.2, Last appended by leader: 2, Current term: 2, Majority size: -1, State: 0, Mode: NON_LEADER, active raft config: opid_index: -1 OBSOLETE_local: false peers { permanent_uuid: "f5542df62901463798740528eee0bff5" member_type: VOTER last_known_addr { host: "127.5.61.129" port: 41101 } } peers { permanent_uuid: "31bb549ec0f54fa7bbee900fa399da3d" member_type: VOTER last_known_addr { host: "127.5.61.130" port: 42543 } } peers { permanent_uuid: "960ef715c10848d8aaa759dd9bebfd22" member_type: VOTER last_known_addr { host: "127.5.61.131" port: 33733 } }
I20260710 11:01:51.461719  5501 raft_consensus.cc:3060] T 9c4ade9b0736493da54cc1d5c1e865c1 P f5542df62901463798740528eee0bff5 [term 2 FOLLOWER]: Advancing to term 3
I20260710 11:01:51.465027  5649 raft_consensus.cc:2468] T 9c4ade9b0736493da54cc1d5c1e865c1 P 960ef715c10848d8aaa759dd9bebfd22 [term 3 FOLLOWER]: Leader election vote request: Granting yes vote for candidate 31bb549ec0f54fa7bbee900fa399da3d in term 3.
I20260710 11:01:51.466285  5539 leader_election.cc:304] T 9c4ade9b0736493da54cc1d5c1e865c1 P 31bb549ec0f54fa7bbee900fa399da3d [CANDIDATE]: Term 3 election: Election decided. Result: candidate won. Election summary: received 2 responses out of 3 voters: 2 yes votes; 0 no votes. yes voters: 31bb549ec0f54fa7bbee900fa399da3d, 960ef715c10848d8aaa759dd9bebfd22; no voters: 
I20260710 11:01:51.467013  5781 raft_consensus.cc:2804] T 9c4ade9b0736493da54cc1d5c1e865c1 P 31bb549ec0f54fa7bbee900fa399da3d [term 3 FOLLOWER]: Leader election won for term 3
I20260710 11:01:51.467469  5781 raft_consensus.cc:697] T 9c4ade9b0736493da54cc1d5c1e865c1 P 31bb549ec0f54fa7bbee900fa399da3d [term 3 LEADER]: Becoming Leader. State: Replica: 31bb549ec0f54fa7bbee900fa399da3d, State: Running, Role: LEADER
I20260710 11:01:51.468343  5781 consensus_queue.cc:237] T 9c4ade9b0736493da54cc1d5c1e865c1 P 31bb549ec0f54fa7bbee900fa399da3d [LEADER]: Queue going to LEADER mode. State: All replicated index: 0, Majority replicated index: 2, Committed index: 2, Last appended: 2.2, Last appended by leader: 2, Current term: 3, Majority size: 2, State: 0, Mode: LEADER, active raft config: opid_index: -1 OBSOLETE_local: false peers { permanent_uuid: "f5542df62901463798740528eee0bff5" member_type: VOTER last_known_addr { host: "127.5.61.129" port: 41101 } } peers { permanent_uuid: "31bb549ec0f54fa7bbee900fa399da3d" member_type: VOTER last_known_addr { host: "127.5.61.130" port: 42543 } } peers { permanent_uuid: "960ef715c10848d8aaa759dd9bebfd22" member_type: VOTER last_known_addr { host: "127.5.61.131" port: 33733 } }
I20260710 11:01:51.469612  5501 raft_consensus.cc:2468] T 9c4ade9b0736493da54cc1d5c1e865c1 P f5542df62901463798740528eee0bff5 [term 3 FOLLOWER]: Leader election vote request: Granting yes vote for candidate 31bb549ec0f54fa7bbee900fa399da3d in term 3.
I20260710 11:01:51.476215  5397 catalog_manager.cc:5697] T 9c4ade9b0736493da54cc1d5c1e865c1 P 31bb549ec0f54fa7bbee900fa399da3d reported cstate change: term changed from 2 to 3, leader changed from f5542df62901463798740528eee0bff5 (127.5.61.129) to 31bb549ec0f54fa7bbee900fa399da3d (127.5.61.130). New cstate: current_term: 3 leader_uuid: "31bb549ec0f54fa7bbee900fa399da3d" committed_config { opid_index: -1 OBSOLETE_local: false peers { permanent_uuid: "f5542df62901463798740528eee0bff5" member_type: VOTER last_known_addr { host: "127.5.61.129" port: 41101 } health_report { overall_health: UNKNOWN } } peers { permanent_uuid: "31bb549ec0f54fa7bbee900fa399da3d" member_type: VOTER last_known_addr { host: "127.5.61.130" port: 42543 } health_report { overall_health: HEALTHY } } peers { permanent_uuid: "960ef715c10848d8aaa759dd9bebfd22" member_type: VOTER last_known_addr { host: "127.5.61.131" port: 33733 } health_report { overall_health: UNKNOWN } } }
I20260710 11:01:51.559782  5807 raft_consensus.cc:993] T 9282b5aa7c5f49d69bb4716d0bc4380a P f5542df62901463798740528eee0bff5: : Instructing follower 31bb549ec0f54fa7bbee900fa399da3d to start an election
I20260710 11:01:51.560575  5702 raft_consensus.cc:1081] T 9282b5aa7c5f49d69bb4716d0bc4380a P f5542df62901463798740528eee0bff5 [term 2 LEADER]: Signalling peer 31bb549ec0f54fa7bbee900fa399da3d to start an election
I20260710 11:01:51.562167  5576 tablet_service.cc:2044] Received Run Leader Election RPC: tablet_id: "9282b5aa7c5f49d69bb4716d0bc4380a"
dest_uuid: "31bb549ec0f54fa7bbee900fa399da3d"
 from {username='slave'} at 127.0.0.1:55960
I20260710 11:01:51.562635  5576 raft_consensus.cc:493] T 9282b5aa7c5f49d69bb4716d0bc4380a P 31bb549ec0f54fa7bbee900fa399da3d [term 2 FOLLOWER]: Starting forced leader election (received explicit request)
I20260710 11:01:51.562954  5576 raft_consensus.cc:3060] T 9282b5aa7c5f49d69bb4716d0bc4380a P 31bb549ec0f54fa7bbee900fa399da3d [term 2 FOLLOWER]: Advancing to term 3
I20260710 11:01:51.567198  5576 raft_consensus.cc:515] T 9282b5aa7c5f49d69bb4716d0bc4380a P 31bb549ec0f54fa7bbee900fa399da3d [term 3 FOLLOWER]: Starting forced leader election with config: opid_index: -1 OBSOLETE_local: false peers { permanent_uuid: "f5542df62901463798740528eee0bff5" member_type: VOTER last_known_addr { host: "127.5.61.129" port: 41101 } } peers { permanent_uuid: "31bb549ec0f54fa7bbee900fa399da3d" member_type: VOTER last_known_addr { host: "127.5.61.130" port: 42543 } } peers { permanent_uuid: "960ef715c10848d8aaa759dd9bebfd22" member_type: VOTER last_known_addr { host: "127.5.61.131" port: 33733 } }
I20260710 11:01:51.568641  5576 leader_election.cc:290] T 9282b5aa7c5f49d69bb4716d0bc4380a P 31bb549ec0f54fa7bbee900fa399da3d [CANDIDATE]: Term 3 election: Requested vote from peers f5542df62901463798740528eee0bff5 (127.5.61.129:41101), 960ef715c10848d8aaa759dd9bebfd22 (127.5.61.131:33733)
I20260710 11:01:51.569648  5501 tablet_service.cc:1917] Received RequestConsensusVote() RPC: tablet_id: "9282b5aa7c5f49d69bb4716d0bc4380a" candidate_uuid: "31bb549ec0f54fa7bbee900fa399da3d" candidate_term: 3 candidate_status { last_received { term: 2 index: 2 } } ignore_live_leader: true dest_uuid: "f5542df62901463798740528eee0bff5"
I20260710 11:01:51.569911  5649 tablet_service.cc:1917] Received RequestConsensusVote() RPC: tablet_id: "9282b5aa7c5f49d69bb4716d0bc4380a" candidate_uuid: "31bb549ec0f54fa7bbee900fa399da3d" candidate_term: 3 candidate_status { last_received { term: 2 index: 2 } } ignore_live_leader: true dest_uuid: "960ef715c10848d8aaa759dd9bebfd22"
I20260710 11:01:51.570243  5501 raft_consensus.cc:3055] T 9282b5aa7c5f49d69bb4716d0bc4380a P f5542df62901463798740528eee0bff5 [term 2 LEADER]: Stepping down as leader of term 2
I20260710 11:01:51.570410  5649 raft_consensus.cc:3060] T 9282b5aa7c5f49d69bb4716d0bc4380a P 960ef715c10848d8aaa759dd9bebfd22 [term 2 FOLLOWER]: Advancing to term 3
I20260710 11:01:51.570566  5501 raft_consensus.cc:740] T 9282b5aa7c5f49d69bb4716d0bc4380a P f5542df62901463798740528eee0bff5 [term 2 LEADER]: Becoming Follower/Learner. State: Replica: f5542df62901463798740528eee0bff5, State: Running, Role: LEADER
I20260710 11:01:51.571292  5501 consensus_queue.cc:260] T 9282b5aa7c5f49d69bb4716d0bc4380a P f5542df62901463798740528eee0bff5 [NON_LEADER]: Queue going to NON_LEADER mode. State: All replicated index: 0, Majority replicated index: 2, Committed index: 2, Last appended: 2.2, Last appended by leader: 2, Current term: 2, Majority size: -1, State: 0, Mode: NON_LEADER, active raft config: opid_index: -1 OBSOLETE_local: false peers { permanent_uuid: "f5542df62901463798740528eee0bff5" member_type: VOTER last_known_addr { host: "127.5.61.129" port: 41101 } } peers { permanent_uuid: "31bb549ec0f54fa7bbee900fa399da3d" member_type: VOTER last_known_addr { host: "127.5.61.130" port: 42543 } } peers { permanent_uuid: "960ef715c10848d8aaa759dd9bebfd22" member_type: VOTER last_known_addr { host: "127.5.61.131" port: 33733 } }
I20260710 11:01:51.572372  5501 raft_consensus.cc:3060] T 9282b5aa7c5f49d69bb4716d0bc4380a P f5542df62901463798740528eee0bff5 [term 2 FOLLOWER]: Advancing to term 3
I20260710 11:01:51.576680  5649 raft_consensus.cc:2468] T 9282b5aa7c5f49d69bb4716d0bc4380a P 960ef715c10848d8aaa759dd9bebfd22 [term 3 FOLLOWER]: Leader election vote request: Granting yes vote for candidate 31bb549ec0f54fa7bbee900fa399da3d in term 3.
I20260710 11:01:51.577696  5539 leader_election.cc:304] T 9282b5aa7c5f49d69bb4716d0bc4380a P 31bb549ec0f54fa7bbee900fa399da3d [CANDIDATE]: Term 3 election: Election decided. Result: candidate won. Election summary: received 2 responses out of 3 voters: 2 yes votes; 0 no votes. yes voters: 31bb549ec0f54fa7bbee900fa399da3d, 960ef715c10848d8aaa759dd9bebfd22; no voters: 
I20260710 11:01:51.578239  5501 raft_consensus.cc:2468] T 9282b5aa7c5f49d69bb4716d0bc4380a P f5542df62901463798740528eee0bff5 [term 3 FOLLOWER]: Leader election vote request: Granting yes vote for candidate 31bb549ec0f54fa7bbee900fa399da3d in term 3.
I20260710 11:01:51.578526  5781 raft_consensus.cc:2804] T 9282b5aa7c5f49d69bb4716d0bc4380a P 31bb549ec0f54fa7bbee900fa399da3d [term 3 FOLLOWER]: Leader election won for term 3
I20260710 11:01:51.579295  5781 raft_consensus.cc:697] T 9282b5aa7c5f49d69bb4716d0bc4380a P 31bb549ec0f54fa7bbee900fa399da3d [term 3 LEADER]: Becoming Leader. State: Replica: 31bb549ec0f54fa7bbee900fa399da3d, State: Running, Role: LEADER
I20260710 11:01:51.580183  5781 consensus_queue.cc:237] T 9282b5aa7c5f49d69bb4716d0bc4380a P 31bb549ec0f54fa7bbee900fa399da3d [LEADER]: Queue going to LEADER mode. State: All replicated index: 0, Majority replicated index: 2, Committed index: 2, Last appended: 2.2, Last appended by leader: 2, Current term: 3, Majority size: 2, State: 0, Mode: LEADER, active raft config: opid_index: -1 OBSOLETE_local: false peers { permanent_uuid: "f5542df62901463798740528eee0bff5" member_type: VOTER last_known_addr { host: "127.5.61.129" port: 41101 } } peers { permanent_uuid: "31bb549ec0f54fa7bbee900fa399da3d" member_type: VOTER last_known_addr { host: "127.5.61.130" port: 42543 } } peers { permanent_uuid: "960ef715c10848d8aaa759dd9bebfd22" member_type: VOTER last_known_addr { host: "127.5.61.131" port: 33733 } }
I20260710 11:01:51.588567  5397 catalog_manager.cc:5697] T 9282b5aa7c5f49d69bb4716d0bc4380a P 31bb549ec0f54fa7bbee900fa399da3d reported cstate change: term changed from 2 to 3, leader changed from f5542df62901463798740528eee0bff5 (127.5.61.129) to 31bb549ec0f54fa7bbee900fa399da3d (127.5.61.130). New cstate: current_term: 3 leader_uuid: "31bb549ec0f54fa7bbee900fa399da3d" committed_config { opid_index: -1 OBSOLETE_local: false peers { permanent_uuid: "f5542df62901463798740528eee0bff5" member_type: VOTER last_known_addr { host: "127.5.61.129" port: 41101 } health_report { overall_health: UNKNOWN } } peers { permanent_uuid: "31bb549ec0f54fa7bbee900fa399da3d" member_type: VOTER last_known_addr { host: "127.5.61.130" port: 42543 } health_report { overall_health: HEALTHY } } peers { permanent_uuid: "960ef715c10848d8aaa759dd9bebfd22" member_type: VOTER last_known_addr { host: "127.5.61.131" port: 33733 } health_report { overall_health: UNKNOWN } } }
I20260710 11:01:51.618552  5501 raft_consensus.cc:1275] T f4fcdcf229ec4a3ebdb9af04d4111211 P f5542df62901463798740528eee0bff5 [term 4 FOLLOWER]: Refusing update from remote peer 31bb549ec0f54fa7bbee900fa399da3d: Log matching property violated. Preceding OpId in replica: term: 3 index: 3. Preceding OpId from leader: term: 4 index: 4. (index mismatch)
I20260710 11:01:51.620114  5803 consensus_queue.cc:1048] T f4fcdcf229ec4a3ebdb9af04d4111211 P 31bb549ec0f54fa7bbee900fa399da3d [LEADER]: Connected to new peer: Peer: permanent_uuid: "f5542df62901463798740528eee0bff5" member_type: VOTER last_known_addr { host: "127.5.61.129" port: 41101 }, Status: LMP_MISMATCH, Last received: 0.0, Next index: 4, Last known committed idx: 3, Time since last communication: 0.000s
I20260710 11:01:51.633559  5649 raft_consensus.cc:1275] T f4fcdcf229ec4a3ebdb9af04d4111211 P 960ef715c10848d8aaa759dd9bebfd22 [term 4 FOLLOWER]: Refusing update from remote peer 31bb549ec0f54fa7bbee900fa399da3d: Log matching property violated. Preceding OpId in replica: term: 3 index: 3. Preceding OpId from leader: term: 4 index: 4. (index mismatch)
I20260710 11:01:51.635080  5781 consensus_queue.cc:1048] T f4fcdcf229ec4a3ebdb9af04d4111211 P 31bb549ec0f54fa7bbee900fa399da3d [LEADER]: Connected to new peer: Peer: permanent_uuid: "960ef715c10848d8aaa759dd9bebfd22" member_type: VOTER last_known_addr { host: "127.5.61.131" port: 33733 }, Status: LMP_MISMATCH, Last received: 0.0, Next index: 4, Last known committed idx: 3, Time since last communication: 0.000s
I20260710 11:01:51.641045  5807 raft_consensus.cc:993] T c0d43822814c445d962346d41c500b09 P f5542df62901463798740528eee0bff5: : Instructing follower 31bb549ec0f54fa7bbee900fa399da3d to start an election
I20260710 11:01:51.641462  5807 raft_consensus.cc:1081] T c0d43822814c445d962346d41c500b09 P f5542df62901463798740528eee0bff5 [term 2 LEADER]: Signalling peer 31bb549ec0f54fa7bbee900fa399da3d to start an election
I20260710 11:01:51.644975  5576 tablet_service.cc:2044] Received Run Leader Election RPC: tablet_id: "c0d43822814c445d962346d41c500b09"
dest_uuid: "31bb549ec0f54fa7bbee900fa399da3d"
 from {username='slave'} at 127.0.0.1:55960
I20260710 11:01:51.646689  5576 raft_consensus.cc:493] T c0d43822814c445d962346d41c500b09 P 31bb549ec0f54fa7bbee900fa399da3d [term 2 FOLLOWER]: Starting forced leader election (received explicit request)
I20260710 11:01:51.650641  5576 raft_consensus.cc:3060] T c0d43822814c445d962346d41c500b09 P 31bb549ec0f54fa7bbee900fa399da3d [term 2 FOLLOWER]: Advancing to term 3
I20260710 11:01:51.659150  5576 raft_consensus.cc:515] T c0d43822814c445d962346d41c500b09 P 31bb549ec0f54fa7bbee900fa399da3d [term 3 FOLLOWER]: Starting forced leader election with config: opid_index: -1 OBSOLETE_local: false peers { permanent_uuid: "f5542df62901463798740528eee0bff5" member_type: VOTER last_known_addr { host: "127.5.61.129" port: 41101 } } peers { permanent_uuid: "31bb549ec0f54fa7bbee900fa399da3d" member_type: VOTER last_known_addr { host: "127.5.61.130" port: 42543 } } peers { permanent_uuid: "960ef715c10848d8aaa759dd9bebfd22" member_type: VOTER last_known_addr { host: "127.5.61.131" port: 33733 } }
I20260710 11:01:51.661321  5576 leader_election.cc:290] T c0d43822814c445d962346d41c500b09 P 31bb549ec0f54fa7bbee900fa399da3d [CANDIDATE]: Term 3 election: Requested vote from peers f5542df62901463798740528eee0bff5 (127.5.61.129:41101), 960ef715c10848d8aaa759dd9bebfd22 (127.5.61.131:33733)
I20260710 11:01:51.662047  5501 tablet_service.cc:1917] Received RequestConsensusVote() RPC: tablet_id: "c0d43822814c445d962346d41c500b09" candidate_uuid: "31bb549ec0f54fa7bbee900fa399da3d" candidate_term: 3 candidate_status { last_received { term: 2 index: 2 } } ignore_live_leader: true dest_uuid: "f5542df62901463798740528eee0bff5"
I20260710 11:01:51.662575  5501 raft_consensus.cc:3055] T c0d43822814c445d962346d41c500b09 P f5542df62901463798740528eee0bff5 [term 2 LEADER]: Stepping down as leader of term 2
I20260710 11:01:51.662870  5501 raft_consensus.cc:740] T c0d43822814c445d962346d41c500b09 P f5542df62901463798740528eee0bff5 [term 2 LEADER]: Becoming Follower/Learner. State: Replica: f5542df62901463798740528eee0bff5, State: Running, Role: LEADER
I20260710 11:01:51.663383  5650 tablet_service.cc:1917] Received RequestConsensusVote() RPC: tablet_id: "c0d43822814c445d962346d41c500b09" candidate_uuid: "31bb549ec0f54fa7bbee900fa399da3d" candidate_term: 3 candidate_status { last_received { term: 2 index: 2 } } ignore_live_leader: true dest_uuid: "960ef715c10848d8aaa759dd9bebfd22"
I20260710 11:01:51.663954  5650 raft_consensus.cc:3060] T c0d43822814c445d962346d41c500b09 P 960ef715c10848d8aaa759dd9bebfd22 [term 2 FOLLOWER]: Advancing to term 3
I20260710 11:01:51.663568  5501 consensus_queue.cc:260] T c0d43822814c445d962346d41c500b09 P f5542df62901463798740528eee0bff5 [NON_LEADER]: Queue going to NON_LEADER mode. State: All replicated index: 0, Majority replicated index: 2, Committed index: 2, Last appended: 2.2, Last appended by leader: 2, Current term: 2, Majority size: -1, State: 0, Mode: NON_LEADER, active raft config: opid_index: -1 OBSOLETE_local: false peers { permanent_uuid: "f5542df62901463798740528eee0bff5" member_type: VOTER last_known_addr { host: "127.5.61.129" port: 41101 } } peers { permanent_uuid: "31bb549ec0f54fa7bbee900fa399da3d" member_type: VOTER last_known_addr { host: "127.5.61.130" port: 42543 } } peers { permanent_uuid: "960ef715c10848d8aaa759dd9bebfd22" member_type: VOTER last_known_addr { host: "127.5.61.131" port: 33733 } }
I20260710 11:01:51.668354  5501 raft_consensus.cc:3060] T c0d43822814c445d962346d41c500b09 P f5542df62901463798740528eee0bff5 [term 2 FOLLOWER]: Advancing to term 3
I20260710 11:01:51.669996  5650 raft_consensus.cc:2468] T c0d43822814c445d962346d41c500b09 P 960ef715c10848d8aaa759dd9bebfd22 [term 3 FOLLOWER]: Leader election vote request: Granting yes vote for candidate 31bb549ec0f54fa7bbee900fa399da3d in term 3.
I20260710 11:01:51.670907  5539 leader_election.cc:304] T c0d43822814c445d962346d41c500b09 P 31bb549ec0f54fa7bbee900fa399da3d [CANDIDATE]: Term 3 election: Election decided. Result: candidate won. Election summary: received 2 responses out of 3 voters: 2 yes votes; 0 no votes. yes voters: 31bb549ec0f54fa7bbee900fa399da3d, 960ef715c10848d8aaa759dd9bebfd22; no voters: 
I20260710 11:01:51.671556  5803 raft_consensus.cc:2804] T c0d43822814c445d962346d41c500b09 P 31bb549ec0f54fa7bbee900fa399da3d [term 3 FOLLOWER]: Leader election won for term 3
I20260710 11:01:51.672058  5803 raft_consensus.cc:697] T c0d43822814c445d962346d41c500b09 P 31bb549ec0f54fa7bbee900fa399da3d [term 3 LEADER]: Becoming Leader. State: Replica: 31bb549ec0f54fa7bbee900fa399da3d, State: Running, Role: LEADER
I20260710 11:01:51.673120  5803 consensus_queue.cc:237] T c0d43822814c445d962346d41c500b09 P 31bb549ec0f54fa7bbee900fa399da3d [LEADER]: Queue going to LEADER mode. State: All replicated index: 0, Majority replicated index: 2, Committed index: 2, Last appended: 2.2, Last appended by leader: 2, Current term: 3, Majority size: 2, State: 0, Mode: LEADER, active raft config: opid_index: -1 OBSOLETE_local: false peers { permanent_uuid: "f5542df62901463798740528eee0bff5" member_type: VOTER last_known_addr { host: "127.5.61.129" port: 41101 } } peers { permanent_uuid: "31bb549ec0f54fa7bbee900fa399da3d" member_type: VOTER last_known_addr { host: "127.5.61.130" port: 42543 } } peers { permanent_uuid: "960ef715c10848d8aaa759dd9bebfd22" member_type: VOTER last_known_addr { host: "127.5.61.131" port: 33733 } }
I20260710 11:01:51.675508  5501 raft_consensus.cc:2468] T c0d43822814c445d962346d41c500b09 P f5542df62901463798740528eee0bff5 [term 3 FOLLOWER]: Leader election vote request: Granting yes vote for candidate 31bb549ec0f54fa7bbee900fa399da3d in term 3.
I20260710 11:01:51.687716  5397 catalog_manager.cc:5697] T c0d43822814c445d962346d41c500b09 P 31bb549ec0f54fa7bbee900fa399da3d reported cstate change: term changed from 2 to 3, leader changed from f5542df62901463798740528eee0bff5 (127.5.61.129) to 31bb549ec0f54fa7bbee900fa399da3d (127.5.61.130). New cstate: current_term: 3 leader_uuid: "31bb549ec0f54fa7bbee900fa399da3d" committed_config { opid_index: -1 OBSOLETE_local: false peers { permanent_uuid: "f5542df62901463798740528eee0bff5" member_type: VOTER last_known_addr { host: "127.5.61.129" port: 41101 } health_report { overall_health: UNKNOWN } } peers { permanent_uuid: "31bb549ec0f54fa7bbee900fa399da3d" member_type: VOTER last_known_addr { host: "127.5.61.130" port: 42543 } health_report { overall_health: HEALTHY } } peers { permanent_uuid: "960ef715c10848d8aaa759dd9bebfd22" member_type: VOTER last_known_addr { host: "127.5.61.131" port: 33733 } health_report { overall_health: UNKNOWN } } }
I20260710 11:01:51.816901  5501 raft_consensus.cc:1275] T 903458b070cb41d68f6bdb5603b418a5 P f5542df62901463798740528eee0bff5 [term 4 FOLLOWER]: Refusing update from remote peer 31bb549ec0f54fa7bbee900fa399da3d: Log matching property violated. Preceding OpId in replica: term: 3 index: 3. Preceding OpId from leader: term: 4 index: 4. (index mismatch)
I20260710 11:01:51.818039  5803 consensus_queue.cc:1048] T 903458b070cb41d68f6bdb5603b418a5 P 31bb549ec0f54fa7bbee900fa399da3d [LEADER]: Connected to new peer: Peer: permanent_uuid: "f5542df62901463798740528eee0bff5" member_type: VOTER last_known_addr { host: "127.5.61.129" port: 41101 }, Status: LMP_MISMATCH, Last received: 0.0, Next index: 4, Last known committed idx: 3, Time since last communication: 0.000s
I20260710 11:01:51.833660  5650 raft_consensus.cc:1275] T 903458b070cb41d68f6bdb5603b418a5 P 960ef715c10848d8aaa759dd9bebfd22 [term 4 FOLLOWER]: Refusing update from remote peer 31bb549ec0f54fa7bbee900fa399da3d: Log matching property violated. Preceding OpId in replica: term: 3 index: 3. Preceding OpId from leader: term: 4 index: 4. (index mismatch)
I20260710 11:01:51.835054  5816 consensus_queue.cc:1048] T 903458b070cb41d68f6bdb5603b418a5 P 31bb549ec0f54fa7bbee900fa399da3d [LEADER]: Connected to new peer: Peer: permanent_uuid: "960ef715c10848d8aaa759dd9bebfd22" member_type: VOTER last_known_addr { host: "127.5.61.131" port: 33733 }, Status: LMP_MISMATCH, Last received: 0.0, Next index: 4, Last known committed idx: 3, Time since last communication: 0.000s
I20260710 11:01:52.003325  5650 raft_consensus.cc:1275] T 9c4ade9b0736493da54cc1d5c1e865c1 P 960ef715c10848d8aaa759dd9bebfd22 [term 3 FOLLOWER]: Refusing update from remote peer 31bb549ec0f54fa7bbee900fa399da3d: Log matching property violated. Preceding OpId in replica: term: 2 index: 2. Preceding OpId from leader: term: 3 index: 3. (index mismatch)
I20260710 11:01:52.004566  5816 consensus_queue.cc:1048] T 9c4ade9b0736493da54cc1d5c1e865c1 P 31bb549ec0f54fa7bbee900fa399da3d [LEADER]: Connected to new peer: Peer: permanent_uuid: "960ef715c10848d8aaa759dd9bebfd22" member_type: VOTER last_known_addr { host: "127.5.61.131" port: 33733 }, Status: LMP_MISMATCH, Last received: 0.0, Next index: 3, Last known committed idx: 2, Time since last communication: 0.000s
I20260710 11:01:52.013226  5501 raft_consensus.cc:1275] T 9c4ade9b0736493da54cc1d5c1e865c1 P f5542df62901463798740528eee0bff5 [term 3 FOLLOWER]: Refusing update from remote peer 31bb549ec0f54fa7bbee900fa399da3d: Log matching property violated. Preceding OpId in replica: term: 2 index: 2. Preceding OpId from leader: term: 3 index: 3. (index mismatch)
I20260710 11:01:52.015462  5816 consensus_queue.cc:1048] T 9c4ade9b0736493da54cc1d5c1e865c1 P 31bb549ec0f54fa7bbee900fa399da3d [LEADER]: Connected to new peer: Peer: permanent_uuid: "f5542df62901463798740528eee0bff5" member_type: VOTER last_known_addr { host: "127.5.61.129" port: 41101 }, Status: LMP_MISMATCH, Last received: 0.0, Next index: 3, Last known committed idx: 2, Time since last communication: 0.000s
I20260710 11:01:52.042486  5498 raft_consensus.cc:1275] T 9282b5aa7c5f49d69bb4716d0bc4380a P f5542df62901463798740528eee0bff5 [term 3 FOLLOWER]: Refusing update from remote peer 31bb549ec0f54fa7bbee900fa399da3d: Log matching property violated. Preceding OpId in replica: term: 2 index: 2. Preceding OpId from leader: term: 3 index: 3. (index mismatch)
I20260710 11:01:52.043696  5817 consensus_queue.cc:1048] T 9282b5aa7c5f49d69bb4716d0bc4380a P 31bb549ec0f54fa7bbee900fa399da3d [LEADER]: Connected to new peer: Peer: permanent_uuid: "f5542df62901463798740528eee0bff5" member_type: VOTER last_known_addr { host: "127.5.61.129" port: 41101 }, Status: LMP_MISMATCH, Last received: 0.0, Next index: 3, Last known committed idx: 2, Time since last communication: 0.000s
I20260710 11:01:52.055169  5650 raft_consensus.cc:1275] T 9282b5aa7c5f49d69bb4716d0bc4380a P 960ef715c10848d8aaa759dd9bebfd22 [term 3 FOLLOWER]: Refusing update from remote peer 31bb549ec0f54fa7bbee900fa399da3d: Log matching property violated. Preceding OpId in replica: term: 2 index: 2. Preceding OpId from leader: term: 3 index: 3. (index mismatch)
I20260710 11:01:52.062626  5803 consensus_queue.cc:1048] T 9282b5aa7c5f49d69bb4716d0bc4380a P 31bb549ec0f54fa7bbee900fa399da3d [LEADER]: Connected to new peer: Peer: permanent_uuid: "960ef715c10848d8aaa759dd9bebfd22" member_type: VOTER last_known_addr { host: "127.5.61.131" port: 33733 }, Status: LMP_MISMATCH, Last received: 0.0, Next index: 3, Last known committed idx: 2, Time since last communication: 0.000s
I20260710 11:01:52.121543  5650 raft_consensus.cc:1275] T c0d43822814c445d962346d41c500b09 P 960ef715c10848d8aaa759dd9bebfd22 [term 3 FOLLOWER]: Refusing update from remote peer 31bb549ec0f54fa7bbee900fa399da3d: Log matching property violated. Preceding OpId in replica: term: 2 index: 2. Preceding OpId from leader: term: 3 index: 3. (index mismatch)
I20260710 11:01:52.122893  5803 consensus_queue.cc:1048] T c0d43822814c445d962346d41c500b09 P 31bb549ec0f54fa7bbee900fa399da3d [LEADER]: Connected to new peer: Peer: permanent_uuid: "960ef715c10848d8aaa759dd9bebfd22" member_type: VOTER last_known_addr { host: "127.5.61.131" port: 33733 }, Status: LMP_MISMATCH, Last received: 0.0, Next index: 3, Last known committed idx: 2, Time since last communication: 0.000s
