I20260710 11:02:13.385223 29579 catalog_manager.cc:5697] T 944c5de7c8a94c61b7fe3e02fc196b15 P 43e5fe345eea423d8388790683a0d3e9 reported cstate change: config changed from index 2 to 3, cfc43ee9496b4f778907235369e25fbe (127.27.230.132) changed from NON_VOTER to VOTER. New cstate: current_term: 1 leader_uuid: "43e5fe345eea423d8388790683a0d3e9" committed_config { opid_index: 3 OBSOLETE_local: false peers { permanent_uuid: "6284d5f6313c43adaebdf63a88ba3d7e" member_type: VOTER last_known_addr { host: "127.27.230.129" port: 42523 } attrs { replace: true } health_report { overall_health: HEALTHY } } peers { permanent_uuid: "43e5fe345eea423d8388790683a0d3e9" member_type: VOTER last_known_addr { host: "127.27.230.130" port: 42461 } health_report { overall_health: HEALTHY } } peers { permanent_uuid: "1e8966fe07234a0992a29fc6aa65384c" member_type: VOTER last_known_addr { host: "127.27.230.131" port: 41763 } health_report { overall_health: HEALTHY } } peers { permanent_uuid: "cfc43ee9496b4f778907235369e25fbe" member_type: VOTER last_known_addr { host: "127.27.230.132" port: 37205 } attrs { promote: false } health_report { overall_health: HEALTHY } } }
I20260710 11:02:13.390004 30099 raft_consensus.cc:1275] T 1436c7fbda4e4f1996d93bc068187a96 P cfc43ee9496b4f778907235369e25fbe [term 1 FOLLOWER]: Refusing update from remote peer 43e5fe345eea423d8388790683a0d3e9: Log matching property violated. Preceding OpId in replica: term: 1 index: 3. Preceding OpId from leader: term: 1 index: 4. (index mismatch)
I20260710 11:02:13.391098 30208 raft_consensus.cc:2955] T 1436c7fbda4e4f1996d93bc068187a96 P 43e5fe345eea423d8388790683a0d3e9 [term 1 LEADER]: Committing config change with OpId 1.4: config changed from index 3 to 4, VOTER 6284d5f6313c43adaebdf63a88ba3d7e (127.27.230.129) evicted. New config: { opid_index: 4 OBSOLETE_local: false peers { permanent_uuid: "43e5fe345eea423d8388790683a0d3e9" member_type: VOTER last_known_addr { host: "127.27.230.130" port: 42461 } } peers { permanent_uuid: "1e8966fe07234a0992a29fc6aa65384c" member_type: VOTER last_known_addr { host: "127.27.230.131" port: 41763 } } peers { permanent_uuid: "cfc43ee9496b4f778907235369e25fbe" member_type: VOTER last_known_addr { host: "127.27.230.132" port: 37205 } attrs { promote: false } } }
I20260710 11:02:13.392678 30201 consensus_queue.cc:1048] T 1436c7fbda4e4f1996d93bc068187a96 P 43e5fe345eea423d8388790683a0d3e9 [LEADER]: Connected to new peer: Peer: permanent_uuid: "cfc43ee9496b4f778907235369e25fbe" member_type: VOTER last_known_addr { host: "127.27.230.132" port: 37205 } attrs { promote: false }, Status: LMP_MISMATCH, Last received: 0.0, Next index: 4, Last known committed idx: 3, Time since last communication: 0.000s
I20260710 11:02:13.404191 29755 consensus_queue.cc:237] T 944c5de7c8a94c61b7fe3e02fc196b15 P 43e5fe345eea423d8388790683a0d3e9 [LEADER]: Queue going to LEADER mode. State: All replicated index: 0, Majority replicated index: 3, Committed index: 3, Last appended: 1.3, Last appended by leader: 0, Current term: 1, Majority size: 2, State: 0, Mode: LEADER, active raft config: opid_index: 4 OBSOLETE_local: false peers { permanent_uuid: "43e5fe345eea423d8388790683a0d3e9" member_type: VOTER last_known_addr { host: "127.27.230.130" port: 42461 } } peers { permanent_uuid: "1e8966fe07234a0992a29fc6aa65384c" member_type: VOTER last_known_addr { host: "127.27.230.131" port: 41763 } } peers { permanent_uuid: "cfc43ee9496b4f778907235369e25fbe" member_type: VOTER last_known_addr { host: "127.27.230.132" port: 37205 } attrs { promote: false } }
I20260710 11:02:13.410045 30098 raft_consensus.cc:1275] T 944c5de7c8a94c61b7fe3e02fc196b15 P cfc43ee9496b4f778907235369e25fbe [term 1 FOLLOWER]: Refusing update from remote peer 43e5fe345eea423d8388790683a0d3e9: Log matching property violated. Preceding OpId in replica: term: 1 index: 3. Preceding OpId from leader: term: 1 index: 4. (index mismatch)
I20260710 11:02:13.411418 30201 consensus_queue.cc:1048] T 944c5de7c8a94c61b7fe3e02fc196b15 P 43e5fe345eea423d8388790683a0d3e9 [LEADER]: Connected to new peer: Peer: permanent_uuid: "cfc43ee9496b4f778907235369e25fbe" member_type: VOTER last_known_addr { host: "127.27.230.132" port: 37205 } attrs { promote: false }, Status: LMP_MISMATCH, Last received: 0.0, Next index: 4, Last known committed idx: 3, Time since last communication: 0.000s
I20260710 11:02:13.412195 29566 catalog_manager.cc:5210] ChangeConfig:REMOVE_PEER RPC for tablet 1436c7fbda4e4f1996d93bc068187a96 with cas_config_opid_index 3: ChangeConfig:REMOVE_PEER succeeded (attempt 1)
I20260710 11:02:13.414577 29829 raft_consensus.cc:2955] T 1436c7fbda4e4f1996d93bc068187a96 P 1e8966fe07234a0992a29fc6aa65384c [term 1 FOLLOWER]: Committing config change with OpId 1.4: config changed from index 3 to 4, VOTER 6284d5f6313c43adaebdf63a88ba3d7e (127.27.230.129) evicted. New config: { opid_index: 4 OBSOLETE_local: false peers { permanent_uuid: "43e5fe345eea423d8388790683a0d3e9" member_type: VOTER last_known_addr { host: "127.27.230.130" port: 42461 } } peers { permanent_uuid: "1e8966fe07234a0992a29fc6aa65384c" member_type: VOTER last_known_addr { host: "127.27.230.131" port: 41763 } } peers { permanent_uuid: "cfc43ee9496b4f778907235369e25fbe" member_type: VOTER last_known_addr { host: "127.27.230.132" port: 37205 } attrs { promote: false } } }
I20260710 11:02:13.415128 30100 raft_consensus.cc:2955] T 1436c7fbda4e4f1996d93bc068187a96 P cfc43ee9496b4f778907235369e25fbe [term 1 FOLLOWER]: Committing config change with OpId 1.4: config changed from index 3 to 4, VOTER 6284d5f6313c43adaebdf63a88ba3d7e (127.27.230.129) evicted. New config: { opid_index: 4 OBSOLETE_local: false peers { permanent_uuid: "43e5fe345eea423d8388790683a0d3e9" member_type: VOTER last_known_addr { host: "127.27.230.130" port: 42461 } } peers { permanent_uuid: "1e8966fe07234a0992a29fc6aa65384c" member_type: VOTER last_known_addr { host: "127.27.230.131" port: 41763 } } peers { permanent_uuid: "cfc43ee9496b4f778907235369e25fbe" member_type: VOTER last_known_addr { host: "127.27.230.132" port: 37205 } attrs { promote: false } } }
I20260710 11:02:13.419981 30211 raft_consensus.cc:2955] T 944c5de7c8a94c61b7fe3e02fc196b15 P 43e5fe345eea423d8388790683a0d3e9 [term 1 LEADER]: Committing config change with OpId 1.4: config changed from index 3 to 4, VOTER 6284d5f6313c43adaebdf63a88ba3d7e (127.27.230.129) evicted. New config: { opid_index: 4 OBSOLETE_local: false peers { permanent_uuid: "43e5fe345eea423d8388790683a0d3e9" member_type: VOTER last_known_addr { host: "127.27.230.130" port: 42461 } } peers { permanent_uuid: "1e8966fe07234a0992a29fc6aa65384c" member_type: VOTER last_known_addr { host: "127.27.230.131" port: 41763 } } peers { permanent_uuid: "cfc43ee9496b4f778907235369e25fbe" member_type: VOTER last_known_addr { host: "127.27.230.132" port: 37205 } attrs { promote: false } } }
I20260710 11:02:13.422257 29580 catalog_manager.cc:5697] T 1436c7fbda4e4f1996d93bc068187a96 P 43e5fe345eea423d8388790683a0d3e9 reported cstate change: config changed from index 3 to 4, VOTER 6284d5f6313c43adaebdf63a88ba3d7e (127.27.230.129) evicted. New cstate: current_term: 1 leader_uuid: "43e5fe345eea423d8388790683a0d3e9" committed_config { opid_index: 4 OBSOLETE_local: false peers { permanent_uuid: "43e5fe345eea423d8388790683a0d3e9" member_type: VOTER last_known_addr { host: "127.27.230.130" port: 42461 } health_report { overall_health: HEALTHY } } peers { permanent_uuid: "1e8966fe07234a0992a29fc6aa65384c" member_type: VOTER last_known_addr { host: "127.27.230.131" port: 41763 } health_report { overall_health: HEALTHY } } peers { permanent_uuid: "cfc43ee9496b4f778907235369e25fbe" member_type: VOTER last_known_addr { host: "127.27.230.132" port: 37205 } attrs { promote: false } health_report { overall_health: UNKNOWN } } }
I20260710 11:02:13.437569 30098 raft_consensus.cc:2955] T 944c5de7c8a94c61b7fe3e02fc196b15 P cfc43ee9496b4f778907235369e25fbe [term 1 FOLLOWER]: Committing config change with OpId 1.4: config changed from index 3 to 4, VOTER 6284d5f6313c43adaebdf63a88ba3d7e (127.27.230.129) evicted. New config: { opid_index: 4 OBSOLETE_local: false peers { permanent_uuid: "43e5fe345eea423d8388790683a0d3e9" member_type: VOTER last_known_addr { host: "127.27.230.130" port: 42461 } } peers { permanent_uuid: "1e8966fe07234a0992a29fc6aa65384c" member_type: VOTER last_known_addr { host: "127.27.230.131" port: 41763 } } peers { permanent_uuid: "cfc43ee9496b4f778907235369e25fbe" member_type: VOTER last_known_addr { host: "127.27.230.132" port: 37205 } attrs { promote: false } } }
I20260710 11:02:13.441553 29827 raft_consensus.cc:1275] T 944c5de7c8a94c61b7fe3e02fc196b15 P 1e8966fe07234a0992a29fc6aa65384c [term 1 FOLLOWER]: Refusing update from remote peer 43e5fe345eea423d8388790683a0d3e9: Log matching property violated. Preceding OpId in replica: term: 1 index: 3. Preceding OpId from leader: term: 1 index: 4. (index mismatch)
I20260710 11:02:13.460879 29566 catalog_manager.cc:5210] ChangeConfig:REMOVE_PEER RPC for tablet 944c5de7c8a94c61b7fe3e02fc196b15 with cas_config_opid_index 3: ChangeConfig:REMOVE_PEER succeeded (attempt 1)
I20260710 11:02:13.461613 30201 consensus_queue.cc:1048] T 944c5de7c8a94c61b7fe3e02fc196b15 P 43e5fe345eea423d8388790683a0d3e9 [LEADER]: Connected to new peer: Peer: permanent_uuid: "1e8966fe07234a0992a29fc6aa65384c" member_type: VOTER last_known_addr { host: "127.27.230.131" port: 41763 }, Status: LMP_MISMATCH, Last received: 0.0, Next index: 4, Last known committed idx: 3, Time since last communication: 0.000s
I20260710 11:02:13.470276 30100 raft_consensus.cc:2955] T c617134782644297b5ead54f7c18960d P cfc43ee9496b4f778907235369e25fbe [term 1 FOLLOWER]: Committing config change with OpId 1.3: config changed from index 2 to 3, cfc43ee9496b4f778907235369e25fbe (127.27.230.132) changed from NON_VOTER to VOTER. New config: { opid_index: 3 OBSOLETE_local: false peers { permanent_uuid: "6284d5f6313c43adaebdf63a88ba3d7e" member_type: VOTER last_known_addr { host: "127.27.230.129" port: 42523 } } peers { permanent_uuid: "43e5fe345eea423d8388790683a0d3e9" member_type: VOTER last_known_addr { host: "127.27.230.130" port: 42461 } } peers { permanent_uuid: "1e8966fe07234a0992a29fc6aa65384c" member_type: VOTER last_known_addr { host: "127.27.230.131" port: 41763 } attrs { replace: true } } peers { permanent_uuid: "cfc43ee9496b4f778907235369e25fbe" member_type: VOTER last_known_addr { host: "127.27.230.132" port: 37205 } attrs { promote: false } } }
I20260710 11:02:13.472043 29827 raft_consensus.cc:2955] T 944c5de7c8a94c61b7fe3e02fc196b15 P 1e8966fe07234a0992a29fc6aa65384c [term 1 FOLLOWER]: Committing config change with OpId 1.4: config changed from index 3 to 4, VOTER 6284d5f6313c43adaebdf63a88ba3d7e (127.27.230.129) evicted. New config: { opid_index: 4 OBSOLETE_local: false peers { permanent_uuid: "43e5fe345eea423d8388790683a0d3e9" member_type: VOTER last_known_addr { host: "127.27.230.130" port: 42461 } } peers { permanent_uuid: "1e8966fe07234a0992a29fc6aa65384c" member_type: VOTER last_known_addr { host: "127.27.230.131" port: 41763 } } peers { permanent_uuid: "cfc43ee9496b4f778907235369e25fbe" member_type: VOTER last_known_addr { host: "127.27.230.132" port: 37205 } attrs { promote: false } } }
I20260710 11:02:13.476501 29666 tablet_service.cc:1558] Processing DeleteTablet for tablet 1436c7fbda4e4f1996d93bc068187a96 with delete_type TABLET_DATA_TOMBSTONED (TS 6284d5f6313c43adaebdf63a88ba3d7e not found in new config with opid_index 4) from {username='slave'} at 127.0.0.1:44904
I20260710 11:02:13.477257 29578 catalog_manager.cc:5697] T 944c5de7c8a94c61b7fe3e02fc196b15 P 43e5fe345eea423d8388790683a0d3e9 reported cstate change: config changed from index 3 to 4, VOTER 6284d5f6313c43adaebdf63a88ba3d7e (127.27.230.129) evicted. New cstate: current_term: 1 leader_uuid: "43e5fe345eea423d8388790683a0d3e9" committed_config { opid_index: 4 OBSOLETE_local: false peers { permanent_uuid: "43e5fe345eea423d8388790683a0d3e9" member_type: VOTER last_known_addr { host: "127.27.230.130" port: 42461 } health_report { overall_health: HEALTHY } } peers { permanent_uuid: "1e8966fe07234a0992a29fc6aa65384c" member_type: VOTER last_known_addr { host: "127.27.230.131" port: 41763 } health_report { overall_health: UNKNOWN } } peers { permanent_uuid: "cfc43ee9496b4f778907235369e25fbe" member_type: VOTER last_known_addr { host: "127.27.230.132" port: 37205 } attrs { promote: false } health_report { overall_health: HEALTHY } } }
I20260710 11:02:13.484010 29679 consensus_queue.cc:237] T c617134782644297b5ead54f7c18960d P 6284d5f6313c43adaebdf63a88ba3d7e [LEADER]: Queue going to LEADER mode. State: All replicated index: 0, Majority replicated index: 3, Committed index: 3, Last appended: 1.3, Last appended by leader: 0, Current term: 1, Majority size: 2, State: 0, Mode: LEADER, active raft config: opid_index: 4 OBSOLETE_local: false peers { permanent_uuid: "6284d5f6313c43adaebdf63a88ba3d7e" member_type: VOTER last_known_addr { host: "127.27.230.129" port: 42523 } } peers { permanent_uuid: "43e5fe345eea423d8388790683a0d3e9" member_type: VOTER last_known_addr { host: "127.27.230.130" port: 42461 } } peers { permanent_uuid: "cfc43ee9496b4f778907235369e25fbe" member_type: VOTER last_known_addr { host: "127.27.230.132" port: 37205 } attrs { promote: false } }
I20260710 11:02:13.498930 29755 raft_consensus.cc:1275] T c617134782644297b5ead54f7c18960d P 43e5fe345eea423d8388790683a0d3e9 [term 1 FOLLOWER]: Refusing update from remote peer 6284d5f6313c43adaebdf63a88ba3d7e: Log matching property violated. Preceding OpId in replica: term: 1 index: 3. Preceding OpId from leader: term: 1 index: 4. (index mismatch)
I20260710 11:02:13.495149 29827 raft_consensus.cc:2955] T c617134782644297b5ead54f7c18960d P 1e8966fe07234a0992a29fc6aa65384c [term 1 FOLLOWER]: Committing config change with OpId 1.3: config changed from index 2 to 3, cfc43ee9496b4f778907235369e25fbe (127.27.230.132) changed from NON_VOTER to VOTER. New config: { opid_index: 3 OBSOLETE_local: false peers { permanent_uuid: "6284d5f6313c43adaebdf63a88ba3d7e" member_type: VOTER last_known_addr { host: "127.27.230.129" port: 42523 } } peers { permanent_uuid: "43e5fe345eea423d8388790683a0d3e9" member_type: VOTER last_known_addr { host: "127.27.230.130" port: 42461 } } peers { permanent_uuid: "1e8966fe07234a0992a29fc6aa65384c" member_type: VOTER last_known_addr { host: "127.27.230.131" port: 41763 } attrs { replace: true } } peers { permanent_uuid: "cfc43ee9496b4f778907235369e25fbe" member_type: VOTER last_known_addr { host: "127.27.230.132" port: 37205 } attrs { promote: false } } }
I20260710 11:02:13.501787 30100 raft_consensus.cc:1275] T c617134782644297b5ead54f7c18960d P cfc43ee9496b4f778907235369e25fbe [term 1 FOLLOWER]: Refusing update from remote peer 6284d5f6313c43adaebdf63a88ba3d7e: Log matching property violated. Preceding OpId in replica: term: 1 index: 3. Preceding OpId from leader: term: 1 index: 4. (index mismatch)
I20260710 11:02:13.506474 30186 consensus_queue.cc:1048] T c617134782644297b5ead54f7c18960d P 6284d5f6313c43adaebdf63a88ba3d7e [LEADER]: Connected to new peer: Peer: permanent_uuid: "43e5fe345eea423d8388790683a0d3e9" member_type: VOTER last_known_addr { host: "127.27.230.130" port: 42461 }, Status: LMP_MISMATCH, Last received: 0.0, Next index: 4, Last known committed idx: 3, Time since last communication: 0.001s
I20260710 11:02:13.506910 29671 tablet_service.cc:1558] Processing DeleteTablet for tablet 944c5de7c8a94c61b7fe3e02fc196b15 with delete_type TABLET_DATA_TOMBSTONED (TS 6284d5f6313c43adaebdf63a88ba3d7e not found in new config with opid_index 4) from {username='slave'} at 127.0.0.1:44904
I20260710 11:02:13.511492 30225 tablet_replica.cc:333] T 1436c7fbda4e4f1996d93bc068187a96 P 6284d5f6313c43adaebdf63a88ba3d7e: stopping tablet replica
I20260710 11:02:13.513008 30225 raft_consensus.cc:2243] T 1436c7fbda4e4f1996d93bc068187a96 P 6284d5f6313c43adaebdf63a88ba3d7e [term 1 FOLLOWER]: Raft consensus shutting down.
I20260710 11:02:13.511415 30186 consensus_queue.cc:1048] T c617134782644297b5ead54f7c18960d P 6284d5f6313c43adaebdf63a88ba3d7e [LEADER]: Connected to new peer: Peer: permanent_uuid: "cfc43ee9496b4f778907235369e25fbe" member_type: VOTER last_known_addr { host: "127.27.230.132" port: 37205 } attrs { promote: false }, Status: LMP_MISMATCH, Last received: 0.0, Next index: 4, Last known committed idx: 3, Time since last communication: 0.002s
I20260710 11:02:13.514034 30225 raft_consensus.cc:2272] T 1436c7fbda4e4f1996d93bc068187a96 P 6284d5f6313c43adaebdf63a88ba3d7e [term 1 FOLLOWER]: Raft consensus is shut down!
I20260710 11:02:13.520152 30186 raft_consensus.cc:2955] T c617134782644297b5ead54f7c18960d P 6284d5f6313c43adaebdf63a88ba3d7e [term 1 LEADER]: Committing config change with OpId 1.4: config changed from index 3 to 4, VOTER 1e8966fe07234a0992a29fc6aa65384c (127.27.230.131) evicted. New config: { opid_index: 4 OBSOLETE_local: false peers { permanent_uuid: "6284d5f6313c43adaebdf63a88ba3d7e" member_type: VOTER last_known_addr { host: "127.27.230.129" port: 42523 } } peers { permanent_uuid: "43e5fe345eea423d8388790683a0d3e9" member_type: VOTER last_known_addr { host: "127.27.230.130" port: 42461 } } peers { permanent_uuid: "cfc43ee9496b4f778907235369e25fbe" member_type: VOTER last_known_addr { host: "127.27.230.132" port: 37205 } attrs { promote: false } } }
I20260710 11:02:13.523336 30100 raft_consensus.cc:2955] T c617134782644297b5ead54f7c18960d P cfc43ee9496b4f778907235369e25fbe [term 1 FOLLOWER]: Committing config change with OpId 1.4: config changed from index 3 to 4, VOTER 1e8966fe07234a0992a29fc6aa65384c (127.27.230.131) evicted. New config: { opid_index: 4 OBSOLETE_local: false peers { permanent_uuid: "6284d5f6313c43adaebdf63a88ba3d7e" member_type: VOTER last_known_addr { host: "127.27.230.129" port: 42523 } } peers { permanent_uuid: "43e5fe345eea423d8388790683a0d3e9" member_type: VOTER last_known_addr { host: "127.27.230.130" port: 42461 } } peers { permanent_uuid: "cfc43ee9496b4f778907235369e25fbe" member_type: VOTER last_known_addr { host: "127.27.230.132" port: 37205 } attrs { promote: false } } }
I20260710 11:02:13.527501 29755 raft_consensus.cc:2955] T c617134782644297b5ead54f7c18960d P 43e5fe345eea423d8388790683a0d3e9 [term 1 FOLLOWER]: Committing config change with OpId 1.4: config changed from index 3 to 4, VOTER 1e8966fe07234a0992a29fc6aa65384c (127.27.230.131) evicted. New config: { opid_index: 4 OBSOLETE_local: false peers { permanent_uuid: "6284d5f6313c43adaebdf63a88ba3d7e" member_type: VOTER last_known_addr { host: "127.27.230.129" port: 42523 } } peers { permanent_uuid: "43e5fe345eea423d8388790683a0d3e9" member_type: VOTER last_known_addr { host: "127.27.230.130" port: 42461 } } peers { permanent_uuid: "cfc43ee9496b4f778907235369e25fbe" member_type: VOTER last_known_addr { host: "127.27.230.132" port: 37205 } attrs { promote: false } } }
I20260710 11:02:13.530628 30225 ts_tablet_manager.cc:1916] T 1436c7fbda4e4f1996d93bc068187a96 P 6284d5f6313c43adaebdf63a88ba3d7e: Deleting tablet data with delete state TABLET_DATA_TOMBSTONED
I20260710 11:02:13.532984 29566 catalog_manager.cc:5210] ChangeConfig:REMOVE_PEER RPC for tablet c617134782644297b5ead54f7c18960d with cas_config_opid_index 3: ChangeConfig:REMOVE_PEER succeeded (attempt 1)
I20260710 11:02:13.539492 29578 catalog_manager.cc:5697] T c617134782644297b5ead54f7c18960d P 6284d5f6313c43adaebdf63a88ba3d7e reported cstate change: config changed from index 3 to 4, VOTER 1e8966fe07234a0992a29fc6aa65384c (127.27.230.131) evicted. New cstate: current_term: 1 leader_uuid: "6284d5f6313c43adaebdf63a88ba3d7e" committed_config { opid_index: 4 OBSOLETE_local: false peers { permanent_uuid: "6284d5f6313c43adaebdf63a88ba3d7e" member_type: VOTER last_known_addr { host: "127.27.230.129" port: 42523 } health_report { overall_health: HEALTHY } } peers { permanent_uuid: "43e5fe345eea423d8388790683a0d3e9" member_type: VOTER last_known_addr { host: "127.27.230.130" port: 42461 } health_report { overall_health: HEALTHY } } peers { permanent_uuid: "cfc43ee9496b4f778907235369e25fbe" member_type: VOTER last_known_addr { host: "127.27.230.132" port: 37205 } attrs { promote: false } health_report { overall_health: HEALTHY } } }
I20260710 11:02:13.556957 29820 tablet_service.cc:1558] Processing DeleteTablet for tablet c617134782644297b5ead54f7c18960d with delete_type TABLET_DATA_TOMBSTONED (TS 1e8966fe07234a0992a29fc6aa65384c not found in new config with opid_index 4) from {username='slave'} at 127.0.0.1:33594
I20260710 11:02:13.562230 30225 ts_tablet_manager.cc:1929] T 1436c7fbda4e4f1996d93bc068187a96 P 6284d5f6313c43adaebdf63a88ba3d7e: tablet deleted with delete type TABLET_DATA_TOMBSTONED: last-logged OpId 1.3
I20260710 11:02:13.563067 30225 log.cc:1199] T 1436c7fbda4e4f1996d93bc068187a96 P 6284d5f6313c43adaebdf63a88ba3d7e: Deleting WAL directory at /tmp/dist-test-taskolaGj9/test-tmp/auto_leader_rebalancer-test.0.LeaderRebalancerTest.AddTserver.1783681302711360-28570-0/minicluster-data/ts-0-root/wals/1436c7fbda4e4f1996d93bc068187a96
I20260710 11:02:13.564015 30226 tablet_replica.cc:333] T c617134782644297b5ead54f7c18960d P 1e8966fe07234a0992a29fc6aa65384c: stopping tablet replica
I20260710 11:02:13.565284 29566 catalog_manager.cc:5028] TS 6284d5f6313c43adaebdf63a88ba3d7e (127.27.230.129:42523): tablet 1436c7fbda4e4f1996d93bc068187a96 (table test-workload [id=fa7341d0a5f74cfc9d1d33b475c0bc28]) successfully deleted
I20260710 11:02:13.565862 30225 tablet_replica.cc:333] T 944c5de7c8a94c61b7fe3e02fc196b15 P 6284d5f6313c43adaebdf63a88ba3d7e: stopping tablet replica
I20260710 11:02:13.566138 30226 raft_consensus.cc:2243] T c617134782644297b5ead54f7c18960d P 1e8966fe07234a0992a29fc6aa65384c [term 1 FOLLOWER]: Raft consensus shutting down.
I20260710 11:02:13.566902 30226 raft_consensus.cc:2272] T c617134782644297b5ead54f7c18960d P 1e8966fe07234a0992a29fc6aa65384c [term 1 FOLLOWER]: Raft consensus is shut down!
I20260710 11:02:13.567076 30225 raft_consensus.cc:2243] T 944c5de7c8a94c61b7fe3e02fc196b15 P 6284d5f6313c43adaebdf63a88ba3d7e [term 1 FOLLOWER]: Raft consensus shutting down.
I20260710 11:02:13.567996 30225 raft_consensus.cc:2272] T 944c5de7c8a94c61b7fe3e02fc196b15 P 6284d5f6313c43adaebdf63a88ba3d7e [term 1 FOLLOWER]: Raft consensus is shut down!
I20260710 11:02:13.571173 30226 ts_tablet_manager.cc:1916] T c617134782644297b5ead54f7c18960d P 1e8966fe07234a0992a29fc6aa65384c: Deleting tablet data with delete state TABLET_DATA_TOMBSTONED
I20260710 11:02:13.571585 30225 ts_tablet_manager.cc:1916] T 944c5de7c8a94c61b7fe3e02fc196b15 P 6284d5f6313c43adaebdf63a88ba3d7e: Deleting tablet data with delete state TABLET_DATA_TOMBSTONED
I20260710 11:02:13.587430 30225 ts_tablet_manager.cc:1929] T 944c5de7c8a94c61b7fe3e02fc196b15 P 6284d5f6313c43adaebdf63a88ba3d7e: tablet deleted with delete type TABLET_DATA_TOMBSTONED: last-logged OpId 1.3
I20260710 11:02:13.587431 30226 ts_tablet_manager.cc:1929] T c617134782644297b5ead54f7c18960d P 1e8966fe07234a0992a29fc6aa65384c: tablet deleted with delete type TABLET_DATA_TOMBSTONED: last-logged OpId 1.3
I20260710 11:02:13.588129 30226 log.cc:1199] T c617134782644297b5ead54f7c18960d P 1e8966fe07234a0992a29fc6aa65384c: Deleting WAL directory at /tmp/dist-test-taskolaGj9/test-tmp/auto_leader_rebalancer-test.0.LeaderRebalancerTest.AddTserver.1783681302711360-28570-0/minicluster-data/ts-2-root/wals/c617134782644297b5ead54f7c18960d
I20260710 11:02:13.588074 30225 log.cc:1199] T 944c5de7c8a94c61b7fe3e02fc196b15 P 6284d5f6313c43adaebdf63a88ba3d7e: Deleting WAL directory at /tmp/dist-test-taskolaGj9/test-tmp/auto_leader_rebalancer-test.0.LeaderRebalancerTest.AddTserver.1783681302711360-28570-0/minicluster-data/ts-0-root/wals/944c5de7c8a94c61b7fe3e02fc196b15
I20260710 11:02:13.590003 29566 catalog_manager.cc:5028] TS 6284d5f6313c43adaebdf63a88ba3d7e (127.27.230.129:42523): tablet 944c5de7c8a94c61b7fe3e02fc196b15 (table test-workload [id=fa7341d0a5f74cfc9d1d33b475c0bc28]) successfully deleted
I20260710 11:02:13.590646 29566 catalog_manager.cc:5028] TS 1e8966fe07234a0992a29fc6aa65384c (127.27.230.131:41763): tablet c617134782644297b5ead54f7c18960d (table test-workload [id=fa7341d0a5f74cfc9d1d33b475c0bc28]) successfully deleted
I20260710 11:02:14.588577 29827 consensus_queue.cc:237] T 13edcbda07d44562b7707d4b4c3f7dcd P 1e8966fe07234a0992a29fc6aa65384c [LEADER]: Queue going to LEADER mode. State: All replicated index: 0, Majority replicated index: 1, Committed index: 1, Last appended: 1.1, Last appended by leader: 0, Current term: 1, Majority size: 2, State: 0, Mode: LEADER, active raft config: opid_index: 2 OBSOLETE_local: false peers { permanent_uuid: "6284d5f6313c43adaebdf63a88ba3d7e" member_type: VOTER last_known_addr { host: "127.27.230.129" port: 42523 } } peers { permanent_uuid: "43e5fe345eea423d8388790683a0d3e9" member_type: VOTER last_known_addr { host: "127.27.230.130" port: 42461 } attrs { replace: true } } peers { permanent_uuid: "1e8966fe07234a0992a29fc6aa65384c" member_type: VOTER last_known_addr { host: "127.27.230.131" port: 41763 } } peers { permanent_uuid: "cfc43ee9496b4f778907235369e25fbe" member_type: NON_VOTER last_known_addr { host: "127.27.230.132" port: 37205 } attrs { promote: true } }
I20260710 11:02:14.595099 29755 raft_consensus.cc:1275] T 13edcbda07d44562b7707d4b4c3f7dcd P 43e5fe345eea423d8388790683a0d3e9 [term 1 FOLLOWER]: Refusing update from remote peer 1e8966fe07234a0992a29fc6aa65384c: Log matching property violated. Preceding OpId in replica: term: 1 index: 1. Preceding OpId from leader: term: 1 index: 2. (index mismatch)
W20260710 11:02:14.595427 29798 consensus_peers.cc:597] T 13edcbda07d44562b7707d4b4c3f7dcd P 1e8966fe07234a0992a29fc6aa65384c -> Peer cfc43ee9496b4f778907235369e25fbe (127.27.230.132:37205): Couldn't send request to peer cfc43ee9496b4f778907235369e25fbe. Error code: TABLET_NOT_FOUND (6). Status: Not found: Tablet not found: 13edcbda07d44562b7707d4b4c3f7dcd. This is attempt 1: this message will repeat every 5th retry.
I20260710 11:02:14.595862 29681 raft_consensus.cc:1275] T 13edcbda07d44562b7707d4b4c3f7dcd P 6284d5f6313c43adaebdf63a88ba3d7e [term 1 FOLLOWER]: Refusing update from remote peer 1e8966fe07234a0992a29fc6aa65384c: Log matching property violated. Preceding OpId in replica: term: 1 index: 1. Preceding OpId from leader: term: 1 index: 2. (index mismatch)
I20260710 11:02:14.596588 30228 consensus_queue.cc:1048] T 13edcbda07d44562b7707d4b4c3f7dcd P 1e8966fe07234a0992a29fc6aa65384c [LEADER]: Connected to new peer: Peer: permanent_uuid: "43e5fe345eea423d8388790683a0d3e9" member_type: VOTER last_known_addr { host: "127.27.230.130" port: 42461 } attrs { replace: true }, Status: LMP_MISMATCH, Last received: 0.0, Next index: 2, Last known committed idx: 1, Time since last communication: 0.001s
I20260710 11:02:14.597575 29973 consensus_queue.cc:1048] T 13edcbda07d44562b7707d4b4c3f7dcd P 1e8966fe07234a0992a29fc6aa65384c [LEADER]: Connected to new peer: Peer: permanent_uuid: "6284d5f6313c43adaebdf63a88ba3d7e" member_type: VOTER last_known_addr { host: "127.27.230.129" port: 42523 }, Status: LMP_MISMATCH, Last received: 0.0, Next index: 2, Last known committed idx: 1, Time since last communication: 0.000s
I20260710 11:02:14.605307 30228 raft_consensus.cc:2955] T 13edcbda07d44562b7707d4b4c3f7dcd P 1e8966fe07234a0992a29fc6aa65384c [term 1 LEADER]: Committing config change with OpId 1.2: config changed from index -1 to 2, NON_VOTER cfc43ee9496b4f778907235369e25fbe (127.27.230.132) added. New config: { opid_index: 2 OBSOLETE_local: false peers { permanent_uuid: "6284d5f6313c43adaebdf63a88ba3d7e" member_type: VOTER last_known_addr { host: "127.27.230.129" port: 42523 } } peers { permanent_uuid: "43e5fe345eea423d8388790683a0d3e9" member_type: VOTER last_known_addr { host: "127.27.230.130" port: 42461 } attrs { replace: true } } peers { permanent_uuid: "1e8966fe07234a0992a29fc6aa65384c" member_type: VOTER last_known_addr { host: "127.27.230.131" port: 41763 } } peers { permanent_uuid: "cfc43ee9496b4f778907235369e25fbe" member_type: NON_VOTER last_known_addr { host: "127.27.230.132" port: 37205 } attrs { promote: true } } }
I20260710 11:02:14.606817 29681 raft_consensus.cc:2955] T 13edcbda07d44562b7707d4b4c3f7dcd P 6284d5f6313c43adaebdf63a88ba3d7e [term 1 FOLLOWER]: Committing config change with OpId 1.2: config changed from index -1 to 2, NON_VOTER cfc43ee9496b4f778907235369e25fbe (127.27.230.132) added. New config: { opid_index: 2 OBSOLETE_local: false peers { permanent_uuid: "6284d5f6313c43adaebdf63a88ba3d7e" member_type: VOTER last_known_addr { host: "127.27.230.129" port: 42523 } } peers { permanent_uuid: "43e5fe345eea423d8388790683a0d3e9" member_type: VOTER last_known_addr { host: "127.27.230.130" port: 42461 } attrs { replace: true } } peers { permanent_uuid: "1e8966fe07234a0992a29fc6aa65384c" member_type: VOTER last_known_addr { host: "127.27.230.131" port: 41763 } } peers { permanent_uuid: "cfc43ee9496b4f778907235369e25fbe" member_type: NON_VOTER last_known_addr { host: "127.27.230.132" port: 37205 } attrs { promote: true } } }
I20260710 11:02:14.606690 29755 raft_consensus.cc:2955] T 13edcbda07d44562b7707d4b4c3f7dcd P 43e5fe345eea423d8388790683a0d3e9 [term 1 FOLLOWER]: Committing config change with OpId 1.2: config changed from index -1 to 2, NON_VOTER cfc43ee9496b4f778907235369e25fbe (127.27.230.132) added. New config: { opid_index: 2 OBSOLETE_local: false peers { permanent_uuid: "6284d5f6313c43adaebdf63a88ba3d7e" member_type: VOTER last_known_addr { host: "127.27.230.129" port: 42523 } } peers { permanent_uuid: "43e5fe345eea423d8388790683a0d3e9" member_type: VOTER last_known_addr { host: "127.27.230.130" port: 42461 } attrs { replace: true } } peers { permanent_uuid: "1e8966fe07234a0992a29fc6aa65384c" member_type: VOTER last_known_addr { host: "127.27.230.131" port: 41763 } } peers { permanent_uuid: "cfc43ee9496b4f778907235369e25fbe" member_type: NON_VOTER last_known_addr { host: "127.27.230.132" port: 37205 } attrs { promote: true } } }
I20260710 11:02:14.619577 29578 catalog_manager.cc:5697] T 13edcbda07d44562b7707d4b4c3f7dcd P 6284d5f6313c43adaebdf63a88ba3d7e reported cstate change: config changed from index -1 to 2, NON_VOTER cfc43ee9496b4f778907235369e25fbe (127.27.230.132) added. New cstate: current_term: 1 leader_uuid: "1e8966fe07234a0992a29fc6aa65384c" committed_config { opid_index: 2 OBSOLETE_local: false peers { permanent_uuid: "6284d5f6313c43adaebdf63a88ba3d7e" member_type: VOTER last_known_addr { host: "127.27.230.129" port: 42523 } } peers { permanent_uuid: "43e5fe345eea423d8388790683a0d3e9" member_type: VOTER last_known_addr { host: "127.27.230.130" port: 42461 } attrs { replace: true } } peers { permanent_uuid: "1e8966fe07234a0992a29fc6aa65384c" member_type: VOTER last_known_addr { host: "127.27.230.131" port: 41763 } } peers { permanent_uuid: "cfc43ee9496b4f778907235369e25fbe" member_type: NON_VOTER last_known_addr { host: "127.27.230.132" port: 37205 } attrs { promote: true } } }
I20260710 11:02:14.624763 29681 consensus_queue.cc:237] T 532a322e7bd841c29cbb39f34be519cf P 6284d5f6313c43adaebdf63a88ba3d7e [LEADER]: Queue going to LEADER mode. State: All replicated index: 0, Majority replicated index: 1, Committed index: 1, Last appended: 1.1, Last appended by leader: 0, Current term: 1, Majority size: 2, State: 0, Mode: LEADER, active raft config: opid_index: 2 OBSOLETE_local: false peers { permanent_uuid: "6284d5f6313c43adaebdf63a88ba3d7e" member_type: VOTER last_known_addr { host: "127.27.230.129" port: 42523 } } peers { permanent_uuid: "43e5fe345eea423d8388790683a0d3e9" member_type: VOTER last_known_addr { host: "127.27.230.130" port: 42461 } } peers { permanent_uuid: "1e8966fe07234a0992a29fc6aa65384c" member_type: VOTER last_known_addr { host: "127.27.230.131" port: 41763 } attrs { replace: true } } peers { permanent_uuid: "cfc43ee9496b4f778907235369e25fbe" member_type: NON_VOTER last_known_addr { host: "127.27.230.132" port: 37205 } attrs { promote: true } }
I20260710 11:02:14.638218 29827 raft_consensus.cc:1275] T 532a322e7bd841c29cbb39f34be519cf P 1e8966fe07234a0992a29fc6aa65384c [term 1 FOLLOWER]: Refusing update from remote peer 6284d5f6313c43adaebdf63a88ba3d7e: Log matching property violated. Preceding OpId in replica: term: 1 index: 1. Preceding OpId from leader: term: 1 index: 2. (index mismatch)
W20260710 11:02:14.639707 29649 consensus_peers.cc:597] T 532a322e7bd841c29cbb39f34be519cf P 6284d5f6313c43adaebdf63a88ba3d7e -> Peer cfc43ee9496b4f778907235369e25fbe (127.27.230.132:37205): Couldn't send request to peer cfc43ee9496b4f778907235369e25fbe. Error code: TABLET_NOT_FOUND (6). Status: Not found: Tablet not found: 532a322e7bd841c29cbb39f34be519cf. This is attempt 1: this message will repeat every 5th retry.
I20260710 11:02:14.640472 30186 consensus_queue.cc:1048] T 532a322e7bd841c29cbb39f34be519cf P 6284d5f6313c43adaebdf63a88ba3d7e [LEADER]: Connected to new peer: Peer: permanent_uuid: "1e8966fe07234a0992a29fc6aa65384c" member_type: VOTER last_known_addr { host: "127.27.230.131" port: 41763 } attrs { replace: true }, Status: LMP_MISMATCH, Last received: 0.0, Next index: 2, Last known committed idx: 1, Time since last communication: 0.000s
I20260710 11:02:14.641261 29755 raft_consensus.cc:1275] T 532a322e7bd841c29cbb39f34be519cf P 43e5fe345eea423d8388790683a0d3e9 [term 1 FOLLOWER]: Refusing update from remote peer 6284d5f6313c43adaebdf63a88ba3d7e: Log matching property violated. Preceding OpId in replica: term: 1 index: 1. Preceding OpId from leader: term: 1 index: 2. (index mismatch)
I20260710 11:02:14.644722 30186 consensus_queue.cc:1048] T 532a322e7bd841c29cbb39f34be519cf P 6284d5f6313c43adaebdf63a88ba3d7e [LEADER]: Connected to new peer: Peer: permanent_uuid: "43e5fe345eea423d8388790683a0d3e9" member_type: VOTER last_known_addr { host: "127.27.230.130" port: 42461 }, Status: LMP_MISMATCH, Last received: 0.0, Next index: 2, Last known committed idx: 1, Time since last communication: 0.000s
I20260710 11:02:14.649219 30239 raft_consensus.cc:2955] T 532a322e7bd841c29cbb39f34be519cf P 6284d5f6313c43adaebdf63a88ba3d7e [term 1 LEADER]: Committing config change with OpId 1.2: config changed from index -1 to 2, NON_VOTER cfc43ee9496b4f778907235369e25fbe (127.27.230.132) added. New config: { opid_index: 2 OBSOLETE_local: false peers { permanent_uuid: "6284d5f6313c43adaebdf63a88ba3d7e" member_type: VOTER last_known_addr { host: "127.27.230.129" port: 42523 } } peers { permanent_uuid: "43e5fe345eea423d8388790683a0d3e9" member_type: VOTER last_known_addr { host: "127.27.230.130" port: 42461 } } peers { permanent_uuid: "1e8966fe07234a0992a29fc6aa65384c" member_type: VOTER last_known_addr { host: "127.27.230.131" port: 41763 } attrs { replace: true } } peers { permanent_uuid: "cfc43ee9496b4f778907235369e25fbe" member_type: NON_VOTER last_known_addr { host: "127.27.230.132" port: 37205 } attrs { promote: true } } }
I20260710 11:02:14.650981 29827 raft_consensus.cc:2955] T 532a322e7bd841c29cbb39f34be519cf P 1e8966fe07234a0992a29fc6aa65384c [term 1 FOLLOWER]: Committing config change with OpId 1.2: config changed from index -1 to 2, NON_VOTER cfc43ee9496b4f778907235369e25fbe (127.27.230.132) added. New config: { opid_index: 2 OBSOLETE_local: false peers { permanent_uuid: "6284d5f6313c43adaebdf63a88ba3d7e" member_type: VOTER last_known_addr { host: "127.27.230.129" port: 42523 } } peers { permanent_uuid: "43e5fe345eea423d8388790683a0d3e9" member_type: VOTER last_known_addr { host: "127.27.230.130" port: 42461 } } peers { permanent_uuid: "1e8966fe07234a0992a29fc6aa65384c" member_type: VOTER last_known_addr { host: "127.27.230.131" port: 41763 } attrs { replace: true } } peers { permanent_uuid: "cfc43ee9496b4f778907235369e25fbe" member_type: NON_VOTER last_known_addr { host: "127.27.230.132" port: 37205 } attrs { promote: true } } }
I20260710 11:02:14.655692 29755 raft_consensus.cc:2955] T 532a322e7bd841c29cbb39f34be519cf P 43e5fe345eea423d8388790683a0d3e9 [term 1 FOLLOWER]: Committing config change with OpId 1.2: config changed from index -1 to 2, NON_VOTER cfc43ee9496b4f778907235369e25fbe (127.27.230.132) added. New config: { opid_index: 2 OBSOLETE_local: false peers { permanent_uuid: "6284d5f6313c43adaebdf63a88ba3d7e" member_type: VOTER last_known_addr { host: "127.27.230.129" port: 42523 } } peers { permanent_uuid: "43e5fe345eea423d8388790683a0d3e9" member_type: VOTER last_known_addr { host: "127.27.230.130" port: 42461 } } peers { permanent_uuid: "1e8966fe07234a0992a29fc6aa65384c" member_type: VOTER last_known_addr { host: "127.27.230.131" port: 41763 } attrs { replace: true } } peers { permanent_uuid: "cfc43ee9496b4f778907235369e25fbe" member_type: NON_VOTER last_known_addr { host: "127.27.230.132" port: 37205 } attrs { promote: true } } }
I20260710 11:02:14.668326 29579 catalog_manager.cc:5697] T 532a322e7bd841c29cbb39f34be519cf P 6284d5f6313c43adaebdf63a88ba3d7e reported cstate change: config changed from index -1 to 2, NON_VOTER cfc43ee9496b4f778907235369e25fbe (127.27.230.132) added. New cstate: current_term: 1 leader_uuid: "6284d5f6313c43adaebdf63a88ba3d7e" committed_config { opid_index: 2 OBSOLETE_local: false peers { permanent_uuid: "6284d5f6313c43adaebdf63a88ba3d7e" member_type: VOTER last_known_addr { host: "127.27.230.129" port: 42523 } health_report { overall_health: HEALTHY } } peers { permanent_uuid: "43e5fe345eea423d8388790683a0d3e9" member_type: VOTER last_known_addr { host: "127.27.230.130" port: 42461 } health_report { overall_health: HEALTHY } } peers { permanent_uuid: "1e8966fe07234a0992a29fc6aa65384c" member_type: VOTER last_known_addr { host: "127.27.230.131" port: 41763 } attrs { replace: true } health_report { overall_health: HEALTHY } } peers { permanent_uuid: "cfc43ee9496b4f778907235369e25fbe" member_type: NON_VOTER last_known_addr { host: "127.27.230.132" port: 37205 } attrs { promote: true } health_report { overall_health: UNKNOWN } } }
I20260710 11:02:14.665230 29830 consensus_queue.cc:237] T cc8b3ca3032d483eb0a0ffb2c63c1350 P 1e8966fe07234a0992a29fc6aa65384c [LEADER]: Queue going to LEADER mode. State: All replicated index: 0, Majority replicated index: 1, Committed index: 1, Last appended: 1.1, Last appended by leader: 0, Current term: 1, Majority size: 2, State: 0, Mode: LEADER, active raft config: opid_index: 2 OBSOLETE_local: false peers { permanent_uuid: "6284d5f6313c43adaebdf63a88ba3d7e" member_type: VOTER last_known_addr { host: "127.27.230.129" port: 42523 } } peers { permanent_uuid: "43e5fe345eea423d8388790683a0d3e9" member_type: VOTER last_known_addr { host: "127.27.230.130" port: 42461 } attrs { replace: true } } peers { permanent_uuid: "1e8966fe07234a0992a29fc6aa65384c" member_type: VOTER last_known_addr { host: "127.27.230.131" port: 41763 } } peers { permanent_uuid: "cfc43ee9496b4f778907235369e25fbe" member_type: NON_VOTER last_known_addr { host: "127.27.230.132" port: 37205 } attrs { promote: true } }
W20260710 11:02:14.677887 29798 consensus_peers.cc:597] T cc8b3ca3032d483eb0a0ffb2c63c1350 P 1e8966fe07234a0992a29fc6aa65384c -> Peer cfc43ee9496b4f778907235369e25fbe (127.27.230.132:37205): Couldn't send request to peer cfc43ee9496b4f778907235369e25fbe. Error code: TABLET_NOT_FOUND (6). Status: Not found: Tablet not found: cc8b3ca3032d483eb0a0ffb2c63c1350. This is attempt 1: this message will repeat every 5th retry.
I20260710 11:02:14.678918 29755 raft_consensus.cc:1275] T cc8b3ca3032d483eb0a0ffb2c63c1350 P 43e5fe345eea423d8388790683a0d3e9 [term 1 FOLLOWER]: Refusing update from remote peer 1e8966fe07234a0992a29fc6aa65384c: Log matching property violated. Preceding OpId in replica: term: 1 index: 1. Preceding OpId from leader: term: 1 index: 2. (index mismatch)
I20260710 11:02:14.679802 29681 raft_consensus.cc:1275] T cc8b3ca3032d483eb0a0ffb2c63c1350 P 6284d5f6313c43adaebdf63a88ba3d7e [term 1 FOLLOWER]: Refusing update from remote peer 1e8966fe07234a0992a29fc6aa65384c: Log matching property violated. Preceding OpId in replica: term: 1 index: 1. Preceding OpId from leader: term: 1 index: 2. (index mismatch)
I20260710 11:02:14.681285 30231 consensus_queue.cc:1048] T cc8b3ca3032d483eb0a0ffb2c63c1350 P 1e8966fe07234a0992a29fc6aa65384c [LEADER]: Connected to new peer: Peer: permanent_uuid: "43e5fe345eea423d8388790683a0d3e9" member_type: VOTER last_known_addr { host: "127.27.230.130" port: 42461 } attrs { replace: true }, Status: LMP_MISMATCH, Last received: 0.0, Next index: 2, Last known committed idx: 1, Time since last communication: 0.000s
I20260710 11:02:14.683624 29973 consensus_queue.cc:1048] T cc8b3ca3032d483eb0a0ffb2c63c1350 P 1e8966fe07234a0992a29fc6aa65384c [LEADER]: Connected to new peer: Peer: permanent_uuid: "6284d5f6313c43adaebdf63a88ba3d7e" member_type: VOTER last_known_addr { host: "127.27.230.129" port: 42523 }, Status: LMP_MISMATCH, Last received: 0.0, Next index: 2, Last known committed idx: 1, Time since last communication: 0.000s
I20260710 11:02:14.691677 30231 raft_consensus.cc:2955] T cc8b3ca3032d483eb0a0ffb2c63c1350 P 1e8966fe07234a0992a29fc6aa65384c [term 1 LEADER]: Committing config change with OpId 1.2: config changed from index -1 to 2, NON_VOTER cfc43ee9496b4f778907235369e25fbe (127.27.230.132) added. New config: { opid_index: 2 OBSOLETE_local: false peers { permanent_uuid: "6284d5f6313c43adaebdf63a88ba3d7e" member_type: VOTER last_known_addr { host: "127.27.230.129" port: 42523 } } peers { permanent_uuid: "43e5fe345eea423d8388790683a0d3e9" member_type: VOTER last_known_addr { host: "127.27.230.130" port: 42461 } attrs { replace: true } } peers { permanent_uuid: "1e8966fe07234a0992a29fc6aa65384c" member_type: VOTER last_known_addr { host: "127.27.230.131" port: 41763 } } peers { permanent_uuid: "cfc43ee9496b4f778907235369e25fbe" member_type: NON_VOTER last_known_addr { host: "127.27.230.132" port: 37205 } attrs { promote: true } } }
I20260710 11:02:14.692976 29755 raft_consensus.cc:2955] T cc8b3ca3032d483eb0a0ffb2c63c1350 P 43e5fe345eea423d8388790683a0d3e9 [term 1 FOLLOWER]: Committing config change with OpId 1.2: config changed from index -1 to 2, NON_VOTER cfc43ee9496b4f778907235369e25fbe (127.27.230.132) added. New config: { opid_index: 2 OBSOLETE_local: false peers { permanent_uuid: "6284d5f6313c43adaebdf63a88ba3d7e" member_type: VOTER last_known_addr { host: "127.27.230.129" port: 42523 } } peers { permanent_uuid: "43e5fe345eea423d8388790683a0d3e9" member_type: VOTER last_known_addr { host: "127.27.230.130" port: 42461 } attrs { replace: true } } peers { permanent_uuid: "1e8966fe07234a0992a29fc6aa65384c" member_type: VOTER last_known_addr { host: "127.27.230.131" port: 41763 } } peers { permanent_uuid: "cfc43ee9496b4f778907235369e25fbe" member_type: NON_VOTER last_known_addr { host: "127.27.230.132" port: 37205 } attrs { promote: true } } }
I20260710 11:02:14.695541 29681 raft_consensus.cc:2955] T cc8b3ca3032d483eb0a0ffb2c63c1350 P 6284d5f6313c43adaebdf63a88ba3d7e [term 1 FOLLOWER]: Committing config change with OpId 1.2: config changed from index -1 to 2, NON_VOTER cfc43ee9496b4f778907235369e25fbe (127.27.230.132) added. New config: { opid_index: 2 OBSOLETE_local: false peers { permanent_uuid: "6284d5f6313c43adaebdf63a88ba3d7e" member_type: VOTER last_known_addr { host: "127.27.230.129" port: 42523 } } peers { permanent_uuid: "43e5fe345eea423d8388790683a0d3e9" member_type: VOTER last_known_addr { host: "127.27.230.130" port: 42461 } attrs { replace: true } } peers { permanent_uuid: "1e8966fe07234a0992a29fc6aa65384c" member_type: VOTER last_known_addr { host: "127.27.230.131" port: 41763 } } peers { permanent_uuid: "cfc43ee9496b4f778907235369e25fbe" member_type: NON_VOTER last_known_addr { host: "127.27.230.132" port: 37205 } attrs { promote: true } } }
I20260710 11:02:14.704910 29579 catalog_manager.cc:5697] T cc8b3ca3032d483eb0a0ffb2c63c1350 P 43e5fe345eea423d8388790683a0d3e9 reported cstate change: config changed from index -1 to 2, NON_VOTER cfc43ee9496b4f778907235369e25fbe (127.27.230.132) added. New cstate: current_term: 1 leader_uuid: "1e8966fe07234a0992a29fc6aa65384c" committed_config { opid_index: 2 OBSOLETE_local: false peers { permanent_uuid: "6284d5f6313c43adaebdf63a88ba3d7e" member_type: VOTER last_known_addr { host: "127.27.230.129" port: 42523 } } peers { permanent_uuid: "43e5fe345eea423d8388790683a0d3e9" member_type: VOTER last_known_addr { host: "127.27.230.130" port: 42461 } attrs { replace: true } } peers { permanent_uuid: "1e8966fe07234a0992a29fc6aa65384c" member_type: VOTER last_known_addr { host: "127.27.230.131" port: 41763 } } peers { permanent_uuid: "cfc43ee9496b4f778907235369e25fbe" member_type: NON_VOTER last_known_addr { host: "127.27.230.132" port: 37205 } attrs { promote: true } } }
I20260710 11:02:14.710369 29755 consensus_queue.cc:237] T db51e0023e02419fbfec298cc75c0944 P 43e5fe345eea423d8388790683a0d3e9 [LEADER]: Queue going to LEADER mode. State: All replicated index: 0, Majority replicated index: 1, Committed index: 1, Last appended: 1.1, Last appended by leader: 0, Current term: 1, Majority size: 2, State: 0, Mode: LEADER, active raft config: opid_index: 2 OBSOLETE_local: false peers { permanent_uuid: "6284d5f6313c43adaebdf63a88ba3d7e" member_type: VOTER last_known_addr { host: "127.27.230.129" port: 42523 } } peers { permanent_uuid: "43e5fe345eea423d8388790683a0d3e9" member_type: VOTER last_known_addr { host: "127.27.230.130" port: 42461 } } peers { permanent_uuid: "1e8966fe07234a0992a29fc6aa65384c" member_type: VOTER last_known_addr { host: "127.27.230.131" port: 41763 } attrs { replace: true } } peers { permanent_uuid: "cfc43ee9496b4f778907235369e25fbe" member_type: NON_VOTER last_known_addr { host: "127.27.230.132" port: 37205 } attrs { promote: true } }
I20260710 11:02:14.718348 29830 raft_consensus.cc:1275] T db51e0023e02419fbfec298cc75c0944 P 1e8966fe07234a0992a29fc6aa65384c [term 1 FOLLOWER]: Refusing update from remote peer 43e5fe345eea423d8388790683a0d3e9: Log matching property violated. Preceding OpId in replica: term: 1 index: 1. Preceding OpId from leader: term: 1 index: 2. (index mismatch)
W20260710 11:02:14.718863 29724 consensus_peers.cc:597] T db51e0023e02419fbfec298cc75c0944 P 43e5fe345eea423d8388790683a0d3e9 -> Peer cfc43ee9496b4f778907235369e25fbe (127.27.230.132:37205): Couldn't send request to peer cfc43ee9496b4f778907235369e25fbe. Error code: TABLET_NOT_FOUND (6). Status: Not found: Tablet not found: db51e0023e02419fbfec298cc75c0944. This is attempt 1: this message will repeat every 5th retry.
I20260710 11:02:14.720536 30208 consensus_queue.cc:1048] T db51e0023e02419fbfec298cc75c0944 P 43e5fe345eea423d8388790683a0d3e9 [LEADER]: Connected to new peer: Peer: permanent_uuid: "1e8966fe07234a0992a29fc6aa65384c" member_type: VOTER last_known_addr { host: "127.27.230.131" port: 41763 } attrs { replace: true }, Status: LMP_MISMATCH, Last received: 0.0, Next index: 2, Last known committed idx: 1, Time since last communication: 0.000s
I20260710 11:02:14.724086 29681 raft_consensus.cc:1275] T db51e0023e02419fbfec298cc75c0944 P 6284d5f6313c43adaebdf63a88ba3d7e [term 1 FOLLOWER]: Refusing update from remote peer 43e5fe345eea423d8388790683a0d3e9: Log matching property violated. Preceding OpId in replica: term: 1 index: 1. Preceding OpId from leader: term: 1 index: 2. (index mismatch)
I20260710 11:02:14.726706 30211 consensus_queue.cc:1048] T db51e0023e02419fbfec298cc75c0944 P 43e5fe345eea423d8388790683a0d3e9 [LEADER]: Connected to new peer: Peer: permanent_uuid: "6284d5f6313c43adaebdf63a88ba3d7e" member_type: VOTER last_known_addr { host: "127.27.230.129" port: 42523 }, Status: LMP_MISMATCH, Last received: 0.0, Next index: 2, Last known committed idx: 1, Time since last communication: 0.000s
I20260710 11:02:14.744645 30208 raft_consensus.cc:2955] T db51e0023e02419fbfec298cc75c0944 P 43e5fe345eea423d8388790683a0d3e9 [term 1 LEADER]: Committing config change with OpId 1.2: config changed from index -1 to 2, NON_VOTER cfc43ee9496b4f778907235369e25fbe (127.27.230.132) added. New config: { opid_index: 2 OBSOLETE_local: false peers { permanent_uuid: "6284d5f6313c43adaebdf63a88ba3d7e" member_type: VOTER last_known_addr { host: "127.27.230.129" port: 42523 } } peers { permanent_uuid: "43e5fe345eea423d8388790683a0d3e9" member_type: VOTER last_known_addr { host: "127.27.230.130" port: 42461 } } peers { permanent_uuid: "1e8966fe07234a0992a29fc6aa65384c" member_type: VOTER last_known_addr { host: "127.27.230.131" port: 41763 } attrs { replace: true } } peers { permanent_uuid: "cfc43ee9496b4f778907235369e25fbe" member_type: NON_VOTER last_known_addr { host: "127.27.230.132" port: 37205 } attrs { promote: true } } }
I20260710 11:02:14.747745 29830 raft_consensus.cc:2955] T db51e0023e02419fbfec298cc75c0944 P 1e8966fe07234a0992a29fc6aa65384c [term 1 FOLLOWER]: Committing config change with OpId 1.2: config changed from index -1 to 2, NON_VOTER cfc43ee9496b4f778907235369e25fbe (127.27.230.132) added. New config: { opid_index: 2 OBSOLETE_local: false peers { permanent_uuid: "6284d5f6313c43adaebdf63a88ba3d7e" member_type: VOTER last_known_addr { host: "127.27.230.129" port: 42523 } } peers { permanent_uuid: "43e5fe345eea423d8388790683a0d3e9" member_type: VOTER last_known_addr { host: "127.27.230.130" port: 42461 } } peers { permanent_uuid: "1e8966fe07234a0992a29fc6aa65384c" member_type: VOTER last_known_addr { host: "127.27.230.131" port: 41763 } attrs { replace: true } } peers { permanent_uuid: "cfc43ee9496b4f778907235369e25fbe" member_type: NON_VOTER last_known_addr { host: "127.27.230.132" port: 37205 } attrs { promote: true } } }
