I20260710 10:59:45.451272 32507 raft_consensus.cc:515] T 5a90dd009479465ea8273834ce137565 P 9c809e50a09145a28e7a701f6a71a74c [term 1 FOLLOWER]: Starting leader election with config: opid_index: -1 OBSOLETE_local: false peers { permanent_uuid: "9c809e50a09145a28e7a701f6a71a74c" member_type: VOTER last_known_addr { host: "127.30.236.1" port: 42093 } } peers { permanent_uuid: "d6c6295acdfc4c5abda4d774fb81cad7" member_type: VOTER last_known_addr { host: "127.30.236.2" port: 40047 } } peers { permanent_uuid: "296dfd772a8c4aa7806bf959e0930dab" member_type: VOTER last_known_addr { host: "127.30.236.3" port: 45319 } }
I20260710 10:59:45.456983 32479 ts_tablet_manager.cc:1434] T 5a90dd009479465ea8273834ce137565 P 296dfd772a8c4aa7806bf959e0930dab: Time spent starting tablet: real 0.080s	user 0.006s	sys 0.003s
I20260710 10:59:45.461053 32365 raft_consensus.cc:3060] T 6a0a8bac12c54f3c9ab38d69e36c3daf P d6c6295acdfc4c5abda4d774fb81cad7 [term 0 FOLLOWER]: Advancing to term 1
I20260710 10:59:45.461174 32437 tablet_service.cc:1917] Received RequestConsensusVote() RPC: tablet_id: "25d41656931b4cdbadd9c96653400b66" candidate_uuid: "d6c6295acdfc4c5abda4d774fb81cad7" candidate_term: 1 candidate_status { last_received { term: 0 index: 0 } } ignore_live_leader: false dest_uuid: "296dfd772a8c4aa7806bf959e0930dab"
I20260710 10:59:45.461710 32437 raft_consensus.cc:3060] T 25d41656931b4cdbadd9c96653400b66 P 296dfd772a8c4aa7806bf959e0930dab [term 0 FOLLOWER]: Advancing to term 1
I20260710 10:59:45.461912 32404 leader_election.cc:304] T 6d8a06dbf02b4290b987e0e4148526fc P 296dfd772a8c4aa7806bf959e0930dab [CANDIDATE]: Term 1 election: Election decided. Result: candidate won. Election summary: received 3 responses out of 3 voters: 2 yes votes; 1 no votes. yes voters: 296dfd772a8c4aa7806bf959e0930dab, d6c6295acdfc4c5abda4d774fb81cad7; no voters: 9c809e50a09145a28e7a701f6a71a74c
I20260710 10:59:45.462807 32523 raft_consensus.cc:2804] T 6d8a06dbf02b4290b987e0e4148526fc P 296dfd772a8c4aa7806bf959e0930dab [term 1 FOLLOWER]: Leader election won for term 1
I20260710 10:59:45.463799 32439 raft_consensus.cc:2393] T b8464a4121b84804bd856fdb7e8321c7 P 296dfd772a8c4aa7806bf959e0930dab [term 1 FOLLOWER]: Leader pre-election vote request: Denying vote to candidate d6c6295acdfc4c5abda4d774fb81cad7 in current term 1: Already voted for candidate 296dfd772a8c4aa7806bf959e0930dab in this term.
I20260710 10:59:45.464679 32289 tablet_service.cc:1917] Received RequestConsensusVote() RPC: tablet_id: "25d41656931b4cdbadd9c96653400b66" candidate_uuid: "d6c6295acdfc4c5abda4d774fb81cad7" candidate_term: 1 candidate_status { last_received { term: 0 index: 0 } } ignore_live_leader: false dest_uuid: "9c809e50a09145a28e7a701f6a71a74c"
W20260710 10:59:45.466817 32330 leader_election.cc:343] T 25d41656931b4cdbadd9c96653400b66 P d6c6295acdfc4c5abda4d774fb81cad7 [CANDIDATE]: Term 1 election: Tablet error from VoteRequest() call to peer 9c809e50a09145a28e7a701f6a71a74c (127.30.236.1:42093): Illegal state: must be running to vote when last-logged opid is not known
I20260710 10:59:45.457408 32481 consensus_queue.cc:260] T 7205c3668f8849bf9bbfa117294fea4c P d6c6295acdfc4c5abda4d774fb81cad7 [NON_LEADER]: Queue going to NON_LEADER mode. State: All replicated index: 0, Majority replicated index: 0, Committed index: 0, Last appended: 0.0, Last appended by leader: 0, Current term: 0, Majority size: -1, State: 0, Mode: NON_LEADER, active raft config: opid_index: -1 OBSOLETE_local: false peers { permanent_uuid: "9c809e50a09145a28e7a701f6a71a74c" member_type: VOTER last_known_addr { host: "127.30.236.1" port: 42093 } } peers { permanent_uuid: "d6c6295acdfc4c5abda4d774fb81cad7" member_type: VOTER last_known_addr { host: "127.30.236.2" port: 40047 } } peers { permanent_uuid: "296dfd772a8c4aa7806bf959e0930dab" member_type: VOTER last_known_addr { host: "127.30.236.3" port: 45319 } }
I20260710 10:59:45.457990 32517 leader_election.cc:290] T 25d41656931b4cdbadd9c96653400b66 P d6c6295acdfc4c5abda4d774fb81cad7 [CANDIDATE]: Term 1 election: Requested vote from peers 9c809e50a09145a28e7a701f6a71a74c (127.30.236.1:42093), 296dfd772a8c4aa7806bf959e0930dab (127.30.236.3:45319)
I20260710 10:59:45.458796 32482 ts_tablet_manager.cc:1403] T 63d828471cef436eb96ae47c22302647 P 9c809e50a09145a28e7a701f6a71a74c: Time spent bootstrapping tablet: real 0.072s	user 0.013s	sys 0.015s
I20260710 10:59:45.468226 32479 tablet_bootstrap.cc:492] T 7205c3668f8849bf9bbfa117294fea4c P 296dfd772a8c4aa7806bf959e0930dab: Bootstrap starting.
I20260710 10:59:45.467303 32289 tablet_service.cc:1917] Received RequestConsensusVote() RPC: tablet_id: "b8464a4121b84804bd856fdb7e8321c7" candidate_uuid: "296dfd772a8c4aa7806bf959e0930dab" candidate_term: 1 candidate_status { last_received { term: 0 index: 0 } } ignore_live_leader: false dest_uuid: "9c809e50a09145a28e7a701f6a71a74c"
I20260710 10:59:45.470521 32481 ts_tablet_manager.cc:1434] T 7205c3668f8849bf9bbfa117294fea4c P d6c6295acdfc4c5abda4d774fb81cad7: Time spent starting tablet: real 0.034s	user 0.011s	sys 0.000s
I20260710 10:59:45.472281 32481 tablet_bootstrap.cc:492] T 1b142f4f9a61472380ad06e6a8929d44 P d6c6295acdfc4c5abda4d774fb81cad7: Bootstrap starting.
I20260710 10:59:45.468438 32520 raft_consensus.cc:2804] T b8464a4121b84804bd856fdb7e8321c7 P d6c6295acdfc4c5abda4d774fb81cad7 [term 0 FOLLOWER]: Leader pre-election won for term 1
I20260710 10:59:45.471740 32289 raft_consensus.cc:3060] T b8464a4121b84804bd856fdb7e8321c7 P 9c809e50a09145a28e7a701f6a71a74c [term 0 FOLLOWER]: Advancing to term 1
I20260710 10:59:45.473901 32520 raft_consensus.cc:493] T b8464a4121b84804bd856fdb7e8321c7 P d6c6295acdfc4c5abda4d774fb81cad7 [term 0 FOLLOWER]: Starting leader election (no leader contacted us within the election timeout)
I20260710 10:59:45.474311 32290 raft_consensus.cc:2393] T 5a90dd009479465ea8273834ce137565 P 9c809e50a09145a28e7a701f6a71a74c [term 1 FOLLOWER]: Leader election vote request: Denying vote to candidate d6c6295acdfc4c5abda4d774fb81cad7 in current term 1: Already voted for candidate 9c809e50a09145a28e7a701f6a71a74c in this term.
I20260710 10:59:45.474521 32520 raft_consensus.cc:3060] T b8464a4121b84804bd856fdb7e8321c7 P d6c6295acdfc4c5abda4d774fb81cad7 [term 0 FOLLOWER]: Advancing to term 1
I20260710 10:59:45.473757 32253 leader_election.cc:304] T 6a0a8bac12c54f3c9ab38d69e36c3daf P 9c809e50a09145a28e7a701f6a71a74c [CANDIDATE]: Term 1 election: Election decided. Result: candidate won. Election summary: received 2 responses out of 3 voters: 2 yes votes; 0 no votes. yes voters: 296dfd772a8c4aa7806bf959e0930dab, 9c809e50a09145a28e7a701f6a71a74c; no voters: 
I20260710 10:59:45.478264 32505 raft_consensus.cc:2804] T 6a0a8bac12c54f3c9ab38d69e36c3daf P 9c809e50a09145a28e7a701f6a71a74c [term 1 FOLLOWER]: Leader election won for term 1
I20260710 10:59:45.480072 32505 raft_consensus.cc:697] T 6a0a8bac12c54f3c9ab38d69e36c3daf P 9c809e50a09145a28e7a701f6a71a74c [term 1 LEADER]: Becoming Leader. State: Replica: 9c809e50a09145a28e7a701f6a71a74c, State: Running, Role: LEADER
I20260710 10:59:45.480872 32505 consensus_queue.cc:237] T 6a0a8bac12c54f3c9ab38d69e36c3daf P 9c809e50a09145a28e7a701f6a71a74c [LEADER]: Queue going to LEADER mode. State: All replicated index: 0, Majority replicated index: 0, Committed index: 0, Last appended: 0.0, Last appended by leader: 0, Current term: 1, Majority size: 2, State: 0, Mode: LEADER, active raft config: opid_index: -1 OBSOLETE_local: false peers { permanent_uuid: "9c809e50a09145a28e7a701f6a71a74c" member_type: VOTER last_known_addr { host: "127.30.236.1" port: 42093 } } peers { permanent_uuid: "d6c6295acdfc4c5abda4d774fb81cad7" member_type: VOTER last_known_addr { host: "127.30.236.2" port: 40047 } } peers { permanent_uuid: "296dfd772a8c4aa7806bf959e0930dab" member_type: VOTER last_known_addr { host: "127.30.236.3" port: 45319 } }
I20260710 10:59:45.482179 32289 raft_consensus.cc:2468] T b8464a4121b84804bd856fdb7e8321c7 P 9c809e50a09145a28e7a701f6a71a74c [term 1 FOLLOWER]: Leader election vote request: Granting yes vote for candidate 296dfd772a8c4aa7806bf959e0930dab in term 1.
I20260710 10:59:45.482369 32481 tablet_bootstrap.cc:654] T 1b142f4f9a61472380ad06e6a8929d44 P d6c6295acdfc4c5abda4d774fb81cad7: Neither blocks nor log segments found. Creating new log.
I20260710 10:59:45.483610 32514 raft_consensus.cc:493] T 7205c3668f8849bf9bbfa117294fea4c P 9c809e50a09145a28e7a701f6a71a74c [term 0 FOLLOWER]: Starting pre-election (no leader contacted us within the election timeout)
I20260710 10:59:45.484344 32510 leader_election.cc:290] T b8464a4121b84804bd856fdb7e8321c7 P 296dfd772a8c4aa7806bf959e0930dab [CANDIDATE]: Term 1 election: Requested vote from peers 9c809e50a09145a28e7a701f6a71a74c (127.30.236.1:42093), d6c6295acdfc4c5abda4d774fb81cad7 (127.30.236.2:40047)
I20260710 10:59:45.484063 32514 raft_consensus.cc:515] T 7205c3668f8849bf9bbfa117294fea4c P 9c809e50a09145a28e7a701f6a71a74c [term 0 FOLLOWER]: Starting pre-election with config: opid_index: -1 OBSOLETE_local: false peers { permanent_uuid: "9c809e50a09145a28e7a701f6a71a74c" member_type: VOTER last_known_addr { host: "127.30.236.1" port: 42093 } } peers { permanent_uuid: "d6c6295acdfc4c5abda4d774fb81cad7" member_type: VOTER last_known_addr { host: "127.30.236.2" port: 40047 } } peers { permanent_uuid: "296dfd772a8c4aa7806bf959e0930dab" member_type: VOTER last_known_addr { host: "127.30.236.3" port: 45319 } }
I20260710 10:59:45.485366 32437 raft_consensus.cc:2468] T 25d41656931b4cdbadd9c96653400b66 P 296dfd772a8c4aa7806bf959e0930dab [term 1 FOLLOWER]: Leader election vote request: Granting yes vote for candidate d6c6295acdfc4c5abda4d774fb81cad7 in term 1.
I20260710 10:59:45.471652 32488 raft_consensus.cc:697] T 5a90dd009479465ea8273834ce137565 P d6c6295acdfc4c5abda4d774fb81cad7 [term 1 LEADER]: Becoming Leader. State: Replica: d6c6295acdfc4c5abda4d774fb81cad7, State: Running, Role: LEADER
I20260710 10:59:45.486606 32488 consensus_queue.cc:237] T 5a90dd009479465ea8273834ce137565 P d6c6295acdfc4c5abda4d774fb81cad7 [LEADER]: Queue going to LEADER mode. State: All replicated index: 0, Majority replicated index: 0, Committed index: 0, Last appended: 0.0, Last appended by leader: 0, Current term: 1, Majority size: 2, State: 0, Mode: LEADER, active raft config: opid_index: -1 OBSOLETE_local: false peers { permanent_uuid: "9c809e50a09145a28e7a701f6a71a74c" member_type: VOTER last_known_addr { host: "127.30.236.1" port: 42093 } } peers { permanent_uuid: "d6c6295acdfc4c5abda4d774fb81cad7" member_type: VOTER last_known_addr { host: "127.30.236.2" port: 40047 } } peers { permanent_uuid: "296dfd772a8c4aa7806bf959e0930dab" member_type: VOTER last_known_addr { host: "127.30.236.3" port: 45319 } }
I20260710 10:59:45.491876 32520 raft_consensus.cc:515] T b8464a4121b84804bd856fdb7e8321c7 P d6c6295acdfc4c5abda4d774fb81cad7 [term 1 FOLLOWER]: Starting leader election with config: opid_index: -1 OBSOLETE_local: false peers { permanent_uuid: "296dfd772a8c4aa7806bf959e0930dab" member_type: VOTER last_known_addr { host: "127.30.236.3" port: 45319 } } peers { permanent_uuid: "9c809e50a09145a28e7a701f6a71a74c" member_type: VOTER last_known_addr { host: "127.30.236.1" port: 42093 } } peers { permanent_uuid: "d6c6295acdfc4c5abda4d774fb81cad7" member_type: VOTER last_known_addr { host: "127.30.236.2" port: 40047 } }
I20260710 10:59:45.492713 32479 tablet_bootstrap.cc:654] T 7205c3668f8849bf9bbfa117294fea4c P 296dfd772a8c4aa7806bf959e0930dab: Neither blocks nor log segments found. Creating new log.
I20260710 10:59:45.494028 32404 leader_election.cc:304] T b8464a4121b84804bd856fdb7e8321c7 P 296dfd772a8c4aa7806bf959e0930dab [CANDIDATE]: Term 1 election: Election decided. Result: candidate won. Election summary: received 2 responses out of 3 voters: 2 yes votes; 0 no votes. yes voters: 296dfd772a8c4aa7806bf959e0930dab, 9c809e50a09145a28e7a701f6a71a74c; no voters: 
I20260710 10:59:45.494069 32328 leader_election.cc:304] T 25d41656931b4cdbadd9c96653400b66 P d6c6295acdfc4c5abda4d774fb81cad7 [CANDIDATE]: Term 1 election: Election decided. Result: candidate won. Election summary: received 3 responses out of 3 voters: 2 yes votes; 1 no votes. yes voters: 296dfd772a8c4aa7806bf959e0930dab, d6c6295acdfc4c5abda4d774fb81cad7; no voters: 9c809e50a09145a28e7a701f6a71a74c
I20260710 10:59:45.495688 32525 raft_consensus.cc:2804] T 25d41656931b4cdbadd9c96653400b66 P d6c6295acdfc4c5abda4d774fb81cad7 [term 1 FOLLOWER]: Leader election won for term 1
I20260710 10:59:45.496254 32525 raft_consensus.cc:697] T 25d41656931b4cdbadd9c96653400b66 P d6c6295acdfc4c5abda4d774fb81cad7 [term 1 LEADER]: Becoming Leader. State: Replica: d6c6295acdfc4c5abda4d774fb81cad7, State: Running, Role: LEADER
I20260710 10:59:45.497131 32525 consensus_queue.cc:237] T 25d41656931b4cdbadd9c96653400b66 P d6c6295acdfc4c5abda4d774fb81cad7 [LEADER]: Queue going to LEADER mode. State: All replicated index: 0, Majority replicated index: 0, Committed index: 0, Last appended: 0.0, Last appended by leader: 0, Current term: 1, Majority size: 2, State: 0, Mode: LEADER, active raft config: opid_index: -1 OBSOLETE_local: false peers { permanent_uuid: "9c809e50a09145a28e7a701f6a71a74c" member_type: VOTER last_known_addr { host: "127.30.236.1" port: 42093 } } peers { permanent_uuid: "d6c6295acdfc4c5abda4d774fb81cad7" member_type: VOTER last_known_addr { host: "127.30.236.2" port: 40047 } } peers { permanent_uuid: "296dfd772a8c4aa7806bf959e0930dab" member_type: VOTER last_known_addr { host: "127.30.236.3" port: 45319 } }
I20260710 10:59:45.498023 32509 leader_election.cc:290] T c93c1a072be744e8889bc905acf9e032 P 296dfd772a8c4aa7806bf959e0930dab [CANDIDATE]: Term 2 election: Requested vote from peers 9c809e50a09145a28e7a701f6a71a74c (127.30.236.1:42093), d6c6295acdfc4c5abda4d774fb81cad7 (127.30.236.2:40047)
I20260710 10:59:45.502744 32509 raft_consensus.cc:2804] T b8464a4121b84804bd856fdb7e8321c7 P 296dfd772a8c4aa7806bf959e0930dab [term 1 FOLLOWER]: Leader election won for term 1
I20260710 10:59:45.502697 32362 tablet_service.cc:1917] Received RequestConsensusVote() RPC: tablet_id: "b8464a4121b84804bd856fdb7e8321c7" candidate_uuid: "296dfd772a8c4aa7806bf959e0930dab" candidate_term: 1 candidate_status { last_received { term: 0 index: 0 } } ignore_live_leader: false dest_uuid: "d6c6295acdfc4c5abda4d774fb81cad7"
I20260710 10:59:45.503239 32509 raft_consensus.cc:697] T b8464a4121b84804bd856fdb7e8321c7 P 296dfd772a8c4aa7806bf959e0930dab [term 1 LEADER]: Becoming Leader. State: Replica: 296dfd772a8c4aa7806bf959e0930dab, State: Running, Role: LEADER
I20260710 10:59:45.503481 32362 raft_consensus.cc:2393] T b8464a4121b84804bd856fdb7e8321c7 P d6c6295acdfc4c5abda4d774fb81cad7 [term 1 FOLLOWER]: Leader election vote request: Denying vote to candidate 296dfd772a8c4aa7806bf959e0930dab in current term 1: Already voted for candidate d6c6295acdfc4c5abda4d774fb81cad7 in this term.
I20260710 10:59:45.504005 32509 consensus_queue.cc:237] T b8464a4121b84804bd856fdb7e8321c7 P 296dfd772a8c4aa7806bf959e0930dab [LEADER]: Queue going to LEADER mode. State: All replicated index: 0, Majority replicated index: 0, Committed index: 0, Last appended: 0.0, Last appended by leader: 0, Current term: 1, Majority size: 2, State: 0, Mode: LEADER, active raft config: opid_index: -1 OBSOLETE_local: false peers { permanent_uuid: "296dfd772a8c4aa7806bf959e0930dab" member_type: VOTER last_known_addr { host: "127.30.236.3" port: 45319 } } peers { permanent_uuid: "9c809e50a09145a28e7a701f6a71a74c" member_type: VOTER last_known_addr { host: "127.30.236.1" port: 42093 } } peers { permanent_uuid: "d6c6295acdfc4c5abda4d774fb81cad7" member_type: VOTER last_known_addr { host: "127.30.236.2" port: 40047 } }
I20260710 10:59:45.505942 32482 raft_consensus.cc:359] T 63d828471cef436eb96ae47c22302647 P 9c809e50a09145a28e7a701f6a71a74c [term 0 FOLLOWER]: Replica starting. Triggering 0 pending ops. Active config: opid_index: -1 OBSOLETE_local: false peers { permanent_uuid: "9c809e50a09145a28e7a701f6a71a74c" member_type: VOTER last_known_addr { host: "127.30.236.1" port: 42093 } } peers { permanent_uuid: "d6c6295acdfc4c5abda4d774fb81cad7" member_type: VOTER last_known_addr { host: "127.30.236.2" port: 40047 } } peers { permanent_uuid: "296dfd772a8c4aa7806bf959e0930dab" member_type: VOTER last_known_addr { host: "127.30.236.3" port: 45319 } }
I20260710 10:59:45.506603 32482 raft_consensus.cc:385] T 63d828471cef436eb96ae47c22302647 P 9c809e50a09145a28e7a701f6a71a74c [term 0 FOLLOWER]: Consensus starting up: Expiring failure detector timer to make a prompt election more likely
I20260710 10:59:45.506850 32482 raft_consensus.cc:740] T 63d828471cef436eb96ae47c22302647 P 9c809e50a09145a28e7a701f6a71a74c [term 0 FOLLOWER]: Becoming Follower/Learner. State: Replica: 9c809e50a09145a28e7a701f6a71a74c, State: Initialized, Role: FOLLOWER
I20260710 10:59:45.497131 32484 leader_election.cc:290] T f9908872e0e344a4b3fe3608a8b6a76b P 296dfd772a8c4aa7806bf959e0930dab [CANDIDATE]: Term 1 election: Requested vote from peers 9c809e50a09145a28e7a701f6a71a74c (127.30.236.1:42093), d6c6295acdfc4c5abda4d774fb81cad7 (127.30.236.2:40047)
I20260710 10:59:45.510612 32520 leader_election.cc:290] T b8464a4121b84804bd856fdb7e8321c7 P d6c6295acdfc4c5abda4d774fb81cad7 [CANDIDATE]: Term 1 election: Requested vote from peers 296dfd772a8c4aa7806bf959e0930dab (127.30.236.3:45319), 9c809e50a09145a28e7a701f6a71a74c (127.30.236.1:42093)
I20260710 10:59:45.508883 32523 raft_consensus.cc:697] T 6d8a06dbf02b4290b987e0e4148526fc P 296dfd772a8c4aa7806bf959e0930dab [term 1 LEADER]: Becoming Leader. State: Replica: 296dfd772a8c4aa7806bf959e0930dab, State: Running, Role: LEADER
I20260710 10:59:45.515384 32482 consensus_queue.cc:260] T 63d828471cef436eb96ae47c22302647 P 9c809e50a09145a28e7a701f6a71a74c [NON_LEADER]: Queue going to NON_LEADER mode. State: All replicated index: 0, Majority replicated index: 0, Committed index: 0, Last appended: 0.0, Last appended by leader: 0, Current term: 0, Majority size: -1, State: 0, Mode: NON_LEADER, active raft config: opid_index: -1 OBSOLETE_local: false peers { permanent_uuid: "9c809e50a09145a28e7a701f6a71a74c" member_type: VOTER last_known_addr { host: "127.30.236.1" port: 42093 } } peers { permanent_uuid: "d6c6295acdfc4c5abda4d774fb81cad7" member_type: VOTER last_known_addr { host: "127.30.236.2" port: 40047 } } peers { permanent_uuid: "296dfd772a8c4aa7806bf959e0930dab" member_type: VOTER last_known_addr { host: "127.30.236.3" port: 45319 } }
I20260710 10:59:45.520776 32482 ts_tablet_manager.cc:1434] T 63d828471cef436eb96ae47c22302647 P 9c809e50a09145a28e7a701f6a71a74c: Time spent starting tablet: real 0.051s	user 0.005s	sys 0.000s
I20260710 10:59:45.520741 32362 tablet_service.cc:1917] Received RequestConsensusVote() RPC: tablet_id: "7205c3668f8849bf9bbfa117294fea4c" candidate_uuid: "9c809e50a09145a28e7a701f6a71a74c" candidate_term: 1 candidate_status { last_received { term: 0 index: 0 } } ignore_live_leader: false dest_uuid: "d6c6295acdfc4c5abda4d774fb81cad7" is_pre_election: true
I20260710 10:59:45.521572 32482 tablet_bootstrap.cc:492] T 6d8a06dbf02b4290b987e0e4148526fc P 9c809e50a09145a28e7a701f6a71a74c: Bootstrap starting.
I20260710 10:59:45.521471 32362 raft_consensus.cc:2468] T 7205c3668f8849bf9bbfa117294fea4c P d6c6295acdfc4c5abda4d774fb81cad7 [term 0 FOLLOWER]: Leader pre-election vote request: Granting yes vote for candidate 9c809e50a09145a28e7a701f6a71a74c in term 0.
I20260710 10:59:45.523183 32289 tablet_service.cc:1917] Received RequestConsensusVote() RPC: tablet_id: "f9908872e0e344a4b3fe3608a8b6a76b" candidate_uuid: "296dfd772a8c4aa7806bf959e0930dab" candidate_term: 1 candidate_status { last_received { term: 0 index: 0 } } ignore_live_leader: false dest_uuid: "9c809e50a09145a28e7a701f6a71a74c"
I20260710 10:59:45.523398 32255 leader_election.cc:304] T 7205c3668f8849bf9bbfa117294fea4c P 9c809e50a09145a28e7a701f6a71a74c [CANDIDATE]: Term 1 pre-election: Election decided. Result: candidate won. Election summary: received 2 responses out of 3 voters: 2 yes votes; 0 no votes. yes voters: 9c809e50a09145a28e7a701f6a71a74c, d6c6295acdfc4c5abda4d774fb81cad7; no voters: 
I20260710 10:59:45.523753 32289 raft_consensus.cc:3060] T f9908872e0e344a4b3fe3608a8b6a76b P 9c809e50a09145a28e7a701f6a71a74c [term 0 FOLLOWER]: Advancing to term 1
I20260710 10:59:45.524612 32507 leader_election.cc:290] T 5a90dd009479465ea8273834ce137565 P 9c809e50a09145a28e7a701f6a71a74c [CANDIDATE]: Term 1 election: Requested vote from peers d6c6295acdfc4c5abda4d774fb81cad7 (127.30.236.2:40047), 296dfd772a8c4aa7806bf959e0930dab (127.30.236.3:45319)
I20260710 10:59:45.525125 32507 raft_consensus.cc:2804] T 7205c3668f8849bf9bbfa117294fea4c P 9c809e50a09145a28e7a701f6a71a74c [term 0 FOLLOWER]: Leader pre-election won for term 1
I20260710 10:59:45.525440 32507 raft_consensus.cc:493] T 7205c3668f8849bf9bbfa117294fea4c P 9c809e50a09145a28e7a701f6a71a74c [term 0 FOLLOWER]: Starting leader election (no leader contacted us within the election timeout)
I20260710 10:59:45.525738 32507 raft_consensus.cc:3060] T 7205c3668f8849bf9bbfa117294fea4c P 9c809e50a09145a28e7a701f6a71a74c [term 0 FOLLOWER]: Advancing to term 1
I20260710 10:59:45.527683 32362 tablet_service.cc:1917] Received RequestConsensusVote() RPC: tablet_id: "5a90dd009479465ea8273834ce137565" candidate_uuid: "9c809e50a09145a28e7a701f6a71a74c" candidate_term: 1 candidate_status { last_received { term: 0 index: 0 } } ignore_live_leader: false dest_uuid: "d6c6295acdfc4c5abda4d774fb81cad7"
I20260710 10:59:45.527750 32438 tablet_service.cc:1917] Received RequestConsensusVote() RPC: tablet_id: "b8464a4121b84804bd856fdb7e8321c7" candidate_uuid: "d6c6295acdfc4c5abda4d774fb81cad7" candidate_term: 1 candidate_status { last_received { term: 0 index: 0 } } ignore_live_leader: false dest_uuid: "296dfd772a8c4aa7806bf959e0930dab"
I20260710 10:59:45.527276 32185 catalog_manager.cc:5697] T 5a90dd009479465ea8273834ce137565 P d6c6295acdfc4c5abda4d774fb81cad7 reported cstate change: term changed from 0 to 1, leader changed from <none> to d6c6295acdfc4c5abda4d774fb81cad7 (127.30.236.2). New cstate: current_term: 1 leader_uuid: "d6c6295acdfc4c5abda4d774fb81cad7" committed_config { opid_index: -1 OBSOLETE_local: false peers { permanent_uuid: "9c809e50a09145a28e7a701f6a71a74c" member_type: VOTER last_known_addr { host: "127.30.236.1" port: 42093 } health_report { overall_health: UNKNOWN } } peers { permanent_uuid: "d6c6295acdfc4c5abda4d774fb81cad7" member_type: VOTER last_known_addr { host: "127.30.236.2" port: 40047 } health_report { overall_health: HEALTHY } } peers { permanent_uuid: "296dfd772a8c4aa7806bf959e0930dab" member_type: VOTER last_known_addr { host: "127.30.236.3" port: 45319 } health_report { overall_health: UNKNOWN } } }
I20260710 10:59:45.528880 32290 tablet_service.cc:1917] Received RequestConsensusVote() RPC: tablet_id: "c93c1a072be744e8889bc905acf9e032" candidate_uuid: "296dfd772a8c4aa7806bf959e0930dab" candidate_term: 2 candidate_status { last_received { term: 0 index: 0 } } ignore_live_leader: false dest_uuid: "9c809e50a09145a28e7a701f6a71a74c"
I20260710 10:59:45.529315 32437 tablet_service.cc:1917] Received RequestConsensusVote() RPC: tablet_id: "7205c3668f8849bf9bbfa117294fea4c" candidate_uuid: "9c809e50a09145a28e7a701f6a71a74c" candidate_term: 1 candidate_status { last_received { term: 0 index: 0 } } ignore_live_leader: false dest_uuid: "296dfd772a8c4aa7806bf959e0930dab" is_pre_election: true
I20260710 10:59:45.530920 32438 tablet_service.cc:1917] Received RequestConsensusVote() RPC: tablet_id: "5a90dd009479465ea8273834ce137565" candidate_uuid: "9c809e50a09145a28e7a701f6a71a74c" candidate_term: 1 candidate_status { last_received { term: 0 index: 0 } } ignore_live_leader: false dest_uuid: "296dfd772a8c4aa7806bf959e0930dab"
I20260710 10:59:45.529439 32514 leader_election.cc:290] T 7205c3668f8849bf9bbfa117294fea4c P 9c809e50a09145a28e7a701f6a71a74c [CANDIDATE]: Term 1 pre-election: Requested pre-vote from peers d6c6295acdfc4c5abda4d774fb81cad7 (127.30.236.2:40047), 296dfd772a8c4aa7806bf959e0930dab (127.30.236.3:45319)
I20260710 10:59:45.533910 32362 tablet_service.cc:1917] Received RequestConsensusVote() RPC: tablet_id: "f9908872e0e344a4b3fe3608a8b6a76b" candidate_uuid: "296dfd772a8c4aa7806bf959e0930dab" candidate_term: 1 candidate_status { last_received { term: 0 index: 0 } } ignore_live_leader: false dest_uuid: "d6c6295acdfc4c5abda4d774fb81cad7"
W20260710 10:59:45.532105 32253 leader_election.cc:343] T 7205c3668f8849bf9bbfa117294fea4c P 9c809e50a09145a28e7a701f6a71a74c [CANDIDATE]: Term 1 pre-election: Tablet error from VoteRequest() call to peer 296dfd772a8c4aa7806bf959e0930dab (127.30.236.3:45319): Illegal state: must be running to vote when last-logged opid is not known
I20260710 10:59:45.532110 32438 raft_consensus.cc:2393] T 5a90dd009479465ea8273834ce137565 P 296dfd772a8c4aa7806bf959e0930dab [term 1 FOLLOWER]: Leader election vote request: Denying vote to candidate 9c809e50a09145a28e7a701f6a71a74c in current term 1: Already voted for candidate d6c6295acdfc4c5abda4d774fb81cad7 in this term.
I20260710 10:59:45.534452 32360 tablet_service.cc:1917] Received RequestConsensusVote() RPC: tablet_id: "c93c1a072be744e8889bc905acf9e032" candidate_uuid: "296dfd772a8c4aa7806bf959e0930dab" candidate_term: 2 candidate_status { last_received { term: 0 index: 0 } } ignore_live_leader: false dest_uuid: "d6c6295acdfc4c5abda4d774fb81cad7"
I20260710 10:59:45.535040 32360 raft_consensus.cc:3060] T c93c1a072be744e8889bc905acf9e032 P d6c6295acdfc4c5abda4d774fb81cad7 [term 1 FOLLOWER]: Advancing to term 2
I20260710 10:59:45.533486 32290 tablet_service.cc:1917] Received RequestConsensusVote() RPC: tablet_id: "b8464a4121b84804bd856fdb7e8321c7" candidate_uuid: "d6c6295acdfc4c5abda4d774fb81cad7" candidate_term: 1 candidate_status { last_received { term: 0 index: 0 } } ignore_live_leader: false dest_uuid: "9c809e50a09145a28e7a701f6a71a74c"
I20260710 10:59:45.535518 32289 raft_consensus.cc:2468] T f9908872e0e344a4b3fe3608a8b6a76b P 9c809e50a09145a28e7a701f6a71a74c [term 1 FOLLOWER]: Leader election vote request: Granting yes vote for candidate 296dfd772a8c4aa7806bf959e0930dab in term 1.
I20260710 10:59:45.537801 32479 tablet_bootstrap.cc:492] T 7205c3668f8849bf9bbfa117294fea4c P 296dfd772a8c4aa7806bf959e0930dab: No bootstrap required, opened a new log
I20260710 10:59:45.538358 32479 ts_tablet_manager.cc:1403] T 7205c3668f8849bf9bbfa117294fea4c P 296dfd772a8c4aa7806bf959e0930dab: Time spent bootstrapping tablet: real 0.070s	user 0.008s	sys 0.012s
I20260710 10:59:45.542795 32290 raft_consensus.cc:2393] T b8464a4121b84804bd856fdb7e8321c7 P 9c809e50a09145a28e7a701f6a71a74c [term 1 FOLLOWER]: Leader election vote request: Denying vote to candidate d6c6295acdfc4c5abda4d774fb81cad7 in current term 1: Already voted for candidate 296dfd772a8c4aa7806bf959e0930dab in this term.
W20260710 10:59:45.543637 32404 leader_election.cc:343] T f9908872e0e344a4b3fe3608a8b6a76b P 296dfd772a8c4aa7806bf959e0930dab [CANDIDATE]: Term 1 election: Tablet error from VoteRequest() call to peer d6c6295acdfc4c5abda4d774fb81cad7 (127.30.236.2:40047): Illegal state: must be running to vote when last-logged opid is not known
I20260710 10:59:45.536396 32253 leader_election.cc:304] T 5a90dd009479465ea8273834ce137565 P 9c809e50a09145a28e7a701f6a71a74c [CANDIDATE]: Term 1 election: Election decided. Result: candidate lost. Election summary: received 3 responses out of 3 voters: 1 yes votes; 2 no votes. yes voters: 9c809e50a09145a28e7a701f6a71a74c; no voters: 296dfd772a8c4aa7806bf959e0930dab, d6c6295acdfc4c5abda4d774fb81cad7
I20260710 10:59:45.544711 32514 raft_consensus.cc:2749] T 5a90dd009479465ea8273834ce137565 P 9c809e50a09145a28e7a701f6a71a74c [term 1 FOLLOWER]: Leader election lost for term 1. Reason: could not achieve majority
I20260710 10:59:45.544278 32330 leader_election.cc:304] T b8464a4121b84804bd856fdb7e8321c7 P d6c6295acdfc4c5abda4d774fb81cad7 [CANDIDATE]: Term 1 election: Election decided. Result: candidate lost. Election summary: received 3 responses out of 3 voters: 1 yes votes; 2 no votes. yes voters: d6c6295acdfc4c5abda4d774fb81cad7; no voters: 296dfd772a8c4aa7806bf959e0930dab, 9c809e50a09145a28e7a701f6a71a74c
I20260710 10:59:45.545178 32523 consensus_queue.cc:237] T 6d8a06dbf02b4290b987e0e4148526fc P 296dfd772a8c4aa7806bf959e0930dab [LEADER]: Queue going to LEADER mode. State: All replicated index: 0, Majority replicated index: 0, Committed index: 0, Last appended: 0.0, Last appended by leader: 0, Current term: 1, Majority size: 2, State: 0, Mode: LEADER, active raft config: opid_index: -1 OBSOLETE_local: false peers { permanent_uuid: "9c809e50a09145a28e7a701f6a71a74c" member_type: VOTER last_known_addr { host: "127.30.236.1" port: 42093 } } peers { permanent_uuid: "d6c6295acdfc4c5abda4d774fb81cad7" member_type: VOTER last_known_addr { host: "127.30.236.2" port: 40047 } } peers { permanent_uuid: "296dfd772a8c4aa7806bf959e0930dab" member_type: VOTER last_known_addr { host: "127.30.236.3" port: 45319 } }
I20260710 10:59:45.546444 32520 raft_consensus.cc:2749] T b8464a4121b84804bd856fdb7e8321c7 P d6c6295acdfc4c5abda4d774fb81cad7 [term 1 FOLLOWER]: Leader election lost for term 1. Reason: could not achieve majority
I20260710 10:59:45.549271 32404 leader_election.cc:304] T f9908872e0e344a4b3fe3608a8b6a76b P 296dfd772a8c4aa7806bf959e0930dab [CANDIDATE]: Term 1 election: Election decided. Result: candidate won. Election summary: received 3 responses out of 3 voters: 2 yes votes; 1 no votes. yes voters: 296dfd772a8c4aa7806bf959e0930dab, 9c809e50a09145a28e7a701f6a71a74c; no voters: d6c6295acdfc4c5abda4d774fb81cad7
I20260710 10:59:45.543381 32507 raft_consensus.cc:515] T 7205c3668f8849bf9bbfa117294fea4c P 9c809e50a09145a28e7a701f6a71a74c [term 1 FOLLOWER]: Starting leader election with config: opid_index: -1 OBSOLETE_local: false peers { permanent_uuid: "9c809e50a09145a28e7a701f6a71a74c" member_type: VOTER last_known_addr { host: "127.30.236.1" port: 42093 } } peers { permanent_uuid: "d6c6295acdfc4c5abda4d774fb81cad7" member_type: VOTER last_known_addr { host: "127.30.236.2" port: 40047 } } peers { permanent_uuid: "296dfd772a8c4aa7806bf959e0930dab" member_type: VOTER last_known_addr { host: "127.30.236.3" port: 45319 } }
I20260710 10:59:45.550693 32360 raft_consensus.cc:2468] T c93c1a072be744e8889bc905acf9e032 P d6c6295acdfc4c5abda4d774fb81cad7 [term 2 FOLLOWER]: Leader election vote request: Granting yes vote for candidate 296dfd772a8c4aa7806bf959e0930dab in term 2.
I20260710 10:59:45.551837 32404 leader_election.cc:304] T c93c1a072be744e8889bc905acf9e032 P 296dfd772a8c4aa7806bf959e0930dab [CANDIDATE]: Term 2 election: Election decided. Result: candidate won. Election summary: received 3 responses out of 3 voters: 2 yes votes; 1 no votes. yes voters: 296dfd772a8c4aa7806bf959e0930dab, d6c6295acdfc4c5abda4d774fb81cad7; no voters: 9c809e50a09145a28e7a701f6a71a74c
I20260710 10:59:45.552529 32484 raft_consensus.cc:2804] T f9908872e0e344a4b3fe3608a8b6a76b P 296dfd772a8c4aa7806bf959e0930dab [term 1 FOLLOWER]: Leader election won for term 1
I20260710 10:59:45.552987 32484 raft_consensus.cc:697] T f9908872e0e344a4b3fe3608a8b6a76b P 296dfd772a8c4aa7806bf959e0930dab [term 1 LEADER]: Becoming Leader. State: Replica: 296dfd772a8c4aa7806bf959e0930dab, State: Running, Role: LEADER
I20260710 10:59:45.553689 32484 consensus_queue.cc:237] T f9908872e0e344a4b3fe3608a8b6a76b P 296dfd772a8c4aa7806bf959e0930dab [LEADER]: Queue going to LEADER mode. State: All replicated index: 0, Majority replicated index: 0, Committed index: 0, Last appended: 0.0, Last appended by leader: 0, Current term: 1, Majority size: 2, State: 0, Mode: LEADER, active raft config: opid_index: -1 OBSOLETE_local: false peers { permanent_uuid: "9c809e50a09145a28e7a701f6a71a74c" member_type: VOTER last_known_addr { host: "127.30.236.1" port: 42093 } } peers { permanent_uuid: "d6c6295acdfc4c5abda4d774fb81cad7" member_type: VOTER last_known_addr { host: "127.30.236.2" port: 40047 } } peers { permanent_uuid: "296dfd772a8c4aa7806bf959e0930dab" member_type: VOTER last_known_addr { host: "127.30.236.3" port: 45319 } }
I20260710 10:59:45.555243 32365 raft_consensus.cc:2468] T 6a0a8bac12c54f3c9ab38d69e36c3daf P d6c6295acdfc4c5abda4d774fb81cad7 [term 1 FOLLOWER]: Leader election vote request: Granting yes vote for candidate 9c809e50a09145a28e7a701f6a71a74c in term 1.
I20260710 10:59:45.555759 32360 tablet_service.cc:1917] Received RequestConsensusVote() RPC: tablet_id: "7205c3668f8849bf9bbfa117294fea4c" candidate_uuid: "9c809e50a09145a28e7a701f6a71a74c" candidate_term: 1 candidate_status { last_received { term: 0 index: 0 } } ignore_live_leader: false dest_uuid: "d6c6295acdfc4c5abda4d774fb81cad7"
I20260710 10:59:45.556277 32360 raft_consensus.cc:3060] T 7205c3668f8849bf9bbfa117294fea4c P d6c6295acdfc4c5abda4d774fb81cad7 [term 0 FOLLOWER]: Advancing to term 1
I20260710 10:59:45.556172 32185 catalog_manager.cc:5697] T 25d41656931b4cdbadd9c96653400b66 P d6c6295acdfc4c5abda4d774fb81cad7 reported cstate change: term changed from 0 to 1, leader changed from <none> to d6c6295acdfc4c5abda4d774fb81cad7 (127.30.236.2). New cstate: current_term: 1 leader_uuid: "d6c6295acdfc4c5abda4d774fb81cad7" committed_config { opid_index: -1 OBSOLETE_local: false peers { permanent_uuid: "9c809e50a09145a28e7a701f6a71a74c" member_type: VOTER last_known_addr { host: "127.30.236.1" port: 42093 } health_report { overall_health: UNKNOWN } } peers { permanent_uuid: "d6c6295acdfc4c5abda4d774fb81cad7" member_type: VOTER last_known_addr { host: "127.30.236.2" port: 40047 } health_report { overall_health: HEALTHY } } peers { permanent_uuid: "296dfd772a8c4aa7806bf959e0930dab" member_type: VOTER last_known_addr { host: "127.30.236.3" port: 45319 } health_report { overall_health: UNKNOWN } } }
I20260710 10:59:45.556077 32482 tablet_bootstrap.cc:654] T 6d8a06dbf02b4290b987e0e4148526fc P 9c809e50a09145a28e7a701f6a71a74c: Neither blocks nor log segments found. Creating new log.
I20260710 10:59:45.559051 32510 raft_consensus.cc:2804] T c93c1a072be744e8889bc905acf9e032 P 296dfd772a8c4aa7806bf959e0930dab [term 2 FOLLOWER]: Leader election won for term 2
I20260710 10:59:45.559123 32438 tablet_service.cc:1917] Received RequestConsensusVote() RPC: tablet_id: "7205c3668f8849bf9bbfa117294fea4c" candidate_uuid: "9c809e50a09145a28e7a701f6a71a74c" candidate_term: 1 candidate_status { last_received { term: 0 index: 0 } } ignore_live_leader: false dest_uuid: "296dfd772a8c4aa7806bf959e0930dab"
W20260710 10:59:45.561508 32253 leader_election.cc:343] T 7205c3668f8849bf9bbfa117294fea4c P 9c809e50a09145a28e7a701f6a71a74c [CANDIDATE]: Term 1 election: Tablet error from VoteRequest() call to peer 296dfd772a8c4aa7806bf959e0930dab (127.30.236.3:45319): Illegal state: must be running to vote when last-logged opid is not known
I20260710 10:59:45.560741 32507 leader_election.cc:290] T 7205c3668f8849bf9bbfa117294fea4c P 9c809e50a09145a28e7a701f6a71a74c [CANDIDATE]: Term 1 election: Requested vote from peers d6c6295acdfc4c5abda4d774fb81cad7 (127.30.236.2:40047), 296dfd772a8c4aa7806bf959e0930dab (127.30.236.3:45319)
I20260710 10:59:45.561681 32479 raft_consensus.cc:359] T 7205c3668f8849bf9bbfa117294fea4c P 296dfd772a8c4aa7806bf959e0930dab [term 0 FOLLOWER]: Replica starting. Triggering 0 pending ops. Active config: opid_index: -1 OBSOLETE_local: false peers { permanent_uuid: "9c809e50a09145a28e7a701f6a71a74c" member_type: VOTER last_known_addr { host: "127.30.236.1" port: 42093 } } peers { permanent_uuid: "d6c6295acdfc4c5abda4d774fb81cad7" member_type: VOTER last_known_addr { host: "127.30.236.2" port: 40047 } } peers { permanent_uuid: "296dfd772a8c4aa7806bf959e0930dab" member_type: VOTER last_known_addr { host: "127.30.236.3" port: 45319 } }
I20260710 10:59:45.562887 32479 raft_consensus.cc:385] T 7205c3668f8849bf9bbfa117294fea4c P 296dfd772a8c4aa7806bf959e0930dab [term 0 FOLLOWER]: Consensus starting up: Expiring failure detector timer to make a prompt election more likely
I20260710 10:59:45.563102 32479 raft_consensus.cc:740] T 7205c3668f8849bf9bbfa117294fea4c P 296dfd772a8c4aa7806bf959e0930dab [term 0 FOLLOWER]: Becoming Follower/Learner. State: Replica: 296dfd772a8c4aa7806bf959e0930dab, State: Initialized, Role: FOLLOWER
I20260710 10:59:45.568092 32479 consensus_queue.cc:260] T 7205c3668f8849bf9bbfa117294fea4c P 296dfd772a8c4aa7806bf959e0930dab [NON_LEADER]: Queue going to NON_LEADER mode. State: All replicated index: 0, Majority replicated index: 0, Committed index: 0, Last appended: 0.0, Last appended by leader: 0, Current term: 0, Majority size: -1, State: 0, Mode: NON_LEADER, active raft config: opid_index: -1 OBSOLETE_local: false peers { permanent_uuid: "9c809e50a09145a28e7a701f6a71a74c" member_type: VOTER last_known_addr { host: "127.30.236.1" port: 42093 } } peers { permanent_uuid: "d6c6295acdfc4c5abda4d774fb81cad7" member_type: VOTER last_known_addr { host: "127.30.236.2" port: 40047 } } peers { permanent_uuid: "296dfd772a8c4aa7806bf959e0930dab" member_type: VOTER last_known_addr { host: "127.30.236.3" port: 45319 } }
I20260710 10:59:45.571668 32479 ts_tablet_manager.cc:1434] T 7205c3668f8849bf9bbfa117294fea4c P 296dfd772a8c4aa7806bf959e0930dab: Time spent starting tablet: real 0.033s	user 0.005s	sys 0.000s
I20260710 10:59:45.572880 32479 tablet_bootstrap.cc:492] T 63d828471cef436eb96ae47c22302647 P 296dfd772a8c4aa7806bf959e0930dab: Bootstrap starting.
I20260710 10:59:45.573132 32481 tablet_bootstrap.cc:492] T 1b142f4f9a61472380ad06e6a8929d44 P d6c6295acdfc4c5abda4d774fb81cad7: No bootstrap required, opened a new log
I20260710 10:59:45.573624 32481 ts_tablet_manager.cc:1403] T 1b142f4f9a61472380ad06e6a8929d44 P d6c6295acdfc4c5abda4d774fb81cad7: Time spent bootstrapping tablet: real 0.102s	user 0.027s	sys 0.023s
I20260710 10:59:45.580649 32360 raft_consensus.cc:2468] T 7205c3668f8849bf9bbfa117294fea4c P d6c6295acdfc4c5abda4d774fb81cad7 [term 1 FOLLOWER]: Leader election vote request: Granting yes vote for candidate 9c809e50a09145a28e7a701f6a71a74c in term 1.
I20260710 10:59:45.585320 32507 raft_consensus.cc:493] T 63d828471cef436eb96ae47c22302647 P 9c809e50a09145a28e7a701f6a71a74c [term 0 FOLLOWER]: Starting pre-election (no leader contacted us within the election timeout)
I20260710 10:59:45.585743 32507 raft_consensus.cc:515] T 63d828471cef436eb96ae47c22302647 P 9c809e50a09145a28e7a701f6a71a74c [term 0 FOLLOWER]: Starting pre-election with config: opid_index: -1 OBSOLETE_local: false peers { permanent_uuid: "9c809e50a09145a28e7a701f6a71a74c" member_type: VOTER last_known_addr { host: "127.30.236.1" port: 42093 } } peers { permanent_uuid: "d6c6295acdfc4c5abda4d774fb81cad7" member_type: VOTER last_known_addr { host: "127.30.236.2" port: 40047 } } peers { permanent_uuid: "296dfd772a8c4aa7806bf959e0930dab" member_type: VOTER last_known_addr { host: "127.30.236.3" port: 45319 } }
I20260710 10:59:45.585353 32255 leader_election.cc:304] T 7205c3668f8849bf9bbfa117294fea4c P 9c809e50a09145a28e7a701f6a71a74c [CANDIDATE]: Term 1 election: Election decided. Result: candidate won. Election summary: received 3 responses out of 3 voters: 2 yes votes; 1 no votes. yes voters: 9c809e50a09145a28e7a701f6a71a74c, d6c6295acdfc4c5abda4d774fb81cad7; no voters: 296dfd772a8c4aa7806bf959e0930dab
I20260710 10:59:45.588009 32514 raft_consensus.cc:2804] T 7205c3668f8849bf9bbfa117294fea4c P 9c809e50a09145a28e7a701f6a71a74c [term 1 FOLLOWER]: Leader election won for term 1
I20260710 10:59:45.588424 32514 raft_consensus.cc:697] T 7205c3668f8849bf9bbfa117294fea4c P 9c809e50a09145a28e7a701f6a71a74c [term 1 LEADER]: Becoming Leader. State: Replica: 9c809e50a09145a28e7a701f6a71a74c, State: Running, Role: LEADER
I20260710 10:59:45.588616 32507 leader_election.cc:290] T 63d828471cef436eb96ae47c22302647 P 9c809e50a09145a28e7a701f6a71a74c [CANDIDATE]: Term 1 pre-election: Requested pre-vote from peers d6c6295acdfc4c5abda4d774fb81cad7 (127.30.236.2:40047), 296dfd772a8c4aa7806bf959e0930dab (127.30.236.3:45319)
I20260710 10:59:45.589244 32360 tablet_service.cc:1917] Received RequestConsensusVote() RPC: tablet_id: "63d828471cef436eb96ae47c22302647" candidate_uuid: "9c809e50a09145a28e7a701f6a71a74c" candidate_term: 1 candidate_status { last_received { term: 0 index: 0 } } ignore_live_leader: false dest_uuid: "d6c6295acdfc4c5abda4d774fb81cad7" is_pre_election: true
I20260710 10:59:45.589157 32514 consensus_queue.cc:237] T 7205c3668f8849bf9bbfa117294fea4c P 9c809e50a09145a28e7a701f6a71a74c [LEADER]: Queue going to LEADER mode. State: All replicated index: 0, Majority replicated index: 0, Committed index: 0, Last appended: 0.0, Last appended by leader: 0, Current term: 1, Majority size: 2, State: 0, Mode: LEADER, active raft config: opid_index: -1 OBSOLETE_local: false peers { permanent_uuid: "9c809e50a09145a28e7a701f6a71a74c" member_type: VOTER last_known_addr { host: "127.30.236.1" port: 42093 } } peers { permanent_uuid: "d6c6295acdfc4c5abda4d774fb81cad7" member_type: VOTER last_known_addr { host: "127.30.236.2" port: 40047 } } peers { permanent_uuid: "296dfd772a8c4aa7806bf959e0930dab" member_type: VOTER last_known_addr { host: "127.30.236.3" port: 45319 } }
I20260710 10:59:45.589891 32360 raft_consensus.cc:2468] T 63d828471cef436eb96ae47c22302647 P d6c6295acdfc4c5abda4d774fb81cad7 [term 0 FOLLOWER]: Leader pre-election vote request: Granting yes vote for candidate 9c809e50a09145a28e7a701f6a71a74c in term 0.
I20260710 10:59:45.589435 32187 catalog_manager.cc:5697] T c93c1a072be744e8889bc905acf9e032 P 9c809e50a09145a28e7a701f6a71a74c reported cstate change: term changed from 0 to 1, leader changed from <none> to 9c809e50a09145a28e7a701f6a71a74c (127.30.236.1). New cstate: current_term: 1 leader_uuid: "9c809e50a09145a28e7a701f6a71a74c" committed_config { opid_index: -1 OBSOLETE_local: false peers { permanent_uuid: "9c809e50a09145a28e7a701f6a71a74c" member_type: VOTER last_known_addr { host: "127.30.236.1" port: 42093 } health_report { overall_health: HEALTHY } } peers { permanent_uuid: "d6c6295acdfc4c5abda4d774fb81cad7" member_type: VOTER last_known_addr { host: "127.30.236.2" port: 40047 } health_report { overall_health: UNKNOWN } } peers { permanent_uuid: "296dfd772a8c4aa7806bf959e0930dab" member_type: VOTER last_known_addr { host: "127.30.236.3" port: 45319 } health_report { overall_health: UNKNOWN } } }
I20260710 10:59:45.590889 32255 leader_election.cc:304] T 63d828471cef436eb96ae47c22302647 P 9c809e50a09145a28e7a701f6a71a74c [CANDIDATE]: Term 1 pre-election: Election decided. Result: candidate won. Election summary: received 2 responses out of 3 voters: 2 yes votes; 0 no votes. yes voters: 9c809e50a09145a28e7a701f6a71a74c, d6c6295acdfc4c5abda4d774fb81cad7; no voters: 
I20260710 10:59:45.591614 32438 tablet_service.cc:1917] Received RequestConsensusVote() RPC: tablet_id: "63d828471cef436eb96ae47c22302647" candidate_uuid: "9c809e50a09145a28e7a701f6a71a74c" candidate_term: 1 candidate_status { last_received { term: 0 index: 0 } } ignore_live_leader: false dest_uuid: "296dfd772a8c4aa7806bf959e0930dab" is_pre_election: true
I20260710 10:59:45.591626 32505 raft_consensus.cc:2804] T 63d828471cef436eb96ae47c22302647 P 9c809e50a09145a28e7a701f6a71a74c [term 0 FOLLOWER]: Leader pre-election won for term 1
I20260710 10:59:45.592875 32505 raft_consensus.cc:493] T 63d828471cef436eb96ae47c22302647 P 9c809e50a09145a28e7a701f6a71a74c [term 0 FOLLOWER]: Starting leader election (no leader contacted us within the election timeout)
W20260710 10:59:45.592900 32253 leader_election.cc:343] T 63d828471cef436eb96ae47c22302647 P 9c809e50a09145a28e7a701f6a71a74c [CANDIDATE]: Term 1 pre-election: Tablet error from VoteRequest() call to peer 296dfd772a8c4aa7806bf959e0930dab (127.30.236.3:45319): Illegal state: must be running to vote when last-logged opid is not known
I20260710 10:59:45.593319 32505 raft_consensus.cc:3060] T 63d828471cef436eb96ae47c22302647 P 9c809e50a09145a28e7a701f6a71a74c [term 0 FOLLOWER]: Advancing to term 1
I20260710 10:59:45.590900 32187 catalog_manager.cc:5697] T 6a0a8bac12c54f3c9ab38d69e36c3daf P 9c809e50a09145a28e7a701f6a71a74c reported cstate change: term changed from 0 to 1, leader changed from <none> to 9c809e50a09145a28e7a701f6a71a74c (127.30.236.1). New cstate: current_term: 1 leader_uuid: "9c809e50a09145a28e7a701f6a71a74c" committed_config { opid_index: -1 OBSOLETE_local: false peers { permanent_uuid: "9c809e50a09145a28e7a701f6a71a74c" member_type: VOTER last_known_addr { host: "127.30.236.1" port: 42093 } health_report { overall_health: HEALTHY } } peers { permanent_uuid: "d6c6295acdfc4c5abda4d774fb81cad7" member_type: VOTER last_known_addr { host: "127.30.236.2" port: 40047 } health_report { overall_health: UNKNOWN } } peers { permanent_uuid: "296dfd772a8c4aa7806bf959e0930dab" member_type: VOTER last_known_addr { host: "127.30.236.3" port: 45319 } health_report { overall_health: UNKNOWN } } }
I20260710 10:59:45.587729 32188 catalog_manager.cc:5697] T 6d8a06dbf02b4290b987e0e4148526fc P 296dfd772a8c4aa7806bf959e0930dab reported cstate change: term changed from 0 to 1, leader changed from <none> to 296dfd772a8c4aa7806bf959e0930dab (127.30.236.3). New cstate: current_term: 1 leader_uuid: "296dfd772a8c4aa7806bf959e0930dab" committed_config { opid_index: -1 OBSOLETE_local: false peers { permanent_uuid: "9c809e50a09145a28e7a701f6a71a74c" member_type: VOTER last_known_addr { host: "127.30.236.1" port: 42093 } health_report { overall_health: UNKNOWN } } peers { permanent_uuid: "d6c6295acdfc4c5abda4d774fb81cad7" member_type: VOTER last_known_addr { host: "127.30.236.2" port: 40047 } health_report { overall_health: UNKNOWN } } peers { permanent_uuid: "296dfd772a8c4aa7806bf959e0930dab" member_type: VOTER last_known_addr { host: "127.30.236.3" port: 45319 } health_report { overall_health: HEALTHY } } }
I20260710 10:59:45.596204 32482 tablet_bootstrap.cc:492] T 6d8a06dbf02b4290b987e0e4148526fc P 9c809e50a09145a28e7a701f6a71a74c: No bootstrap required, opened a new log
I20260710 10:59:45.596679 32482 ts_tablet_manager.cc:1403] T 6d8a06dbf02b4290b987e0e4148526fc P 9c809e50a09145a28e7a701f6a71a74c: Time spent bootstrapping tablet: real 0.075s	user 0.014s	sys 0.002s
I20260710 10:59:45.587420 32510 raft_consensus.cc:697] T c93c1a072be744e8889bc905acf9e032 P 296dfd772a8c4aa7806bf959e0930dab [term 2 LEADER]: Becoming Leader. State: Replica: 296dfd772a8c4aa7806bf959e0930dab, State: Running, Role: LEADER
I20260710 10:59:45.597872 32510 consensus_queue.cc:237] T c93c1a072be744e8889bc905acf9e032 P 296dfd772a8c4aa7806bf959e0930dab [LEADER]: Queue going to LEADER mode. State: All replicated index: 0, Majority replicated index: 0, Committed index: 0, Last appended: 0.0, Last appended by leader: 0, Current term: 2, Majority size: 2, State: 0, Mode: LEADER, active raft config: opid_index: -1 OBSOLETE_local: false peers { permanent_uuid: "9c809e50a09145a28e7a701f6a71a74c" member_type: VOTER last_known_addr { host: "127.30.236.1" port: 42093 } } peers { permanent_uuid: "d6c6295acdfc4c5abda4d774fb81cad7" member_type: VOTER last_known_addr { host: "127.30.236.2" port: 40047 } } peers { permanent_uuid: "296dfd772a8c4aa7806bf959e0930dab" member_type: VOTER last_known_addr { host: "127.30.236.3" port: 45319 } }
I20260710 10:59:45.600476 32481 raft_consensus.cc:359] T 1b142f4f9a61472380ad06e6a8929d44 P d6c6295acdfc4c5abda4d774fb81cad7 [term 0 FOLLOWER]: Replica starting. Triggering 0 pending ops. Active config: opid_index: -1 OBSOLETE_local: false peers { permanent_uuid: "9c809e50a09145a28e7a701f6a71a74c" member_type: VOTER last_known_addr { host: "127.30.236.1" port: 42093 } } peers { permanent_uuid: "d6c6295acdfc4c5abda4d774fb81cad7" member_type: VOTER last_known_addr { host: "127.30.236.2" port: 40047 } } peers { permanent_uuid: "296dfd772a8c4aa7806bf959e0930dab" member_type: VOTER last_known_addr { host: "127.30.236.3" port: 45319 } }
I20260710 10:59:45.601073 32481 raft_consensus.cc:385] T 1b142f4f9a61472380ad06e6a8929d44 P d6c6295acdfc4c5abda4d774fb81cad7 [term 0 FOLLOWER]: Consensus starting up: Expiring failure detector timer to make a prompt election more likely
I20260710 10:59:45.601315 32481 raft_consensus.cc:740] T 1b142f4f9a61472380ad06e6a8929d44 P d6c6295acdfc4c5abda4d774fb81cad7 [term 0 FOLLOWER]: Becoming Follower/Learner. State: Replica: d6c6295acdfc4c5abda4d774fb81cad7, State: Initialized, Role: FOLLOWER
I20260710 10:59:45.601445 32505 raft_consensus.cc:515] T 63d828471cef436eb96ae47c22302647 P 9c809e50a09145a28e7a701f6a71a74c [term 1 FOLLOWER]: Starting leader election with config: opid_index: -1 OBSOLETE_local: false peers { permanent_uuid: "9c809e50a09145a28e7a701f6a71a74c" member_type: VOTER last_known_addr { host: "127.30.236.1" port: 42093 } } peers { permanent_uuid: "d6c6295acdfc4c5abda4d774fb81cad7" member_type: VOTER last_known_addr { host: "127.30.236.2" port: 40047 } } peers { permanent_uuid: "296dfd772a8c4aa7806bf959e0930dab" member_type: VOTER last_known_addr { host: "127.30.236.3" port: 45319 } }
I20260710 10:59:45.603034 32482 raft_consensus.cc:359] T 6d8a06dbf02b4290b987e0e4148526fc P 9c809e50a09145a28e7a701f6a71a74c [term 0 FOLLOWER]: Replica starting. Triggering 0 pending ops. Active config: opid_index: -1 OBSOLETE_local: false peers { permanent_uuid: "9c809e50a09145a28e7a701f6a71a74c" member_type: VOTER last_known_addr { host: "127.30.236.1" port: 42093 } } peers { permanent_uuid: "d6c6295acdfc4c5abda4d774fb81cad7" member_type: VOTER last_known_addr { host: "127.30.236.2" port: 40047 } } peers { permanent_uuid: "296dfd772a8c4aa7806bf959e0930dab" member_type: VOTER last_known_addr { host: "127.30.236.3" port: 45319 } }
I20260710 10:59:45.603621 32482 raft_consensus.cc:385] T 6d8a06dbf02b4290b987e0e4148526fc P 9c809e50a09145a28e7a701f6a71a74c [term 0 FOLLOWER]: Consensus starting up: Expiring failure detector timer to make a prompt election more likely
