I20260710 11:02:09.528788  7665 raft_consensus.cc:2804] T 010ef903709d423d811db3de73e3b01e P 17a2b5c88f9c48868c67cf507e58b3f5 [term 1 FOLLOWER]: Leader election won for term 1
I20260710 11:02:09.528730  7630 consensus_queue.cc:260] T ecac44ee33f2460eab7db6634709ce29 P 75a8b9385cd7476c8105f64e7970aa36 [NON_LEADER]: Queue going to NON_LEADER mode. State: All replicated index: 0, Majority replicated index: 0, Committed index: 0, Last appended: 0.0, Last appended by leader: 0, Current term: 0, Majority size: -1, State: 0, Mode: NON_LEADER, active raft config: opid_index: -1 OBSOLETE_local: false peers { permanent_uuid: "75a8b9385cd7476c8105f64e7970aa36" member_type: VOTER last_known_addr { host: "127.6.42.129" port: 35221 } } peers { permanent_uuid: "a9a376ac26724a68bb81f194c77a34eb" member_type: VOTER last_known_addr { host: "127.6.42.130" port: 44621 } } peers { permanent_uuid: "17a2b5c88f9c48868c67cf507e58b3f5" member_type: VOTER last_known_addr { host: "127.6.42.131" port: 46389 } }
I20260710 11:02:09.529358  7665 raft_consensus.cc:697] T 010ef903709d423d811db3de73e3b01e P 17a2b5c88f9c48868c67cf507e58b3f5 [term 1 LEADER]: Becoming Leader. State: Replica: 17a2b5c88f9c48868c67cf507e58b3f5, State: Running, Role: LEADER
I20260710 11:02:09.507462  7643 raft_consensus.cc:515] T e1f79c018b6841f78a84e3381e92b38c P 17a2b5c88f9c48868c67cf507e58b3f5 [term 0 FOLLOWER]: Starting pre-election with config: opid_index: -1 OBSOLETE_local: false peers { permanent_uuid: "75a8b9385cd7476c8105f64e7970aa36" member_type: VOTER last_known_addr { host: "127.6.42.129" port: 35221 } } peers { permanent_uuid: "a9a376ac26724a68bb81f194c77a34eb" member_type: VOTER last_known_addr { host: "127.6.42.130" port: 44621 } } peers { permanent_uuid: "17a2b5c88f9c48868c67cf507e58b3f5" member_type: VOTER last_known_addr { host: "127.6.42.131" port: 46389 } }
I20260710 11:02:09.530290  7665 consensus_queue.cc:237] T 010ef903709d423d811db3de73e3b01e P 17a2b5c88f9c48868c67cf507e58b3f5 [LEADER]: Queue going to LEADER mode. State: All replicated index: 0, Majority replicated index: 0, Committed index: 0, Last appended: 0.0, Last appended by leader: 0, Current term: 1, Majority size: 2, State: 0, Mode: LEADER, active raft config: opid_index: -1 OBSOLETE_local: false peers { permanent_uuid: "75a8b9385cd7476c8105f64e7970aa36" member_type: VOTER last_known_addr { host: "127.6.42.129" port: 35221 } } peers { permanent_uuid: "a9a376ac26724a68bb81f194c77a34eb" member_type: VOTER last_known_addr { host: "127.6.42.130" port: 44621 } } peers { permanent_uuid: "17a2b5c88f9c48868c67cf507e58b3f5" member_type: VOTER last_known_addr { host: "127.6.42.131" port: 46389 } }
I20260710 11:02:09.538173  7630 ts_tablet_manager.cc:1434] T ecac44ee33f2460eab7db6634709ce29 P 75a8b9385cd7476c8105f64e7970aa36: Time spent starting tablet: real 0.021s	user 0.003s	sys 0.005s
I20260710 11:02:09.539254  7630 tablet_bootstrap.cc:492] T d581a199315c4d3a9edb7ff9faabeb20 P 75a8b9385cd7476c8105f64e7970aa36: Bootstrap starting.
I20260710 11:02:09.541324  7631 ts_tablet_manager.cc:1434] T 6be198d4eba94a218c51236c9dda67af P 17a2b5c88f9c48868c67cf507e58b3f5: Time spent starting tablet: real 0.059s	user 0.016s	sys 0.042s
I20260710 11:02:09.542614  7631 tablet_bootstrap.cc:492] T b449370553914524ba554f6980099a37 P 17a2b5c88f9c48868c67cf507e58b3f5: Bootstrap starting.
I20260710 11:02:09.543529  7441 raft_consensus.cc:2468] T 6be198d4eba94a218c51236c9dda67af P 75a8b9385cd7476c8105f64e7970aa36 [term 1 FOLLOWER]: Leader election vote request: Granting yes vote for candidate a9a376ac26724a68bb81f194c77a34eb in term 1.
I20260710 11:02:09.544726  7643 leader_election.cc:290] T e1f79c018b6841f78a84e3381e92b38c P 17a2b5c88f9c48868c67cf507e58b3f5 [CANDIDATE]: Term 1 pre-election: Requested pre-vote from peers 75a8b9385cd7476c8105f64e7970aa36 (127.6.42.129:35221), a9a376ac26724a68bb81f194c77a34eb (127.6.42.130:44621)
I20260710 11:02:09.545702  7440 tablet_service.cc:1917] Received RequestConsensusVote() RPC: tablet_id: "e1f79c018b6841f78a84e3381e92b38c" candidate_uuid: "17a2b5c88f9c48868c67cf507e58b3f5" candidate_term: 1 candidate_status { last_received { term: 0 index: 0 } } ignore_live_leader: false dest_uuid: "75a8b9385cd7476c8105f64e7970aa36" is_pre_election: true
I20260710 11:02:09.545856  7516 tablet_service.cc:1917] Received RequestConsensusVote() RPC: tablet_id: "e1f79c018b6841f78a84e3381e92b38c" candidate_uuid: "17a2b5c88f9c48868c67cf507e58b3f5" candidate_term: 1 candidate_status { last_received { term: 0 index: 0 } } ignore_live_leader: false dest_uuid: "a9a376ac26724a68bb81f194c77a34eb" is_pre_election: true
W20260710 11:02:09.547369  7556 leader_election.cc:343] T e1f79c018b6841f78a84e3381e92b38c P 17a2b5c88f9c48868c67cf507e58b3f5 [CANDIDATE]: Term 1 pre-election: Tablet error from VoteRequest() call to peer 75a8b9385cd7476c8105f64e7970aa36 (127.6.42.129:35221): Illegal state: must be running to vote when last-logged opid is not known
W20260710 11:02:09.547884  7555 leader_election.cc:343] T e1f79c018b6841f78a84e3381e92b38c P 17a2b5c88f9c48868c67cf507e58b3f5 [CANDIDATE]: Term 1 pre-election: Tablet error from VoteRequest() call to peer a9a376ac26724a68bb81f194c77a34eb (127.6.42.130:44621): Illegal state: must be running to vote when last-logged opid is not known
I20260710 11:02:09.548363  7555 leader_election.cc:304] T e1f79c018b6841f78a84e3381e92b38c P 17a2b5c88f9c48868c67cf507e58b3f5 [CANDIDATE]: Term 1 pre-election: Election decided. Result: candidate lost. Election summary: received 3 responses out of 3 voters: 1 yes votes; 2 no votes. yes voters: 17a2b5c88f9c48868c67cf507e58b3f5; no voters: 75a8b9385cd7476c8105f64e7970aa36, a9a376ac26724a68bb81f194c77a34eb
I20260710 11:02:09.549728  7631 tablet_bootstrap.cc:654] T b449370553914524ba554f6980099a37 P 17a2b5c88f9c48868c67cf507e58b3f5: Neither blocks nor log segments found. Creating new log.
I20260710 11:02:09.550819  7630 tablet_bootstrap.cc:654] T d581a199315c4d3a9edb7ff9faabeb20 P 75a8b9385cd7476c8105f64e7970aa36: Neither blocks nor log segments found. Creating new log.
I20260710 11:02:09.551294  7665 raft_consensus.cc:2749] T e1f79c018b6841f78a84e3381e92b38c P 17a2b5c88f9c48868c67cf507e58b3f5 [term 0 FOLLOWER]: Leader pre-election lost for term 1. Reason: could not achieve majority
I20260710 11:02:09.554276  7632 tablet_bootstrap.cc:492] T e1f79c018b6841f78a84e3381e92b38c P a9a376ac26724a68bb81f194c77a34eb: No bootstrap required, opened a new log
I20260710 11:02:09.554960  7632 ts_tablet_manager.cc:1403] T e1f79c018b6841f78a84e3381e92b38c P a9a376ac26724a68bb81f194c77a34eb: Time spent bootstrapping tablet: real 0.104s	user 0.022s	sys 0.007s
I20260710 11:02:09.555811  7339 catalog_manager.cc:5697] T 010ef903709d423d811db3de73e3b01e P 17a2b5c88f9c48868c67cf507e58b3f5 reported cstate change: term changed from 0 to 1, leader changed from <none> to 17a2b5c88f9c48868c67cf507e58b3f5 (127.6.42.131). New cstate: current_term: 1 leader_uuid: "17a2b5c88f9c48868c67cf507e58b3f5" committed_config { opid_index: -1 OBSOLETE_local: false peers { permanent_uuid: "75a8b9385cd7476c8105f64e7970aa36" member_type: VOTER last_known_addr { host: "127.6.42.129" port: 35221 } health_report { overall_health: UNKNOWN } } peers { permanent_uuid: "a9a376ac26724a68bb81f194c77a34eb" member_type: VOTER last_known_addr { host: "127.6.42.130" port: 44621 } health_report { overall_health: UNKNOWN } } peers { permanent_uuid: "17a2b5c88f9c48868c67cf507e58b3f5" member_type: VOTER last_known_addr { host: "127.6.42.131" port: 46389 } health_report { overall_health: HEALTHY } } }
I20260710 11:02:09.558362  7665 raft_consensus.cc:493] T ecac44ee33f2460eab7db6634709ce29 P 17a2b5c88f9c48868c67cf507e58b3f5 [term 0 FOLLOWER]: Starting pre-election (no leader contacted us within the election timeout)
I20260710 11:02:09.558827  7665 raft_consensus.cc:515] T ecac44ee33f2460eab7db6634709ce29 P 17a2b5c88f9c48868c67cf507e58b3f5 [term 0 FOLLOWER]: Starting pre-election with config: opid_index: -1 OBSOLETE_local: false peers { permanent_uuid: "75a8b9385cd7476c8105f64e7970aa36" member_type: VOTER last_known_addr { host: "127.6.42.129" port: 35221 } } peers { permanent_uuid: "a9a376ac26724a68bb81f194c77a34eb" member_type: VOTER last_known_addr { host: "127.6.42.130" port: 44621 } } peers { permanent_uuid: "17a2b5c88f9c48868c67cf507e58b3f5" member_type: VOTER last_known_addr { host: "127.6.42.131" port: 46389 } }
I20260710 11:02:09.562122  7516 tablet_service.cc:1917] Received RequestConsensusVote() RPC: tablet_id: "ecac44ee33f2460eab7db6634709ce29" candidate_uuid: "17a2b5c88f9c48868c67cf507e58b3f5" candidate_term: 1 candidate_status { last_received { term: 0 index: 0 } } ignore_live_leader: false dest_uuid: "a9a376ac26724a68bb81f194c77a34eb" is_pre_election: true
I20260710 11:02:09.563467  7631 tablet_bootstrap.cc:492] T b449370553914524ba554f6980099a37 P 17a2b5c88f9c48868c67cf507e58b3f5: No bootstrap required, opened a new log
I20260710 11:02:09.563957  7631 ts_tablet_manager.cc:1403] T b449370553914524ba554f6980099a37 P 17a2b5c88f9c48868c67cf507e58b3f5: Time spent bootstrapping tablet: real 0.022s	user 0.015s	sys 0.005s
I20260710 11:02:09.562201  7665 leader_election.cc:290] T ecac44ee33f2460eab7db6634709ce29 P 17a2b5c88f9c48868c67cf507e58b3f5 [CANDIDATE]: Term 1 pre-election: Requested pre-vote from peers 75a8b9385cd7476c8105f64e7970aa36 (127.6.42.129:35221), a9a376ac26724a68bb81f194c77a34eb (127.6.42.130:44621)
W20260710 11:02:09.564571  7555 leader_election.cc:343] T ecac44ee33f2460eab7db6634709ce29 P 17a2b5c88f9c48868c67cf507e58b3f5 [CANDIDATE]: Term 1 pre-election: Tablet error from VoteRequest() call to peer a9a376ac26724a68bb81f194c77a34eb (127.6.42.130:44621): Illegal state: must be running to vote when last-logged opid is not known
I20260710 11:02:09.562953  7637 raft_consensus.cc:697] T 6be198d4eba94a218c51236c9dda67af P a9a376ac26724a68bb81f194c77a34eb [term 1 LEADER]: Becoming Leader. State: Replica: a9a376ac26724a68bb81f194c77a34eb, State: Running, Role: LEADER
I20260710 11:02:09.559387  7632 raft_consensus.cc:359] T e1f79c018b6841f78a84e3381e92b38c P a9a376ac26724a68bb81f194c77a34eb [term 0 FOLLOWER]: Replica starting. Triggering 0 pending ops. Active config: opid_index: -1 OBSOLETE_local: false peers { permanent_uuid: "75a8b9385cd7476c8105f64e7970aa36" member_type: VOTER last_known_addr { host: "127.6.42.129" port: 35221 } } peers { permanent_uuid: "a9a376ac26724a68bb81f194c77a34eb" member_type: VOTER last_known_addr { host: "127.6.42.130" port: 44621 } } peers { permanent_uuid: "17a2b5c88f9c48868c67cf507e58b3f5" member_type: VOTER last_known_addr { host: "127.6.42.131" port: 46389 } }
I20260710 11:02:09.565924  7440 tablet_service.cc:1917] Received RequestConsensusVote() RPC: tablet_id: "ecac44ee33f2460eab7db6634709ce29" candidate_uuid: "17a2b5c88f9c48868c67cf507e58b3f5" candidate_term: 1 candidate_status { last_received { term: 0 index: 0 } } ignore_live_leader: false dest_uuid: "75a8b9385cd7476c8105f64e7970aa36" is_pre_election: true
I20260710 11:02:09.566182  7632 raft_consensus.cc:385] T e1f79c018b6841f78a84e3381e92b38c P a9a376ac26724a68bb81f194c77a34eb [term 0 FOLLOWER]: Consensus starting up: Expiring failure detector timer to make a prompt election more likely
I20260710 11:02:09.566020  7637 consensus_queue.cc:237] T 6be198d4eba94a218c51236c9dda67af P a9a376ac26724a68bb81f194c77a34eb [LEADER]: Queue going to LEADER mode. State: All replicated index: 0, Majority replicated index: 0, Committed index: 0, Last appended: 0.0, Last appended by leader: 0, Current term: 1, Majority size: 2, State: 0, Mode: LEADER, active raft config: opid_index: -1 OBSOLETE_local: false peers { permanent_uuid: "17a2b5c88f9c48868c67cf507e58b3f5" member_type: VOTER last_known_addr { host: "127.6.42.131" port: 46389 } } peers { permanent_uuid: "75a8b9385cd7476c8105f64e7970aa36" member_type: VOTER last_known_addr { host: "127.6.42.129" port: 35221 } } peers { permanent_uuid: "a9a376ac26724a68bb81f194c77a34eb" member_type: VOTER last_known_addr { host: "127.6.42.130" port: 44621 } }
I20260710 11:02:09.566620  7632 raft_consensus.cc:740] T e1f79c018b6841f78a84e3381e92b38c P a9a376ac26724a68bb81f194c77a34eb [term 0 FOLLOWER]: Becoming Follower/Learner. State: Replica: a9a376ac26724a68bb81f194c77a34eb, State: Initialized, Role: FOLLOWER
I20260710 11:02:09.566751  7440 raft_consensus.cc:2468] T ecac44ee33f2460eab7db6634709ce29 P 75a8b9385cd7476c8105f64e7970aa36 [term 0 FOLLOWER]: Leader pre-election vote request: Granting yes vote for candidate 17a2b5c88f9c48868c67cf507e58b3f5 in term 0.
I20260710 11:02:09.567572  7632 consensus_queue.cc:260] T e1f79c018b6841f78a84e3381e92b38c P a9a376ac26724a68bb81f194c77a34eb [NON_LEADER]: Queue going to NON_LEADER mode. State: All replicated index: 0, Majority replicated index: 0, Committed index: 0, Last appended: 0.0, Last appended by leader: 0, Current term: 0, Majority size: -1, State: 0, Mode: NON_LEADER, active raft config: opid_index: -1 OBSOLETE_local: false peers { permanent_uuid: "75a8b9385cd7476c8105f64e7970aa36" member_type: VOTER last_known_addr { host: "127.6.42.129" port: 35221 } } peers { permanent_uuid: "a9a376ac26724a68bb81f194c77a34eb" member_type: VOTER last_known_addr { host: "127.6.42.130" port: 44621 } } peers { permanent_uuid: "17a2b5c88f9c48868c67cf507e58b3f5" member_type: VOTER last_known_addr { host: "127.6.42.131" port: 46389 } }
I20260710 11:02:09.568274  7556 leader_election.cc:304] T ecac44ee33f2460eab7db6634709ce29 P 17a2b5c88f9c48868c67cf507e58b3f5 [CANDIDATE]: Term 1 pre-election: Election decided. Result: candidate won. Election summary: received 3 responses out of 3 voters: 2 yes votes; 1 no votes. yes voters: 17a2b5c88f9c48868c67cf507e58b3f5, 75a8b9385cd7476c8105f64e7970aa36; no voters: a9a376ac26724a68bb81f194c77a34eb
I20260710 11:02:09.569402  7665 raft_consensus.cc:2804] T ecac44ee33f2460eab7db6634709ce29 P 17a2b5c88f9c48868c67cf507e58b3f5 [term 0 FOLLOWER]: Leader pre-election won for term 1
I20260710 11:02:09.569795  7665 raft_consensus.cc:493] T ecac44ee33f2460eab7db6634709ce29 P 17a2b5c88f9c48868c67cf507e58b3f5 [term 0 FOLLOWER]: Starting leader election (no leader contacted us within the election timeout)
I20260710 11:02:09.570742  7665 raft_consensus.cc:3060] T ecac44ee33f2460eab7db6634709ce29 P 17a2b5c88f9c48868c67cf507e58b3f5 [term 0 FOLLOWER]: Advancing to term 1
I20260710 11:02:09.571982  7632 ts_tablet_manager.cc:1434] T e1f79c018b6841f78a84e3381e92b38c P a9a376ac26724a68bb81f194c77a34eb: Time spent starting tablet: real 0.017s	user 0.008s	sys 0.003s
I20260710 11:02:09.573064  7632 tablet_bootstrap.cc:492] T b449370553914524ba554f6980099a37 P a9a376ac26724a68bb81f194c77a34eb: Bootstrap starting.
I20260710 11:02:09.573546  7631 raft_consensus.cc:359] T b449370553914524ba554f6980099a37 P 17a2b5c88f9c48868c67cf507e58b3f5 [term 0 FOLLOWER]: Replica starting. Triggering 0 pending ops. Active config: opid_index: -1 OBSOLETE_local: false peers { permanent_uuid: "75a8b9385cd7476c8105f64e7970aa36" member_type: VOTER last_known_addr { host: "127.6.42.129" port: 35221 } } peers { permanent_uuid: "a9a376ac26724a68bb81f194c77a34eb" member_type: VOTER last_known_addr { host: "127.6.42.130" port: 44621 } } peers { permanent_uuid: "17a2b5c88f9c48868c67cf507e58b3f5" member_type: VOTER last_known_addr { host: "127.6.42.131" port: 46389 } }
I20260710 11:02:09.574282  7631 raft_consensus.cc:385] T b449370553914524ba554f6980099a37 P 17a2b5c88f9c48868c67cf507e58b3f5 [term 0 FOLLOWER]: Consensus starting up: Expiring failure detector timer to make a prompt election more likely
I20260710 11:02:09.574561  7631 raft_consensus.cc:740] T b449370553914524ba554f6980099a37 P 17a2b5c88f9c48868c67cf507e58b3f5 [term 0 FOLLOWER]: Becoming Follower/Learner. State: Replica: 17a2b5c88f9c48868c67cf507e58b3f5, State: Initialized, Role: FOLLOWER
I20260710 11:02:09.575788  7666 raft_consensus.cc:493] T d581a199315c4d3a9edb7ff9faabeb20 P a9a376ac26724a68bb81f194c77a34eb [term 0 FOLLOWER]: Starting pre-election (no leader contacted us within the election timeout)
I20260710 11:02:09.575286  7631 consensus_queue.cc:260] T b449370553914524ba554f6980099a37 P 17a2b5c88f9c48868c67cf507e58b3f5 [NON_LEADER]: Queue going to NON_LEADER mode. State: All replicated index: 0, Majority replicated index: 0, Committed index: 0, Last appended: 0.0, Last appended by leader: 0, Current term: 0, Majority size: -1, State: 0, Mode: NON_LEADER, active raft config: opid_index: -1 OBSOLETE_local: false peers { permanent_uuid: "75a8b9385cd7476c8105f64e7970aa36" member_type: VOTER last_known_addr { host: "127.6.42.129" port: 35221 } } peers { permanent_uuid: "a9a376ac26724a68bb81f194c77a34eb" member_type: VOTER last_known_addr { host: "127.6.42.130" port: 44621 } } peers { permanent_uuid: "17a2b5c88f9c48868c67cf507e58b3f5" member_type: VOTER last_known_addr { host: "127.6.42.131" port: 46389 } }
I20260710 11:02:09.576339  7666 raft_consensus.cc:515] T d581a199315c4d3a9edb7ff9faabeb20 P a9a376ac26724a68bb81f194c77a34eb [term 0 FOLLOWER]: Starting pre-election with config: opid_index: -1 OBSOLETE_local: false peers { permanent_uuid: "75a8b9385cd7476c8105f64e7970aa36" member_type: VOTER last_known_addr { host: "127.6.42.129" port: 35221 } } peers { permanent_uuid: "a9a376ac26724a68bb81f194c77a34eb" member_type: VOTER last_known_addr { host: "127.6.42.130" port: 44621 } } peers { permanent_uuid: "17a2b5c88f9c48868c67cf507e58b3f5" member_type: VOTER last_known_addr { host: "127.6.42.131" port: 46389 } }
I20260710 11:02:09.580636  7666 leader_election.cc:290] T d581a199315c4d3a9edb7ff9faabeb20 P a9a376ac26724a68bb81f194c77a34eb [CANDIDATE]: Term 1 pre-election: Requested pre-vote from peers 75a8b9385cd7476c8105f64e7970aa36 (127.6.42.129:35221), 17a2b5c88f9c48868c67cf507e58b3f5 (127.6.42.131:46389)
I20260710 11:02:09.580926  7665 raft_consensus.cc:515] T ecac44ee33f2460eab7db6634709ce29 P 17a2b5c88f9c48868c67cf507e58b3f5 [term 1 FOLLOWER]: Starting leader election with config: opid_index: -1 OBSOLETE_local: false peers { permanent_uuid: "75a8b9385cd7476c8105f64e7970aa36" member_type: VOTER last_known_addr { host: "127.6.42.129" port: 35221 } } peers { permanent_uuid: "a9a376ac26724a68bb81f194c77a34eb" member_type: VOTER last_known_addr { host: "127.6.42.130" port: 44621 } } peers { permanent_uuid: "17a2b5c88f9c48868c67cf507e58b3f5" member_type: VOTER last_known_addr { host: "127.6.42.131" port: 46389 } }
I20260710 11:02:09.583598  7630 tablet_bootstrap.cc:492] T d581a199315c4d3a9edb7ff9faabeb20 P 75a8b9385cd7476c8105f64e7970aa36: No bootstrap required, opened a new log
I20260710 11:02:09.584069  7631 ts_tablet_manager.cc:1434] T b449370553914524ba554f6980099a37 P 17a2b5c88f9c48868c67cf507e58b3f5: Time spent starting tablet: real 0.020s	user 0.006s	sys 0.003s
I20260710 11:02:09.584210  7589 tablet_service.cc:1917] Received RequestConsensusVote() RPC: tablet_id: "d581a199315c4d3a9edb7ff9faabeb20" candidate_uuid: "a9a376ac26724a68bb81f194c77a34eb" candidate_term: 1 candidate_status { last_received { term: 0 index: 0 } } ignore_live_leader: false dest_uuid: "17a2b5c88f9c48868c67cf507e58b3f5" is_pre_election: true
I20260710 11:02:09.585630  7441 tablet_service.cc:1917] Received RequestConsensusVote() RPC: tablet_id: "ecac44ee33f2460eab7db6634709ce29" candidate_uuid: "17a2b5c88f9c48868c67cf507e58b3f5" candidate_term: 1 candidate_status { last_received { term: 0 index: 0 } } ignore_live_leader: false dest_uuid: "75a8b9385cd7476c8105f64e7970aa36"
W20260710 11:02:09.585924  7479 leader_election.cc:343] T d581a199315c4d3a9edb7ff9faabeb20 P a9a376ac26724a68bb81f194c77a34eb [CANDIDATE]: Term 1 pre-election: Tablet error from VoteRequest() call to peer 17a2b5c88f9c48868c67cf507e58b3f5 (127.6.42.131:46389): Illegal state: must be running to vote when last-logged opid is not known
I20260710 11:02:09.586258  7441 raft_consensus.cc:3060] T ecac44ee33f2460eab7db6634709ce29 P 75a8b9385cd7476c8105f64e7970aa36 [term 0 FOLLOWER]: Advancing to term 1
I20260710 11:02:09.584126  7630 ts_tablet_manager.cc:1403] T d581a199315c4d3a9edb7ff9faabeb20 P 75a8b9385cd7476c8105f64e7970aa36: Time spent bootstrapping tablet: real 0.045s	user 0.011s	sys 0.006s
I20260710 11:02:09.588307  7631 tablet_bootstrap.cc:492] T 672f42b52c5a4b40885127a30285b93c P 17a2b5c88f9c48868c67cf507e58b3f5: Bootstrap starting.
I20260710 11:02:09.589438  7630 raft_consensus.cc:359] T d581a199315c4d3a9edb7ff9faabeb20 P 75a8b9385cd7476c8105f64e7970aa36 [term 0 FOLLOWER]: Replica starting. Triggering 0 pending ops. Active config: opid_index: -1 OBSOLETE_local: false peers { permanent_uuid: "75a8b9385cd7476c8105f64e7970aa36" member_type: VOTER last_known_addr { host: "127.6.42.129" port: 35221 } } peers { permanent_uuid: "a9a376ac26724a68bb81f194c77a34eb" member_type: VOTER last_known_addr { host: "127.6.42.130" port: 44621 } } peers { permanent_uuid: "17a2b5c88f9c48868c67cf507e58b3f5" member_type: VOTER last_known_addr { host: "127.6.42.131" port: 46389 } }
I20260710 11:02:09.590149  7630 raft_consensus.cc:385] T d581a199315c4d3a9edb7ff9faabeb20 P 75a8b9385cd7476c8105f64e7970aa36 [term 0 FOLLOWER]: Consensus starting up: Expiring failure detector timer to make a prompt election more likely
I20260710 11:02:09.590458  7630 raft_consensus.cc:740] T d581a199315c4d3a9edb7ff9faabeb20 P 75a8b9385cd7476c8105f64e7970aa36 [term 0 FOLLOWER]: Becoming Follower/Learner. State: Replica: 75a8b9385cd7476c8105f64e7970aa36, State: Initialized, Role: FOLLOWER
I20260710 11:02:09.580821  7440 tablet_service.cc:1917] Received RequestConsensusVote() RPC: tablet_id: "d581a199315c4d3a9edb7ff9faabeb20" candidate_uuid: "a9a376ac26724a68bb81f194c77a34eb" candidate_term: 1 candidate_status { last_received { term: 0 index: 0 } } ignore_live_leader: false dest_uuid: "75a8b9385cd7476c8105f64e7970aa36" is_pre_election: true
I20260710 11:02:09.592021  7630 consensus_queue.cc:260] T d581a199315c4d3a9edb7ff9faabeb20 P 75a8b9385cd7476c8105f64e7970aa36 [NON_LEADER]: Queue going to NON_LEADER mode. State: All replicated index: 0, Majority replicated index: 0, Committed index: 0, Last appended: 0.0, Last appended by leader: 0, Current term: 0, Majority size: -1, State: 0, Mode: NON_LEADER, active raft config: opid_index: -1 OBSOLETE_local: false peers { permanent_uuid: "75a8b9385cd7476c8105f64e7970aa36" member_type: VOTER last_known_addr { host: "127.6.42.129" port: 35221 } } peers { permanent_uuid: "a9a376ac26724a68bb81f194c77a34eb" member_type: VOTER last_known_addr { host: "127.6.42.130" port: 44621 } } peers { permanent_uuid: "17a2b5c88f9c48868c67cf507e58b3f5" member_type: VOTER last_known_addr { host: "127.6.42.131" port: 46389 } }
I20260710 11:02:09.592971  7440 raft_consensus.cc:2468] T d581a199315c4d3a9edb7ff9faabeb20 P 75a8b9385cd7476c8105f64e7970aa36 [term 0 FOLLOWER]: Leader pre-election vote request: Granting yes vote for candidate a9a376ac26724a68bb81f194c77a34eb in term 0.
I20260710 11:02:09.595129  7482 leader_election.cc:304] T d581a199315c4d3a9edb7ff9faabeb20 P a9a376ac26724a68bb81f194c77a34eb [CANDIDATE]: Term 1 pre-election: Election decided. Result: candidate won. Election summary: received 3 responses out of 3 voters: 2 yes votes; 1 no votes. yes voters: 75a8b9385cd7476c8105f64e7970aa36, a9a376ac26724a68bb81f194c77a34eb; no voters: 17a2b5c88f9c48868c67cf507e58b3f5
I20260710 11:02:09.595912  7630 ts_tablet_manager.cc:1434] T d581a199315c4d3a9edb7ff9faabeb20 P 75a8b9385cd7476c8105f64e7970aa36: Time spent starting tablet: real 0.009s	user 0.007s	sys 0.000s
I20260710 11:02:09.596359  7666 raft_consensus.cc:2804] T d581a199315c4d3a9edb7ff9faabeb20 P a9a376ac26724a68bb81f194c77a34eb [term 0 FOLLOWER]: Leader pre-election won for term 1
I20260710 11:02:09.596817  7666 raft_consensus.cc:493] T d581a199315c4d3a9edb7ff9faabeb20 P a9a376ac26724a68bb81f194c77a34eb [term 0 FOLLOWER]: Starting leader election (no leader contacted us within the election timeout)
I20260710 11:02:09.596879  7631 tablet_bootstrap.cc:654] T 672f42b52c5a4b40885127a30285b93c P 17a2b5c88f9c48868c67cf507e58b3f5: Neither blocks nor log segments found. Creating new log.
I20260710 11:02:09.597033  7630 tablet_bootstrap.cc:492] T cf7bc8d6872142f08100b1e9b6229c9b P 75a8b9385cd7476c8105f64e7970aa36: Bootstrap starting.
I20260710 11:02:09.597250  7666 raft_consensus.cc:3060] T d581a199315c4d3a9edb7ff9faabeb20 P a9a376ac26724a68bb81f194c77a34eb [term 0 FOLLOWER]: Advancing to term 1
I20260710 11:02:09.580821  7632 tablet_bootstrap.cc:654] T b449370553914524ba554f6980099a37 P a9a376ac26724a68bb81f194c77a34eb: Neither blocks nor log segments found. Creating new log.
I20260710 11:02:09.609447  7631 tablet_bootstrap.cc:492] T 672f42b52c5a4b40885127a30285b93c P 17a2b5c88f9c48868c67cf507e58b3f5: No bootstrap required, opened a new log
I20260710 11:02:09.609978  7631 ts_tablet_manager.cc:1403] T 672f42b52c5a4b40885127a30285b93c P 17a2b5c88f9c48868c67cf507e58b3f5: Time spent bootstrapping tablet: real 0.022s	user 0.013s	sys 0.005s
I20260710 11:02:09.609860  7666 raft_consensus.cc:515] T d581a199315c4d3a9edb7ff9faabeb20 P a9a376ac26724a68bb81f194c77a34eb [term 1 FOLLOWER]: Starting leader election with config: opid_index: -1 OBSOLETE_local: false peers { permanent_uuid: "75a8b9385cd7476c8105f64e7970aa36" member_type: VOTER last_known_addr { host: "127.6.42.129" port: 35221 } } peers { permanent_uuid: "a9a376ac26724a68bb81f194c77a34eb" member_type: VOTER last_known_addr { host: "127.6.42.130" port: 44621 } } peers { permanent_uuid: "17a2b5c88f9c48868c67cf507e58b3f5" member_type: VOTER last_known_addr { host: "127.6.42.131" port: 46389 } }
I20260710 11:02:09.612859  7441 raft_consensus.cc:2468] T ecac44ee33f2460eab7db6634709ce29 P 75a8b9385cd7476c8105f64e7970aa36 [term 1 FOLLOWER]: Leader election vote request: Granting yes vote for candidate 17a2b5c88f9c48868c67cf507e58b3f5 in term 1.
I20260710 11:02:09.613235  7631 raft_consensus.cc:359] T 672f42b52c5a4b40885127a30285b93c P 17a2b5c88f9c48868c67cf507e58b3f5 [term 0 FOLLOWER]: Replica starting. Triggering 0 pending ops. Active config: opid_index: -1 OBSOLETE_local: false peers { permanent_uuid: "75a8b9385cd7476c8105f64e7970aa36" member_type: VOTER last_known_addr { host: "127.6.42.129" port: 35221 } } peers { permanent_uuid: "a9a376ac26724a68bb81f194c77a34eb" member_type: VOTER last_known_addr { host: "127.6.42.130" port: 44621 } } peers { permanent_uuid: "17a2b5c88f9c48868c67cf507e58b3f5" member_type: VOTER last_known_addr { host: "127.6.42.131" port: 46389 } }
I20260710 11:02:09.614024  7631 raft_consensus.cc:385] T 672f42b52c5a4b40885127a30285b93c P 17a2b5c88f9c48868c67cf507e58b3f5 [term 0 FOLLOWER]: Consensus starting up: Expiring failure detector timer to make a prompt election more likely
I20260710 11:02:09.614106  7556 leader_election.cc:304] T ecac44ee33f2460eab7db6634709ce29 P 17a2b5c88f9c48868c67cf507e58b3f5 [CANDIDATE]: Term 1 election: Election decided. Result: candidate won. Election summary: received 2 responses out of 3 voters: 2 yes votes; 0 no votes. yes voters: 17a2b5c88f9c48868c67cf507e58b3f5, 75a8b9385cd7476c8105f64e7970aa36; no voters: 
I20260710 11:02:09.614449  7631 raft_consensus.cc:740] T 672f42b52c5a4b40885127a30285b93c P 17a2b5c88f9c48868c67cf507e58b3f5 [term 0 FOLLOWER]: Becoming Follower/Learner. State: Replica: 17a2b5c88f9c48868c67cf507e58b3f5, State: Initialized, Role: FOLLOWER
I20260710 11:02:09.614810  7630 tablet_bootstrap.cc:654] T cf7bc8d6872142f08100b1e9b6229c9b P 75a8b9385cd7476c8105f64e7970aa36: Neither blocks nor log segments found. Creating new log.
I20260710 11:02:09.615571  7643 raft_consensus.cc:2804] T ecac44ee33f2460eab7db6634709ce29 P 17a2b5c88f9c48868c67cf507e58b3f5 [term 1 FOLLOWER]: Leader election won for term 1
I20260710 11:02:09.615610  7631 consensus_queue.cc:260] T 672f42b52c5a4b40885127a30285b93c P 17a2b5c88f9c48868c67cf507e58b3f5 [NON_LEADER]: Queue going to NON_LEADER mode. State: All replicated index: 0, Majority replicated index: 0, Committed index: 0, Last appended: 0.0, Last appended by leader: 0, Current term: 0, Majority size: -1, State: 0, Mode: NON_LEADER, active raft config: opid_index: -1 OBSOLETE_local: false peers { permanent_uuid: "75a8b9385cd7476c8105f64e7970aa36" member_type: VOTER last_known_addr { host: "127.6.42.129" port: 35221 } } peers { permanent_uuid: "a9a376ac26724a68bb81f194c77a34eb" member_type: VOTER last_known_addr { host: "127.6.42.130" port: 44621 } } peers { permanent_uuid: "17a2b5c88f9c48868c67cf507e58b3f5" member_type: VOTER last_known_addr { host: "127.6.42.131" port: 46389 } }
I20260710 11:02:09.616361  7643 raft_consensus.cc:697] T ecac44ee33f2460eab7db6634709ce29 P 17a2b5c88f9c48868c67cf507e58b3f5 [term 1 LEADER]: Becoming Leader. State: Replica: 17a2b5c88f9c48868c67cf507e58b3f5, State: Running, Role: LEADER
I20260710 11:02:09.617585  7516 tablet_service.cc:1917] Received RequestConsensusVote() RPC: tablet_id: "ecac44ee33f2460eab7db6634709ce29" candidate_uuid: "17a2b5c88f9c48868c67cf507e58b3f5" candidate_term: 1 candidate_status { last_received { term: 0 index: 0 } } ignore_live_leader: false dest_uuid: "a9a376ac26724a68bb81f194c77a34eb"
I20260710 11:02:09.617295  7643 consensus_queue.cc:237] T ecac44ee33f2460eab7db6634709ce29 P 17a2b5c88f9c48868c67cf507e58b3f5 [LEADER]: Queue going to LEADER mode. State: All replicated index: 0, Majority replicated index: 0, Committed index: 0, Last appended: 0.0, Last appended by leader: 0, Current term: 1, Majority size: 2, State: 0, Mode: LEADER, active raft config: opid_index: -1 OBSOLETE_local: false peers { permanent_uuid: "75a8b9385cd7476c8105f64e7970aa36" member_type: VOTER last_known_addr { host: "127.6.42.129" port: 35221 } } peers { permanent_uuid: "a9a376ac26724a68bb81f194c77a34eb" member_type: VOTER last_known_addr { host: "127.6.42.130" port: 44621 } } peers { permanent_uuid: "17a2b5c88f9c48868c67cf507e58b3f5" member_type: VOTER last_known_addr { host: "127.6.42.131" port: 46389 } }
W20260710 11:02:09.619109  7555 leader_election.cc:343] T ecac44ee33f2460eab7db6634709ce29 P 17a2b5c88f9c48868c67cf507e58b3f5 [CANDIDATE]: Term 1 election: Tablet error from VoteRequest() call to peer a9a376ac26724a68bb81f194c77a34eb (127.6.42.130:44621): Illegal state: must be running to vote when last-logged opid is not known
I20260710 11:02:09.619803  7665 leader_election.cc:290] T ecac44ee33f2460eab7db6634709ce29 P 17a2b5c88f9c48868c67cf507e58b3f5 [CANDIDATE]: Term 1 election: Requested vote from peers 75a8b9385cd7476c8105f64e7970aa36 (127.6.42.129:35221), a9a376ac26724a68bb81f194c77a34eb (127.6.42.130:44621)
I20260710 11:02:09.622961  7631 ts_tablet_manager.cc:1434] T 672f42b52c5a4b40885127a30285b93c P 17a2b5c88f9c48868c67cf507e58b3f5: Time spent starting tablet: real 0.013s	user 0.004s	sys 0.004s
I20260710 11:02:09.624017  7631 tablet_bootstrap.cc:492] T d581a199315c4d3a9edb7ff9faabeb20 P 17a2b5c88f9c48868c67cf507e58b3f5: Bootstrap starting.
I20260710 11:02:09.622658  7337 catalog_manager.cc:5697] T 6be198d4eba94a218c51236c9dda67af P a9a376ac26724a68bb81f194c77a34eb reported cstate change: term changed from 0 to 1, leader changed from <none> to a9a376ac26724a68bb81f194c77a34eb (127.6.42.130). New cstate: current_term: 1 leader_uuid: "a9a376ac26724a68bb81f194c77a34eb" committed_config { opid_index: -1 OBSOLETE_local: false peers { permanent_uuid: "17a2b5c88f9c48868c67cf507e58b3f5" member_type: VOTER last_known_addr { host: "127.6.42.131" port: 46389 } health_report { overall_health: UNKNOWN } } peers { permanent_uuid: "75a8b9385cd7476c8105f64e7970aa36" member_type: VOTER last_known_addr { host: "127.6.42.129" port: 35221 } health_report { overall_health: UNKNOWN } } peers { permanent_uuid: "a9a376ac26724a68bb81f194c77a34eb" member_type: VOTER last_known_addr { host: "127.6.42.130" port: 44621 } health_report { overall_health: HEALTHY } } }
I20260710 11:02:09.625010  7589 tablet_service.cc:1917] Received RequestConsensusVote() RPC: tablet_id: "d581a199315c4d3a9edb7ff9faabeb20" candidate_uuid: "a9a376ac26724a68bb81f194c77a34eb" candidate_term: 1 candidate_status { last_received { term: 0 index: 0 } } ignore_live_leader: false dest_uuid: "17a2b5c88f9c48868c67cf507e58b3f5"
W20260710 11:02:09.627007  7479 leader_election.cc:343] T d581a199315c4d3a9edb7ff9faabeb20 P a9a376ac26724a68bb81f194c77a34eb [CANDIDATE]: Term 1 election: Tablet error from VoteRequest() call to peer 17a2b5c88f9c48868c67cf507e58b3f5 (127.6.42.131:46389): Illegal state: must be running to vote when last-logged opid is not known
I20260710 11:02:09.628059  7666 leader_election.cc:290] T d581a199315c4d3a9edb7ff9faabeb20 P a9a376ac26724a68bb81f194c77a34eb [CANDIDATE]: Term 1 election: Requested vote from peers 75a8b9385cd7476c8105f64e7970aa36 (127.6.42.129:35221), 17a2b5c88f9c48868c67cf507e58b3f5 (127.6.42.131:46389)
I20260710 11:02:09.622757  7441 tablet_service.cc:1917] Received RequestConsensusVote() RPC: tablet_id: "d581a199315c4d3a9edb7ff9faabeb20" candidate_uuid: "a9a376ac26724a68bb81f194c77a34eb" candidate_term: 1 candidate_status { last_received { term: 0 index: 0 } } ignore_live_leader: false dest_uuid: "75a8b9385cd7476c8105f64e7970aa36"
I20260710 11:02:09.629437  7441 raft_consensus.cc:3060] T d581a199315c4d3a9edb7ff9faabeb20 P 75a8b9385cd7476c8105f64e7970aa36 [term 0 FOLLOWER]: Advancing to term 1
I20260710 11:02:09.639559  7441 raft_consensus.cc:2468] T d581a199315c4d3a9edb7ff9faabeb20 P 75a8b9385cd7476c8105f64e7970aa36 [term 1 FOLLOWER]: Leader election vote request: Granting yes vote for candidate a9a376ac26724a68bb81f194c77a34eb in term 1.
I20260710 11:02:09.642850  7482 leader_election.cc:304] T d581a199315c4d3a9edb7ff9faabeb20 P a9a376ac26724a68bb81f194c77a34eb [CANDIDATE]: Term 1 election: Election decided. Result: candidate won. Election summary: received 3 responses out of 3 voters: 2 yes votes; 1 no votes. yes voters: 75a8b9385cd7476c8105f64e7970aa36, a9a376ac26724a68bb81f194c77a34eb; no voters: 17a2b5c88f9c48868c67cf507e58b3f5
I20260710 11:02:09.645015  7666 raft_consensus.cc:2804] T d581a199315c4d3a9edb7ff9faabeb20 P a9a376ac26724a68bb81f194c77a34eb [term 1 FOLLOWER]: Leader election won for term 1
I20260710 11:02:09.644677  7337 catalog_manager.cc:5697] T ecac44ee33f2460eab7db6634709ce29 P 17a2b5c88f9c48868c67cf507e58b3f5 reported cstate change: term changed from 0 to 1, leader changed from <none> to 17a2b5c88f9c48868c67cf507e58b3f5 (127.6.42.131). New cstate: current_term: 1 leader_uuid: "17a2b5c88f9c48868c67cf507e58b3f5" committed_config { opid_index: -1 OBSOLETE_local: false peers { permanent_uuid: "75a8b9385cd7476c8105f64e7970aa36" member_type: VOTER last_known_addr { host: "127.6.42.129" port: 35221 } health_report { overall_health: UNKNOWN } } peers { permanent_uuid: "a9a376ac26724a68bb81f194c77a34eb" member_type: VOTER last_known_addr { host: "127.6.42.130" port: 44621 } health_report { overall_health: UNKNOWN } } peers { permanent_uuid: "17a2b5c88f9c48868c67cf507e58b3f5" member_type: VOTER last_known_addr { host: "127.6.42.131" port: 46389 } health_report { overall_health: HEALTHY } } }
I20260710 11:02:09.645609  7631 tablet_bootstrap.cc:654] T d581a199315c4d3a9edb7ff9faabeb20 P 17a2b5c88f9c48868c67cf507e58b3f5: Neither blocks nor log segments found. Creating new log.
I20260710 11:02:09.645673  7666 raft_consensus.cc:697] T d581a199315c4d3a9edb7ff9faabeb20 P a9a376ac26724a68bb81f194c77a34eb [term 1 LEADER]: Becoming Leader. State: Replica: a9a376ac26724a68bb81f194c77a34eb, State: Running, Role: LEADER
I20260710 11:02:09.647619  7666 consensus_queue.cc:237] T d581a199315c4d3a9edb7ff9faabeb20 P a9a376ac26724a68bb81f194c77a34eb [LEADER]: Queue going to LEADER mode. State: All replicated index: 0, Majority replicated index: 0, Committed index: 0, Last appended: 0.0, Last appended by leader: 0, Current term: 1, Majority size: 2, State: 0, Mode: LEADER, active raft config: opid_index: -1 OBSOLETE_local: false peers { permanent_uuid: "75a8b9385cd7476c8105f64e7970aa36" member_type: VOTER last_known_addr { host: "127.6.42.129" port: 35221 } } peers { permanent_uuid: "a9a376ac26724a68bb81f194c77a34eb" member_type: VOTER last_known_addr { host: "127.6.42.130" port: 44621 } } peers { permanent_uuid: "17a2b5c88f9c48868c67cf507e58b3f5" member_type: VOTER last_known_addr { host: "127.6.42.131" port: 46389 } }
I20260710 11:02:09.658298  7631 tablet_bootstrap.cc:492] T d581a199315c4d3a9edb7ff9faabeb20 P 17a2b5c88f9c48868c67cf507e58b3f5: No bootstrap required, opened a new log
I20260710 11:02:09.659579  7631 ts_tablet_manager.cc:1403] T d581a199315c4d3a9edb7ff9faabeb20 P 17a2b5c88f9c48868c67cf507e58b3f5: Time spent bootstrapping tablet: real 0.036s	user 0.018s	sys 0.001s
I20260710 11:02:09.662269  7632 tablet_bootstrap.cc:492] T b449370553914524ba554f6980099a37 P a9a376ac26724a68bb81f194c77a34eb: No bootstrap required, opened a new log
I20260710 11:02:09.662827  7632 ts_tablet_manager.cc:1403] T b449370553914524ba554f6980099a37 P a9a376ac26724a68bb81f194c77a34eb: Time spent bootstrapping tablet: real 0.090s	user 0.018s	sys 0.017s
I20260710 11:02:09.662729  7631 raft_consensus.cc:359] T d581a199315c4d3a9edb7ff9faabeb20 P 17a2b5c88f9c48868c67cf507e58b3f5 [term 0 FOLLOWER]: Replica starting. Triggering 0 pending ops. Active config: opid_index: -1 OBSOLETE_local: false peers { permanent_uuid: "75a8b9385cd7476c8105f64e7970aa36" member_type: VOTER last_known_addr { host: "127.6.42.129" port: 35221 } } peers { permanent_uuid: "a9a376ac26724a68bb81f194c77a34eb" member_type: VOTER last_known_addr { host: "127.6.42.130" port: 44621 } } peers { permanent_uuid: "17a2b5c88f9c48868c67cf507e58b3f5" member_type: VOTER last_known_addr { host: "127.6.42.131" port: 46389 } }
I20260710 11:02:09.663717  7631 raft_consensus.cc:385] T d581a199315c4d3a9edb7ff9faabeb20 P 17a2b5c88f9c48868c67cf507e58b3f5 [term 0 FOLLOWER]: Consensus starting up: Expiring failure detector timer to make a prompt election more likely
I20260710 11:02:09.664070  7631 raft_consensus.cc:740] T d581a199315c4d3a9edb7ff9faabeb20 P 17a2b5c88f9c48868c67cf507e58b3f5 [term 0 FOLLOWER]: Becoming Follower/Learner. State: Replica: 17a2b5c88f9c48868c67cf507e58b3f5, State: Initialized, Role: FOLLOWER
I20260710 11:02:09.664884  7631 consensus_queue.cc:260] T d581a199315c4d3a9edb7ff9faabeb20 P 17a2b5c88f9c48868c67cf507e58b3f5 [NON_LEADER]: Queue going to NON_LEADER mode. State: All replicated index: 0, Majority replicated index: 0, Committed index: 0, Last appended: 0.0, Last appended by leader: 0, Current term: 0, Majority size: -1, State: 0, Mode: NON_LEADER, active raft config: opid_index: -1 OBSOLETE_local: false peers { permanent_uuid: "75a8b9385cd7476c8105f64e7970aa36" member_type: VOTER last_known_addr { host: "127.6.42.129" port: 35221 } } peers { permanent_uuid: "a9a376ac26724a68bb81f194c77a34eb" member_type: VOTER last_known_addr { host: "127.6.42.130" port: 44621 } } peers { permanent_uuid: "17a2b5c88f9c48868c67cf507e58b3f5" member_type: VOTER last_known_addr { host: "127.6.42.131" port: 46389 } }
I20260710 11:02:09.667564  7631 ts_tablet_manager.cc:1434] T d581a199315c4d3a9edb7ff9faabeb20 P 17a2b5c88f9c48868c67cf507e58b3f5: Time spent starting tablet: real 0.008s	user 0.000s	sys 0.004s
I20260710 11:02:09.668617  7631 tablet_bootstrap.cc:492] T bfe4393b6ccd47ae86c5e17619c82dad P 17a2b5c88f9c48868c67cf507e58b3f5: Bootstrap starting.
I20260710 11:02:09.672086  7632 raft_consensus.cc:359] T b449370553914524ba554f6980099a37 P a9a376ac26724a68bb81f194c77a34eb [term 0 FOLLOWER]: Replica starting. Triggering 0 pending ops. Active config: opid_index: -1 OBSOLETE_local: false peers { permanent_uuid: "75a8b9385cd7476c8105f64e7970aa36" member_type: VOTER last_known_addr { host: "127.6.42.129" port: 35221 } } peers { permanent_uuid: "a9a376ac26724a68bb81f194c77a34eb" member_type: VOTER last_known_addr { host: "127.6.42.130" port: 44621 } } peers { permanent_uuid: "17a2b5c88f9c48868c67cf507e58b3f5" member_type: VOTER last_known_addr { host: "127.6.42.131" port: 46389 } }
I20260710 11:02:09.673043  7632 raft_consensus.cc:385] T b449370553914524ba554f6980099a37 P a9a376ac26724a68bb81f194c77a34eb [term 0 FOLLOWER]: Consensus starting up: Expiring failure detector timer to make a prompt election more likely
I20260710 11:02:09.673377  7632 raft_consensus.cc:740] T b449370553914524ba554f6980099a37 P a9a376ac26724a68bb81f194c77a34eb [term 0 FOLLOWER]: Becoming Follower/Learner. State: Replica: a9a376ac26724a68bb81f194c77a34eb, State: Initialized, Role: FOLLOWER
I20260710 11:02:09.674770  7630 tablet_bootstrap.cc:492] T cf7bc8d6872142f08100b1e9b6229c9b P 75a8b9385cd7476c8105f64e7970aa36: No bootstrap required, opened a new log
I20260710 11:02:09.674321  7632 consensus_queue.cc:260] T b449370553914524ba554f6980099a37 P a9a376ac26724a68bb81f194c77a34eb [NON_LEADER]: Queue going to NON_LEADER mode. State: All replicated index: 0, Majority replicated index: 0, Committed index: 0, Last appended: 0.0, Last appended by leader: 0, Current term: 0, Majority size: -1, State: 0, Mode: NON_LEADER, active raft config: opid_index: -1 OBSOLETE_local: false peers { permanent_uuid: "75a8b9385cd7476c8105f64e7970aa36" member_type: VOTER last_known_addr { host: "127.6.42.129" port: 35221 } } peers { permanent_uuid: "a9a376ac26724a68bb81f194c77a34eb" member_type: VOTER last_known_addr { host: "127.6.42.130" port: 44621 } } peers { permanent_uuid: "17a2b5c88f9c48868c67cf507e58b3f5" member_type: VOTER last_known_addr { host: "127.6.42.131" port: 46389 } }
I20260710 11:02:09.675328  7630 ts_tablet_manager.cc:1403] T cf7bc8d6872142f08100b1e9b6229c9b P 75a8b9385cd7476c8105f64e7970aa36: Time spent bootstrapping tablet: real 0.079s	user 0.025s	sys 0.017s
I20260710 11:02:09.674490  7337 catalog_manager.cc:5697] T d581a199315c4d3a9edb7ff9faabeb20 P a9a376ac26724a68bb81f194c77a34eb reported cstate change: term changed from 0 to 1, leader changed from <none> to a9a376ac26724a68bb81f194c77a34eb (127.6.42.130). New cstate: current_term: 1 leader_uuid: "a9a376ac26724a68bb81f194c77a34eb" committed_config { opid_index: -1 OBSOLETE_local: false peers { permanent_uuid: "75a8b9385cd7476c8105f64e7970aa36" member_type: VOTER last_known_addr { host: "127.6.42.129" port: 35221 } health_report { overall_health: UNKNOWN } } peers { permanent_uuid: "a9a376ac26724a68bb81f194c77a34eb" member_type: VOTER last_known_addr { host: "127.6.42.130" port: 44621 } health_report { overall_health: HEALTHY } } peers { permanent_uuid: "17a2b5c88f9c48868c67cf507e58b3f5" member_type: VOTER last_known_addr { host: "127.6.42.131" port: 46389 } health_report { overall_health: UNKNOWN } } }
I20260710 11:02:09.676163  7631 tablet_bootstrap.cc:654] T bfe4393b6ccd47ae86c5e17619c82dad P 17a2b5c88f9c48868c67cf507e58b3f5: Neither blocks nor log segments found. Creating new log.
I20260710 11:02:09.677433  7632 ts_tablet_manager.cc:1434] T b449370553914524ba554f6980099a37 P a9a376ac26724a68bb81f194c77a34eb: Time spent starting tablet: real 0.014s	user 0.005s	sys 0.001s
I20260710 11:02:09.682544  7632 tablet_bootstrap.cc:492] T cf7bc8d6872142f08100b1e9b6229c9b P a9a376ac26724a68bb81f194c77a34eb: Bootstrap starting.
I20260710 11:02:09.682833  7630 raft_consensus.cc:359] T cf7bc8d6872142f08100b1e9b6229c9b P 75a8b9385cd7476c8105f64e7970aa36 [term 0 FOLLOWER]: Replica starting. Triggering 0 pending ops. Active config: opid_index: -1 OBSOLETE_local: false peers { permanent_uuid: "75a8b9385cd7476c8105f64e7970aa36" member_type: VOTER last_known_addr { host: "127.6.42.129" port: 35221 } } peers { permanent_uuid: "a9a376ac26724a68bb81f194c77a34eb" member_type: VOTER last_known_addr { host: "127.6.42.130" port: 44621 } } peers { permanent_uuid: "17a2b5c88f9c48868c67cf507e58b3f5" member_type: VOTER last_known_addr { host: "127.6.42.131" port: 46389 } }
I20260710 11:02:09.683914  7630 raft_consensus.cc:385] T cf7bc8d6872142f08100b1e9b6229c9b P 75a8b9385cd7476c8105f64e7970aa36 [term 0 FOLLOWER]: Consensus starting up: Expiring failure detector timer to make a prompt election more likely
I20260710 11:02:09.684325  7630 raft_consensus.cc:740] T cf7bc8d6872142f08100b1e9b6229c9b P 75a8b9385cd7476c8105f64e7970aa36 [term 0 FOLLOWER]: Becoming Follower/Learner. State: Replica: 75a8b9385cd7476c8105f64e7970aa36, State: Initialized, Role: FOLLOWER
I20260710 11:02:09.685478  7630 consensus_queue.cc:260] T cf7bc8d6872142f08100b1e9b6229c9b P 75a8b9385cd7476c8105f64e7970aa36 [NON_LEADER]: Queue going to NON_LEADER mode. State: All replicated index: 0, Majority replicated index: 0, Committed index: 0, Last appended: 0.0, Last appended by leader: 0, Current term: 0, Majority size: -1, State: 0, Mode: NON_LEADER, active raft config: opid_index: -1 OBSOLETE_local: false peers { permanent_uuid: "75a8b9385cd7476c8105f64e7970aa36" member_type: VOTER last_known_addr { host: "127.6.42.129" port: 35221 } } peers { permanent_uuid: "a9a376ac26724a68bb81f194c77a34eb" member_type: VOTER last_known_addr { host: "127.6.42.130" port: 44621 } } peers { permanent_uuid: "17a2b5c88f9c48868c67cf507e58b3f5" member_type: VOTER last_known_addr { host: "127.6.42.131" port: 46389 } }
I20260710 11:02:09.688807  7630 ts_tablet_manager.cc:1434] T cf7bc8d6872142f08100b1e9b6229c9b P 75a8b9385cd7476c8105f64e7970aa36: Time spent starting tablet: real 0.009s	user 0.008s	sys 0.000s
I20260710 11:02:09.689898  7632 tablet_bootstrap.cc:654] T cf7bc8d6872142f08100b1e9b6229c9b P a9a376ac26724a68bb81f194c77a34eb: Neither blocks nor log segments found. Creating new log.
I20260710 11:02:09.690191  7630 tablet_bootstrap.cc:492] T bfe4393b6ccd47ae86c5e17619c82dad P 75a8b9385cd7476c8105f64e7970aa36: Bootstrap starting.
I20260710 11:02:09.699963  7630 tablet_bootstrap.cc:654] T bfe4393b6ccd47ae86c5e17619c82dad P 75a8b9385cd7476c8105f64e7970aa36: Neither blocks nor log segments found. Creating new log.
I20260710 11:02:09.700882  7631 tablet_bootstrap.cc:492] T bfe4393b6ccd47ae86c5e17619c82dad P 17a2b5c88f9c48868c67cf507e58b3f5: No bootstrap required, opened a new log
I20260710 11:02:09.701367  7631 ts_tablet_manager.cc:1403] T bfe4393b6ccd47ae86c5e17619c82dad P 17a2b5c88f9c48868c67cf507e58b3f5: Time spent bootstrapping tablet: real 0.033s	user 0.022s	sys 0.009s
I20260710 11:02:09.702983  7632 tablet_bootstrap.cc:492] T cf7bc8d6872142f08100b1e9b6229c9b P a9a376ac26724a68bb81f194c77a34eb: No bootstrap required, opened a new log
I20260710 11:02:09.703562  7632 ts_tablet_manager.cc:1403] T cf7bc8d6872142f08100b1e9b6229c9b P a9a376ac26724a68bb81f194c77a34eb: Time spent bootstrapping tablet: real 0.021s	user 0.007s	sys 0.005s
I20260710 11:02:09.703994  7631 raft_consensus.cc:359] T bfe4393b6ccd47ae86c5e17619c82dad P 17a2b5c88f9c48868c67cf507e58b3f5 [term 0 FOLLOWER]: Replica starting. Triggering 0 pending ops. Active config: opid_index: -1 OBSOLETE_local: false peers { permanent_uuid: "75a8b9385cd7476c8105f64e7970aa36" member_type: VOTER last_known_addr { host: "127.6.42.129" port: 35221 } } peers { permanent_uuid: "a9a376ac26724a68bb81f194c77a34eb" member_type: VOTER last_known_addr { host: "127.6.42.130" port: 44621 } } peers { permanent_uuid: "17a2b5c88f9c48868c67cf507e58b3f5" member_type: VOTER last_known_addr { host: "127.6.42.131" port: 46389 } }
I20260710 11:02:09.704682  7631 raft_consensus.cc:385] T bfe4393b6ccd47ae86c5e17619c82dad P 17a2b5c88f9c48868c67cf507e58b3f5 [term 0 FOLLOWER]: Consensus starting up: Expiring failure detector timer to make a prompt election more likely
I20260710 11:02:09.704945  7631 raft_consensus.cc:740] T bfe4393b6ccd47ae86c5e17619c82dad P 17a2b5c88f9c48868c67cf507e58b3f5 [term 0 FOLLOWER]: Becoming Follower/Learner. State: Replica: 17a2b5c88f9c48868c67cf507e58b3f5, State: Initialized, Role: FOLLOWER
I20260710 11:02:09.705646  7630 tablet_bootstrap.cc:492] T bfe4393b6ccd47ae86c5e17619c82dad P 75a8b9385cd7476c8105f64e7970aa36: No bootstrap required, opened a new log
I20260710 11:02:09.705610  7631 consensus_queue.cc:260] T bfe4393b6ccd47ae86c5e17619c82dad P 17a2b5c88f9c48868c67cf507e58b3f5 [NON_LEADER]: Queue going to NON_LEADER mode. State: All replicated index: 0, Majority replicated index: 0, Committed index: 0, Last appended: 0.0, Last appended by leader: 0, Current term: 0, Majority size: -1, State: 0, Mode: NON_LEADER, active raft config: opid_index: -1 OBSOLETE_local: false peers { permanent_uuid: "75a8b9385cd7476c8105f64e7970aa36" member_type: VOTER last_known_addr { host: "127.6.42.129" port: 35221 } } peers { permanent_uuid: "a9a376ac26724a68bb81f194c77a34eb" member_type: VOTER last_known_addr { host: "127.6.42.130" port: 44621 } } peers { permanent_uuid: "17a2b5c88f9c48868c67cf507e58b3f5" member_type: VOTER last_known_addr { host: "127.6.42.131" port: 46389 } }
I20260710 11:02:09.706223  7630 ts_tablet_manager.cc:1403] T bfe4393b6ccd47ae86c5e17619c82dad P 75a8b9385cd7476c8105f64e7970aa36: Time spent bootstrapping tablet: real 0.016s	user 0.014s	sys 0.001s
I20260710 11:02:09.706053  7632 raft_consensus.cc:359] T cf7bc8d6872142f08100b1e9b6229c9b P a9a376ac26724a68bb81f194c77a34eb [term 0 FOLLOWER]: Replica starting. Triggering 0 pending ops. Active config: opid_index: -1 OBSOLETE_local: false peers { permanent_uuid: "75a8b9385cd7476c8105f64e7970aa36" member_type: VOTER last_known_addr { host: "127.6.42.129" port: 35221 } } peers { permanent_uuid: "a9a376ac26724a68bb81f194c77a34eb" member_type: VOTER last_known_addr { host: "127.6.42.130" port: 44621 } } peers { permanent_uuid: "17a2b5c88f9c48868c67cf507e58b3f5" member_type: VOTER last_known_addr { host: "127.6.42.131" port: 46389 } }
I20260710 11:02:09.707732  7631 ts_tablet_manager.cc:1434] T bfe4393b6ccd47ae86c5e17619c82dad P 17a2b5c88f9c48868c67cf507e58b3f5: Time spent starting tablet: real 0.006s	user 0.007s	sys 0.000s
I20260710 11:02:09.707652  7632 raft_consensus.cc:385] T cf7bc8d6872142f08100b1e9b6229c9b P a9a376ac26724a68bb81f194c77a34eb [term 0 FOLLOWER]: Consensus starting up: Expiring failure detector timer to make a prompt election more likely
I20260710 11:02:09.708170  7632 raft_consensus.cc:740] T cf7bc8d6872142f08100b1e9b6229c9b P a9a376ac26724a68bb81f194c77a34eb [term 0 FOLLOWER]: Becoming Follower/Learner. State: Replica: a9a376ac26724a68bb81f194c77a34eb, State: Initialized, Role: FOLLOWER
