I20260710 11:02:21.851110 26912 consensus_queue.cc:237] T 5454237f8dca4ec4bc67f31f25e87b4e P b387e1eb13d34d63bb387eb36970c943 [LEADER]: Queue going to LEADER mode. State: All replicated index: 0, Majority replicated index: 3, Committed index: 3, Last appended: 1.3, Last appended by leader: 0, Current term: 1, Majority size: 2, State: 0, Mode: LEADER, active raft config: opid_index: 4 OBSOLETE_local: false peers { permanent_uuid: "7ebad0c7d6c448a58ddfe8d9219ad5b3" member_type: VOTER last_known_addr { host: "127.25.14.193" port: 43919 } } peers { permanent_uuid: "b387e1eb13d34d63bb387eb36970c943" member_type: VOTER last_known_addr { host: "127.25.14.195" port: 35901 } } peers { permanent_uuid: "601ba6b7b2c049e28f1e5a81d371ee7f" member_type: VOTER last_known_addr { host: "127.25.14.196" port: 36795 } attrs { promote: false } }
I20260710 11:02:21.853356 27396 consensus_queue.cc:1048] T 78663d77b06c4b8daa4a95f319fdc09b P 122c52a4ea9e43b09f907e9c13f3a499 [LEADER]: Connected to new peer: Peer: permanent_uuid: "7ebad0c7d6c448a58ddfe8d9219ad5b3" member_type: VOTER last_known_addr { host: "127.25.14.193" port: 43919 }, Status: LMP_MISMATCH, Last received: 0.0, Next index: 3, Last known committed idx: 2, Time since last communication: 0.000s
I20260710 11:02:21.853840 26908 raft_consensus.cc:1275] T 78663d77b06c4b8daa4a95f319fdc09b P b387e1eb13d34d63bb387eb36970c943 [term 1 FOLLOWER]: Refusing update from remote peer 122c52a4ea9e43b09f907e9c13f3a499: Log matching property violated. Preceding OpId in replica: term: 1 index: 2. Preceding OpId from leader: term: 1 index: 3. (index mismatch)
I20260710 11:02:21.856261 27398 consensus_queue.cc:1048] T 78663d77b06c4b8daa4a95f319fdc09b P 122c52a4ea9e43b09f907e9c13f3a499 [LEADER]: Connected to new peer: Peer: permanent_uuid: "b387e1eb13d34d63bb387eb36970c943" member_type: VOTER last_known_addr { host: "127.25.14.195" port: 35901 } attrs { replace: true }, Status: LMP_MISMATCH, Last received: 0.0, Next index: 3, Last known committed idx: 2, Time since last communication: 0.000s
I20260710 11:02:21.860145 26763 raft_consensus.cc:2955] T 8bafff078c0c4d1da2fae429364d39c1 P 7ebad0c7d6c448a58ddfe8d9219ad5b3 [term 1 FOLLOWER]: Committing config change with OpId 1.3: config changed from index 2 to 3, 601ba6b7b2c049e28f1e5a81d371ee7f (127.25.14.196) changed from NON_VOTER to VOTER. New config: { opid_index: 3 OBSOLETE_local: false peers { permanent_uuid: "7ebad0c7d6c448a58ddfe8d9219ad5b3" member_type: VOTER last_known_addr { host: "127.25.14.193" port: 43919 } } peers { permanent_uuid: "122c52a4ea9e43b09f907e9c13f3a499" member_type: VOTER last_known_addr { host: "127.25.14.194" port: 40313 } attrs { replace: true } } peers { permanent_uuid: "b387e1eb13d34d63bb387eb36970c943" member_type: VOTER last_known_addr { host: "127.25.14.195" port: 35901 } } peers { permanent_uuid: "601ba6b7b2c049e28f1e5a81d371ee7f" member_type: VOTER last_known_addr { host: "127.25.14.196" port: 36795 } attrs { promote: false } } }
I20260710 11:02:21.867395 27179 raft_consensus.cc:2955] T 8bafff078c0c4d1da2fae429364d39c1 P 601ba6b7b2c049e28f1e5a81d371ee7f [term 1 FOLLOWER]: Committing config change with OpId 1.3: config changed from index 2 to 3, 601ba6b7b2c049e28f1e5a81d371ee7f (127.25.14.196) changed from NON_VOTER to VOTER. New config: { opid_index: 3 OBSOLETE_local: false peers { permanent_uuid: "7ebad0c7d6c448a58ddfe8d9219ad5b3" member_type: VOTER last_known_addr { host: "127.25.14.193" port: 43919 } } peers { permanent_uuid: "122c52a4ea9e43b09f907e9c13f3a499" member_type: VOTER last_known_addr { host: "127.25.14.194" port: 40313 } attrs { replace: true } } peers { permanent_uuid: "b387e1eb13d34d63bb387eb36970c943" member_type: VOTER last_known_addr { host: "127.25.14.195" port: 35901 } } peers { permanent_uuid: "601ba6b7b2c049e28f1e5a81d371ee7f" member_type: VOTER last_known_addr { host: "127.25.14.196" port: 36795 } attrs { promote: false } } }
I20260710 11:02:21.869308 26762 raft_consensus.cc:1275] T 5454237f8dca4ec4bc67f31f25e87b4e P 7ebad0c7d6c448a58ddfe8d9219ad5b3 [term 1 FOLLOWER]: Refusing update from remote peer b387e1eb13d34d63bb387eb36970c943: Log matching property violated. Preceding OpId in replica: term: 1 index: 3. Preceding OpId from leader: term: 1 index: 4. (index mismatch)
I20260710 11:02:21.870718 27395 consensus_queue.cc:1048] T 5454237f8dca4ec4bc67f31f25e87b4e P b387e1eb13d34d63bb387eb36970c943 [LEADER]: Connected to new peer: Peer: permanent_uuid: "7ebad0c7d6c448a58ddfe8d9219ad5b3" member_type: VOTER last_known_addr { host: "127.25.14.193" port: 43919 }, Status: LMP_MISMATCH, Last received: 0.0, Next index: 4, Last known committed idx: 3, Time since last communication: 0.000s
I20260710 11:02:21.874627 27180 raft_consensus.cc:1275] T 5454237f8dca4ec4bc67f31f25e87b4e P 601ba6b7b2c049e28f1e5a81d371ee7f [term 1 FOLLOWER]: Refusing update from remote peer b387e1eb13d34d63bb387eb36970c943: Log matching property violated. Preceding OpId in replica: term: 1 index: 3. Preceding OpId from leader: term: 1 index: 4. (index mismatch)
I20260710 11:02:21.879172 26837 raft_consensus.cc:2955] T 8bafff078c0c4d1da2fae429364d39c1 P 122c52a4ea9e43b09f907e9c13f3a499 [term 1 FOLLOWER]: Committing config change with OpId 1.3: config changed from index 2 to 3, 601ba6b7b2c049e28f1e5a81d371ee7f (127.25.14.196) changed from NON_VOTER to VOTER. New config: { opid_index: 3 OBSOLETE_local: false peers { permanent_uuid: "7ebad0c7d6c448a58ddfe8d9219ad5b3" member_type: VOTER last_known_addr { host: "127.25.14.193" port: 43919 } } peers { permanent_uuid: "122c52a4ea9e43b09f907e9c13f3a499" member_type: VOTER last_known_addr { host: "127.25.14.194" port: 40313 } attrs { replace: true } } peers { permanent_uuid: "b387e1eb13d34d63bb387eb36970c943" member_type: VOTER last_known_addr { host: "127.25.14.195" port: 35901 } } peers { permanent_uuid: "601ba6b7b2c049e28f1e5a81d371ee7f" member_type: VOTER last_known_addr { host: "127.25.14.196" port: 36795 } attrs { promote: false } } }
I20260710 11:02:21.881150 27293 consensus_queue.cc:1048] T 5454237f8dca4ec4bc67f31f25e87b4e P b387e1eb13d34d63bb387eb36970c943 [LEADER]: Connected to new peer: Peer: permanent_uuid: "601ba6b7b2c049e28f1e5a81d371ee7f" member_type: VOTER last_known_addr { host: "127.25.14.196" port: 36795 } attrs { promote: false }, Status: LMP_MISMATCH, Last received: 0.0, Next index: 4, Last known committed idx: 3, Time since last communication: 0.000s
I20260710 11:02:21.884095 27395 raft_consensus.cc:1064] T 008b89bd684a41a4a4c76e4b571de7e6 P b387e1eb13d34d63bb387eb36970c943: attempting to promote NON_VOTER 601ba6b7b2c049e28f1e5a81d371ee7f to VOTER
I20260710 11:02:21.886292 27395 consensus_queue.cc:237] T 008b89bd684a41a4a4c76e4b571de7e6 P b387e1eb13d34d63bb387eb36970c943 [LEADER]: Queue going to LEADER mode. State: All replicated index: 0, Majority replicated index: 2, Committed index: 2, Last appended: 1.2, Last appended by leader: 0, Current term: 1, Majority size: 3, State: 0, Mode: LEADER, active raft config: opid_index: 3 OBSOLETE_local: false peers { permanent_uuid: "7ebad0c7d6c448a58ddfe8d9219ad5b3" member_type: VOTER last_known_addr { host: "127.25.14.193" port: 43919 } attrs { replace: true } } peers { permanent_uuid: "122c52a4ea9e43b09f907e9c13f3a499" member_type: VOTER last_known_addr { host: "127.25.14.194" port: 40313 } } peers { permanent_uuid: "b387e1eb13d34d63bb387eb36970c943" member_type: VOTER last_known_addr { host: "127.25.14.195" port: 35901 } } peers { permanent_uuid: "601ba6b7b2c049e28f1e5a81d371ee7f" member_type: VOTER last_known_addr { host: "127.25.14.196" port: 36795 } attrs { promote: false } }
I20260710 11:02:21.890872 27394 raft_consensus.cc:2955] T 5454237f8dca4ec4bc67f31f25e87b4e P b387e1eb13d34d63bb387eb36970c943 [term 1 LEADER]: Committing config change with OpId 1.4: config changed from index 3 to 4, VOTER 122c52a4ea9e43b09f907e9c13f3a499 (127.25.14.194) evicted. New config: { opid_index: 4 OBSOLETE_local: false peers { permanent_uuid: "7ebad0c7d6c448a58ddfe8d9219ad5b3" member_type: VOTER last_known_addr { host: "127.25.14.193" port: 43919 } } peers { permanent_uuid: "b387e1eb13d34d63bb387eb36970c943" member_type: VOTER last_known_addr { host: "127.25.14.195" port: 35901 } } peers { permanent_uuid: "601ba6b7b2c049e28f1e5a81d371ee7f" member_type: VOTER last_known_addr { host: "127.25.14.196" port: 36795 } attrs { promote: false } } }
I20260710 11:02:21.892290 26659 catalog_manager.cc:5697] T 8bafff078c0c4d1da2fae429364d39c1 P 601ba6b7b2c049e28f1e5a81d371ee7f reported cstate change: config changed from index 2 to 3, 601ba6b7b2c049e28f1e5a81d371ee7f (127.25.14.196) changed from NON_VOTER to VOTER. New cstate: current_term: 1 leader_uuid: "b387e1eb13d34d63bb387eb36970c943" committed_config { opid_index: 3 OBSOLETE_local: false peers { permanent_uuid: "7ebad0c7d6c448a58ddfe8d9219ad5b3" member_type: VOTER last_known_addr { host: "127.25.14.193" port: 43919 } } peers { permanent_uuid: "122c52a4ea9e43b09f907e9c13f3a499" member_type: VOTER last_known_addr { host: "127.25.14.194" port: 40313 } attrs { replace: true } } peers { permanent_uuid: "b387e1eb13d34d63bb387eb36970c943" member_type: VOTER last_known_addr { host: "127.25.14.195" port: 35901 } } peers { permanent_uuid: "601ba6b7b2c049e28f1e5a81d371ee7f" member_type: VOTER last_known_addr { host: "127.25.14.196" port: 36795 } attrs { promote: false } } }
I20260710 11:02:21.895303 26759 raft_consensus.cc:2955] T 5454237f8dca4ec4bc67f31f25e87b4e P 7ebad0c7d6c448a58ddfe8d9219ad5b3 [term 1 FOLLOWER]: Committing config change with OpId 1.4: config changed from index 3 to 4, VOTER 122c52a4ea9e43b09f907e9c13f3a499 (127.25.14.194) evicted. New config: { opid_index: 4 OBSOLETE_local: false peers { permanent_uuid: "7ebad0c7d6c448a58ddfe8d9219ad5b3" member_type: VOTER last_known_addr { host: "127.25.14.193" port: 43919 } } peers { permanent_uuid: "b387e1eb13d34d63bb387eb36970c943" member_type: VOTER last_known_addr { host: "127.25.14.195" port: 35901 } } peers { permanent_uuid: "601ba6b7b2c049e28f1e5a81d371ee7f" member_type: VOTER last_known_addr { host: "127.25.14.196" port: 36795 } attrs { promote: false } } }
I20260710 11:02:21.912110 26647 catalog_manager.cc:5210] ChangeConfig:REMOVE_PEER RPC for tablet 5454237f8dca4ec4bc67f31f25e87b4e with cas_config_opid_index 3: ChangeConfig:REMOVE_PEER succeeded (attempt 1)
I20260710 11:02:21.926095 26912 consensus_queue.cc:237] T 8bafff078c0c4d1da2fae429364d39c1 P b387e1eb13d34d63bb387eb36970c943 [LEADER]: Queue going to LEADER mode. State: All replicated index: 0, Majority replicated index: 3, Committed index: 3, Last appended: 1.3, Last appended by leader: 0, Current term: 1, Majority size: 2, State: 0, Mode: LEADER, active raft config: opid_index: 4 OBSOLETE_local: false peers { permanent_uuid: "7ebad0c7d6c448a58ddfe8d9219ad5b3" member_type: VOTER last_known_addr { host: "127.25.14.193" port: 43919 } } peers { permanent_uuid: "b387e1eb13d34d63bb387eb36970c943" member_type: VOTER last_known_addr { host: "127.25.14.195" port: 35901 } } peers { permanent_uuid: "601ba6b7b2c049e28f1e5a81d371ee7f" member_type: VOTER last_known_addr { host: "127.25.14.196" port: 36795 } attrs { promote: false } }
I20260710 11:02:21.929296 26660 catalog_manager.cc:5697] T 5454237f8dca4ec4bc67f31f25e87b4e P b387e1eb13d34d63bb387eb36970c943 reported cstate change: config changed from index 3 to 4, VOTER 122c52a4ea9e43b09f907e9c13f3a499 (127.25.14.194) evicted. New cstate: current_term: 1 leader_uuid: "b387e1eb13d34d63bb387eb36970c943" committed_config { opid_index: 4 OBSOLETE_local: false peers { permanent_uuid: "7ebad0c7d6c448a58ddfe8d9219ad5b3" member_type: VOTER last_known_addr { host: "127.25.14.193" port: 43919 } health_report { overall_health: HEALTHY } } peers { permanent_uuid: "b387e1eb13d34d63bb387eb36970c943" member_type: VOTER last_known_addr { host: "127.25.14.195" port: 35901 } health_report { overall_health: HEALTHY } } peers { permanent_uuid: "601ba6b7b2c049e28f1e5a81d371ee7f" member_type: VOTER last_known_addr { host: "127.25.14.196" port: 36795 } attrs { promote: false } health_report { overall_health: UNKNOWN } } }
I20260710 11:02:21.934103 26759 raft_consensus.cc:1275] T 8bafff078c0c4d1da2fae429364d39c1 P 7ebad0c7d6c448a58ddfe8d9219ad5b3 [term 1 FOLLOWER]: Refusing update from remote peer b387e1eb13d34d63bb387eb36970c943: Log matching property violated. Preceding OpId in replica: term: 1 index: 3. Preceding OpId from leader: term: 1 index: 4. (index mismatch)
I20260710 11:02:21.937333 27394 consensus_queue.cc:1048] T 8bafff078c0c4d1da2fae429364d39c1 P b387e1eb13d34d63bb387eb36970c943 [LEADER]: Connected to new peer: Peer: permanent_uuid: "7ebad0c7d6c448a58ddfe8d9219ad5b3" member_type: VOTER last_known_addr { host: "127.25.14.193" port: 43919 }, Status: LMP_MISMATCH, Last received: 0.0, Next index: 4, Last known committed idx: 3, Time since last communication: 0.000s
I20260710 11:02:21.939216 27179 raft_consensus.cc:1275] T 8bafff078c0c4d1da2fae429364d39c1 P 601ba6b7b2c049e28f1e5a81d371ee7f [term 1 FOLLOWER]: Refusing update from remote peer b387e1eb13d34d63bb387eb36970c943: Log matching property violated. Preceding OpId in replica: term: 1 index: 3. Preceding OpId from leader: term: 1 index: 4. (index mismatch)
I20260710 11:02:21.943482 26825 tablet_service.cc:1558] Processing DeleteTablet for tablet 5454237f8dca4ec4bc67f31f25e87b4e with delete_type TABLET_DATA_TOMBSTONED (TS 122c52a4ea9e43b09f907e9c13f3a499 not found in new config with opid_index 4) from {username='slave'} at 127.0.0.1:59436
I20260710 11:02:21.946866 27394 consensus_queue.cc:1048] T 8bafff078c0c4d1da2fae429364d39c1 P b387e1eb13d34d63bb387eb36970c943 [LEADER]: Connected to new peer: Peer: permanent_uuid: "601ba6b7b2c049e28f1e5a81d371ee7f" member_type: VOTER last_known_addr { host: "127.25.14.196" port: 36795 } attrs { promote: false }, Status: LMP_MISMATCH, Last received: 0.0, Next index: 4, Last known committed idx: 3, Time since last communication: 0.001s
I20260710 11:02:21.964519 27418 tablet_replica.cc:333] T 5454237f8dca4ec4bc67f31f25e87b4e P 122c52a4ea9e43b09f907e9c13f3a499: stopping tablet replica
I20260710 11:02:21.963570 27398 raft_consensus.cc:2955] T 78663d77b06c4b8daa4a95f319fdc09b P 122c52a4ea9e43b09f907e9c13f3a499 [term 1 LEADER]: Committing config change with OpId 1.3: config changed from index 2 to 3, 601ba6b7b2c049e28f1e5a81d371ee7f (127.25.14.196) changed from NON_VOTER to VOTER. New config: { opid_index: 3 OBSOLETE_local: false peers { permanent_uuid: "7ebad0c7d6c448a58ddfe8d9219ad5b3" member_type: VOTER last_known_addr { host: "127.25.14.193" port: 43919 } } peers { permanent_uuid: "122c52a4ea9e43b09f907e9c13f3a499" member_type: VOTER last_known_addr { host: "127.25.14.194" port: 40313 } } peers { permanent_uuid: "b387e1eb13d34d63bb387eb36970c943" member_type: VOTER last_known_addr { host: "127.25.14.195" port: 35901 } attrs { replace: true } } peers { permanent_uuid: "601ba6b7b2c049e28f1e5a81d371ee7f" member_type: VOTER last_known_addr { host: "127.25.14.196" port: 36795 } attrs { promote: false } } }
I20260710 11:02:21.966615 27418 raft_consensus.cc:2243] T 5454237f8dca4ec4bc67f31f25e87b4e P 122c52a4ea9e43b09f907e9c13f3a499 [term 1 FOLLOWER]: Raft consensus shutting down.
I20260710 11:02:21.968503 26759 raft_consensus.cc:2955] T 8bafff078c0c4d1da2fae429364d39c1 P 7ebad0c7d6c448a58ddfe8d9219ad5b3 [term 1 FOLLOWER]: Committing config change with OpId 1.4: config changed from index 3 to 4, VOTER 122c52a4ea9e43b09f907e9c13f3a499 (127.25.14.194) evicted. New config: { opid_index: 4 OBSOLETE_local: false peers { permanent_uuid: "7ebad0c7d6c448a58ddfe8d9219ad5b3" member_type: VOTER last_known_addr { host: "127.25.14.193" port: 43919 } } peers { permanent_uuid: "b387e1eb13d34d63bb387eb36970c943" member_type: VOTER last_known_addr { host: "127.25.14.195" port: 35901 } } peers { permanent_uuid: "601ba6b7b2c049e28f1e5a81d371ee7f" member_type: VOTER last_known_addr { host: "127.25.14.196" port: 36795 } attrs { promote: false } } }
I20260710 11:02:21.965724 27178 raft_consensus.cc:2955] T 78663d77b06c4b8daa4a95f319fdc09b P 601ba6b7b2c049e28f1e5a81d371ee7f [term 1 FOLLOWER]: Committing config change with OpId 1.3: config changed from index 2 to 3, 601ba6b7b2c049e28f1e5a81d371ee7f (127.25.14.196) changed from NON_VOTER to VOTER. New config: { opid_index: 3 OBSOLETE_local: false peers { permanent_uuid: "7ebad0c7d6c448a58ddfe8d9219ad5b3" member_type: VOTER last_known_addr { host: "127.25.14.193" port: 43919 } } peers { permanent_uuid: "122c52a4ea9e43b09f907e9c13f3a499" member_type: VOTER last_known_addr { host: "127.25.14.194" port: 40313 } } peers { permanent_uuid: "b387e1eb13d34d63bb387eb36970c943" member_type: VOTER last_known_addr { host: "127.25.14.195" port: 35901 } attrs { replace: true } } peers { permanent_uuid: "601ba6b7b2c049e28f1e5a81d371ee7f" member_type: VOTER last_known_addr { host: "127.25.14.196" port: 36795 } attrs { promote: false } } }
I20260710 11:02:21.969573 27418 raft_consensus.cc:2272] T 5454237f8dca4ec4bc67f31f25e87b4e P 122c52a4ea9e43b09f907e9c13f3a499 [term 1 FOLLOWER]: Raft consensus is shut down!
I20260710 11:02:21.962567 27394 raft_consensus.cc:2955] T 8bafff078c0c4d1da2fae429364d39c1 P b387e1eb13d34d63bb387eb36970c943 [term 1 LEADER]: Committing config change with OpId 1.4: config changed from index 3 to 4, VOTER 122c52a4ea9e43b09f907e9c13f3a499 (127.25.14.194) evicted. New config: { opid_index: 4 OBSOLETE_local: false peers { permanent_uuid: "7ebad0c7d6c448a58ddfe8d9219ad5b3" member_type: VOTER last_known_addr { host: "127.25.14.193" port: 43919 } } peers { permanent_uuid: "b387e1eb13d34d63bb387eb36970c943" member_type: VOTER last_known_addr { host: "127.25.14.195" port: 35901 } } peers { permanent_uuid: "601ba6b7b2c049e28f1e5a81d371ee7f" member_type: VOTER last_known_addr { host: "127.25.14.196" port: 36795 } attrs { promote: false } } }
I20260710 11:02:21.982040 26837 raft_consensus.cc:1275] T 008b89bd684a41a4a4c76e4b571de7e6 P 122c52a4ea9e43b09f907e9c13f3a499 [term 1 FOLLOWER]: Refusing update from remote peer b387e1eb13d34d63bb387eb36970c943: Log matching property violated. Preceding OpId in replica: term: 1 index: 2. Preceding OpId from leader: term: 1 index: 3. (index mismatch)
I20260710 11:02:21.984400 27393 consensus_queue.cc:1048] T 008b89bd684a41a4a4c76e4b571de7e6 P b387e1eb13d34d63bb387eb36970c943 [LEADER]: Connected to new peer: Peer: permanent_uuid: "122c52a4ea9e43b09f907e9c13f3a499" member_type: VOTER last_known_addr { host: "127.25.14.194" port: 40313 }, Status: LMP_MISMATCH, Last received: 0.0, Next index: 3, Last known committed idx: 2, Time since last communication: 0.000s
I20260710 11:02:21.983914 26660 catalog_manager.cc:5697] T 78663d77b06c4b8daa4a95f319fdc09b P 601ba6b7b2c049e28f1e5a81d371ee7f reported cstate change: config changed from index 2 to 3, 601ba6b7b2c049e28f1e5a81d371ee7f (127.25.14.196) changed from NON_VOTER to VOTER. New cstate: current_term: 1 leader_uuid: "122c52a4ea9e43b09f907e9c13f3a499" committed_config { opid_index: 3 OBSOLETE_local: false peers { permanent_uuid: "7ebad0c7d6c448a58ddfe8d9219ad5b3" member_type: VOTER last_known_addr { host: "127.25.14.193" port: 43919 } } peers { permanent_uuid: "122c52a4ea9e43b09f907e9c13f3a499" member_type: VOTER last_known_addr { host: "127.25.14.194" port: 40313 } } peers { permanent_uuid: "b387e1eb13d34d63bb387eb36970c943" member_type: VOTER last_known_addr { host: "127.25.14.195" port: 35901 } attrs { replace: true } } peers { permanent_uuid: "601ba6b7b2c049e28f1e5a81d371ee7f" member_type: VOTER last_known_addr { host: "127.25.14.196" port: 36795 } attrs { promote: false } } }
I20260710 11:02:21.987802 27178 raft_consensus.cc:2955] T 5454237f8dca4ec4bc67f31f25e87b4e P 601ba6b7b2c049e28f1e5a81d371ee7f [term 1 FOLLOWER]: Committing config change with OpId 1.4: config changed from index 3 to 4, VOTER 122c52a4ea9e43b09f907e9c13f3a499 (127.25.14.194) evicted. New config: { opid_index: 4 OBSOLETE_local: false peers { permanent_uuid: "7ebad0c7d6c448a58ddfe8d9219ad5b3" member_type: VOTER last_known_addr { host: "127.25.14.193" port: 43919 } } peers { permanent_uuid: "b387e1eb13d34d63bb387eb36970c943" member_type: VOTER last_known_addr { host: "127.25.14.195" port: 35901 } } peers { permanent_uuid: "601ba6b7b2c049e28f1e5a81d371ee7f" member_type: VOTER last_known_addr { host: "127.25.14.196" port: 36795 } attrs { promote: false } } }
I20260710 11:02:21.992300 27418 ts_tablet_manager.cc:1916] T 5454237f8dca4ec4bc67f31f25e87b4e P 122c52a4ea9e43b09f907e9c13f3a499: Deleting tablet data with delete state TABLET_DATA_TOMBSTONED
I20260710 11:02:21.994212 27179 raft_consensus.cc:1275] T 008b89bd684a41a4a4c76e4b571de7e6 P 601ba6b7b2c049e28f1e5a81d371ee7f [term 1 LEARNER]: Refusing update from remote peer b387e1eb13d34d63bb387eb36970c943: Log matching property violated. Preceding OpId in replica: term: 1 index: 2. Preceding OpId from leader: term: 1 index: 3. (index mismatch)
I20260710 11:02:21.994474 26762 raft_consensus.cc:2955] T 78663d77b06c4b8daa4a95f319fdc09b P 7ebad0c7d6c448a58ddfe8d9219ad5b3 [term 1 FOLLOWER]: Committing config change with OpId 1.3: config changed from index 2 to 3, 601ba6b7b2c049e28f1e5a81d371ee7f (127.25.14.196) changed from NON_VOTER to VOTER. New config: { opid_index: 3 OBSOLETE_local: false peers { permanent_uuid: "7ebad0c7d6c448a58ddfe8d9219ad5b3" member_type: VOTER last_known_addr { host: "127.25.14.193" port: 43919 } } peers { permanent_uuid: "122c52a4ea9e43b09f907e9c13f3a499" member_type: VOTER last_known_addr { host: "127.25.14.194" port: 40313 } } peers { permanent_uuid: "b387e1eb13d34d63bb387eb36970c943" member_type: VOTER last_known_addr { host: "127.25.14.195" port: 35901 } attrs { replace: true } } peers { permanent_uuid: "601ba6b7b2c049e28f1e5a81d371ee7f" member_type: VOTER last_known_addr { host: "127.25.14.196" port: 36795 } attrs { promote: false } } }
I20260710 11:02:21.996990 27180 raft_consensus.cc:2955] T 8bafff078c0c4d1da2fae429364d39c1 P 601ba6b7b2c049e28f1e5a81d371ee7f [term 1 FOLLOWER]: Committing config change with OpId 1.4: config changed from index 3 to 4, VOTER 122c52a4ea9e43b09f907e9c13f3a499 (127.25.14.194) evicted. New config: { opid_index: 4 OBSOLETE_local: false peers { permanent_uuid: "7ebad0c7d6c448a58ddfe8d9219ad5b3" member_type: VOTER last_known_addr { host: "127.25.14.193" port: 43919 } } peers { permanent_uuid: "b387e1eb13d34d63bb387eb36970c943" member_type: VOTER last_known_addr { host: "127.25.14.195" port: 35901 } } peers { permanent_uuid: "601ba6b7b2c049e28f1e5a81d371ee7f" member_type: VOTER last_known_addr { host: "127.25.14.196" port: 36795 } attrs { promote: false } } }
I20260710 11:02:21.998900 26908 raft_consensus.cc:2955] T 78663d77b06c4b8daa4a95f319fdc09b P b387e1eb13d34d63bb387eb36970c943 [term 1 FOLLOWER]: Committing config change with OpId 1.3: config changed from index 2 to 3, 601ba6b7b2c049e28f1e5a81d371ee7f (127.25.14.196) changed from NON_VOTER to VOTER. New config: { opid_index: 3 OBSOLETE_local: false peers { permanent_uuid: "7ebad0c7d6c448a58ddfe8d9219ad5b3" member_type: VOTER last_known_addr { host: "127.25.14.193" port: 43919 } } peers { permanent_uuid: "122c52a4ea9e43b09f907e9c13f3a499" member_type: VOTER last_known_addr { host: "127.25.14.194" port: 40313 } } peers { permanent_uuid: "b387e1eb13d34d63bb387eb36970c943" member_type: VOTER last_known_addr { host: "127.25.14.195" port: 35901 } attrs { replace: true } } peers { permanent_uuid: "601ba6b7b2c049e28f1e5a81d371ee7f" member_type: VOTER last_known_addr { host: "127.25.14.196" port: 36795 } attrs { promote: false } } }
I20260710 11:02:22.004829 26763 raft_consensus.cc:1275] T 008b89bd684a41a4a4c76e4b571de7e6 P 7ebad0c7d6c448a58ddfe8d9219ad5b3 [term 1 FOLLOWER]: Refusing update from remote peer b387e1eb13d34d63bb387eb36970c943: Log matching property violated. Preceding OpId in replica: term: 1 index: 2. Preceding OpId from leader: term: 1 index: 3. (index mismatch)
I20260710 11:02:22.015548 27395 consensus_queue.cc:1048] T 008b89bd684a41a4a4c76e4b571de7e6 P b387e1eb13d34d63bb387eb36970c943 [LEADER]: Connected to new peer: Peer: permanent_uuid: "7ebad0c7d6c448a58ddfe8d9219ad5b3" member_type: VOTER last_known_addr { host: "127.25.14.193" port: 43919 } attrs { replace: true }, Status: LMP_MISMATCH, Last received: 0.0, Next index: 3, Last known committed idx: 2, Time since last communication: 0.000s
I20260710 11:02:22.020779 26836 consensus_queue.cc:237] T 78663d77b06c4b8daa4a95f319fdc09b P 122c52a4ea9e43b09f907e9c13f3a499 [LEADER]: Queue going to LEADER mode. State: All replicated index: 0, Majority replicated index: 3, Committed index: 3, Last appended: 1.3, Last appended by leader: 0, Current term: 1, Majority size: 2, State: 0, Mode: LEADER, active raft config: opid_index: 4 OBSOLETE_local: false peers { permanent_uuid: "7ebad0c7d6c448a58ddfe8d9219ad5b3" member_type: VOTER last_known_addr { host: "127.25.14.193" port: 43919 } } peers { permanent_uuid: "122c52a4ea9e43b09f907e9c13f3a499" member_type: VOTER last_known_addr { host: "127.25.14.194" port: 40313 } } peers { permanent_uuid: "601ba6b7b2c049e28f1e5a81d371ee7f" member_type: VOTER last_known_addr { host: "127.25.14.196" port: 36795 } attrs { promote: false } }
I20260710 11:02:22.036317 26657 catalog_manager.cc:5697] T 8bafff078c0c4d1da2fae429364d39c1 P 601ba6b7b2c049e28f1e5a81d371ee7f reported cstate change: config changed from index 3 to 4, VOTER 122c52a4ea9e43b09f907e9c13f3a499 (127.25.14.194) evicted. New cstate: current_term: 1 leader_uuid: "b387e1eb13d34d63bb387eb36970c943" committed_config { opid_index: 4 OBSOLETE_local: false peers { permanent_uuid: "7ebad0c7d6c448a58ddfe8d9219ad5b3" member_type: VOTER last_known_addr { host: "127.25.14.193" port: 43919 } } peers { permanent_uuid: "b387e1eb13d34d63bb387eb36970c943" member_type: VOTER last_known_addr { host: "127.25.14.195" port: 35901 } } peers { permanent_uuid: "601ba6b7b2c049e28f1e5a81d371ee7f" member_type: VOTER last_known_addr { host: "127.25.14.196" port: 36795 } attrs { promote: false } } }
I20260710 11:02:22.041615 27178 raft_consensus.cc:1275] T 78663d77b06c4b8daa4a95f319fdc09b P 601ba6b7b2c049e28f1e5a81d371ee7f [term 1 FOLLOWER]: Refusing update from remote peer 122c52a4ea9e43b09f907e9c13f3a499: Log matching property violated. Preceding OpId in replica: term: 1 index: 3. Preceding OpId from leader: term: 1 index: 4. (index mismatch)
I20260710 11:02:22.043267 26647 catalog_manager.cc:5210] ChangeConfig:REMOVE_PEER RPC for tablet 8bafff078c0c4d1da2fae429364d39c1 with cas_config_opid_index 3: ChangeConfig:REMOVE_PEER succeeded (attempt 1)
I20260710 11:02:22.043134 27398 consensus_queue.cc:1048] T 78663d77b06c4b8daa4a95f319fdc09b P 122c52a4ea9e43b09f907e9c13f3a499 [LEADER]: Connected to new peer: Peer: permanent_uuid: "601ba6b7b2c049e28f1e5a81d371ee7f" member_type: VOTER last_known_addr { host: "127.25.14.196" port: 36795 } attrs { promote: false }, Status: LMP_MISMATCH, Last received: 0.0, Next index: 4, Last known committed idx: 3, Time since last communication: 0.000s
I20260710 11:02:22.047557 26825 tablet_service.cc:1558] Processing DeleteTablet for tablet 8bafff078c0c4d1da2fae429364d39c1 with delete_type TABLET_DATA_TOMBSTONED (TS 122c52a4ea9e43b09f907e9c13f3a499 not found in new config with opid_index 4) from {username='slave'} at 127.0.0.1:59436
I20260710 11:02:22.051517 27394 consensus_queue.cc:1048] T 008b89bd684a41a4a4c76e4b571de7e6 P b387e1eb13d34d63bb387eb36970c943 [LEADER]: Connected to new peer: Peer: permanent_uuid: "601ba6b7b2c049e28f1e5a81d371ee7f" member_type: VOTER last_known_addr { host: "127.25.14.196" port: 36795 } attrs { promote: false }, Status: LMP_MISMATCH, Last received: 0.0, Next index: 3, Last known committed idx: 2, Time since last communication: 0.001s
I20260710 11:02:22.054708 27395 raft_consensus.cc:2955] T 008b89bd684a41a4a4c76e4b571de7e6 P b387e1eb13d34d63bb387eb36970c943 [term 1 LEADER]: Committing config change with OpId 1.3: config changed from index 2 to 3, 601ba6b7b2c049e28f1e5a81d371ee7f (127.25.14.196) changed from NON_VOTER to VOTER. New config: { opid_index: 3 OBSOLETE_local: false peers { permanent_uuid: "7ebad0c7d6c448a58ddfe8d9219ad5b3" member_type: VOTER last_known_addr { host: "127.25.14.193" port: 43919 } attrs { replace: true } } peers { permanent_uuid: "122c52a4ea9e43b09f907e9c13f3a499" member_type: VOTER last_known_addr { host: "127.25.14.194" port: 40313 } } peers { permanent_uuid: "b387e1eb13d34d63bb387eb36970c943" member_type: VOTER last_known_addr { host: "127.25.14.195" port: 35901 } } peers { permanent_uuid: "601ba6b7b2c049e28f1e5a81d371ee7f" member_type: VOTER last_known_addr { host: "127.25.14.196" port: 36795 } attrs { promote: false } } }
I20260710 11:02:22.056689 26763 raft_consensus.cc:2955] T 008b89bd684a41a4a4c76e4b571de7e6 P 7ebad0c7d6c448a58ddfe8d9219ad5b3 [term 1 FOLLOWER]: Committing config change with OpId 1.3: config changed from index 2 to 3, 601ba6b7b2c049e28f1e5a81d371ee7f (127.25.14.196) changed from NON_VOTER to VOTER. New config: { opid_index: 3 OBSOLETE_local: false peers { permanent_uuid: "7ebad0c7d6c448a58ddfe8d9219ad5b3" member_type: VOTER last_known_addr { host: "127.25.14.193" port: 43919 } attrs { replace: true } } peers { permanent_uuid: "122c52a4ea9e43b09f907e9c13f3a499" member_type: VOTER last_known_addr { host: "127.25.14.194" port: 40313 } } peers { permanent_uuid: "b387e1eb13d34d63bb387eb36970c943" member_type: VOTER last_known_addr { host: "127.25.14.195" port: 35901 } } peers { permanent_uuid: "601ba6b7b2c049e28f1e5a81d371ee7f" member_type: VOTER last_known_addr { host: "127.25.14.196" port: 36795 } attrs { promote: false } } }
I20260710 11:02:22.062883 27396 raft_consensus.cc:2955] T 78663d77b06c4b8daa4a95f319fdc09b P 122c52a4ea9e43b09f907e9c13f3a499 [term 1 LEADER]: Committing config change with OpId 1.4: config changed from index 3 to 4, VOTER b387e1eb13d34d63bb387eb36970c943 (127.25.14.195) evicted. New config: { opid_index: 4 OBSOLETE_local: false peers { permanent_uuid: "7ebad0c7d6c448a58ddfe8d9219ad5b3" member_type: VOTER last_known_addr { host: "127.25.14.193" port: 43919 } } peers { permanent_uuid: "122c52a4ea9e43b09f907e9c13f3a499" member_type: VOTER last_known_addr { host: "127.25.14.194" port: 40313 } } peers { permanent_uuid: "601ba6b7b2c049e28f1e5a81d371ee7f" member_type: VOTER last_known_addr { host: "127.25.14.196" port: 36795 } attrs { promote: false } } }
I20260710 11:02:22.066794 27178 raft_consensus.cc:2955] T 78663d77b06c4b8daa4a95f319fdc09b P 601ba6b7b2c049e28f1e5a81d371ee7f [term 1 FOLLOWER]: Committing config change with OpId 1.4: config changed from index 3 to 4, VOTER b387e1eb13d34d63bb387eb36970c943 (127.25.14.195) evicted. New config: { opid_index: 4 OBSOLETE_local: false peers { permanent_uuid: "7ebad0c7d6c448a58ddfe8d9219ad5b3" member_type: VOTER last_known_addr { host: "127.25.14.193" port: 43919 } } peers { permanent_uuid: "122c52a4ea9e43b09f907e9c13f3a499" member_type: VOTER last_known_addr { host: "127.25.14.194" port: 40313 } } peers { permanent_uuid: "601ba6b7b2c049e28f1e5a81d371ee7f" member_type: VOTER last_known_addr { host: "127.25.14.196" port: 36795 } attrs { promote: false } } }
I20260710 11:02:22.068136 26760 raft_consensus.cc:1275] T 78663d77b06c4b8daa4a95f319fdc09b P 7ebad0c7d6c448a58ddfe8d9219ad5b3 [term 1 FOLLOWER]: Refusing update from remote peer 122c52a4ea9e43b09f907e9c13f3a499: Log matching property violated. Preceding OpId in replica: term: 1 index: 3. Preceding OpId from leader: term: 1 index: 4. (index mismatch)
I20260710 11:02:22.074240 27397 consensus_queue.cc:1048] T 78663d77b06c4b8daa4a95f319fdc09b P 122c52a4ea9e43b09f907e9c13f3a499 [LEADER]: Connected to new peer: Peer: permanent_uuid: "7ebad0c7d6c448a58ddfe8d9219ad5b3" member_type: VOTER last_known_addr { host: "127.25.14.193" port: 43919 }, Status: LMP_MISMATCH, Last received: 0.0, Next index: 4, Last known committed idx: 3, Time since last communication: 0.001s
I20260710 11:02:22.084790 26657 catalog_manager.cc:5697] T 78663d77b06c4b8daa4a95f319fdc09b P 601ba6b7b2c049e28f1e5a81d371ee7f reported cstate change: config changed from index 3 to 4, VOTER b387e1eb13d34d63bb387eb36970c943 (127.25.14.195) evicted. New cstate: current_term: 1 leader_uuid: "122c52a4ea9e43b09f907e9c13f3a499" committed_config { opid_index: 4 OBSOLETE_local: false peers { permanent_uuid: "7ebad0c7d6c448a58ddfe8d9219ad5b3" member_type: VOTER last_known_addr { host: "127.25.14.193" port: 43919 } } peers { permanent_uuid: "122c52a4ea9e43b09f907e9c13f3a499" member_type: VOTER last_known_addr { host: "127.25.14.194" port: 40313 } } peers { permanent_uuid: "601ba6b7b2c049e28f1e5a81d371ee7f" member_type: VOTER last_known_addr { host: "127.25.14.196" port: 36795 } attrs { promote: false } } }
I20260710 11:02:22.088078 26762 raft_consensus.cc:2955] T 78663d77b06c4b8daa4a95f319fdc09b P 7ebad0c7d6c448a58ddfe8d9219ad5b3 [term 1 FOLLOWER]: Committing config change with OpId 1.4: config changed from index 3 to 4, VOTER b387e1eb13d34d63bb387eb36970c943 (127.25.14.195) evicted. New config: { opid_index: 4 OBSOLETE_local: false peers { permanent_uuid: "7ebad0c7d6c448a58ddfe8d9219ad5b3" member_type: VOTER last_known_addr { host: "127.25.14.193" port: 43919 } } peers { permanent_uuid: "122c52a4ea9e43b09f907e9c13f3a499" member_type: VOTER last_known_addr { host: "127.25.14.194" port: 40313 } } peers { permanent_uuid: "601ba6b7b2c049e28f1e5a81d371ee7f" member_type: VOTER last_known_addr { host: "127.25.14.196" port: 36795 } attrs { promote: false } } }
I20260710 11:02:22.088433 26660 catalog_manager.cc:5697] T 008b89bd684a41a4a4c76e4b571de7e6 P 7ebad0c7d6c448a58ddfe8d9219ad5b3 reported cstate change: config changed from index 2 to 3, 601ba6b7b2c049e28f1e5a81d371ee7f (127.25.14.196) changed from NON_VOTER to VOTER. New cstate: current_term: 1 leader_uuid: "b387e1eb13d34d63bb387eb36970c943" committed_config { opid_index: 3 OBSOLETE_local: false peers { permanent_uuid: "7ebad0c7d6c448a58ddfe8d9219ad5b3" member_type: VOTER last_known_addr { host: "127.25.14.193" port: 43919 } attrs { replace: true } } peers { permanent_uuid: "122c52a4ea9e43b09f907e9c13f3a499" member_type: VOTER last_known_addr { host: "127.25.14.194" port: 40313 } } peers { permanent_uuid: "b387e1eb13d34d63bb387eb36970c943" member_type: VOTER last_known_addr { host: "127.25.14.195" port: 35901 } } peers { permanent_uuid: "601ba6b7b2c049e28f1e5a81d371ee7f" member_type: VOTER last_known_addr { host: "127.25.14.196" port: 36795 } attrs { promote: false } } }
I20260710 11:02:22.096535 26646 catalog_manager.cc:5210] ChangeConfig:REMOVE_PEER RPC for tablet 78663d77b06c4b8daa4a95f319fdc09b with cas_config_opid_index 3: ChangeConfig:REMOVE_PEER succeeded (attempt 1)
I20260710 11:02:22.099116 26900 tablet_service.cc:1558] Processing DeleteTablet for tablet 78663d77b06c4b8daa4a95f319fdc09b with delete_type TABLET_DATA_TOMBSTONED (TS b387e1eb13d34d63bb387eb36970c943 not found in new config with opid_index 4) from {username='slave'} at 127.0.0.1:56104
I20260710 11:02:22.101959 27423 tablet_replica.cc:333] T 78663d77b06c4b8daa4a95f319fdc09b P b387e1eb13d34d63bb387eb36970c943: stopping tablet replica
I20260710 11:02:22.103003 27423 raft_consensus.cc:2243] T 78663d77b06c4b8daa4a95f319fdc09b P b387e1eb13d34d63bb387eb36970c943 [term 1 FOLLOWER]: Raft consensus shutting down.
I20260710 11:02:22.101886 26836 raft_consensus.cc:2955] T 008b89bd684a41a4a4c76e4b571de7e6 P 122c52a4ea9e43b09f907e9c13f3a499 [term 1 FOLLOWER]: Committing config change with OpId 1.3: config changed from index 2 to 3, 601ba6b7b2c049e28f1e5a81d371ee7f (127.25.14.196) changed from NON_VOTER to VOTER. New config: { opid_index: 3 OBSOLETE_local: false peers { permanent_uuid: "7ebad0c7d6c448a58ddfe8d9219ad5b3" member_type: VOTER last_known_addr { host: "127.25.14.193" port: 43919 } attrs { replace: true } } peers { permanent_uuid: "122c52a4ea9e43b09f907e9c13f3a499" member_type: VOTER last_known_addr { host: "127.25.14.194" port: 40313 } } peers { permanent_uuid: "b387e1eb13d34d63bb387eb36970c943" member_type: VOTER last_known_addr { host: "127.25.14.195" port: 35901 } } peers { permanent_uuid: "601ba6b7b2c049e28f1e5a81d371ee7f" member_type: VOTER last_known_addr { host: "127.25.14.196" port: 36795 } attrs { promote: false } } }
I20260710 11:02:22.103682 27423 raft_consensus.cc:2272] T 78663d77b06c4b8daa4a95f319fdc09b P b387e1eb13d34d63bb387eb36970c943 [term 1 FOLLOWER]: Raft consensus is shut down!
I20260710 11:02:22.107033 27423 ts_tablet_manager.cc:1916] T 78663d77b06c4b8daa4a95f319fdc09b P b387e1eb13d34d63bb387eb36970c943: Deleting tablet data with delete state TABLET_DATA_TOMBSTONED
I20260710 11:02:22.113282 27418 ts_tablet_manager.cc:1929] T 5454237f8dca4ec4bc67f31f25e87b4e P 122c52a4ea9e43b09f907e9c13f3a499: tablet deleted with delete type TABLET_DATA_TOMBSTONED: last-logged OpId 1.3
I20260710 11:02:22.113721 27418 log.cc:1199] T 5454237f8dca4ec4bc67f31f25e87b4e P 122c52a4ea9e43b09f907e9c13f3a499: Deleting WAL directory at /tmp/dist-test-taskCbZxXV/test-tmp/auto_leader_rebalancer-test.0.LeaderRebalancerTest.AddTserver.1783681301674396-25659-0/minicluster-data/ts-1-root/wals/5454237f8dca4ec4bc67f31f25e87b4e
I20260710 11:02:22.115947 27418 tablet_replica.cc:333] T 8bafff078c0c4d1da2fae429364d39c1 P 122c52a4ea9e43b09f907e9c13f3a499: stopping tablet replica
I20260710 11:02:22.116886 27418 raft_consensus.cc:2243] T 8bafff078c0c4d1da2fae429364d39c1 P 122c52a4ea9e43b09f907e9c13f3a499 [term 1 FOLLOWER]: Raft consensus shutting down.
I20260710 11:02:22.117617 27418 raft_consensus.cc:2272] T 8bafff078c0c4d1da2fae429364d39c1 P 122c52a4ea9e43b09f907e9c13f3a499 [term 1 FOLLOWER]: Raft consensus is shut down!
I20260710 11:02:22.120777 27418 ts_tablet_manager.cc:1916] T 8bafff078c0c4d1da2fae429364d39c1 P 122c52a4ea9e43b09f907e9c13f3a499: Deleting tablet data with delete state TABLET_DATA_TOMBSTONED
I20260710 11:02:22.120720 27423 ts_tablet_manager.cc:1929] T 78663d77b06c4b8daa4a95f319fdc09b P b387e1eb13d34d63bb387eb36970c943: tablet deleted with delete type TABLET_DATA_TOMBSTONED: last-logged OpId 1.3
I20260710 11:02:22.120370 27180 raft_consensus.cc:2955] T 008b89bd684a41a4a4c76e4b571de7e6 P 601ba6b7b2c049e28f1e5a81d371ee7f [term 1 FOLLOWER]: Committing config change with OpId 1.3: config changed from index 2 to 3, 601ba6b7b2c049e28f1e5a81d371ee7f (127.25.14.196) changed from NON_VOTER to VOTER. New config: { opid_index: 3 OBSOLETE_local: false peers { permanent_uuid: "7ebad0c7d6c448a58ddfe8d9219ad5b3" member_type: VOTER last_known_addr { host: "127.25.14.193" port: 43919 } attrs { replace: true } } peers { permanent_uuid: "122c52a4ea9e43b09f907e9c13f3a499" member_type: VOTER last_known_addr { host: "127.25.14.194" port: 40313 } } peers { permanent_uuid: "b387e1eb13d34d63bb387eb36970c943" member_type: VOTER last_known_addr { host: "127.25.14.195" port: 35901 } } peers { permanent_uuid: "601ba6b7b2c049e28f1e5a81d371ee7f" member_type: VOTER last_known_addr { host: "127.25.14.196" port: 36795 } attrs { promote: false } } }
I20260710 11:02:22.121873 27423 log.cc:1199] T 78663d77b06c4b8daa4a95f319fdc09b P b387e1eb13d34d63bb387eb36970c943: Deleting WAL directory at /tmp/dist-test-taskCbZxXV/test-tmp/auto_leader_rebalancer-test.0.LeaderRebalancerTest.AddTserver.1783681301674396-25659-0/minicluster-data/ts-2-root/wals/78663d77b06c4b8daa4a95f319fdc09b
I20260710 11:02:22.144341 26646 catalog_manager.cc:5028] TS 122c52a4ea9e43b09f907e9c13f3a499 (127.25.14.194:40313): tablet 5454237f8dca4ec4bc67f31f25e87b4e (table test-workload [id=d36d61c459d14dbbb0aa24c146163648]) successfully deleted
I20260710 11:02:22.163159 26647 catalog_manager.cc:5028] TS b387e1eb13d34d63bb387eb36970c943 (127.25.14.195:35901): tablet 78663d77b06c4b8daa4a95f319fdc09b (table test-workload [id=d36d61c459d14dbbb0aa24c146163648]) successfully deleted
I20260710 11:02:22.196501 27418 ts_tablet_manager.cc:1929] T 8bafff078c0c4d1da2fae429364d39c1 P 122c52a4ea9e43b09f907e9c13f3a499: tablet deleted with delete type TABLET_DATA_TOMBSTONED: last-logged OpId 1.3
I20260710 11:02:22.197376 27418 log.cc:1199] T 8bafff078c0c4d1da2fae429364d39c1 P 122c52a4ea9e43b09f907e9c13f3a499: Deleting WAL directory at /tmp/dist-test-taskCbZxXV/test-tmp/auto_leader_rebalancer-test.0.LeaderRebalancerTest.AddTserver.1783681301674396-25659-0/minicluster-data/ts-1-root/wals/8bafff078c0c4d1da2fae429364d39c1
I20260710 11:02:22.199755 26646 catalog_manager.cc:5028] TS 122c52a4ea9e43b09f907e9c13f3a499 (127.25.14.194:40313): tablet 8bafff078c0c4d1da2fae429364d39c1 (table test-workload [id=d36d61c459d14dbbb0aa24c146163648]) successfully deleted
I20260710 11:02:22.218073 26908 consensus_queue.cc:237] T 008b89bd684a41a4a4c76e4b571de7e6 P b387e1eb13d34d63bb387eb36970c943 [LEADER]: Queue going to LEADER mode. State: All replicated index: 0, Majority replicated index: 3, Committed index: 3, Last appended: 1.3, Last appended by leader: 0, Current term: 1, Majority size: 2, State: 0, Mode: LEADER, active raft config: opid_index: 4 OBSOLETE_local: false peers { permanent_uuid: "122c52a4ea9e43b09f907e9c13f3a499" member_type: VOTER last_known_addr { host: "127.25.14.194" port: 40313 } } peers { permanent_uuid: "b387e1eb13d34d63bb387eb36970c943" member_type: VOTER last_known_addr { host: "127.25.14.195" port: 35901 } } peers { permanent_uuid: "601ba6b7b2c049e28f1e5a81d371ee7f" member_type: VOTER last_known_addr { host: "127.25.14.196" port: 36795 } attrs { promote: false } }
I20260710 11:02:22.229686 26836 raft_consensus.cc:1275] T 008b89bd684a41a4a4c76e4b571de7e6 P 122c52a4ea9e43b09f907e9c13f3a499 [term 1 FOLLOWER]: Refusing update from remote peer b387e1eb13d34d63bb387eb36970c943: Log matching property violated. Preceding OpId in replica: term: 1 index: 3. Preceding OpId from leader: term: 1 index: 4. (index mismatch)
I20260710 11:02:22.230885 27180 raft_consensus.cc:1275] T 008b89bd684a41a4a4c76e4b571de7e6 P 601ba6b7b2c049e28f1e5a81d371ee7f [term 1 FOLLOWER]: Refusing update from remote peer b387e1eb13d34d63bb387eb36970c943: Log matching property violated. Preceding OpId in replica: term: 1 index: 3. Preceding OpId from leader: term: 1 index: 4. (index mismatch)
I20260710 11:02:22.237501 27394 consensus_queue.cc:1048] T 008b89bd684a41a4a4c76e4b571de7e6 P b387e1eb13d34d63bb387eb36970c943 [LEADER]: Connected to new peer: Peer: permanent_uuid: "122c52a4ea9e43b09f907e9c13f3a499" member_type: VOTER last_known_addr { host: "127.25.14.194" port: 40313 }, Status: LMP_MISMATCH, Last received: 0.0, Next index: 4, Last known committed idx: 3, Time since last communication: 0.001s
I20260710 11:02:22.242690 27293 consensus_queue.cc:1048] T 008b89bd684a41a4a4c76e4b571de7e6 P b387e1eb13d34d63bb387eb36970c943 [LEADER]: Connected to new peer: Peer: permanent_uuid: "601ba6b7b2c049e28f1e5a81d371ee7f" member_type: VOTER last_known_addr { host: "127.25.14.196" port: 36795 } attrs { promote: false }, Status: LMP_MISMATCH, Last received: 0.0, Next index: 4, Last known committed idx: 3, Time since last communication: 0.001s
I20260710 11:02:22.250427 27393 raft_consensus.cc:2955] T 008b89bd684a41a4a4c76e4b571de7e6 P b387e1eb13d34d63bb387eb36970c943 [term 1 LEADER]: Committing config change with OpId 1.4: config changed from index 3 to 4, VOTER 7ebad0c7d6c448a58ddfe8d9219ad5b3 (127.25.14.193) evicted. New config: { opid_index: 4 OBSOLETE_local: false peers { permanent_uuid: "122c52a4ea9e43b09f907e9c13f3a499" member_type: VOTER last_known_addr { host: "127.25.14.194" port: 40313 } } peers { permanent_uuid: "b387e1eb13d34d63bb387eb36970c943" member_type: VOTER last_known_addr { host: "127.25.14.195" port: 35901 } } peers { permanent_uuid: "601ba6b7b2c049e28f1e5a81d371ee7f" member_type: VOTER last_known_addr { host: "127.25.14.196" port: 36795 } attrs { promote: false } } }
I20260710 11:02:22.251909 27180 raft_consensus.cc:2955] T 008b89bd684a41a4a4c76e4b571de7e6 P 601ba6b7b2c049e28f1e5a81d371ee7f [term 1 FOLLOWER]: Committing config change with OpId 1.4: config changed from index 3 to 4, VOTER 7ebad0c7d6c448a58ddfe8d9219ad5b3 (127.25.14.193) evicted. New config: { opid_index: 4 OBSOLETE_local: false peers { permanent_uuid: "122c52a4ea9e43b09f907e9c13f3a499" member_type: VOTER last_known_addr { host: "127.25.14.194" port: 40313 } } peers { permanent_uuid: "b387e1eb13d34d63bb387eb36970c943" member_type: VOTER last_known_addr { host: "127.25.14.195" port: 35901 } } peers { permanent_uuid: "601ba6b7b2c049e28f1e5a81d371ee7f" member_type: VOTER last_known_addr { host: "127.25.14.196" port: 36795 } attrs { promote: false } } }
I20260710 11:02:22.261086 26837 raft_consensus.cc:2955] T 008b89bd684a41a4a4c76e4b571de7e6 P 122c52a4ea9e43b09f907e9c13f3a499 [term 1 FOLLOWER]: Committing config change with OpId 1.4: config changed from index 3 to 4, VOTER 7ebad0c7d6c448a58ddfe8d9219ad5b3 (127.25.14.193) evicted. New config: { opid_index: 4 OBSOLETE_local: false peers { permanent_uuid: "122c52a4ea9e43b09f907e9c13f3a499" member_type: VOTER last_known_addr { host: "127.25.14.194" port: 40313 } } peers { permanent_uuid: "b387e1eb13d34d63bb387eb36970c943" member_type: VOTER last_known_addr { host: "127.25.14.195" port: 35901 } } peers { permanent_uuid: "601ba6b7b2c049e28f1e5a81d371ee7f" member_type: VOTER last_known_addr { host: "127.25.14.196" port: 36795 } attrs { promote: false } } }
I20260710 11:02:22.276156 26647 catalog_manager.cc:5210] ChangeConfig:REMOVE_PEER RPC for tablet 008b89bd684a41a4a4c76e4b571de7e6 with cas_config_opid_index 3: ChangeConfig:REMOVE_PEER succeeded (attempt 1)
I20260710 11:02:22.279454 26656 catalog_manager.cc:5697] T 008b89bd684a41a4a4c76e4b571de7e6 P 122c52a4ea9e43b09f907e9c13f3a499 reported cstate change: config changed from index 3 to 4, VOTER 7ebad0c7d6c448a58ddfe8d9219ad5b3 (127.25.14.193) evicted. New cstate: current_term: 1 leader_uuid: "b387e1eb13d34d63bb387eb36970c943" committed_config { opid_index: 4 OBSOLETE_local: false peers { permanent_uuid: "122c52a4ea9e43b09f907e9c13f3a499" member_type: VOTER last_known_addr { host: "127.25.14.194" port: 40313 } } peers { permanent_uuid: "b387e1eb13d34d63bb387eb36970c943" member_type: VOTER last_known_addr { host: "127.25.14.195" port: 35901 } } peers { permanent_uuid: "601ba6b7b2c049e28f1e5a81d371ee7f" member_type: VOTER last_known_addr { host: "127.25.14.196" port: 36795 } attrs { promote: false } } }
I20260710 11:02:22.294909 26745 tablet_service.cc:1558] Processing DeleteTablet for tablet 008b89bd684a41a4a4c76e4b571de7e6 with delete_type TABLET_DATA_TOMBSTONED (TS 7ebad0c7d6c448a58ddfe8d9219ad5b3 not found in new config with opid_index 4) from {username='slave'} at 127.0.0.1:55144
I20260710 11:02:22.298302 27425 tablet_replica.cc:333] T 008b89bd684a41a4a4c76e4b571de7e6 P 7ebad0c7d6c448a58ddfe8d9219ad5b3: stopping tablet replica
I20260710 11:02:22.299468 27425 raft_consensus.cc:2243] T 008b89bd684a41a4a4c76e4b571de7e6 P 7ebad0c7d6c448a58ddfe8d9219ad5b3 [term 1 FOLLOWER]: Raft consensus shutting down.
I20260710 11:02:22.300454 27425 raft_consensus.cc:2272] T 008b89bd684a41a4a4c76e4b571de7e6 P 7ebad0c7d6c448a58ddfe8d9219ad5b3 [term 1 FOLLOWER]: Raft consensus is shut down!
I20260710 11:02:22.303495 27425 ts_tablet_manager.cc:1916] T 008b89bd684a41a4a4c76e4b571de7e6 P 7ebad0c7d6c448a58ddfe8d9219ad5b3: Deleting tablet data with delete state TABLET_DATA_TOMBSTONED
I20260710 11:02:22.316329 27425 ts_tablet_manager.cc:1929] T 008b89bd684a41a4a4c76e4b571de7e6 P 7ebad0c7d6c448a58ddfe8d9219ad5b3: tablet deleted with delete type TABLET_DATA_TOMBSTONED: last-logged OpId 1.3
I20260710 11:02:22.316655 27425 log.cc:1199] T 008b89bd684a41a4a4c76e4b571de7e6 P 7ebad0c7d6c448a58ddfe8d9219ad5b3: Deleting WAL directory at /tmp/dist-test-taskCbZxXV/test-tmp/auto_leader_rebalancer-test.0.LeaderRebalancerTest.AddTserver.1783681301674396-25659-0/minicluster-data/ts-0-root/wals/008b89bd684a41a4a4c76e4b571de7e6
I20260710 11:02:22.318151 26647 catalog_manager.cc:5028] TS 7ebad0c7d6c448a58ddfe8d9219ad5b3 (127.25.14.193:43919): tablet 008b89bd684a41a4a4c76e4b571de7e6 (table test-workload [id=d36d61c459d14dbbb0aa24c146163648]) successfully deleted
I20260710 11:02:23.328110 26762 consensus_queue.cc:237] T 4f48e305ed2b4dd0a2afc0e387bdeb11 P 7ebad0c7d6c448a58ddfe8d9219ad5b3 [LEADER]: Queue going to LEADER mode. State: All replicated index: 0, Majority replicated index: 1, Committed index: 1, Last appended: 1.1, Last appended by leader: 0, Current term: 1, Majority size: 2, State: 0, Mode: LEADER, active raft config: opid_index: 2 OBSOLETE_local: false peers { permanent_uuid: "7ebad0c7d6c448a58ddfe8d9219ad5b3" member_type: VOTER last_known_addr { host: "127.25.14.193" port: 43919 } } peers { permanent_uuid: "122c52a4ea9e43b09f907e9c13f3a499" member_type: VOTER last_known_addr { host: "127.25.14.194" port: 40313 } attrs { replace: true } } peers { permanent_uuid: "b387e1eb13d34d63bb387eb36970c943" member_type: VOTER last_known_addr { host: "127.25.14.195" port: 35901 } } peers { permanent_uuid: "601ba6b7b2c049e28f1e5a81d371ee7f" member_type: NON_VOTER last_known_addr { host: "127.25.14.196" port: 36795 } attrs { promote: true } }
I20260710 11:02:23.335676 26837 raft_consensus.cc:1275] T 4f48e305ed2b4dd0a2afc0e387bdeb11 P 122c52a4ea9e43b09f907e9c13f3a499 [term 1 FOLLOWER]: Refusing update from remote peer 7ebad0c7d6c448a58ddfe8d9219ad5b3: Log matching property violated. Preceding OpId in replica: term: 1 index: 1. Preceding OpId from leader: term: 1 index: 2. (index mismatch)
I20260710 11:02:23.335916 26908 raft_consensus.cc:1275] T 4f48e305ed2b4dd0a2afc0e387bdeb11 P b387e1eb13d34d63bb387eb36970c943 [term 1 FOLLOWER]: Refusing update from remote peer 7ebad0c7d6c448a58ddfe8d9219ad5b3: Log matching property violated. Preceding OpId in replica: term: 1 index: 1. Preceding OpId from leader: term: 1 index: 2. (index mismatch)
