I20260710 11:02:09.331370 14507 ts_tablet_manager.cc:1916] T 3ccf76380289486dafbc7b25bef07c16 P 90a4554291934184944b3507b25791d7: Deleting tablet data with delete state TABLET_DATA_TOMBSTONED
I20260710 11:02:09.338590 14135 tablet_service.cc:1558] Processing DeleteTablet for tablet 1dfa2627248a46be85e8bad5f218014a with delete_type TABLET_DATA_TOMBSTONED (TS 5b94319755b34838a29c66d09b8292d1 not found in new config with opid_index 4) from {username='slave'} at 127.0.0.1:50538
I20260710 11:02:09.343427 14509 tablet_replica.cc:333] T 1dfa2627248a46be85e8bad5f218014a P 5b94319755b34838a29c66d09b8292d1: stopping tablet replica
I20260710 11:02:09.344419 14509 raft_consensus.cc:2243] T 1dfa2627248a46be85e8bad5f218014a P 5b94319755b34838a29c66d09b8292d1 [term 1 FOLLOWER]: Raft consensus shutting down.
I20260710 11:02:09.345074 14509 raft_consensus.cc:2272] T 1dfa2627248a46be85e8bad5f218014a P 5b94319755b34838a29c66d09b8292d1 [term 1 FOLLOWER]: Raft consensus is shut down!
I20260710 11:02:09.347231 14507 ts_tablet_manager.cc:1929] T 3ccf76380289486dafbc7b25bef07c16 P 90a4554291934184944b3507b25791d7: tablet deleted with delete type TABLET_DATA_TOMBSTONED: last-logged OpId 1.3
I20260710 11:02:09.347730 14507 log.cc:1199] T 3ccf76380289486dafbc7b25bef07c16 P 90a4554291934184944b3507b25791d7: Deleting WAL directory at /tmp/dist-test-taskc9xWPj/test-tmp/auto_leader_rebalancer-test.0.LeaderRebalancerTest.AddTserver.1783681300979249-12894-0/minicluster-data/ts-1-root/wals/3ccf76380289486dafbc7b25bef07c16
I20260710 11:02:09.349740 13884 catalog_manager.cc:5028] TS 90a4554291934184944b3507b25791d7 (127.12.151.130:38891): tablet 3ccf76380289486dafbc7b25bef07c16 (table test-workload [id=be2f2d0e198c440682cac031d8f58d67]) successfully deleted
I20260710 11:02:09.353826 14509 ts_tablet_manager.cc:1916] T 1dfa2627248a46be85e8bad5f218014a P 5b94319755b34838a29c66d09b8292d1: Deleting tablet data with delete state TABLET_DATA_TOMBSTONED
I20260710 11:02:09.356600 14146 consensus_queue.cc:237] T f98e827f497f40c8b8d8d914229dfe0c P 5b94319755b34838a29c66d09b8292d1 [LEADER]: Queue going to LEADER mode. State: All replicated index: 0, Majority replicated index: 3, Committed index: 3, Last appended: 1.3, Last appended by leader: 0, Current term: 1, Majority size: 2, State: 0, Mode: LEADER, active raft config: opid_index: 4 OBSOLETE_local: false peers { permanent_uuid: "90a4554291934184944b3507b25791d7" member_type: VOTER last_known_addr { host: "127.12.151.130" port: 38891 } } peers { permanent_uuid: "5b94319755b34838a29c66d09b8292d1" member_type: VOTER last_known_addr { host: "127.12.151.131" port: 42245 } } peers { permanent_uuid: "d078863ac2d24855bffb9c0bdd48f9a4" member_type: VOTER last_known_addr { host: "127.12.151.132" port: 42475 } attrs { promote: false } }
I20260710 11:02:09.353886 14506 ts_tablet_manager.cc:1916] T 3bdcd503e7f84402b481c00571da772a P 6e7e9b09595d4f5ead20d2363a5ebc04: Deleting tablet data with delete state TABLET_DATA_TOMBSTONED
I20260710 11:02:09.363662 14075 raft_consensus.cc:1275] T f98e827f497f40c8b8d8d914229dfe0c P 90a4554291934184944b3507b25791d7 [term 1 FOLLOWER]: Refusing update from remote peer 5b94319755b34838a29c66d09b8292d1: Log matching property violated. Preceding OpId in replica: term: 1 index: 3. Preceding OpId from leader: term: 1 index: 4. (index mismatch)
I20260710 11:02:09.372476 14405 raft_consensus.cc:1275] T f98e827f497f40c8b8d8d914229dfe0c P d078863ac2d24855bffb9c0bdd48f9a4 [term 1 FOLLOWER]: Refusing update from remote peer 5b94319755b34838a29c66d09b8292d1: Log matching property violated. Preceding OpId in replica: term: 1 index: 3. Preceding OpId from leader: term: 1 index: 4. (index mismatch)
I20260710 11:02:09.373323 14438 consensus_queue.cc:1048] T f98e827f497f40c8b8d8d914229dfe0c P 5b94319755b34838a29c66d09b8292d1 [LEADER]: Connected to new peer: Peer: permanent_uuid: "90a4554291934184944b3507b25791d7" member_type: VOTER last_known_addr { host: "127.12.151.130" port: 38891 }, Status: LMP_MISMATCH, Last received: 0.0, Next index: 4, Last known committed idx: 3, Time since last communication: 0.000s
I20260710 11:02:09.375784 14438 consensus_queue.cc:1048] T f98e827f497f40c8b8d8d914229dfe0c P 5b94319755b34838a29c66d09b8292d1 [LEADER]: Connected to new peer: Peer: permanent_uuid: "d078863ac2d24855bffb9c0bdd48f9a4" member_type: VOTER last_known_addr { host: "127.12.151.132" port: 42475 } attrs { promote: false }, Status: LMP_MISMATCH, Last received: 0.0, Next index: 4, Last known committed idx: 3, Time since last communication: 0.000s
I20260710 11:02:09.378913 14506 ts_tablet_manager.cc:1929] T 3bdcd503e7f84402b481c00571da772a P 6e7e9b09595d4f5ead20d2363a5ebc04: tablet deleted with delete type TABLET_DATA_TOMBSTONED: last-logged OpId 1.3
I20260710 11:02:09.380873 14508 raft_consensus.cc:2955] T f98e827f497f40c8b8d8d914229dfe0c P 5b94319755b34838a29c66d09b8292d1 [term 1 LEADER]: Committing config change with OpId 1.4: config changed from index 3 to 4, VOTER 6e7e9b09595d4f5ead20d2363a5ebc04 (127.12.151.129) evicted. New config: { opid_index: 4 OBSOLETE_local: false peers { permanent_uuid: "90a4554291934184944b3507b25791d7" member_type: VOTER last_known_addr { host: "127.12.151.130" port: 38891 } } peers { permanent_uuid: "5b94319755b34838a29c66d09b8292d1" member_type: VOTER last_known_addr { host: "127.12.151.131" port: 42245 } } peers { permanent_uuid: "d078863ac2d24855bffb9c0bdd48f9a4" member_type: VOTER last_known_addr { host: "127.12.151.132" port: 42475 } attrs { promote: false } } }
I20260710 11:02:09.385098 14405 raft_consensus.cc:2955] T f98e827f497f40c8b8d8d914229dfe0c P d078863ac2d24855bffb9c0bdd48f9a4 [term 1 FOLLOWER]: Committing config change with OpId 1.4: config changed from index 3 to 4, VOTER 6e7e9b09595d4f5ead20d2363a5ebc04 (127.12.151.129) evicted. New config: { opid_index: 4 OBSOLETE_local: false peers { permanent_uuid: "90a4554291934184944b3507b25791d7" member_type: VOTER last_known_addr { host: "127.12.151.130" port: 38891 } } peers { permanent_uuid: "5b94319755b34838a29c66d09b8292d1" member_type: VOTER last_known_addr { host: "127.12.151.131" port: 42245 } } peers { permanent_uuid: "d078863ac2d24855bffb9c0bdd48f9a4" member_type: VOTER last_known_addr { host: "127.12.151.132" port: 42475 } attrs { promote: false } } }
I20260710 11:02:09.388971 14509 ts_tablet_manager.cc:1929] T 1dfa2627248a46be85e8bad5f218014a P 5b94319755b34838a29c66d09b8292d1: tablet deleted with delete type TABLET_DATA_TOMBSTONED: last-logged OpId 1.3
I20260710 11:02:09.389366 14509 log.cc:1199] T 1dfa2627248a46be85e8bad5f218014a P 5b94319755b34838a29c66d09b8292d1: Deleting WAL directory at /tmp/dist-test-taskc9xWPj/test-tmp/auto_leader_rebalancer-test.0.LeaderRebalancerTest.AddTserver.1783681300979249-12894-0/minicluster-data/ts-2-root/wals/1dfa2627248a46be85e8bad5f218014a
I20260710 11:02:09.390789 13883 catalog_manager.cc:5028] TS 5b94319755b34838a29c66d09b8292d1 (127.12.151.131:42245): tablet 1dfa2627248a46be85e8bad5f218014a (table test-workload [id=be2f2d0e198c440682cac031d8f58d67]) successfully deleted
I20260710 11:02:09.383428 14075 raft_consensus.cc:2955] T f98e827f497f40c8b8d8d914229dfe0c P 90a4554291934184944b3507b25791d7 [term 1 FOLLOWER]: Committing config change with OpId 1.4: config changed from index 3 to 4, VOTER 6e7e9b09595d4f5ead20d2363a5ebc04 (127.12.151.129) evicted. New config: { opid_index: 4 OBSOLETE_local: false peers { permanent_uuid: "90a4554291934184944b3507b25791d7" member_type: VOTER last_known_addr { host: "127.12.151.130" port: 38891 } } peers { permanent_uuid: "5b94319755b34838a29c66d09b8292d1" member_type: VOTER last_known_addr { host: "127.12.151.131" port: 42245 } } peers { permanent_uuid: "d078863ac2d24855bffb9c0bdd48f9a4" member_type: VOTER last_known_addr { host: "127.12.151.132" port: 42475 } attrs { promote: false } } }
I20260710 11:02:09.392017 14506 log.cc:1199] T 3bdcd503e7f84402b481c00571da772a P 6e7e9b09595d4f5ead20d2363a5ebc04: Deleting WAL directory at /tmp/dist-test-taskc9xWPj/test-tmp/auto_leader_rebalancer-test.0.LeaderRebalancerTest.AddTserver.1783681300979249-12894-0/minicluster-data/ts-0-root/wals/3bdcd503e7f84402b481c00571da772a
I20260710 11:02:09.393692 13883 catalog_manager.cc:5028] TS 6e7e9b09595d4f5ead20d2363a5ebc04 (127.12.151.129:36735): tablet 3bdcd503e7f84402b481c00571da772a (table test-workload [id=be2f2d0e198c440682cac031d8f58d67]) successfully deleted
I20260710 11:02:09.395792 13883 catalog_manager.cc:5210] ChangeConfig:REMOVE_PEER RPC for tablet f98e827f497f40c8b8d8d914229dfe0c with cas_config_opid_index 3: ChangeConfig:REMOVE_PEER succeeded (attempt 1)
I20260710 11:02:09.398166 13894 catalog_manager.cc:5697] T f98e827f497f40c8b8d8d914229dfe0c P d078863ac2d24855bffb9c0bdd48f9a4 reported cstate change: config changed from index 3 to 4, VOTER 6e7e9b09595d4f5ead20d2363a5ebc04 (127.12.151.129) evicted. New cstate: current_term: 1 leader_uuid: "5b94319755b34838a29c66d09b8292d1" committed_config { opid_index: 4 OBSOLETE_local: false peers { permanent_uuid: "90a4554291934184944b3507b25791d7" member_type: VOTER last_known_addr { host: "127.12.151.130" port: 38891 } } peers { permanent_uuid: "5b94319755b34838a29c66d09b8292d1" member_type: VOTER last_known_addr { host: "127.12.151.131" port: 42245 } } peers { permanent_uuid: "d078863ac2d24855bffb9c0bdd48f9a4" member_type: VOTER last_known_addr { host: "127.12.151.132" port: 42475 } attrs { promote: false } } }
I20260710 11:02:09.408324 13982 tablet_service.cc:1558] Processing DeleteTablet for tablet f98e827f497f40c8b8d8d914229dfe0c with delete_type TABLET_DATA_TOMBSTONED (TS 6e7e9b09595d4f5ead20d2363a5ebc04 not found in new config with opid_index 4) from {username='slave'} at 127.0.0.1:55268
I20260710 11:02:09.409235 14506 tablet_replica.cc:333] T f98e827f497f40c8b8d8d914229dfe0c P 6e7e9b09595d4f5ead20d2363a5ebc04: stopping tablet replica
I20260710 11:02:09.410115 14506 raft_consensus.cc:2243] T f98e827f497f40c8b8d8d914229dfe0c P 6e7e9b09595d4f5ead20d2363a5ebc04 [term 1 FOLLOWER]: Raft consensus shutting down.
I20260710 11:02:09.410743 14506 raft_consensus.cc:2272] T f98e827f497f40c8b8d8d914229dfe0c P 6e7e9b09595d4f5ead20d2363a5ebc04 [term 1 FOLLOWER]: Raft consensus is shut down!
I20260710 11:02:09.414886 14506 ts_tablet_manager.cc:1916] T f98e827f497f40c8b8d8d914229dfe0c P 6e7e9b09595d4f5ead20d2363a5ebc04: Deleting tablet data with delete state TABLET_DATA_TOMBSTONED
I20260710 11:02:09.424986 14506 ts_tablet_manager.cc:1929] T f98e827f497f40c8b8d8d914229dfe0c P 6e7e9b09595d4f5ead20d2363a5ebc04: tablet deleted with delete type TABLET_DATA_TOMBSTONED: last-logged OpId 1.3
I20260710 11:02:09.425277 14506 log.cc:1199] T f98e827f497f40c8b8d8d914229dfe0c P 6e7e9b09595d4f5ead20d2363a5ebc04: Deleting WAL directory at /tmp/dist-test-taskc9xWPj/test-tmp/auto_leader_rebalancer-test.0.LeaderRebalancerTest.AddTserver.1783681300979249-12894-0/minicluster-data/ts-0-root/wals/f98e827f497f40c8b8d8d914229dfe0c
I20260710 11:02:09.426349 13883 catalog_manager.cc:5028] TS 6e7e9b09595d4f5ead20d2363a5ebc04 (127.12.151.129:36735): tablet f98e827f497f40c8b8d8d914229dfe0c (table test-workload [id=be2f2d0e198c440682cac031d8f58d67]) successfully deleted
I20260710 11:02:10.434706 14148 consensus_queue.cc:237] T daa70a8835164813ae22655b4fae06e5 P 5b94319755b34838a29c66d09b8292d1 [LEADER]: Queue going to LEADER mode. State: All replicated index: 0, Majority replicated index: 1, Committed index: 1, Last appended: 1.1, Last appended by leader: 0, Current term: 1, Majority size: 2, State: 0, Mode: LEADER, active raft config: opid_index: 2 OBSOLETE_local: false peers { permanent_uuid: "6e7e9b09595d4f5ead20d2363a5ebc04" member_type: VOTER last_known_addr { host: "127.12.151.129" port: 36735 } } peers { permanent_uuid: "90a4554291934184944b3507b25791d7" member_type: VOTER last_known_addr { host: "127.12.151.130" port: 38891 } attrs { replace: true } } peers { permanent_uuid: "5b94319755b34838a29c66d09b8292d1" member_type: VOTER last_known_addr { host: "127.12.151.131" port: 42245 } } peers { permanent_uuid: "d078863ac2d24855bffb9c0bdd48f9a4" member_type: NON_VOTER last_known_addr { host: "127.12.151.132" port: 42475 } attrs { promote: true } }
I20260710 11:02:10.441483 14075 raft_consensus.cc:1275] T daa70a8835164813ae22655b4fae06e5 P 90a4554291934184944b3507b25791d7 [term 1 FOLLOWER]: Refusing update from remote peer 5b94319755b34838a29c66d09b8292d1: Log matching property violated. Preceding OpId in replica: term: 1 index: 1. Preceding OpId from leader: term: 1 index: 2. (index mismatch)
W20260710 11:02:10.441483 14113 consensus_peers.cc:597] T daa70a8835164813ae22655b4fae06e5 P 5b94319755b34838a29c66d09b8292d1 -> Peer d078863ac2d24855bffb9c0bdd48f9a4 (127.12.151.132:42475): Couldn't send request to peer d078863ac2d24855bffb9c0bdd48f9a4. Error code: TABLET_NOT_FOUND (6). Status: Not found: Tablet not found: daa70a8835164813ae22655b4fae06e5. This is attempt 1: this message will repeat every 5th retry.
I20260710 11:02:10.443279 13998 raft_consensus.cc:1275] T daa70a8835164813ae22655b4fae06e5 P 6e7e9b09595d4f5ead20d2363a5ebc04 [term 1 FOLLOWER]: Refusing update from remote peer 5b94319755b34838a29c66d09b8292d1: Log matching property violated. Preceding OpId in replica: term: 1 index: 1. Preceding OpId from leader: term: 1 index: 2. (index mismatch)
I20260710 11:02:10.444233 14512 consensus_queue.cc:1048] T daa70a8835164813ae22655b4fae06e5 P 5b94319755b34838a29c66d09b8292d1 [LEADER]: Connected to new peer: Peer: permanent_uuid: "90a4554291934184944b3507b25791d7" member_type: VOTER last_known_addr { host: "127.12.151.130" port: 38891 } attrs { replace: true }, Status: LMP_MISMATCH, Last received: 0.0, Next index: 2, Last known committed idx: 1, Time since last communication: 0.000s
I20260710 11:02:10.445046 14513 consensus_queue.cc:1048] T daa70a8835164813ae22655b4fae06e5 P 5b94319755b34838a29c66d09b8292d1 [LEADER]: Connected to new peer: Peer: permanent_uuid: "6e7e9b09595d4f5ead20d2363a5ebc04" member_type: VOTER last_known_addr { host: "127.12.151.129" port: 36735 }, Status: LMP_MISMATCH, Last received: 0.0, Next index: 2, Last known committed idx: 1, Time since last communication: 0.000s
I20260710 11:02:10.451205 14512 raft_consensus.cc:2955] T daa70a8835164813ae22655b4fae06e5 P 5b94319755b34838a29c66d09b8292d1 [term 1 LEADER]: Committing config change with OpId 1.2: config changed from index -1 to 2, NON_VOTER d078863ac2d24855bffb9c0bdd48f9a4 (127.12.151.132) added. New config: { opid_index: 2 OBSOLETE_local: false peers { permanent_uuid: "6e7e9b09595d4f5ead20d2363a5ebc04" member_type: VOTER last_known_addr { host: "127.12.151.129" port: 36735 } } peers { permanent_uuid: "90a4554291934184944b3507b25791d7" member_type: VOTER last_known_addr { host: "127.12.151.130" port: 38891 } attrs { replace: true } } peers { permanent_uuid: "5b94319755b34838a29c66d09b8292d1" member_type: VOTER last_known_addr { host: "127.12.151.131" port: 42245 } } peers { permanent_uuid: "d078863ac2d24855bffb9c0bdd48f9a4" member_type: NON_VOTER last_known_addr { host: "127.12.151.132" port: 42475 } attrs { promote: true } } }
I20260710 11:02:10.452672 13998 raft_consensus.cc:2955] T daa70a8835164813ae22655b4fae06e5 P 6e7e9b09595d4f5ead20d2363a5ebc04 [term 1 FOLLOWER]: Committing config change with OpId 1.2: config changed from index -1 to 2, NON_VOTER d078863ac2d24855bffb9c0bdd48f9a4 (127.12.151.132) added. New config: { opid_index: 2 OBSOLETE_local: false peers { permanent_uuid: "6e7e9b09595d4f5ead20d2363a5ebc04" member_type: VOTER last_known_addr { host: "127.12.151.129" port: 36735 } } peers { permanent_uuid: "90a4554291934184944b3507b25791d7" member_type: VOTER last_known_addr { host: "127.12.151.130" port: 38891 } attrs { replace: true } } peers { permanent_uuid: "5b94319755b34838a29c66d09b8292d1" member_type: VOTER last_known_addr { host: "127.12.151.131" port: 42245 } } peers { permanent_uuid: "d078863ac2d24855bffb9c0bdd48f9a4" member_type: NON_VOTER last_known_addr { host: "127.12.151.132" port: 42475 } attrs { promote: true } } }
I20260710 11:02:10.452993 14075 raft_consensus.cc:2955] T daa70a8835164813ae22655b4fae06e5 P 90a4554291934184944b3507b25791d7 [term 1 FOLLOWER]: Committing config change with OpId 1.2: config changed from index -1 to 2, NON_VOTER d078863ac2d24855bffb9c0bdd48f9a4 (127.12.151.132) added. New config: { opid_index: 2 OBSOLETE_local: false peers { permanent_uuid: "6e7e9b09595d4f5ead20d2363a5ebc04" member_type: VOTER last_known_addr { host: "127.12.151.129" port: 36735 } } peers { permanent_uuid: "90a4554291934184944b3507b25791d7" member_type: VOTER last_known_addr { host: "127.12.151.130" port: 38891 } attrs { replace: true } } peers { permanent_uuid: "5b94319755b34838a29c66d09b8292d1" member_type: VOTER last_known_addr { host: "127.12.151.131" port: 42245 } } peers { permanent_uuid: "d078863ac2d24855bffb9c0bdd48f9a4" member_type: NON_VOTER last_known_addr { host: "127.12.151.132" port: 42475 } attrs { promote: true } } }
I20260710 11:02:10.464548 13894 catalog_manager.cc:5697] T daa70a8835164813ae22655b4fae06e5 P 6e7e9b09595d4f5ead20d2363a5ebc04 reported cstate change: config changed from index -1 to 2, NON_VOTER d078863ac2d24855bffb9c0bdd48f9a4 (127.12.151.132) added. New cstate: current_term: 1 leader_uuid: "5b94319755b34838a29c66d09b8292d1" committed_config { opid_index: 2 OBSOLETE_local: false peers { permanent_uuid: "6e7e9b09595d4f5ead20d2363a5ebc04" member_type: VOTER last_known_addr { host: "127.12.151.129" port: 36735 } } peers { permanent_uuid: "90a4554291934184944b3507b25791d7" member_type: VOTER last_known_addr { host: "127.12.151.130" port: 38891 } attrs { replace: true } } peers { permanent_uuid: "5b94319755b34838a29c66d09b8292d1" member_type: VOTER last_known_addr { host: "127.12.151.131" port: 42245 } } peers { permanent_uuid: "d078863ac2d24855bffb9c0bdd48f9a4" member_type: NON_VOTER last_known_addr { host: "127.12.151.132" port: 42475 } attrs { promote: true } } }
I20260710 11:02:10.468264 14075 consensus_queue.cc:237] T 5c10eb7a2022409d8a312d2779d58182 P 90a4554291934184944b3507b25791d7 [LEADER]: Queue going to LEADER mode. State: All replicated index: 0, Majority replicated index: 1, Committed index: 1, Last appended: 1.1, Last appended by leader: 0, Current term: 1, Majority size: 2, State: 0, Mode: LEADER, active raft config: opid_index: 2 OBSOLETE_local: false peers { permanent_uuid: "6e7e9b09595d4f5ead20d2363a5ebc04" member_type: VOTER last_known_addr { host: "127.12.151.129" port: 36735 } } peers { permanent_uuid: "90a4554291934184944b3507b25791d7" member_type: VOTER last_known_addr { host: "127.12.151.130" port: 38891 } } peers { permanent_uuid: "5b94319755b34838a29c66d09b8292d1" member_type: VOTER last_known_addr { host: "127.12.151.131" port: 42245 } attrs { replace: true } } peers { permanent_uuid: "d078863ac2d24855bffb9c0bdd48f9a4" member_type: NON_VOTER last_known_addr { host: "127.12.151.132" port: 42475 } attrs { promote: true } }
I20260710 11:02:10.476294 14148 raft_consensus.cc:1275] T 5c10eb7a2022409d8a312d2779d58182 P 5b94319755b34838a29c66d09b8292d1 [term 1 FOLLOWER]: Refusing update from remote peer 90a4554291934184944b3507b25791d7: Log matching property violated. Preceding OpId in replica: term: 1 index: 1. Preceding OpId from leader: term: 1 index: 2. (index mismatch)
I20260710 11:02:10.481390 13998 raft_consensus.cc:1275] T 5c10eb7a2022409d8a312d2779d58182 P 6e7e9b09595d4f5ead20d2363a5ebc04 [term 1 FOLLOWER]: Refusing update from remote peer 90a4554291934184944b3507b25791d7: Log matching property violated. Preceding OpId in replica: term: 1 index: 1. Preceding OpId from leader: term: 1 index: 2. (index mismatch)
I20260710 11:02:10.481514 14520 consensus_queue.cc:1048] T 5c10eb7a2022409d8a312d2779d58182 P 90a4554291934184944b3507b25791d7 [LEADER]: Connected to new peer: Peer: permanent_uuid: "5b94319755b34838a29c66d09b8292d1" member_type: VOTER last_known_addr { host: "127.12.151.131" port: 42245 } attrs { replace: true }, Status: LMP_MISMATCH, Last received: 0.0, Next index: 2, Last known committed idx: 1, Time since last communication: 0.001s
W20260710 11:02:10.484073 14039 consensus_peers.cc:597] T 5c10eb7a2022409d8a312d2779d58182 P 90a4554291934184944b3507b25791d7 -> Peer d078863ac2d24855bffb9c0bdd48f9a4 (127.12.151.132:42475): Couldn't send request to peer d078863ac2d24855bffb9c0bdd48f9a4. Error code: TABLET_NOT_FOUND (6). Status: Not found: Tablet not found: 5c10eb7a2022409d8a312d2779d58182. This is attempt 1: this message will repeat every 5th retry.
I20260710 11:02:10.485255 14520 consensus_queue.cc:1048] T 5c10eb7a2022409d8a312d2779d58182 P 90a4554291934184944b3507b25791d7 [LEADER]: Connected to new peer: Peer: permanent_uuid: "6e7e9b09595d4f5ead20d2363a5ebc04" member_type: VOTER last_known_addr { host: "127.12.151.129" port: 36735 }, Status: LMP_MISMATCH, Last received: 0.0, Next index: 2, Last known committed idx: 1, Time since last communication: 0.000s
I20260710 11:02:10.494758 14499 raft_consensus.cc:2955] T 5c10eb7a2022409d8a312d2779d58182 P 90a4554291934184944b3507b25791d7 [term 1 LEADER]: Committing config change with OpId 1.2: config changed from index -1 to 2, NON_VOTER d078863ac2d24855bffb9c0bdd48f9a4 (127.12.151.132) added. New config: { opid_index: 2 OBSOLETE_local: false peers { permanent_uuid: "6e7e9b09595d4f5ead20d2363a5ebc04" member_type: VOTER last_known_addr { host: "127.12.151.129" port: 36735 } } peers { permanent_uuid: "90a4554291934184944b3507b25791d7" member_type: VOTER last_known_addr { host: "127.12.151.130" port: 38891 } } peers { permanent_uuid: "5b94319755b34838a29c66d09b8292d1" member_type: VOTER last_known_addr { host: "127.12.151.131" port: 42245 } attrs { replace: true } } peers { permanent_uuid: "d078863ac2d24855bffb9c0bdd48f9a4" member_type: NON_VOTER last_known_addr { host: "127.12.151.132" port: 42475 } attrs { promote: true } } }
I20260710 11:02:10.496099 13998 raft_consensus.cc:2955] T 5c10eb7a2022409d8a312d2779d58182 P 6e7e9b09595d4f5ead20d2363a5ebc04 [term 1 FOLLOWER]: Committing config change with OpId 1.2: config changed from index -1 to 2, NON_VOTER d078863ac2d24855bffb9c0bdd48f9a4 (127.12.151.132) added. New config: { opid_index: 2 OBSOLETE_local: false peers { permanent_uuid: "6e7e9b09595d4f5ead20d2363a5ebc04" member_type: VOTER last_known_addr { host: "127.12.151.129" port: 36735 } } peers { permanent_uuid: "90a4554291934184944b3507b25791d7" member_type: VOTER last_known_addr { host: "127.12.151.130" port: 38891 } } peers { permanent_uuid: "5b94319755b34838a29c66d09b8292d1" member_type: VOTER last_known_addr { host: "127.12.151.131" port: 42245 } attrs { replace: true } } peers { permanent_uuid: "d078863ac2d24855bffb9c0bdd48f9a4" member_type: NON_VOTER last_known_addr { host: "127.12.151.132" port: 42475 } attrs { promote: true } } }
I20260710 11:02:10.500376 14148 raft_consensus.cc:2955] T 5c10eb7a2022409d8a312d2779d58182 P 5b94319755b34838a29c66d09b8292d1 [term 1 FOLLOWER]: Committing config change with OpId 1.2: config changed from index -1 to 2, NON_VOTER d078863ac2d24855bffb9c0bdd48f9a4 (127.12.151.132) added. New config: { opid_index: 2 OBSOLETE_local: false peers { permanent_uuid: "6e7e9b09595d4f5ead20d2363a5ebc04" member_type: VOTER last_known_addr { host: "127.12.151.129" port: 36735 } } peers { permanent_uuid: "90a4554291934184944b3507b25791d7" member_type: VOTER last_known_addr { host: "127.12.151.130" port: 38891 } } peers { permanent_uuid: "5b94319755b34838a29c66d09b8292d1" member_type: VOTER last_known_addr { host: "127.12.151.131" port: 42245 } attrs { replace: true } } peers { permanent_uuid: "d078863ac2d24855bffb9c0bdd48f9a4" member_type: NON_VOTER last_known_addr { host: "127.12.151.132" port: 42475 } attrs { promote: true } } }
I20260710 11:02:10.507460 13998 consensus_queue.cc:237] T 07ed5fc5ab8b46bebde388de8ead227b P 6e7e9b09595d4f5ead20d2363a5ebc04 [LEADER]: Queue going to LEADER mode. State: All replicated index: 0, Majority replicated index: 1, Committed index: 1, Last appended: 1.1, Last appended by leader: 0, Current term: 1, Majority size: 2, State: 0, Mode: LEADER, active raft config: opid_index: 2 OBSOLETE_local: false peers { permanent_uuid: "6e7e9b09595d4f5ead20d2363a5ebc04" member_type: VOTER last_known_addr { host: "127.12.151.129" port: 36735 } } peers { permanent_uuid: "90a4554291934184944b3507b25791d7" member_type: VOTER last_known_addr { host: "127.12.151.130" port: 38891 } } peers { permanent_uuid: "5b94319755b34838a29c66d09b8292d1" member_type: VOTER last_known_addr { host: "127.12.151.131" port: 42245 } attrs { replace: true } } peers { permanent_uuid: "d078863ac2d24855bffb9c0bdd48f9a4" member_type: NON_VOTER last_known_addr { host: "127.12.151.132" port: 42475 } attrs { promote: true } }
I20260710 11:02:10.507328 13895 catalog_manager.cc:5697] T 5c10eb7a2022409d8a312d2779d58182 P 6e7e9b09595d4f5ead20d2363a5ebc04 reported cstate change: config changed from index -1 to 2, NON_VOTER d078863ac2d24855bffb9c0bdd48f9a4 (127.12.151.132) added. New cstate: current_term: 1 leader_uuid: "90a4554291934184944b3507b25791d7" committed_config { opid_index: 2 OBSOLETE_local: false peers { permanent_uuid: "6e7e9b09595d4f5ead20d2363a5ebc04" member_type: VOTER last_known_addr { host: "127.12.151.129" port: 36735 } } peers { permanent_uuid: "90a4554291934184944b3507b25791d7" member_type: VOTER last_known_addr { host: "127.12.151.130" port: 38891 } } peers { permanent_uuid: "5b94319755b34838a29c66d09b8292d1" member_type: VOTER last_known_addr { host: "127.12.151.131" port: 42245 } attrs { replace: true } } peers { permanent_uuid: "d078863ac2d24855bffb9c0bdd48f9a4" member_type: NON_VOTER last_known_addr { host: "127.12.151.132" port: 42475 } attrs { promote: true } } }
I20260710 11:02:10.517091 14072 raft_consensus.cc:1275] T 07ed5fc5ab8b46bebde388de8ead227b P 90a4554291934184944b3507b25791d7 [term 1 FOLLOWER]: Refusing update from remote peer 6e7e9b09595d4f5ead20d2363a5ebc04: Log matching property violated. Preceding OpId in replica: term: 1 index: 1. Preceding OpId from leader: term: 1 index: 2. (index mismatch)
W20260710 11:02:10.517587 13964 consensus_peers.cc:597] T 07ed5fc5ab8b46bebde388de8ead227b P 6e7e9b09595d4f5ead20d2363a5ebc04 -> Peer d078863ac2d24855bffb9c0bdd48f9a4 (127.12.151.132:42475): Couldn't send request to peer d078863ac2d24855bffb9c0bdd48f9a4. Error code: TABLET_NOT_FOUND (6). Status: Not found: Tablet not found: 07ed5fc5ab8b46bebde388de8ead227b. This is attempt 1: this message will repeat every 5th retry.
I20260710 11:02:10.518450 14148 raft_consensus.cc:1275] T 07ed5fc5ab8b46bebde388de8ead227b P 5b94319755b34838a29c66d09b8292d1 [term 1 FOLLOWER]: Refusing update from remote peer 6e7e9b09595d4f5ead20d2363a5ebc04: Log matching property violated. Preceding OpId in replica: term: 1 index: 1. Preceding OpId from leader: term: 1 index: 2. (index mismatch)
I20260710 11:02:10.518494 14525 consensus_queue.cc:1048] T 07ed5fc5ab8b46bebde388de8ead227b P 6e7e9b09595d4f5ead20d2363a5ebc04 [LEADER]: Connected to new peer: Peer: permanent_uuid: "90a4554291934184944b3507b25791d7" member_type: VOTER last_known_addr { host: "127.12.151.130" port: 38891 }, Status: LMP_MISMATCH, Last received: 0.0, Next index: 2, Last known committed idx: 1, Time since last communication: 0.000s
I20260710 11:02:10.519866 14488 consensus_queue.cc:1048] T 07ed5fc5ab8b46bebde388de8ead227b P 6e7e9b09595d4f5ead20d2363a5ebc04 [LEADER]: Connected to new peer: Peer: permanent_uuid: "5b94319755b34838a29c66d09b8292d1" member_type: VOTER last_known_addr { host: "127.12.151.131" port: 42245 } attrs { replace: true }, Status: LMP_MISMATCH, Last received: 0.0, Next index: 2, Last known committed idx: 1, Time since last communication: 0.000s
I20260710 11:02:10.531616 14525 raft_consensus.cc:2955] T 07ed5fc5ab8b46bebde388de8ead227b P 6e7e9b09595d4f5ead20d2363a5ebc04 [term 1 LEADER]: Committing config change with OpId 1.2: config changed from index -1 to 2, NON_VOTER d078863ac2d24855bffb9c0bdd48f9a4 (127.12.151.132) added. New config: { opid_index: 2 OBSOLETE_local: false peers { permanent_uuid: "6e7e9b09595d4f5ead20d2363a5ebc04" member_type: VOTER last_known_addr { host: "127.12.151.129" port: 36735 } } peers { permanent_uuid: "90a4554291934184944b3507b25791d7" member_type: VOTER last_known_addr { host: "127.12.151.130" port: 38891 } } peers { permanent_uuid: "5b94319755b34838a29c66d09b8292d1" member_type: VOTER last_known_addr { host: "127.12.151.131" port: 42245 } attrs { replace: true } } peers { permanent_uuid: "d078863ac2d24855bffb9c0bdd48f9a4" member_type: NON_VOTER last_known_addr { host: "127.12.151.132" port: 42475 } attrs { promote: true } } }
I20260710 11:02:10.533365 14148 raft_consensus.cc:2955] T 07ed5fc5ab8b46bebde388de8ead227b P 5b94319755b34838a29c66d09b8292d1 [term 1 FOLLOWER]: Committing config change with OpId 1.2: config changed from index -1 to 2, NON_VOTER d078863ac2d24855bffb9c0bdd48f9a4 (127.12.151.132) added. New config: { opid_index: 2 OBSOLETE_local: false peers { permanent_uuid: "6e7e9b09595d4f5ead20d2363a5ebc04" member_type: VOTER last_known_addr { host: "127.12.151.129" port: 36735 } } peers { permanent_uuid: "90a4554291934184944b3507b25791d7" member_type: VOTER last_known_addr { host: "127.12.151.130" port: 38891 } } peers { permanent_uuid: "5b94319755b34838a29c66d09b8292d1" member_type: VOTER last_known_addr { host: "127.12.151.131" port: 42245 } attrs { replace: true } } peers { permanent_uuid: "d078863ac2d24855bffb9c0bdd48f9a4" member_type: NON_VOTER last_known_addr { host: "127.12.151.132" port: 42475 } attrs { promote: true } } }
I20260710 11:02:10.534565 14072 raft_consensus.cc:2955] T 07ed5fc5ab8b46bebde388de8ead227b P 90a4554291934184944b3507b25791d7 [term 1 FOLLOWER]: Committing config change with OpId 1.2: config changed from index -1 to 2, NON_VOTER d078863ac2d24855bffb9c0bdd48f9a4 (127.12.151.132) added. New config: { opid_index: 2 OBSOLETE_local: false peers { permanent_uuid: "6e7e9b09595d4f5ead20d2363a5ebc04" member_type: VOTER last_known_addr { host: "127.12.151.129" port: 36735 } } peers { permanent_uuid: "90a4554291934184944b3507b25791d7" member_type: VOTER last_known_addr { host: "127.12.151.130" port: 38891 } } peers { permanent_uuid: "5b94319755b34838a29c66d09b8292d1" member_type: VOTER last_known_addr { host: "127.12.151.131" port: 42245 } attrs { replace: true } } peers { permanent_uuid: "d078863ac2d24855bffb9c0bdd48f9a4" member_type: NON_VOTER last_known_addr { host: "127.12.151.132" port: 42475 } attrs { promote: true } } }
I20260710 11:02:10.545499 14146 consensus_queue.cc:237] T 9be7635dd6c04f08982a7f667203e035 P 5b94319755b34838a29c66d09b8292d1 [LEADER]: Queue going to LEADER mode. State: All replicated index: 0, Majority replicated index: 1, Committed index: 1, Last appended: 1.1, Last appended by leader: 0, Current term: 1, Majority size: 2, State: 0, Mode: LEADER, active raft config: opid_index: 2 OBSOLETE_local: false peers { permanent_uuid: "6e7e9b09595d4f5ead20d2363a5ebc04" member_type: VOTER last_known_addr { host: "127.12.151.129" port: 36735 } } peers { permanent_uuid: "90a4554291934184944b3507b25791d7" member_type: VOTER last_known_addr { host: "127.12.151.130" port: 38891 } attrs { replace: true } } peers { permanent_uuid: "5b94319755b34838a29c66d09b8292d1" member_type: VOTER last_known_addr { host: "127.12.151.131" port: 42245 } } peers { permanent_uuid: "d078863ac2d24855bffb9c0bdd48f9a4" member_type: NON_VOTER last_known_addr { host: "127.12.151.132" port: 42475 } attrs { promote: true } }
I20260710 11:02:10.545424 13896 catalog_manager.cc:5697] T 07ed5fc5ab8b46bebde388de8ead227b P 6e7e9b09595d4f5ead20d2363a5ebc04 reported cstate change: config changed from index -1 to 2, NON_VOTER d078863ac2d24855bffb9c0bdd48f9a4 (127.12.151.132) added. New cstate: current_term: 1 leader_uuid: "6e7e9b09595d4f5ead20d2363a5ebc04" committed_config { opid_index: 2 OBSOLETE_local: false peers { permanent_uuid: "6e7e9b09595d4f5ead20d2363a5ebc04" member_type: VOTER last_known_addr { host: "127.12.151.129" port: 36735 } health_report { overall_health: HEALTHY } } peers { permanent_uuid: "90a4554291934184944b3507b25791d7" member_type: VOTER last_known_addr { host: "127.12.151.130" port: 38891 } health_report { overall_health: HEALTHY } } peers { permanent_uuid: "5b94319755b34838a29c66d09b8292d1" member_type: VOTER last_known_addr { host: "127.12.151.131" port: 42245 } attrs { replace: true } health_report { overall_health: HEALTHY } } peers { permanent_uuid: "d078863ac2d24855bffb9c0bdd48f9a4" member_type: NON_VOTER last_known_addr { host: "127.12.151.132" port: 42475 } attrs { promote: true } health_report { overall_health: UNKNOWN } } }
I20260710 11:02:10.561811 14072 raft_consensus.cc:1275] T 9be7635dd6c04f08982a7f667203e035 P 90a4554291934184944b3507b25791d7 [term 1 FOLLOWER]: Refusing update from remote peer 5b94319755b34838a29c66d09b8292d1: Log matching property violated. Preceding OpId in replica: term: 1 index: 1. Preceding OpId from leader: term: 1 index: 2. (index mismatch)
W20260710 11:02:10.562206 14113 consensus_peers.cc:597] T 9be7635dd6c04f08982a7f667203e035 P 5b94319755b34838a29c66d09b8292d1 -> Peer d078863ac2d24855bffb9c0bdd48f9a4 (127.12.151.132:42475): Couldn't send request to peer d078863ac2d24855bffb9c0bdd48f9a4. Error code: TABLET_NOT_FOUND (6). Status: Not found: Tablet not found: 9be7635dd6c04f08982a7f667203e035. This is attempt 1: this message will repeat every 5th retry.
I20260710 11:02:10.563266 13998 raft_consensus.cc:1275] T 9be7635dd6c04f08982a7f667203e035 P 6e7e9b09595d4f5ead20d2363a5ebc04 [term 1 FOLLOWER]: Refusing update from remote peer 5b94319755b34838a29c66d09b8292d1: Log matching property violated. Preceding OpId in replica: term: 1 index: 1. Preceding OpId from leader: term: 1 index: 2. (index mismatch)
I20260710 11:02:10.563026 14513 consensus_queue.cc:1048] T 9be7635dd6c04f08982a7f667203e035 P 5b94319755b34838a29c66d09b8292d1 [LEADER]: Connected to new peer: Peer: permanent_uuid: "90a4554291934184944b3507b25791d7" member_type: VOTER last_known_addr { host: "127.12.151.130" port: 38891 } attrs { replace: true }, Status: LMP_MISMATCH, Last received: 0.0, Next index: 2, Last known committed idx: 1, Time since last communication: 0.000s
I20260710 11:02:10.564397 14438 consensus_queue.cc:1048] T 9be7635dd6c04f08982a7f667203e035 P 5b94319755b34838a29c66d09b8292d1 [LEADER]: Connected to new peer: Peer: permanent_uuid: "6e7e9b09595d4f5ead20d2363a5ebc04" member_type: VOTER last_known_addr { host: "127.12.151.129" port: 36735 }, Status: LMP_MISMATCH, Last received: 0.0, Next index: 2, Last known committed idx: 1, Time since last communication: 0.000s
I20260710 11:02:10.569725 14513 raft_consensus.cc:2955] T 9be7635dd6c04f08982a7f667203e035 P 5b94319755b34838a29c66d09b8292d1 [term 1 LEADER]: Committing config change with OpId 1.2: config changed from index -1 to 2, NON_VOTER d078863ac2d24855bffb9c0bdd48f9a4 (127.12.151.132) added. New config: { opid_index: 2 OBSOLETE_local: false peers { permanent_uuid: "6e7e9b09595d4f5ead20d2363a5ebc04" member_type: VOTER last_known_addr { host: "127.12.151.129" port: 36735 } } peers { permanent_uuid: "90a4554291934184944b3507b25791d7" member_type: VOTER last_known_addr { host: "127.12.151.130" port: 38891 } attrs { replace: true } } peers { permanent_uuid: "5b94319755b34838a29c66d09b8292d1" member_type: VOTER last_known_addr { host: "127.12.151.131" port: 42245 } } peers { permanent_uuid: "d078863ac2d24855bffb9c0bdd48f9a4" member_type: NON_VOTER last_known_addr { host: "127.12.151.132" port: 42475 } attrs { promote: true } } }
I20260710 11:02:10.571324 14072 raft_consensus.cc:2955] T 9be7635dd6c04f08982a7f667203e035 P 90a4554291934184944b3507b25791d7 [term 1 FOLLOWER]: Committing config change with OpId 1.2: config changed from index -1 to 2, NON_VOTER d078863ac2d24855bffb9c0bdd48f9a4 (127.12.151.132) added. New config: { opid_index: 2 OBSOLETE_local: false peers { permanent_uuid: "6e7e9b09595d4f5ead20d2363a5ebc04" member_type: VOTER last_known_addr { host: "127.12.151.129" port: 36735 } } peers { permanent_uuid: "90a4554291934184944b3507b25791d7" member_type: VOTER last_known_addr { host: "127.12.151.130" port: 38891 } attrs { replace: true } } peers { permanent_uuid: "5b94319755b34838a29c66d09b8292d1" member_type: VOTER last_known_addr { host: "127.12.151.131" port: 42245 } } peers { permanent_uuid: "d078863ac2d24855bffb9c0bdd48f9a4" member_type: NON_VOTER last_known_addr { host: "127.12.151.132" port: 42475 } attrs { promote: true } } }
I20260710 11:02:10.572504 13998 raft_consensus.cc:2955] T 9be7635dd6c04f08982a7f667203e035 P 6e7e9b09595d4f5ead20d2363a5ebc04 [term 1 FOLLOWER]: Committing config change with OpId 1.2: config changed from index -1 to 2, NON_VOTER d078863ac2d24855bffb9c0bdd48f9a4 (127.12.151.132) added. New config: { opid_index: 2 OBSOLETE_local: false peers { permanent_uuid: "6e7e9b09595d4f5ead20d2363a5ebc04" member_type: VOTER last_known_addr { host: "127.12.151.129" port: 36735 } } peers { permanent_uuid: "90a4554291934184944b3507b25791d7" member_type: VOTER last_known_addr { host: "127.12.151.130" port: 38891 } attrs { replace: true } } peers { permanent_uuid: "5b94319755b34838a29c66d09b8292d1" member_type: VOTER last_known_addr { host: "127.12.151.131" port: 42245 } } peers { permanent_uuid: "d078863ac2d24855bffb9c0bdd48f9a4" member_type: NON_VOTER last_known_addr { host: "127.12.151.132" port: 42475 } attrs { promote: true } } }
I20260710 11:02:10.583683 13896 catalog_manager.cc:5697] T 9be7635dd6c04f08982a7f667203e035 P 5b94319755b34838a29c66d09b8292d1 reported cstate change: config changed from index -1 to 2, NON_VOTER d078863ac2d24855bffb9c0bdd48f9a4 (127.12.151.132) added. New cstate: current_term: 1 leader_uuid: "5b94319755b34838a29c66d09b8292d1" committed_config { opid_index: 2 OBSOLETE_local: false peers { permanent_uuid: "6e7e9b09595d4f5ead20d2363a5ebc04" member_type: VOTER last_known_addr { host: "127.12.151.129" port: 36735 } health_report { overall_health: HEALTHY } } peers { permanent_uuid: "90a4554291934184944b3507b25791d7" member_type: VOTER last_known_addr { host: "127.12.151.130" port: 38891 } attrs { replace: true } health_report { overall_health: HEALTHY } } peers { permanent_uuid: "5b94319755b34838a29c66d09b8292d1" member_type: VOTER last_known_addr { host: "127.12.151.131" port: 42245 } health_report { overall_health: HEALTHY } } peers { permanent_uuid: "d078863ac2d24855bffb9c0bdd48f9a4" member_type: NON_VOTER last_known_addr { host: "127.12.151.132" port: 42475 } attrs { promote: true } health_report { overall_health: UNKNOWN } } }
I20260710 11:02:10.824317 14532 ts_tablet_manager.cc:933] T daa70a8835164813ae22655b4fae06e5 P d078863ac2d24855bffb9c0bdd48f9a4: Initiating tablet copy from peer 5b94319755b34838a29c66d09b8292d1 (127.12.151.131:42245)
I20260710 11:02:10.826066 14532 tablet_copy_client.cc:323] T daa70a8835164813ae22655b4fae06e5 P d078863ac2d24855bffb9c0bdd48f9a4: tablet copy: Beginning tablet copy session from remote peer at address 127.12.151.131:42245
I20260710 11:02:10.827548 14159 tablet_copy_service.cc:140] P 5b94319755b34838a29c66d09b8292d1: Received BeginTabletCopySession request for tablet daa70a8835164813ae22655b4fae06e5 from peer d078863ac2d24855bffb9c0bdd48f9a4 ({username='slave'} at 127.0.0.1:37814)
I20260710 11:02:10.828090 14159 tablet_copy_service.cc:161] P 5b94319755b34838a29c66d09b8292d1: Beginning new tablet copy session on tablet daa70a8835164813ae22655b4fae06e5 from peer d078863ac2d24855bffb9c0bdd48f9a4 at {username='slave'} at 127.0.0.1:37814: session id = d078863ac2d24855bffb9c0bdd48f9a4-daa70a8835164813ae22655b4fae06e5
I20260710 11:02:10.837190 14159 tablet_copy_source_session.cc:215] T daa70a8835164813ae22655b4fae06e5 P 5b94319755b34838a29c66d09b8292d1: Tablet Copy: opened 0 blocks and 1 log segments
I20260710 11:02:10.839864 14532 data_dirs.cc:400] Could only allocate 1 dirs of requested 3 for tablet daa70a8835164813ae22655b4fae06e5. 1 dirs total, 0 dirs full, 0 dirs failed
I20260710 11:02:10.850518 14532 tablet_copy_client.cc:806] T daa70a8835164813ae22655b4fae06e5 P d078863ac2d24855bffb9c0bdd48f9a4: tablet copy: Starting download of 0 data blocks...
I20260710 11:02:10.851001 14532 tablet_copy_client.cc:670] T daa70a8835164813ae22655b4fae06e5 P d078863ac2d24855bffb9c0bdd48f9a4: tablet copy: Starting download of 1 WAL segments...
I20260710 11:02:10.854116 14532 tablet_copy_client.cc:538] T daa70a8835164813ae22655b4fae06e5 P d078863ac2d24855bffb9c0bdd48f9a4: tablet copy: Tablet Copy complete. Replacing tablet superblock.
I20260710 11:02:10.861889 14532 tablet_bootstrap.cc:492] T daa70a8835164813ae22655b4fae06e5 P d078863ac2d24855bffb9c0bdd48f9a4: Bootstrap starting.
I20260710 11:02:10.880062 14532 tablet_bootstrap.cc:492] T daa70a8835164813ae22655b4fae06e5 P d078863ac2d24855bffb9c0bdd48f9a4: Bootstrap replayed 1/1 log segments. Stats: ops{read=2 overwritten=0 applied=2 ignored=0} inserts{seen=0 ignored=0} mutations{seen=0 ignored=0} orphaned_commits=0. Pending: 0 replicates
I20260710 11:02:10.880843 14532 tablet_bootstrap.cc:492] T daa70a8835164813ae22655b4fae06e5 P d078863ac2d24855bffb9c0bdd48f9a4: Bootstrap complete.
I20260710 11:02:10.881615 14532 ts_tablet_manager.cc:1403] T daa70a8835164813ae22655b4fae06e5 P d078863ac2d24855bffb9c0bdd48f9a4: Time spent bootstrapping tablet: real 0.020s	user 0.009s	sys 0.012s
I20260710 11:02:10.884402 14532 raft_consensus.cc:359] T daa70a8835164813ae22655b4fae06e5 P d078863ac2d24855bffb9c0bdd48f9a4 [term 1 LEARNER]: Replica starting. Triggering 0 pending ops. Active config: opid_index: 2 OBSOLETE_local: false peers { permanent_uuid: "6e7e9b09595d4f5ead20d2363a5ebc04" member_type: VOTER last_known_addr { host: "127.12.151.129" port: 36735 } } peers { permanent_uuid: "90a4554291934184944b3507b25791d7" member_type: VOTER last_known_addr { host: "127.12.151.130" port: 38891 } attrs { replace: true } } peers { permanent_uuid: "5b94319755b34838a29c66d09b8292d1" member_type: VOTER last_known_addr { host: "127.12.151.131" port: 42245 } } peers { permanent_uuid: "d078863ac2d24855bffb9c0bdd48f9a4" member_type: NON_VOTER last_known_addr { host: "127.12.151.132" port: 42475 } attrs { promote: true } }
I20260710 11:02:10.885187 14532 raft_consensus.cc:740] T daa70a8835164813ae22655b4fae06e5 P d078863ac2d24855bffb9c0bdd48f9a4 [term 1 LEARNER]: Becoming Follower/Learner. State: Replica: d078863ac2d24855bffb9c0bdd48f9a4, State: Initialized, Role: LEARNER
I20260710 11:02:10.885783 14532 consensus_queue.cc:260] T daa70a8835164813ae22655b4fae06e5 P d078863ac2d24855bffb9c0bdd48f9a4 [NON_LEADER]: Queue going to NON_LEADER mode. State: All replicated index: 0, Majority replicated index: 0, Committed index: 2, Last appended: 1.2, Last appended by leader: 2, Current term: 0, Majority size: -1, State: 0, Mode: NON_LEADER, active raft config: opid_index: 2 OBSOLETE_local: false peers { permanent_uuid: "6e7e9b09595d4f5ead20d2363a5ebc04" member_type: VOTER last_known_addr { host: "127.12.151.129" port: 36735 } } peers { permanent_uuid: "90a4554291934184944b3507b25791d7" member_type: VOTER last_known_addr { host: "127.12.151.130" port: 38891 } attrs { replace: true } } peers { permanent_uuid: "5b94319755b34838a29c66d09b8292d1" member_type: VOTER last_known_addr { host: "127.12.151.131" port: 42245 } } peers { permanent_uuid: "d078863ac2d24855bffb9c0bdd48f9a4" member_type: NON_VOTER last_known_addr { host: "127.12.151.132" port: 42475 } attrs { promote: true } }
I20260710 11:02:10.888880 14532 ts_tablet_manager.cc:1434] T daa70a8835164813ae22655b4fae06e5 P d078863ac2d24855bffb9c0bdd48f9a4: Time spent starting tablet: real 0.007s	user 0.006s	sys 0.001s
I20260710 11:02:10.890576 14159 tablet_copy_service.cc:342] P 5b94319755b34838a29c66d09b8292d1: Request end of tablet copy session d078863ac2d24855bffb9c0bdd48f9a4-daa70a8835164813ae22655b4fae06e5 received from {username='slave'} at 127.0.0.1:37814
I20260710 11:02:10.890964 14159 tablet_copy_service.cc:434] P 5b94319755b34838a29c66d09b8292d1: ending tablet copy session d078863ac2d24855bffb9c0bdd48f9a4-daa70a8835164813ae22655b4fae06e5 on tablet daa70a8835164813ae22655b4fae06e5 with peer d078863ac2d24855bffb9c0bdd48f9a4
I20260710 11:02:10.916879 14532 ts_tablet_manager.cc:933] T 5c10eb7a2022409d8a312d2779d58182 P d078863ac2d24855bffb9c0bdd48f9a4: Initiating tablet copy from peer 90a4554291934184944b3507b25791d7 (127.12.151.130:38891)
I20260710 11:02:10.918339 14532 tablet_copy_client.cc:323] T 5c10eb7a2022409d8a312d2779d58182 P d078863ac2d24855bffb9c0bdd48f9a4: tablet copy: Beginning tablet copy session from remote peer at address 127.12.151.130:38891
I20260710 11:02:10.919643 14085 tablet_copy_service.cc:140] P 90a4554291934184944b3507b25791d7: Received BeginTabletCopySession request for tablet 5c10eb7a2022409d8a312d2779d58182 from peer d078863ac2d24855bffb9c0bdd48f9a4 ({username='slave'} at 127.0.0.1:44504)
I20260710 11:02:10.920154 14085 tablet_copy_service.cc:161] P 90a4554291934184944b3507b25791d7: Beginning new tablet copy session on tablet 5c10eb7a2022409d8a312d2779d58182 from peer d078863ac2d24855bffb9c0bdd48f9a4 at {username='slave'} at 127.0.0.1:44504: session id = d078863ac2d24855bffb9c0bdd48f9a4-5c10eb7a2022409d8a312d2779d58182
I20260710 11:02:10.925683 14085 tablet_copy_source_session.cc:215] T 5c10eb7a2022409d8a312d2779d58182 P 90a4554291934184944b3507b25791d7: Tablet Copy: opened 0 blocks and 1 log segments
I20260710 11:02:10.928547 14532 data_dirs.cc:400] Could only allocate 1 dirs of requested 3 for tablet 5c10eb7a2022409d8a312d2779d58182. 1 dirs total, 0 dirs full, 0 dirs failed
I20260710 11:02:10.942636 14532 tablet_copy_client.cc:806] T 5c10eb7a2022409d8a312d2779d58182 P d078863ac2d24855bffb9c0bdd48f9a4: tablet copy: Starting download of 0 data blocks...
I20260710 11:02:10.943218 14532 tablet_copy_client.cc:670] T 5c10eb7a2022409d8a312d2779d58182 P d078863ac2d24855bffb9c0bdd48f9a4: tablet copy: Starting download of 1 WAL segments...
I20260710 11:02:10.946236 14532 tablet_copy_client.cc:538] T 5c10eb7a2022409d8a312d2779d58182 P d078863ac2d24855bffb9c0bdd48f9a4: tablet copy: Tablet Copy complete. Replacing tablet superblock.
I20260710 11:02:10.952557 14532 tablet_bootstrap.cc:492] T 5c10eb7a2022409d8a312d2779d58182 P d078863ac2d24855bffb9c0bdd48f9a4: Bootstrap starting.
I20260710 11:02:10.968272 14532 tablet_bootstrap.cc:492] T 5c10eb7a2022409d8a312d2779d58182 P d078863ac2d24855bffb9c0bdd48f9a4: Bootstrap replayed 1/1 log segments. Stats: ops{read=2 overwritten=0 applied=2 ignored=0} inserts{seen=0 ignored=0} mutations{seen=0 ignored=0} orphaned_commits=0. Pending: 0 replicates
I20260710 11:02:10.968906 14532 tablet_bootstrap.cc:492] T 5c10eb7a2022409d8a312d2779d58182 P d078863ac2d24855bffb9c0bdd48f9a4: Bootstrap complete.
I20260710 11:02:10.969765 14532 ts_tablet_manager.cc:1403] T 5c10eb7a2022409d8a312d2779d58182 P d078863ac2d24855bffb9c0bdd48f9a4: Time spent bootstrapping tablet: real 0.017s	user 0.010s	sys 0.005s
I20260710 11:02:10.971732 14532 raft_consensus.cc:359] T 5c10eb7a2022409d8a312d2779d58182 P d078863ac2d24855bffb9c0bdd48f9a4 [term 1 LEARNER]: Replica starting. Triggering 0 pending ops. Active config: opid_index: 2 OBSOLETE_local: false peers { permanent_uuid: "6e7e9b09595d4f5ead20d2363a5ebc04" member_type: VOTER last_known_addr { host: "127.12.151.129" port: 36735 } } peers { permanent_uuid: "90a4554291934184944b3507b25791d7" member_type: VOTER last_known_addr { host: "127.12.151.130" port: 38891 } } peers { permanent_uuid: "5b94319755b34838a29c66d09b8292d1" member_type: VOTER last_known_addr { host: "127.12.151.131" port: 42245 } attrs { replace: true } } peers { permanent_uuid: "d078863ac2d24855bffb9c0bdd48f9a4" member_type: NON_VOTER last_known_addr { host: "127.12.151.132" port: 42475 } attrs { promote: true } }
I20260710 11:02:10.972476 14532 raft_consensus.cc:740] T 5c10eb7a2022409d8a312d2779d58182 P d078863ac2d24855bffb9c0bdd48f9a4 [term 1 LEARNER]: Becoming Follower/Learner. State: Replica: d078863ac2d24855bffb9c0bdd48f9a4, State: Initialized, Role: LEARNER
I20260710 11:02:10.973102 14532 consensus_queue.cc:260] T 5c10eb7a2022409d8a312d2779d58182 P d078863ac2d24855bffb9c0bdd48f9a4 [NON_LEADER]: Queue going to NON_LEADER mode. State: All replicated index: 0, Majority replicated index: 0, Committed index: 2, Last appended: 1.2, Last appended by leader: 2, Current term: 0, Majority size: -1, State: 0, Mode: NON_LEADER, active raft config: opid_index: 2 OBSOLETE_local: false peers { permanent_uuid: "6e7e9b09595d4f5ead20d2363a5ebc04" member_type: VOTER last_known_addr { host: "127.12.151.129" port: 36735 } } peers { permanent_uuid: "90a4554291934184944b3507b25791d7" member_type: VOTER last_known_addr { host: "127.12.151.130" port: 38891 } } peers { permanent_uuid: "5b94319755b34838a29c66d09b8292d1" member_type: VOTER last_known_addr { host: "127.12.151.131" port: 42245 } attrs { replace: true } } peers { permanent_uuid: "d078863ac2d24855bffb9c0bdd48f9a4" member_type: NON_VOTER last_known_addr { host: "127.12.151.132" port: 42475 } attrs { promote: true } }
I20260710 11:02:10.975250 14532 ts_tablet_manager.cc:1434] T 5c10eb7a2022409d8a312d2779d58182 P d078863ac2d24855bffb9c0bdd48f9a4: Time spent starting tablet: real 0.005s	user 0.006s	sys 0.000s
I20260710 11:02:10.977528 14085 tablet_copy_service.cc:342] P 90a4554291934184944b3507b25791d7: Request end of tablet copy session d078863ac2d24855bffb9c0bdd48f9a4-5c10eb7a2022409d8a312d2779d58182 received from {username='slave'} at 127.0.0.1:44504
I20260710 11:02:10.977967 14085 tablet_copy_service.cc:434] P 90a4554291934184944b3507b25791d7: ending tablet copy session d078863ac2d24855bffb9c0bdd48f9a4-5c10eb7a2022409d8a312d2779d58182 on tablet 5c10eb7a2022409d8a312d2779d58182 with peer d078863ac2d24855bffb9c0bdd48f9a4
I20260710 11:02:10.979660 14539 ts_tablet_manager.cc:933] T 07ed5fc5ab8b46bebde388de8ead227b P d078863ac2d24855bffb9c0bdd48f9a4: Initiating tablet copy from peer 6e7e9b09595d4f5ead20d2363a5ebc04 (127.12.151.129:36735)
