I20260710 11:01:49.335829 13029 raft_consensus.cc:1275] T 5759591f447948618f7f0d26531d5f0a P 1405216060da42eb8dbc4de0d8fc4334 [term 4 FOLLOWER]: Refusing update from remote peer 0791a9631ad8423db46ec769cbeb5dc4: Log matching property violated. Preceding OpId in replica: term: 3 index: 3. Preceding OpId from leader: term: 4 index: 4. (index mismatch)
I20260710 11:01:49.337276 13347 consensus_queue.cc:1048] T 5759591f447948618f7f0d26531d5f0a P 0791a9631ad8423db46ec769cbeb5dc4 [LEADER]: Connected to new peer: Peer: permanent_uuid: "1405216060da42eb8dbc4de0d8fc4334" member_type: VOTER last_known_addr { host: "127.12.151.129" port: 43201 }, Status: LMP_MISMATCH, Last received: 0.0, Next index: 4, Last known committed idx: 3, Time since last communication: 0.000s
I20260710 11:01:49.345607 13178 raft_consensus.cc:1275] T 68627bc648844249b97e1b4035ca3445 P a128960b410247c49d32d704c9b04c58 [term 2 FOLLOWER]: Refusing update from remote peer 0791a9631ad8423db46ec769cbeb5dc4: Log matching property violated. Preceding OpId in replica: term: 1 index: 1. Preceding OpId from leader: term: 2 index: 2. (index mismatch)
I20260710 11:01:49.346763 13259 consensus_queue.cc:1048] T 68627bc648844249b97e1b4035ca3445 P 0791a9631ad8423db46ec769cbeb5dc4 [LEADER]: Connected to new peer: Peer: permanent_uuid: "a128960b410247c49d32d704c9b04c58" member_type: VOTER last_known_addr { host: "127.12.151.131" port: 35931 }, Status: LMP_MISMATCH, Last received: 0.0, Next index: 2, Last known committed idx: 1, Time since last communication: 0.000s
I20260710 11:01:49.348157 13029 raft_consensus.cc:1275] T 68627bc648844249b97e1b4035ca3445 P 1405216060da42eb8dbc4de0d8fc4334 [term 2 FOLLOWER]: Refusing update from remote peer 0791a9631ad8423db46ec769cbeb5dc4: Log matching property violated. Preceding OpId in replica: term: 1 index: 1. Preceding OpId from leader: term: 2 index: 2. (index mismatch)
I20260710 11:01:49.351507 13259 consensus_queue.cc:1048] T 68627bc648844249b97e1b4035ca3445 P 0791a9631ad8423db46ec769cbeb5dc4 [LEADER]: Connected to new peer: Peer: permanent_uuid: "1405216060da42eb8dbc4de0d8fc4334" member_type: VOTER last_known_addr { host: "127.12.151.129" port: 43201 }, Status: LMP_MISMATCH, Last received: 0.0, Next index: 2, Last known committed idx: 1, Time since last communication: 0.000s
I20260710 11:01:49.544957 13029 raft_consensus.cc:1275] T 09230435c12b4bf7bb1551f7b81541df P 1405216060da42eb8dbc4de0d8fc4334 [term 3 FOLLOWER]: Refusing update from remote peer 0791a9631ad8423db46ec769cbeb5dc4: Log matching property violated. Preceding OpId in replica: term: 2 index: 2. Preceding OpId from leader: term: 3 index: 3. (index mismatch)
I20260710 11:01:49.546236 13259 consensus_queue.cc:1048] T 09230435c12b4bf7bb1551f7b81541df P 0791a9631ad8423db46ec769cbeb5dc4 [LEADER]: Connected to new peer: Peer: permanent_uuid: "1405216060da42eb8dbc4de0d8fc4334" member_type: VOTER last_known_addr { host: "127.12.151.129" port: 43201 }, Status: LMP_MISMATCH, Last received: 0.0, Next index: 3, Last known committed idx: 2, Time since last communication: 0.000s
I20260710 11:01:49.547019 13178 raft_consensus.cc:1275] T 09230435c12b4bf7bb1551f7b81541df P a128960b410247c49d32d704c9b04c58 [term 3 FOLLOWER]: Refusing update from remote peer 0791a9631ad8423db46ec769cbeb5dc4: Log matching property violated. Preceding OpId in replica: term: 2 index: 2. Preceding OpId from leader: term: 3 index: 3. (index mismatch)
I20260710 11:01:49.548197 13259 consensus_queue.cc:1048] T 09230435c12b4bf7bb1551f7b81541df P 0791a9631ad8423db46ec769cbeb5dc4 [LEADER]: Connected to new peer: Peer: permanent_uuid: "a128960b410247c49d32d704c9b04c58" member_type: VOTER last_known_addr { host: "127.12.151.131" port: 35931 }, Status: LMP_MISMATCH, Last received: 0.0, Next index: 3, Last known committed idx: 2, Time since last communication: 0.000s
I20260710 11:01:51.515986 12894 auto_leader_rebalancer.cc:141] leader rebalance for table test-workload
I20260710 11:01:51.523816 13101 tablet_service.cc:2072] Received LeaderStepDown RPC: tablet_id: "05a66e8071274b5db1de5547336806a5"
dest_uuid: "0791a9631ad8423db46ec769cbeb5dc4"
mode: GRACEFUL
new_leader_uuid: "1405216060da42eb8dbc4de0d8fc4334"
 from {username='slave'} at 127.0.0.1:50652
I20260710 11:01:51.524438 13101 raft_consensus.cc:606] T 05a66e8071274b5db1de5547336806a5 P 0791a9631ad8423db46ec769cbeb5dc4 [term 1 LEADER]: Received request to transfer leadership to TS 1405216060da42eb8dbc4de0d8fc4334
I20260710 11:01:51.526749 13101 tablet_service.cc:2072] Received LeaderStepDown RPC: tablet_id: "09230435c12b4bf7bb1551f7b81541df"
dest_uuid: "0791a9631ad8423db46ec769cbeb5dc4"
mode: GRACEFUL
new_leader_uuid: "1405216060da42eb8dbc4de0d8fc4334"
 from {username='slave'} at 127.0.0.1:50652
I20260710 11:01:51.527160 13101 raft_consensus.cc:606] T 09230435c12b4bf7bb1551f7b81541df P 0791a9631ad8423db46ec769cbeb5dc4 [term 3 LEADER]: Received request to transfer leadership to TS 1405216060da42eb8dbc4de0d8fc4334
I20260710 11:01:51.529119 13101 tablet_service.cc:2072] Received LeaderStepDown RPC: tablet_id: "19a5170592884b0c8f5e8cd0267cc4d9"
dest_uuid: "0791a9631ad8423db46ec769cbeb5dc4"
mode: GRACEFUL
new_leader_uuid: "a128960b410247c49d32d704c9b04c58"
 from {username='slave'} at 127.0.0.1:50652
I20260710 11:01:51.529525 13101 raft_consensus.cc:606] T 19a5170592884b0c8f5e8cd0267cc4d9 P 0791a9631ad8423db46ec769cbeb5dc4 [term 3 LEADER]: Received request to transfer leadership to TS a128960b410247c49d32d704c9b04c58
I20260710 11:01:51.531432 13101 tablet_service.cc:2072] Received LeaderStepDown RPC: tablet_id: "6e6edf6fefa54b22adacdd41e6a1715f"
dest_uuid: "0791a9631ad8423db46ec769cbeb5dc4"
mode: GRACEFUL
new_leader_uuid: "a128960b410247c49d32d704c9b04c58"
 from {username='slave'} at 127.0.0.1:50652
I20260710 11:01:51.531847 13101 raft_consensus.cc:606] T 6e6edf6fefa54b22adacdd41e6a1715f P 0791a9631ad8423db46ec769cbeb5dc4 [term 2 LEADER]: Received request to transfer leadership to TS a128960b410247c49d32d704c9b04c58
I20260710 11:01:51.533783 13101 tablet_service.cc:2072] Received LeaderStepDown RPC: tablet_id: "8bdd3b53ffc540048c7b93298b95f235"
dest_uuid: "0791a9631ad8423db46ec769cbeb5dc4"
mode: GRACEFUL
new_leader_uuid: "1405216060da42eb8dbc4de0d8fc4334"
 from {username='slave'} at 127.0.0.1:50652
I20260710 11:01:51.534181 13101 raft_consensus.cc:606] T 8bdd3b53ffc540048c7b93298b95f235 P 0791a9631ad8423db46ec769cbeb5dc4 [term 4 LEADER]: Received request to transfer leadership to TS 1405216060da42eb8dbc4de0d8fc4334
I20260710 11:01:51.535117 12894 auto_leader_rebalancer.cc:452] table: test-workload, leader rebalance finish, leader transfer count: 5
I20260710 11:01:51.535483 12894 auto_leader_rebalancer.cc:527] All tables' leader rebalancing finished this round
I20260710 11:01:51.559099 13259 raft_consensus.cc:993] T 09230435c12b4bf7bb1551f7b81541df P 0791a9631ad8423db46ec769cbeb5dc4: : Instructing follower 1405216060da42eb8dbc4de0d8fc4334 to start an election
I20260710 11:01:51.559451 13259 raft_consensus.cc:1081] T 09230435c12b4bf7bb1551f7b81541df P 0791a9631ad8423db46ec769cbeb5dc4 [term 3 LEADER]: Signalling peer 1405216060da42eb8dbc4de0d8fc4334 to start an election
I20260710 11:01:51.560659 13029 tablet_service.cc:2044] Received Run Leader Election RPC: tablet_id: "09230435c12b4bf7bb1551f7b81541df"
dest_uuid: "1405216060da42eb8dbc4de0d8fc4334"
 from {username='slave'} at 127.0.0.1:52562
I20260710 11:01:51.561020 13029 raft_consensus.cc:493] T 09230435c12b4bf7bb1551f7b81541df P 1405216060da42eb8dbc4de0d8fc4334 [term 3 FOLLOWER]: Starting forced leader election (received explicit request)
I20260710 11:01:51.561275 13029 raft_consensus.cc:3060] T 09230435c12b4bf7bb1551f7b81541df P 1405216060da42eb8dbc4de0d8fc4334 [term 3 FOLLOWER]: Advancing to term 4
I20260710 11:01:51.565742 13029 raft_consensus.cc:515] T 09230435c12b4bf7bb1551f7b81541df P 1405216060da42eb8dbc4de0d8fc4334 [term 4 FOLLOWER]: Starting forced leader election with config: opid_index: -1 OBSOLETE_local: false peers { permanent_uuid: "1405216060da42eb8dbc4de0d8fc4334" member_type: VOTER last_known_addr { host: "127.12.151.129" port: 43201 } } peers { permanent_uuid: "0791a9631ad8423db46ec769cbeb5dc4" member_type: VOTER last_known_addr { host: "127.12.151.130" port: 33497 } } peers { permanent_uuid: "a128960b410247c49d32d704c9b04c58" member_type: VOTER last_known_addr { host: "127.12.151.131" port: 35931 } }
I20260710 11:01:51.567754 13029 leader_election.cc:290] T 09230435c12b4bf7bb1551f7b81541df P 1405216060da42eb8dbc4de0d8fc4334 [CANDIDATE]: Term 4 election: Requested vote from peers 0791a9631ad8423db46ec769cbeb5dc4 (127.12.151.130:33497), a128960b410247c49d32d704c9b04c58 (127.12.151.131:35931)
I20260710 11:01:51.569229 13177 tablet_service.cc:1917] Received RequestConsensusVote() RPC: tablet_id: "09230435c12b4bf7bb1551f7b81541df" candidate_uuid: "1405216060da42eb8dbc4de0d8fc4334" candidate_term: 4 candidate_status { last_received { term: 3 index: 3 } } ignore_live_leader: true dest_uuid: "a128960b410247c49d32d704c9b04c58"
I20260710 11:01:51.569484 13101 tablet_service.cc:1917] Received RequestConsensusVote() RPC: tablet_id: "09230435c12b4bf7bb1551f7b81541df" candidate_uuid: "1405216060da42eb8dbc4de0d8fc4334" candidate_term: 4 candidate_status { last_received { term: 3 index: 3 } } ignore_live_leader: true dest_uuid: "0791a9631ad8423db46ec769cbeb5dc4"
I20260710 11:01:51.569965 13177 raft_consensus.cc:3060] T 09230435c12b4bf7bb1551f7b81541df P a128960b410247c49d32d704c9b04c58 [term 3 FOLLOWER]: Advancing to term 4
I20260710 11:01:51.570043 13101 raft_consensus.cc:3055] T 09230435c12b4bf7bb1551f7b81541df P 0791a9631ad8423db46ec769cbeb5dc4 [term 3 LEADER]: Stepping down as leader of term 3
I20260710 11:01:51.570446 13101 raft_consensus.cc:740] T 09230435c12b4bf7bb1551f7b81541df P 0791a9631ad8423db46ec769cbeb5dc4 [term 3 LEADER]: Becoming Follower/Learner. State: Replica: 0791a9631ad8423db46ec769cbeb5dc4, State: Running, Role: LEADER
I20260710 11:01:51.571280 13101 consensus_queue.cc:260] T 09230435c12b4bf7bb1551f7b81541df P 0791a9631ad8423db46ec769cbeb5dc4 [NON_LEADER]: Queue going to NON_LEADER mode. State: All replicated index: 0, Majority replicated index: 3, Committed index: 3, Last appended: 3.3, Last appended by leader: 3, Current term: 3, Majority size: -1, State: 0, Mode: NON_LEADER, active raft config: opid_index: -1 OBSOLETE_local: false peers { permanent_uuid: "1405216060da42eb8dbc4de0d8fc4334" member_type: VOTER last_known_addr { host: "127.12.151.129" port: 43201 } } peers { permanent_uuid: "0791a9631ad8423db46ec769cbeb5dc4" member_type: VOTER last_known_addr { host: "127.12.151.130" port: 33497 } } peers { permanent_uuid: "a128960b410247c49d32d704c9b04c58" member_type: VOTER last_known_addr { host: "127.12.151.131" port: 35931 } }
I20260710 11:01:51.572538 13101 raft_consensus.cc:3060] T 09230435c12b4bf7bb1551f7b81541df P 0791a9631ad8423db46ec769cbeb5dc4 [term 3 FOLLOWER]: Advancing to term 4
I20260710 11:01:51.574865 13177 raft_consensus.cc:2468] T 09230435c12b4bf7bb1551f7b81541df P a128960b410247c49d32d704c9b04c58 [term 4 FOLLOWER]: Leader election vote request: Granting yes vote for candidate 1405216060da42eb8dbc4de0d8fc4334 in term 4.
I20260710 11:01:51.575927 12994 leader_election.cc:304] T 09230435c12b4bf7bb1551f7b81541df P 1405216060da42eb8dbc4de0d8fc4334 [CANDIDATE]: Term 4 election: Election decided. Result: candidate won. Election summary: received 2 responses out of 3 voters: 2 yes votes; 0 no votes. yes voters: 1405216060da42eb8dbc4de0d8fc4334, a128960b410247c49d32d704c9b04c58; no voters: 
I20260710 11:01:51.576656 13101 raft_consensus.cc:2468] T 09230435c12b4bf7bb1551f7b81541df P 0791a9631ad8423db46ec769cbeb5dc4 [term 4 FOLLOWER]: Leader election vote request: Granting yes vote for candidate 1405216060da42eb8dbc4de0d8fc4334 in term 4.
I20260710 11:01:51.577369 13358 raft_consensus.cc:2804] T 09230435c12b4bf7bb1551f7b81541df P 1405216060da42eb8dbc4de0d8fc4334 [term 4 FOLLOWER]: Leader election won for term 4
I20260710 11:01:51.578224 13358 raft_consensus.cc:697] T 09230435c12b4bf7bb1551f7b81541df P 1405216060da42eb8dbc4de0d8fc4334 [term 4 LEADER]: Becoming Leader. State: Replica: 1405216060da42eb8dbc4de0d8fc4334, State: Running, Role: LEADER
I20260710 11:01:51.578882 13358 consensus_queue.cc:237] T 09230435c12b4bf7bb1551f7b81541df P 1405216060da42eb8dbc4de0d8fc4334 [LEADER]: Queue going to LEADER mode. State: All replicated index: 0, Majority replicated index: 3, Committed index: 3, Last appended: 3.3, Last appended by leader: 3, Current term: 4, Majority size: 2, State: 0, Mode: LEADER, active raft config: opid_index: -1 OBSOLETE_local: false peers { permanent_uuid: "1405216060da42eb8dbc4de0d8fc4334" member_type: VOTER last_known_addr { host: "127.12.151.129" port: 43201 } } peers { permanent_uuid: "0791a9631ad8423db46ec769cbeb5dc4" member_type: VOTER last_known_addr { host: "127.12.151.130" port: 33497 } } peers { permanent_uuid: "a128960b410247c49d32d704c9b04c58" member_type: VOTER last_known_addr { host: "127.12.151.131" port: 35931 } }
I20260710 11:01:51.585346 12925 catalog_manager.cc:5697] T 09230435c12b4bf7bb1551f7b81541df P 1405216060da42eb8dbc4de0d8fc4334 reported cstate change: term changed from 3 to 4, leader changed from 0791a9631ad8423db46ec769cbeb5dc4 (127.12.151.130) to 1405216060da42eb8dbc4de0d8fc4334 (127.12.151.129). New cstate: current_term: 4 leader_uuid: "1405216060da42eb8dbc4de0d8fc4334" committed_config { opid_index: -1 OBSOLETE_local: false peers { permanent_uuid: "1405216060da42eb8dbc4de0d8fc4334" member_type: VOTER last_known_addr { host: "127.12.151.129" port: 43201 } health_report { overall_health: HEALTHY } } peers { permanent_uuid: "0791a9631ad8423db46ec769cbeb5dc4" member_type: VOTER last_known_addr { host: "127.12.151.130" port: 33497 } health_report { overall_health: UNKNOWN } } peers { permanent_uuid: "a128960b410247c49d32d704c9b04c58" member_type: VOTER last_known_addr { host: "127.12.151.131" port: 35931 } health_report { overall_health: UNKNOWN } } }
I20260710 11:01:51.831533 13357 raft_consensus.cc:993] T 05a66e8071274b5db1de5547336806a5 P 0791a9631ad8423db46ec769cbeb5dc4: : Instructing follower 1405216060da42eb8dbc4de0d8fc4334 to start an election
I20260710 11:01:51.831941 13259 raft_consensus.cc:1081] T 05a66e8071274b5db1de5547336806a5 P 0791a9631ad8423db46ec769cbeb5dc4 [term 1 LEADER]: Signalling peer 1405216060da42eb8dbc4de0d8fc4334 to start an election
I20260710 11:01:51.833202 13029 tablet_service.cc:2044] Received Run Leader Election RPC: tablet_id: "05a66e8071274b5db1de5547336806a5"
dest_uuid: "1405216060da42eb8dbc4de0d8fc4334"
 from {username='slave'} at 127.0.0.1:52562
I20260710 11:01:51.833575 13029 raft_consensus.cc:493] T 05a66e8071274b5db1de5547336806a5 P 1405216060da42eb8dbc4de0d8fc4334 [term 1 FOLLOWER]: Starting forced leader election (received explicit request)
I20260710 11:01:51.833817 13029 raft_consensus.cc:3060] T 05a66e8071274b5db1de5547336806a5 P 1405216060da42eb8dbc4de0d8fc4334 [term 1 FOLLOWER]: Advancing to term 2
I20260710 11:01:51.837538 13029 raft_consensus.cc:515] T 05a66e8071274b5db1de5547336806a5 P 1405216060da42eb8dbc4de0d8fc4334 [term 2 FOLLOWER]: Starting forced leader election with config: opid_index: -1 OBSOLETE_local: false peers { permanent_uuid: "1405216060da42eb8dbc4de0d8fc4334" member_type: VOTER last_known_addr { host: "127.12.151.129" port: 43201 } } peers { permanent_uuid: "0791a9631ad8423db46ec769cbeb5dc4" member_type: VOTER last_known_addr { host: "127.12.151.130" port: 33497 } } peers { permanent_uuid: "a128960b410247c49d32d704c9b04c58" member_type: VOTER last_known_addr { host: "127.12.151.131" port: 35931 } }
I20260710 11:01:51.838866 13029 leader_election.cc:290] T 05a66e8071274b5db1de5547336806a5 P 1405216060da42eb8dbc4de0d8fc4334 [CANDIDATE]: Term 2 election: Requested vote from peers 0791a9631ad8423db46ec769cbeb5dc4 (127.12.151.130:33497), a128960b410247c49d32d704c9b04c58 (127.12.151.131:35931)
I20260710 11:01:51.839483 13101 tablet_service.cc:1917] Received RequestConsensusVote() RPC: tablet_id: "05a66e8071274b5db1de5547336806a5" candidate_uuid: "1405216060da42eb8dbc4de0d8fc4334" candidate_term: 2 candidate_status { last_received { term: 1 index: 1 } } ignore_live_leader: true dest_uuid: "0791a9631ad8423db46ec769cbeb5dc4"
I20260710 11:01:51.839936 13101 raft_consensus.cc:3055] T 05a66e8071274b5db1de5547336806a5 P 0791a9631ad8423db46ec769cbeb5dc4 [term 1 LEADER]: Stepping down as leader of term 1
I20260710 11:01:51.839846 13177 tablet_service.cc:1917] Received RequestConsensusVote() RPC: tablet_id: "05a66e8071274b5db1de5547336806a5" candidate_uuid: "1405216060da42eb8dbc4de0d8fc4334" candidate_term: 2 candidate_status { last_received { term: 1 index: 1 } } ignore_live_leader: true dest_uuid: "a128960b410247c49d32d704c9b04c58"
I20260710 11:01:51.840173 13101 raft_consensus.cc:740] T 05a66e8071274b5db1de5547336806a5 P 0791a9631ad8423db46ec769cbeb5dc4 [term 1 LEADER]: Becoming Follower/Learner. State: Replica: 0791a9631ad8423db46ec769cbeb5dc4, State: Running, Role: LEADER
I20260710 11:01:51.840329 13177 raft_consensus.cc:3060] T 05a66e8071274b5db1de5547336806a5 P a128960b410247c49d32d704c9b04c58 [term 1 FOLLOWER]: Advancing to term 2
I20260710 11:01:51.840798 13101 consensus_queue.cc:260] T 05a66e8071274b5db1de5547336806a5 P 0791a9631ad8423db46ec769cbeb5dc4 [NON_LEADER]: Queue going to NON_LEADER mode. State: All replicated index: 0, Majority replicated index: 1, Committed index: 1, Last appended: 1.1, Last appended by leader: 1, Current term: 1, Majority size: -1, State: 0, Mode: NON_LEADER, active raft config: opid_index: -1 OBSOLETE_local: false peers { permanent_uuid: "1405216060da42eb8dbc4de0d8fc4334" member_type: VOTER last_known_addr { host: "127.12.151.129" port: 43201 } } peers { permanent_uuid: "0791a9631ad8423db46ec769cbeb5dc4" member_type: VOTER last_known_addr { host: "127.12.151.130" port: 33497 } } peers { permanent_uuid: "a128960b410247c49d32d704c9b04c58" member_type: VOTER last_known_addr { host: "127.12.151.131" port: 35931 } }
I20260710 11:01:51.841535 13101 raft_consensus.cc:3060] T 05a66e8071274b5db1de5547336806a5 P 0791a9631ad8423db46ec769cbeb5dc4 [term 1 FOLLOWER]: Advancing to term 2
I20260710 11:01:51.844415 13177 raft_consensus.cc:2468] T 05a66e8071274b5db1de5547336806a5 P a128960b410247c49d32d704c9b04c58 [term 2 FOLLOWER]: Leader election vote request: Granting yes vote for candidate 1405216060da42eb8dbc4de0d8fc4334 in term 2.
I20260710 11:01:51.845124 13101 raft_consensus.cc:2468] T 05a66e8071274b5db1de5547336806a5 P 0791a9631ad8423db46ec769cbeb5dc4 [term 2 FOLLOWER]: Leader election vote request: Granting yes vote for candidate 1405216060da42eb8dbc4de0d8fc4334 in term 2.
I20260710 11:01:51.845295 12994 leader_election.cc:304] T 05a66e8071274b5db1de5547336806a5 P 1405216060da42eb8dbc4de0d8fc4334 [CANDIDATE]: Term 2 election: Election decided. Result: candidate won. Election summary: received 2 responses out of 3 voters: 2 yes votes; 0 no votes. yes voters: 1405216060da42eb8dbc4de0d8fc4334, a128960b410247c49d32d704c9b04c58; no voters: 
I20260710 11:01:51.846006 13358 raft_consensus.cc:2804] T 05a66e8071274b5db1de5547336806a5 P 1405216060da42eb8dbc4de0d8fc4334 [term 2 FOLLOWER]: Leader election won for term 2
I20260710 11:01:51.846320 13358 raft_consensus.cc:697] T 05a66e8071274b5db1de5547336806a5 P 1405216060da42eb8dbc4de0d8fc4334 [term 2 LEADER]: Becoming Leader. State: Replica: 1405216060da42eb8dbc4de0d8fc4334, State: Running, Role: LEADER
I20260710 11:01:51.846908 13358 consensus_queue.cc:237] T 05a66e8071274b5db1de5547336806a5 P 1405216060da42eb8dbc4de0d8fc4334 [LEADER]: Queue going to LEADER mode. State: All replicated index: 0, Majority replicated index: 1, Committed index: 1, Last appended: 1.1, Last appended by leader: 1, Current term: 2, Majority size: 2, State: 0, Mode: LEADER, active raft config: opid_index: -1 OBSOLETE_local: false peers { permanent_uuid: "1405216060da42eb8dbc4de0d8fc4334" member_type: VOTER last_known_addr { host: "127.12.151.129" port: 43201 } } peers { permanent_uuid: "0791a9631ad8423db46ec769cbeb5dc4" member_type: VOTER last_known_addr { host: "127.12.151.130" port: 33497 } } peers { permanent_uuid: "a128960b410247c49d32d704c9b04c58" member_type: VOTER last_known_addr { host: "127.12.151.131" port: 35931 } }
I20260710 11:01:51.853104 12925 catalog_manager.cc:5697] T 05a66e8071274b5db1de5547336806a5 P 1405216060da42eb8dbc4de0d8fc4334 reported cstate change: term changed from 1 to 2, leader changed from 0791a9631ad8423db46ec769cbeb5dc4 (127.12.151.130) to 1405216060da42eb8dbc4de0d8fc4334 (127.12.151.129). New cstate: current_term: 2 leader_uuid: "1405216060da42eb8dbc4de0d8fc4334" committed_config { opid_index: -1 OBSOLETE_local: false peers { permanent_uuid: "1405216060da42eb8dbc4de0d8fc4334" member_type: VOTER last_known_addr { host: "127.12.151.129" port: 43201 } health_report { overall_health: HEALTHY } } peers { permanent_uuid: "0791a9631ad8423db46ec769cbeb5dc4" member_type: VOTER last_known_addr { host: "127.12.151.130" port: 33497 } health_report { overall_health: UNKNOWN } } peers { permanent_uuid: "a128960b410247c49d32d704c9b04c58" member_type: VOTER last_known_addr { host: "127.12.151.131" port: 35931 } health_report { overall_health: UNKNOWN } } }
I20260710 11:01:51.859263 13357 raft_consensus.cc:993] T 19a5170592884b0c8f5e8cd0267cc4d9 P 0791a9631ad8423db46ec769cbeb5dc4: : Instructing follower a128960b410247c49d32d704c9b04c58 to start an election
I20260710 11:01:51.859669 13357 raft_consensus.cc:1081] T 19a5170592884b0c8f5e8cd0267cc4d9 P 0791a9631ad8423db46ec769cbeb5dc4 [term 3 LEADER]: Signalling peer a128960b410247c49d32d704c9b04c58 to start an election
I20260710 11:01:51.861035 13177 tablet_service.cc:2044] Received Run Leader Election RPC: tablet_id: "19a5170592884b0c8f5e8cd0267cc4d9"
dest_uuid: "a128960b410247c49d32d704c9b04c58"
 from {username='slave'} at 127.0.0.1:48422
I20260710 11:01:51.861402 13177 raft_consensus.cc:493] T 19a5170592884b0c8f5e8cd0267cc4d9 P a128960b410247c49d32d704c9b04c58 [term 3 FOLLOWER]: Starting forced leader election (received explicit request)
I20260710 11:01:51.861621 13177 raft_consensus.cc:3060] T 19a5170592884b0c8f5e8cd0267cc4d9 P a128960b410247c49d32d704c9b04c58 [term 3 FOLLOWER]: Advancing to term 4
I20260710 11:01:51.865552 13177 raft_consensus.cc:515] T 19a5170592884b0c8f5e8cd0267cc4d9 P a128960b410247c49d32d704c9b04c58 [term 4 FOLLOWER]: Starting forced leader election with config: opid_index: -1 OBSOLETE_local: false peers { permanent_uuid: "1405216060da42eb8dbc4de0d8fc4334" member_type: VOTER last_known_addr { host: "127.12.151.129" port: 43201 } } peers { permanent_uuid: "a128960b410247c49d32d704c9b04c58" member_type: VOTER last_known_addr { host: "127.12.151.131" port: 35931 } } peers { permanent_uuid: "0791a9631ad8423db46ec769cbeb5dc4" member_type: VOTER last_known_addr { host: "127.12.151.130" port: 33497 } }
I20260710 11:01:51.867014 13177 leader_election.cc:290] T 19a5170592884b0c8f5e8cd0267cc4d9 P a128960b410247c49d32d704c9b04c58 [CANDIDATE]: Term 4 election: Requested vote from peers 1405216060da42eb8dbc4de0d8fc4334 (127.12.151.129:43201), 0791a9631ad8423db46ec769cbeb5dc4 (127.12.151.130:33497)
I20260710 11:01:51.868009 13029 tablet_service.cc:1917] Received RequestConsensusVote() RPC: tablet_id: "19a5170592884b0c8f5e8cd0267cc4d9" candidate_uuid: "a128960b410247c49d32d704c9b04c58" candidate_term: 4 candidate_status { last_received { term: 3 index: 3 } } ignore_live_leader: true dest_uuid: "1405216060da42eb8dbc4de0d8fc4334"
I20260710 11:01:51.868093 13101 tablet_service.cc:1917] Received RequestConsensusVote() RPC: tablet_id: "19a5170592884b0c8f5e8cd0267cc4d9" candidate_uuid: "a128960b410247c49d32d704c9b04c58" candidate_term: 4 candidate_status { last_received { term: 3 index: 3 } } ignore_live_leader: true dest_uuid: "0791a9631ad8423db46ec769cbeb5dc4"
I20260710 11:01:51.868639 13029 raft_consensus.cc:3060] T 19a5170592884b0c8f5e8cd0267cc4d9 P 1405216060da42eb8dbc4de0d8fc4334 [term 3 FOLLOWER]: Advancing to term 4
I20260710 11:01:51.868659 13101 raft_consensus.cc:3055] T 19a5170592884b0c8f5e8cd0267cc4d9 P 0791a9631ad8423db46ec769cbeb5dc4 [term 3 LEADER]: Stepping down as leader of term 3
I20260710 11:01:51.869117 13101 raft_consensus.cc:740] T 19a5170592884b0c8f5e8cd0267cc4d9 P 0791a9631ad8423db46ec769cbeb5dc4 [term 3 LEADER]: Becoming Follower/Learner. State: Replica: 0791a9631ad8423db46ec769cbeb5dc4, State: Running, Role: LEADER
I20260710 11:01:51.869820 13101 consensus_queue.cc:260] T 19a5170592884b0c8f5e8cd0267cc4d9 P 0791a9631ad8423db46ec769cbeb5dc4 [NON_LEADER]: Queue going to NON_LEADER mode. State: All replicated index: 0, Majority replicated index: 3, Committed index: 3, Last appended: 3.3, Last appended by leader: 3, Current term: 3, Majority size: -1, State: 0, Mode: NON_LEADER, active raft config: opid_index: -1 OBSOLETE_local: false peers { permanent_uuid: "1405216060da42eb8dbc4de0d8fc4334" member_type: VOTER last_known_addr { host: "127.12.151.129" port: 43201 } } peers { permanent_uuid: "a128960b410247c49d32d704c9b04c58" member_type: VOTER last_known_addr { host: "127.12.151.131" port: 35931 } } peers { permanent_uuid: "0791a9631ad8423db46ec769cbeb5dc4" member_type: VOTER last_known_addr { host: "127.12.151.130" port: 33497 } }
I20260710 11:01:51.870822 13101 raft_consensus.cc:3060] T 19a5170592884b0c8f5e8cd0267cc4d9 P 0791a9631ad8423db46ec769cbeb5dc4 [term 3 FOLLOWER]: Advancing to term 4
I20260710 11:01:51.874205 13029 raft_consensus.cc:2468] T 19a5170592884b0c8f5e8cd0267cc4d9 P 1405216060da42eb8dbc4de0d8fc4334 [term 4 FOLLOWER]: Leader election vote request: Granting yes vote for candidate a128960b410247c49d32d704c9b04c58 in term 4.
I20260710 11:01:51.875306 13144 leader_election.cc:304] T 19a5170592884b0c8f5e8cd0267cc4d9 P a128960b410247c49d32d704c9b04c58 [CANDIDATE]: Term 4 election: Election decided. Result: candidate won. Election summary: received 2 responses out of 3 voters: 2 yes votes; 0 no votes. yes voters: 1405216060da42eb8dbc4de0d8fc4334, a128960b410247c49d32d704c9b04c58; no voters: 
I20260710 11:01:51.876127 13318 raft_consensus.cc:2804] T 19a5170592884b0c8f5e8cd0267cc4d9 P a128960b410247c49d32d704c9b04c58 [term 4 FOLLOWER]: Leader election won for term 4
I20260710 11:01:51.876257 13101 raft_consensus.cc:2468] T 19a5170592884b0c8f5e8cd0267cc4d9 P 0791a9631ad8423db46ec769cbeb5dc4 [term 4 FOLLOWER]: Leader election vote request: Granting yes vote for candidate a128960b410247c49d32d704c9b04c58 in term 4.
I20260710 11:01:51.877193 13318 raft_consensus.cc:697] T 19a5170592884b0c8f5e8cd0267cc4d9 P a128960b410247c49d32d704c9b04c58 [term 4 LEADER]: Becoming Leader. State: Replica: a128960b410247c49d32d704c9b04c58, State: Running, Role: LEADER
I20260710 11:01:51.877972 13318 consensus_queue.cc:237] T 19a5170592884b0c8f5e8cd0267cc4d9 P a128960b410247c49d32d704c9b04c58 [LEADER]: Queue going to LEADER mode. State: All replicated index: 0, Majority replicated index: 3, Committed index: 3, Last appended: 3.3, Last appended by leader: 3, Current term: 4, Majority size: 2, State: 0, Mode: LEADER, active raft config: opid_index: -1 OBSOLETE_local: false peers { permanent_uuid: "1405216060da42eb8dbc4de0d8fc4334" member_type: VOTER last_known_addr { host: "127.12.151.129" port: 43201 } } peers { permanent_uuid: "a128960b410247c49d32d704c9b04c58" member_type: VOTER last_known_addr { host: "127.12.151.131" port: 35931 } } peers { permanent_uuid: "0791a9631ad8423db46ec769cbeb5dc4" member_type: VOTER last_known_addr { host: "127.12.151.130" port: 33497 } }
I20260710 11:01:51.883874 12925 catalog_manager.cc:5697] T 19a5170592884b0c8f5e8cd0267cc4d9 P a128960b410247c49d32d704c9b04c58 reported cstate change: term changed from 3 to 4, leader changed from 0791a9631ad8423db46ec769cbeb5dc4 (127.12.151.130) to a128960b410247c49d32d704c9b04c58 (127.12.151.131). New cstate: current_term: 4 leader_uuid: "a128960b410247c49d32d704c9b04c58" committed_config { opid_index: -1 OBSOLETE_local: false peers { permanent_uuid: "1405216060da42eb8dbc4de0d8fc4334" member_type: VOTER last_known_addr { host: "127.12.151.129" port: 43201 } health_report { overall_health: UNKNOWN } } peers { permanent_uuid: "a128960b410247c49d32d704c9b04c58" member_type: VOTER last_known_addr { host: "127.12.151.131" port: 35931 } health_report { overall_health: HEALTHY } } peers { permanent_uuid: "0791a9631ad8423db46ec769cbeb5dc4" member_type: VOTER last_known_addr { host: "127.12.151.130" port: 33497 } health_report { overall_health: UNKNOWN } } }
I20260710 11:01:51.907358 13259 raft_consensus.cc:993] T 8bdd3b53ffc540048c7b93298b95f235 P 0791a9631ad8423db46ec769cbeb5dc4: : Instructing follower 1405216060da42eb8dbc4de0d8fc4334 to start an election
I20260710 11:01:51.907698 13357 raft_consensus.cc:1081] T 8bdd3b53ffc540048c7b93298b95f235 P 0791a9631ad8423db46ec769cbeb5dc4 [term 4 LEADER]: Signalling peer 1405216060da42eb8dbc4de0d8fc4334 to start an election
I20260710 11:01:51.908896 13029 tablet_service.cc:2044] Received Run Leader Election RPC: tablet_id: "8bdd3b53ffc540048c7b93298b95f235"
dest_uuid: "1405216060da42eb8dbc4de0d8fc4334"
 from {username='slave'} at 127.0.0.1:52562
I20260710 11:01:51.909256 13029 raft_consensus.cc:493] T 8bdd3b53ffc540048c7b93298b95f235 P 1405216060da42eb8dbc4de0d8fc4334 [term 4 FOLLOWER]: Starting forced leader election (received explicit request)
I20260710 11:01:51.909487 13029 raft_consensus.cc:3060] T 8bdd3b53ffc540048c7b93298b95f235 P 1405216060da42eb8dbc4de0d8fc4334 [term 4 FOLLOWER]: Advancing to term 5
I20260710 11:01:51.913229 13029 raft_consensus.cc:515] T 8bdd3b53ffc540048c7b93298b95f235 P 1405216060da42eb8dbc4de0d8fc4334 [term 5 FOLLOWER]: Starting forced leader election with config: opid_index: -1 OBSOLETE_local: false peers { permanent_uuid: "1405216060da42eb8dbc4de0d8fc4334" member_type: VOTER last_known_addr { host: "127.12.151.129" port: 43201 } } peers { permanent_uuid: "0791a9631ad8423db46ec769cbeb5dc4" member_type: VOTER last_known_addr { host: "127.12.151.130" port: 33497 } } peers { permanent_uuid: "a128960b410247c49d32d704c9b04c58" member_type: VOTER last_known_addr { host: "127.12.151.131" port: 35931 } }
I20260710 11:01:51.914785 13029 leader_election.cc:290] T 8bdd3b53ffc540048c7b93298b95f235 P 1405216060da42eb8dbc4de0d8fc4334 [CANDIDATE]: Term 5 election: Requested vote from peers 0791a9631ad8423db46ec769cbeb5dc4 (127.12.151.130:33497), a128960b410247c49d32d704c9b04c58 (127.12.151.131:35931)
I20260710 11:01:51.915308 13101 tablet_service.cc:1917] Received RequestConsensusVote() RPC: tablet_id: "8bdd3b53ffc540048c7b93298b95f235" candidate_uuid: "1405216060da42eb8dbc4de0d8fc4334" candidate_term: 5 candidate_status { last_received { term: 4 index: 4 } } ignore_live_leader: true dest_uuid: "0791a9631ad8423db46ec769cbeb5dc4"
I20260710 11:01:51.915773 13101 raft_consensus.cc:3055] T 8bdd3b53ffc540048c7b93298b95f235 P 0791a9631ad8423db46ec769cbeb5dc4 [term 4 LEADER]: Stepping down as leader of term 4
I20260710 11:01:51.915756 13177 tablet_service.cc:1917] Received RequestConsensusVote() RPC: tablet_id: "8bdd3b53ffc540048c7b93298b95f235" candidate_uuid: "1405216060da42eb8dbc4de0d8fc4334" candidate_term: 5 candidate_status { last_received { term: 4 index: 4 } } ignore_live_leader: true dest_uuid: "a128960b410247c49d32d704c9b04c58"
I20260710 11:01:51.916105 13101 raft_consensus.cc:740] T 8bdd3b53ffc540048c7b93298b95f235 P 0791a9631ad8423db46ec769cbeb5dc4 [term 4 LEADER]: Becoming Follower/Learner. State: Replica: 0791a9631ad8423db46ec769cbeb5dc4, State: Running, Role: LEADER
I20260710 11:01:51.916256 13177 raft_consensus.cc:3060] T 8bdd3b53ffc540048c7b93298b95f235 P a128960b410247c49d32d704c9b04c58 [term 4 FOLLOWER]: Advancing to term 5
I20260710 11:01:51.916731 13101 consensus_queue.cc:260] T 8bdd3b53ffc540048c7b93298b95f235 P 0791a9631ad8423db46ec769cbeb5dc4 [NON_LEADER]: Queue going to NON_LEADER mode. State: All replicated index: 0, Majority replicated index: 4, Committed index: 4, Last appended: 4.4, Last appended by leader: 4, Current term: 4, Majority size: -1, State: 0, Mode: NON_LEADER, active raft config: opid_index: -1 OBSOLETE_local: false peers { permanent_uuid: "1405216060da42eb8dbc4de0d8fc4334" member_type: VOTER last_known_addr { host: "127.12.151.129" port: 43201 } } peers { permanent_uuid: "0791a9631ad8423db46ec769cbeb5dc4" member_type: VOTER last_known_addr { host: "127.12.151.130" port: 33497 } } peers { permanent_uuid: "a128960b410247c49d32d704c9b04c58" member_type: VOTER last_known_addr { host: "127.12.151.131" port: 35931 } }
I20260710 11:01:51.917519 13101 raft_consensus.cc:3060] T 8bdd3b53ffc540048c7b93298b95f235 P 0791a9631ad8423db46ec769cbeb5dc4 [term 4 FOLLOWER]: Advancing to term 5
I20260710 11:01:51.920554 13177 raft_consensus.cc:2468] T 8bdd3b53ffc540048c7b93298b95f235 P a128960b410247c49d32d704c9b04c58 [term 5 FOLLOWER]: Leader election vote request: Granting yes vote for candidate 1405216060da42eb8dbc4de0d8fc4334 in term 5.
I20260710 11:01:51.921394 12994 leader_election.cc:304] T 8bdd3b53ffc540048c7b93298b95f235 P 1405216060da42eb8dbc4de0d8fc4334 [CANDIDATE]: Term 5 election: Election decided. Result: candidate won. Election summary: received 2 responses out of 3 voters: 2 yes votes; 0 no votes. yes voters: 1405216060da42eb8dbc4de0d8fc4334, a128960b410247c49d32d704c9b04c58; no voters: 
I20260710 11:01:51.921941 13101 raft_consensus.cc:2468] T 8bdd3b53ffc540048c7b93298b95f235 P 0791a9631ad8423db46ec769cbeb5dc4 [term 5 FOLLOWER]: Leader election vote request: Granting yes vote for candidate 1405216060da42eb8dbc4de0d8fc4334 in term 5.
I20260710 11:01:51.922042 13358 raft_consensus.cc:2804] T 8bdd3b53ffc540048c7b93298b95f235 P 1405216060da42eb8dbc4de0d8fc4334 [term 5 FOLLOWER]: Leader election won for term 5
I20260710 11:01:51.922572 13358 raft_consensus.cc:697] T 8bdd3b53ffc540048c7b93298b95f235 P 1405216060da42eb8dbc4de0d8fc4334 [term 5 LEADER]: Becoming Leader. State: Replica: 1405216060da42eb8dbc4de0d8fc4334, State: Running, Role: LEADER
I20260710 11:01:51.923281 13358 consensus_queue.cc:237] T 8bdd3b53ffc540048c7b93298b95f235 P 1405216060da42eb8dbc4de0d8fc4334 [LEADER]: Queue going to LEADER mode. State: All replicated index: 0, Majority replicated index: 4, Committed index: 4, Last appended: 4.4, Last appended by leader: 4, Current term: 5, Majority size: 2, State: 0, Mode: LEADER, active raft config: opid_index: -1 OBSOLETE_local: false peers { permanent_uuid: "1405216060da42eb8dbc4de0d8fc4334" member_type: VOTER last_known_addr { host: "127.12.151.129" port: 43201 } } peers { permanent_uuid: "0791a9631ad8423db46ec769cbeb5dc4" member_type: VOTER last_known_addr { host: "127.12.151.130" port: 33497 } } peers { permanent_uuid: "a128960b410247c49d32d704c9b04c58" member_type: VOTER last_known_addr { host: "127.12.151.131" port: 35931 } }
I20260710 11:01:51.929541 12925 catalog_manager.cc:5697] T 8bdd3b53ffc540048c7b93298b95f235 P 1405216060da42eb8dbc4de0d8fc4334 reported cstate change: term changed from 4 to 5, leader changed from 0791a9631ad8423db46ec769cbeb5dc4 (127.12.151.130) to 1405216060da42eb8dbc4de0d8fc4334 (127.12.151.129). New cstate: current_term: 5 leader_uuid: "1405216060da42eb8dbc4de0d8fc4334" committed_config { opid_index: -1 OBSOLETE_local: false peers { permanent_uuid: "1405216060da42eb8dbc4de0d8fc4334" member_type: VOTER last_known_addr { host: "127.12.151.129" port: 43201 } health_report { overall_health: HEALTHY } } peers { permanent_uuid: "0791a9631ad8423db46ec769cbeb5dc4" member_type: VOTER last_known_addr { host: "127.12.151.130" port: 33497 } health_report { overall_health: UNKNOWN } } peers { permanent_uuid: "a128960b410247c49d32d704c9b04c58" member_type: VOTER last_known_addr { host: "127.12.151.131" port: 35931 } health_report { overall_health: UNKNOWN } } }
I20260710 11:01:52.009044 13259 raft_consensus.cc:993] T 6e6edf6fefa54b22adacdd41e6a1715f P 0791a9631ad8423db46ec769cbeb5dc4: : Instructing follower a128960b410247c49d32d704c9b04c58 to start an election
I20260710 11:01:52.009436 13357 raft_consensus.cc:1081] T 6e6edf6fefa54b22adacdd41e6a1715f P 0791a9631ad8423db46ec769cbeb5dc4 [term 2 LEADER]: Signalling peer a128960b410247c49d32d704c9b04c58 to start an election
I20260710 11:01:52.010615 13177 tablet_service.cc:2044] Received Run Leader Election RPC: tablet_id: "6e6edf6fefa54b22adacdd41e6a1715f"
dest_uuid: "a128960b410247c49d32d704c9b04c58"
 from {username='slave'} at 127.0.0.1:48422
I20260710 11:01:52.011045 13177 raft_consensus.cc:493] T 6e6edf6fefa54b22adacdd41e6a1715f P a128960b410247c49d32d704c9b04c58 [term 2 FOLLOWER]: Starting forced leader election (received explicit request)
I20260710 11:01:52.011335 13177 raft_consensus.cc:3060] T 6e6edf6fefa54b22adacdd41e6a1715f P a128960b410247c49d32d704c9b04c58 [term 2 FOLLOWER]: Advancing to term 3
I20260710 11:01:52.015385 13177 raft_consensus.cc:515] T 6e6edf6fefa54b22adacdd41e6a1715f P a128960b410247c49d32d704c9b04c58 [term 3 FOLLOWER]: Starting forced leader election with config: opid_index: -1 OBSOLETE_local: false peers { permanent_uuid: "1405216060da42eb8dbc4de0d8fc4334" member_type: VOTER last_known_addr { host: "127.12.151.129" port: 43201 } } peers { permanent_uuid: "0791a9631ad8423db46ec769cbeb5dc4" member_type: VOTER last_known_addr { host: "127.12.151.130" port: 33497 } } peers { permanent_uuid: "a128960b410247c49d32d704c9b04c58" member_type: VOTER last_known_addr { host: "127.12.151.131" port: 35931 } }
I20260710 11:01:52.017000 13177 leader_election.cc:290] T 6e6edf6fefa54b22adacdd41e6a1715f P a128960b410247c49d32d704c9b04c58 [CANDIDATE]: Term 3 election: Requested vote from peers 1405216060da42eb8dbc4de0d8fc4334 (127.12.151.129:43201), 0791a9631ad8423db46ec769cbeb5dc4 (127.12.151.130:33497)
I20260710 11:01:52.017623 13029 tablet_service.cc:1917] Received RequestConsensusVote() RPC: tablet_id: "6e6edf6fefa54b22adacdd41e6a1715f" candidate_uuid: "a128960b410247c49d32d704c9b04c58" candidate_term: 3 candidate_status { last_received { term: 2 index: 2 } } ignore_live_leader: true dest_uuid: "1405216060da42eb8dbc4de0d8fc4334"
I20260710 11:01:52.017848 13101 tablet_service.cc:1917] Received RequestConsensusVote() RPC: tablet_id: "6e6edf6fefa54b22adacdd41e6a1715f" candidate_uuid: "a128960b410247c49d32d704c9b04c58" candidate_term: 3 candidate_status { last_received { term: 2 index: 2 } } ignore_live_leader: true dest_uuid: "0791a9631ad8423db46ec769cbeb5dc4"
I20260710 11:01:52.018103 13029 raft_consensus.cc:3060] T 6e6edf6fefa54b22adacdd41e6a1715f P 1405216060da42eb8dbc4de0d8fc4334 [term 2 FOLLOWER]: Advancing to term 3
I20260710 11:01:52.018311 13101 raft_consensus.cc:3055] T 6e6edf6fefa54b22adacdd41e6a1715f P 0791a9631ad8423db46ec769cbeb5dc4 [term 2 LEADER]: Stepping down as leader of term 2
I20260710 11:01:52.018580 13101 raft_consensus.cc:740] T 6e6edf6fefa54b22adacdd41e6a1715f P 0791a9631ad8423db46ec769cbeb5dc4 [term 2 LEADER]: Becoming Follower/Learner. State: Replica: 0791a9631ad8423db46ec769cbeb5dc4, State: Running, Role: LEADER
I20260710 11:01:52.019083 13101 consensus_queue.cc:260] T 6e6edf6fefa54b22adacdd41e6a1715f P 0791a9631ad8423db46ec769cbeb5dc4 [NON_LEADER]: Queue going to NON_LEADER mode. State: All replicated index: 0, Majority replicated index: 2, Committed index: 2, Last appended: 2.2, Last appended by leader: 2, Current term: 2, Majority size: -1, State: 0, Mode: NON_LEADER, active raft config: opid_index: -1 OBSOLETE_local: false peers { permanent_uuid: "1405216060da42eb8dbc4de0d8fc4334" member_type: VOTER last_known_addr { host: "127.12.151.129" port: 43201 } } peers { permanent_uuid: "0791a9631ad8423db46ec769cbeb5dc4" member_type: VOTER last_known_addr { host: "127.12.151.130" port: 33497 } } peers { permanent_uuid: "a128960b410247c49d32d704c9b04c58" member_type: VOTER last_known_addr { host: "127.12.151.131" port: 35931 } }
I20260710 11:01:52.019881 13101 raft_consensus.cc:3060] T 6e6edf6fefa54b22adacdd41e6a1715f P 0791a9631ad8423db46ec769cbeb5dc4 [term 2 FOLLOWER]: Advancing to term 3
I20260710 11:01:52.022176 13029 raft_consensus.cc:2468] T 6e6edf6fefa54b22adacdd41e6a1715f P 1405216060da42eb8dbc4de0d8fc4334 [term 3 FOLLOWER]: Leader election vote request: Granting yes vote for candidate a128960b410247c49d32d704c9b04c58 in term 3.
I20260710 11:01:52.023079 13144 leader_election.cc:304] T 6e6edf6fefa54b22adacdd41e6a1715f P a128960b410247c49d32d704c9b04c58 [CANDIDATE]: Term 3 election: Election decided. Result: candidate won. Election summary: received 2 responses out of 3 voters: 2 yes votes; 0 no votes. yes voters: 1405216060da42eb8dbc4de0d8fc4334, a128960b410247c49d32d704c9b04c58; no voters: 
I20260710 11:01:52.023263 13104 raft_consensus.cc:1275] T 09230435c12b4bf7bb1551f7b81541df P 0791a9631ad8423db46ec769cbeb5dc4 [term 4 FOLLOWER]: Refusing update from remote peer 1405216060da42eb8dbc4de0d8fc4334: Log matching property violated. Preceding OpId in replica: term: 3 index: 3. Preceding OpId from leader: term: 4 index: 4. (index mismatch)
I20260710 11:01:52.023869 13318 raft_consensus.cc:2804] T 6e6edf6fefa54b22adacdd41e6a1715f P a128960b410247c49d32d704c9b04c58 [term 3 FOLLOWER]: Leader election won for term 3
I20260710 11:01:52.024290 13101 raft_consensus.cc:2468] T 6e6edf6fefa54b22adacdd41e6a1715f P 0791a9631ad8423db46ec769cbeb5dc4 [term 3 FOLLOWER]: Leader election vote request: Granting yes vote for candidate a128960b410247c49d32d704c9b04c58 in term 3.
I20260710 11:01:52.024315 13318 raft_consensus.cc:697] T 6e6edf6fefa54b22adacdd41e6a1715f P a128960b410247c49d32d704c9b04c58 [term 3 LEADER]: Becoming Leader. State: Replica: a128960b410247c49d32d704c9b04c58, State: Running, Role: LEADER
I20260710 11:01:52.024545 13358 consensus_queue.cc:1048] T 09230435c12b4bf7bb1551f7b81541df P 1405216060da42eb8dbc4de0d8fc4334 [LEADER]: Connected to new peer: Peer: permanent_uuid: "0791a9631ad8423db46ec769cbeb5dc4" member_type: VOTER last_known_addr { host: "127.12.151.130" port: 33497 }, Status: LMP_MISMATCH, Last received: 0.0, Next index: 4, Last known committed idx: 3, Time since last communication: 0.000s
I20260710 11:01:52.025380 13318 consensus_queue.cc:237] T 6e6edf6fefa54b22adacdd41e6a1715f P a128960b410247c49d32d704c9b04c58 [LEADER]: Queue going to LEADER mode. State: All replicated index: 0, Majority replicated index: 2, Committed index: 2, Last appended: 2.2, Last appended by leader: 2, Current term: 3, Majority size: 2, State: 0, Mode: LEADER, active raft config: opid_index: -1 OBSOLETE_local: false peers { permanent_uuid: "1405216060da42eb8dbc4de0d8fc4334" member_type: VOTER last_known_addr { host: "127.12.151.129" port: 43201 } } peers { permanent_uuid: "0791a9631ad8423db46ec769cbeb5dc4" member_type: VOTER last_known_addr { host: "127.12.151.130" port: 33497 } } peers { permanent_uuid: "a128960b410247c49d32d704c9b04c58" member_type: VOTER last_known_addr { host: "127.12.151.131" port: 35931 } }
I20260710 11:01:52.036547 13177 raft_consensus.cc:1275] T 09230435c12b4bf7bb1551f7b81541df P a128960b410247c49d32d704c9b04c58 [term 4 FOLLOWER]: Refusing update from remote peer 1405216060da42eb8dbc4de0d8fc4334: Log matching property violated. Preceding OpId in replica: term: 3 index: 3. Preceding OpId from leader: term: 4 index: 4. (index mismatch)
I20260710 11:01:52.037871 13358 consensus_queue.cc:1048] T 09230435c12b4bf7bb1551f7b81541df P 1405216060da42eb8dbc4de0d8fc4334 [LEADER]: Connected to new peer: Peer: permanent_uuid: "a128960b410247c49d32d704c9b04c58" member_type: VOTER last_known_addr { host: "127.12.151.131" port: 35931 }, Status: LMP_MISMATCH, Last received: 0.0, Next index: 4, Last known committed idx: 3, Time since last communication: 0.000s
I20260710 11:01:52.042924 12924 catalog_manager.cc:5697] T 6e6edf6fefa54b22adacdd41e6a1715f P a128960b410247c49d32d704c9b04c58 reported cstate change: term changed from 2 to 3, leader changed from 0791a9631ad8423db46ec769cbeb5dc4 (127.12.151.130) to a128960b410247c49d32d704c9b04c58 (127.12.151.131). New cstate: current_term: 3 leader_uuid: "a128960b410247c49d32d704c9b04c58" committed_config { opid_index: -1 OBSOLETE_local: false peers { permanent_uuid: "1405216060da42eb8dbc4de0d8fc4334" member_type: VOTER last_known_addr { host: "127.12.151.129" port: 43201 } health_report { overall_health: UNKNOWN } } peers { permanent_uuid: "0791a9631ad8423db46ec769cbeb5dc4" member_type: VOTER last_known_addr { host: "127.12.151.130" port: 33497 } health_report { overall_health: UNKNOWN } } peers { permanent_uuid: "a128960b410247c49d32d704c9b04c58" member_type: VOTER last_known_addr { host: "127.12.151.131" port: 35931 } health_report { overall_health: HEALTHY } } }
I20260710 11:01:52.259308 13101 raft_consensus.cc:1275] T 05a66e8071274b5db1de5547336806a5 P 0791a9631ad8423db46ec769cbeb5dc4 [term 2 FOLLOWER]: Refusing update from remote peer 1405216060da42eb8dbc4de0d8fc4334: Log matching property violated. Preceding OpId in replica: term: 1 index: 1. Preceding OpId from leader: term: 2 index: 2. (index mismatch)
I20260710 11:01:52.260376 13359 consensus_queue.cc:1048] T 05a66e8071274b5db1de5547336806a5 P 1405216060da42eb8dbc4de0d8fc4334 [LEADER]: Connected to new peer: Peer: permanent_uuid: "0791a9631ad8423db46ec769cbeb5dc4" member_type: VOTER last_known_addr { host: "127.12.151.130" port: 33497 }, Status: LMP_MISMATCH, Last received: 0.0, Next index: 2, Last known committed idx: 1, Time since last communication: 0.000s
I20260710 11:01:52.268837 13177 raft_consensus.cc:1275] T 05a66e8071274b5db1de5547336806a5 P a128960b410247c49d32d704c9b04c58 [term 2 FOLLOWER]: Refusing update from remote peer 1405216060da42eb8dbc4de0d8fc4334: Log matching property violated. Preceding OpId in replica: term: 1 index: 1. Preceding OpId from leader: term: 2 index: 2. (index mismatch)
I20260710 11:01:52.270161 13358 consensus_queue.cc:1048] T 05a66e8071274b5db1de5547336806a5 P 1405216060da42eb8dbc4de0d8fc4334 [LEADER]: Connected to new peer: Peer: permanent_uuid: "a128960b410247c49d32d704c9b04c58" member_type: VOTER last_known_addr { host: "127.12.151.131" port: 35931 }, Status: LMP_MISMATCH, Last received: 0.0, Next index: 2, Last known committed idx: 1, Time since last communication: 0.000s
I20260710 11:01:52.327886 13101 raft_consensus.cc:1275] T 8bdd3b53ffc540048c7b93298b95f235 P 0791a9631ad8423db46ec769cbeb5dc4 [term 5 FOLLOWER]: Refusing update from remote peer 1405216060da42eb8dbc4de0d8fc4334: Log matching property violated. Preceding OpId in replica: term: 4 index: 4. Preceding OpId from leader: term: 5 index: 5. (index mismatch)
I20260710 11:01:52.328939 13376 consensus_queue.cc:1048] T 8bdd3b53ffc540048c7b93298b95f235 P 1405216060da42eb8dbc4de0d8fc4334 [LEADER]: Connected to new peer: Peer: permanent_uuid: "0791a9631ad8423db46ec769cbeb5dc4" member_type: VOTER last_known_addr { host: "127.12.151.130" port: 33497 }, Status: LMP_MISMATCH, Last received: 0.0, Next index: 5, Last known committed idx: 4, Time since last communication: 0.000s
I20260710 11:01:52.336455 13177 raft_consensus.cc:1275] T 8bdd3b53ffc540048c7b93298b95f235 P a128960b410247c49d32d704c9b04c58 [term 5 FOLLOWER]: Refusing update from remote peer 1405216060da42eb8dbc4de0d8fc4334: Log matching property violated. Preceding OpId in replica: term: 4 index: 4. Preceding OpId from leader: term: 5 index: 5. (index mismatch)
I20260710 11:01:52.337697 13358 consensus_queue.cc:1048] T 8bdd3b53ffc540048c7b93298b95f235 P 1405216060da42eb8dbc4de0d8fc4334 [LEADER]: Connected to new peer: Peer: permanent_uuid: "a128960b410247c49d32d704c9b04c58" member_type: VOTER last_known_addr { host: "127.12.151.131" port: 35931 }, Status: LMP_MISMATCH, Last received: 0.0, Next index: 5, Last known committed idx: 4, Time since last communication: 0.000s
I20260710 11:01:52.450906 13029 raft_consensus.cc:1275] T 19a5170592884b0c8f5e8cd0267cc4d9 P 1405216060da42eb8dbc4de0d8fc4334 [term 4 FOLLOWER]: Refusing update from remote peer a128960b410247c49d32d704c9b04c58: Log matching property violated. Preceding OpId in replica: term: 3 index: 3. Preceding OpId from leader: term: 4 index: 4. (index mismatch)
I20260710 11:01:52.452047 13318 consensus_queue.cc:1048] T 19a5170592884b0c8f5e8cd0267cc4d9 P a128960b410247c49d32d704c9b04c58 [LEADER]: Connected to new peer: Peer: permanent_uuid: "1405216060da42eb8dbc4de0d8fc4334" member_type: VOTER last_known_addr { host: "127.12.151.129" port: 43201 }, Status: LMP_MISMATCH, Last received: 0.0, Next index: 4, Last known committed idx: 3, Time since last communication: 0.000s
I20260710 11:01:52.457805 13101 raft_consensus.cc:1275] T 19a5170592884b0c8f5e8cd0267cc4d9 P 0791a9631ad8423db46ec769cbeb5dc4 [term 4 FOLLOWER]: Refusing update from remote peer a128960b410247c49d32d704c9b04c58: Log matching property violated. Preceding OpId in replica: term: 3 index: 3. Preceding OpId from leader: term: 4 index: 4. (index mismatch)
I20260710 11:01:52.463153 13381 consensus_queue.cc:1048] T 19a5170592884b0c8f5e8cd0267cc4d9 P a128960b410247c49d32d704c9b04c58 [LEADER]: Connected to new peer: Peer: permanent_uuid: "0791a9631ad8423db46ec769cbeb5dc4" member_type: VOTER last_known_addr { host: "127.12.151.130" port: 33497 }, Status: LMP_MISMATCH, Last received: 0.0, Next index: 4, Last known committed idx: 3, Time since last communication: 0.001s
I20260710 11:01:52.528960 13101 raft_consensus.cc:1275] T 6e6edf6fefa54b22adacdd41e6a1715f P 0791a9631ad8423db46ec769cbeb5dc4 [term 3 FOLLOWER]: Refusing update from remote peer a128960b410247c49d32d704c9b04c58: Log matching property violated. Preceding OpId in replica: term: 2 index: 2. Preceding OpId from leader: term: 3 index: 3. (index mismatch)
I20260710 11:01:52.530104 13381 consensus_queue.cc:1048] T 6e6edf6fefa54b22adacdd41e6a1715f P a128960b410247c49d32d704c9b04c58 [LEADER]: Connected to new peer: Peer: permanent_uuid: "0791a9631ad8423db46ec769cbeb5dc4" member_type: VOTER last_known_addr { host: "127.12.151.130" port: 33497 }, Status: LMP_MISMATCH, Last received: 0.0, Next index: 3, Last known committed idx: 2, Time since last communication: 0.000s
