I20260710 11:02:07.511130 14288 raft_consensus.cc:2955] T 1dfa2627248a46be85e8bad5f218014a P 90a4554291934184944b3507b25791d7 [term 1 LEADER]: Committing config change with OpId 1.2: config changed from index -1 to 2, NON_VOTER d078863ac2d24855bffb9c0bdd48f9a4 (127.12.151.132) added. New config: { opid_index: 2 OBSOLETE_local: false peers { permanent_uuid: "6e7e9b09595d4f5ead20d2363a5ebc04" member_type: VOTER last_known_addr { host: "127.12.151.129" port: 36735 } } peers { permanent_uuid: "90a4554291934184944b3507b25791d7" member_type: VOTER last_known_addr { host: "127.12.151.130" port: 38891 } } peers { permanent_uuid: "5b94319755b34838a29c66d09b8292d1" member_type: VOTER last_known_addr { host: "127.12.151.131" port: 42245 } attrs { replace: true } } peers { permanent_uuid: "d078863ac2d24855bffb9c0bdd48f9a4" member_type: NON_VOTER last_known_addr { host: "127.12.151.132" port: 42475 } attrs { promote: true } } }
I20260710 11:02:07.515564 13998 raft_consensus.cc:2955] T 1dfa2627248a46be85e8bad5f218014a P 6e7e9b09595d4f5ead20d2363a5ebc04 [term 1 FOLLOWER]: Committing config change with OpId 1.2: config changed from index -1 to 2, NON_VOTER d078863ac2d24855bffb9c0bdd48f9a4 (127.12.151.132) added. New config: { opid_index: 2 OBSOLETE_local: false peers { permanent_uuid: "6e7e9b09595d4f5ead20d2363a5ebc04" member_type: VOTER last_known_addr { host: "127.12.151.129" port: 36735 } } peers { permanent_uuid: "90a4554291934184944b3507b25791d7" member_type: VOTER last_known_addr { host: "127.12.151.130" port: 38891 } } peers { permanent_uuid: "5b94319755b34838a29c66d09b8292d1" member_type: VOTER last_known_addr { host: "127.12.151.131" port: 42245 } attrs { replace: true } } peers { permanent_uuid: "d078863ac2d24855bffb9c0bdd48f9a4" member_type: NON_VOTER last_known_addr { host: "127.12.151.132" port: 42475 } attrs { promote: true } } }
I20260710 11:02:07.516981 14148 raft_consensus.cc:2955] T 1dfa2627248a46be85e8bad5f218014a P 5b94319755b34838a29c66d09b8292d1 [term 1 FOLLOWER]: Committing config change with OpId 1.2: config changed from index -1 to 2, NON_VOTER d078863ac2d24855bffb9c0bdd48f9a4 (127.12.151.132) added. New config: { opid_index: 2 OBSOLETE_local: false peers { permanent_uuid: "6e7e9b09595d4f5ead20d2363a5ebc04" member_type: VOTER last_known_addr { host: "127.12.151.129" port: 36735 } } peers { permanent_uuid: "90a4554291934184944b3507b25791d7" member_type: VOTER last_known_addr { host: "127.12.151.130" port: 38891 } } peers { permanent_uuid: "5b94319755b34838a29c66d09b8292d1" member_type: VOTER last_known_addr { host: "127.12.151.131" port: 42245 } attrs { replace: true } } peers { permanent_uuid: "d078863ac2d24855bffb9c0bdd48f9a4" member_type: NON_VOTER last_known_addr { host: "127.12.151.132" port: 42475 } attrs { promote: true } } }
I20260710 11:02:07.523639 14072 consensus_queue.cc:237] T 3bdcd503e7f84402b481c00571da772a P 90a4554291934184944b3507b25791d7 [LEADER]: Queue going to LEADER mode. State: All replicated index: 0, Majority replicated index: 1, Committed index: 1, Last appended: 1.1, Last appended by leader: 0, Current term: 1, Majority size: 2, State: 0, Mode: LEADER, active raft config: opid_index: 2 OBSOLETE_local: false peers { permanent_uuid: "6e7e9b09595d4f5ead20d2363a5ebc04" member_type: VOTER last_known_addr { host: "127.12.151.129" port: 36735 } attrs { replace: true } } peers { permanent_uuid: "90a4554291934184944b3507b25791d7" member_type: VOTER last_known_addr { host: "127.12.151.130" port: 38891 } } peers { permanent_uuid: "5b94319755b34838a29c66d09b8292d1" member_type: VOTER last_known_addr { host: "127.12.151.131" port: 42245 } } peers { permanent_uuid: "d078863ac2d24855bffb9c0bdd48f9a4" member_type: NON_VOTER last_known_addr { host: "127.12.151.132" port: 42475 } attrs { promote: true } }
I20260710 11:02:07.523559 13898 catalog_manager.cc:5697] T 1dfa2627248a46be85e8bad5f218014a P 90a4554291934184944b3507b25791d7 reported cstate change: config changed from index -1 to 2, NON_VOTER d078863ac2d24855bffb9c0bdd48f9a4 (127.12.151.132) added. New cstate: current_term: 1 leader_uuid: "90a4554291934184944b3507b25791d7" committed_config { opid_index: 2 OBSOLETE_local: false peers { permanent_uuid: "6e7e9b09595d4f5ead20d2363a5ebc04" member_type: VOTER last_known_addr { host: "127.12.151.129" port: 36735 } health_report { overall_health: HEALTHY } } peers { permanent_uuid: "90a4554291934184944b3507b25791d7" member_type: VOTER last_known_addr { host: "127.12.151.130" port: 38891 } health_report { overall_health: HEALTHY } } peers { permanent_uuid: "5b94319755b34838a29c66d09b8292d1" member_type: VOTER last_known_addr { host: "127.12.151.131" port: 42245 } attrs { replace: true } health_report { overall_health: HEALTHY } } peers { permanent_uuid: "d078863ac2d24855bffb9c0bdd48f9a4" member_type: NON_VOTER last_known_addr { host: "127.12.151.132" port: 42475 } attrs { promote: true } health_report { overall_health: UNKNOWN } } }
W20260710 11:02:07.535377 14039 consensus_peers.cc:597] T 3bdcd503e7f84402b481c00571da772a P 90a4554291934184944b3507b25791d7 -> Peer d078863ac2d24855bffb9c0bdd48f9a4 (127.12.151.132:42475): Couldn't send request to peer d078863ac2d24855bffb9c0bdd48f9a4. Error code: TABLET_NOT_FOUND (6). Status: Not found: Tablet not found: 3bdcd503e7f84402b481c00571da772a. This is attempt 1: this message will repeat every 5th retry.
I20260710 11:02:07.535854 13999 raft_consensus.cc:1275] T 3bdcd503e7f84402b481c00571da772a P 6e7e9b09595d4f5ead20d2363a5ebc04 [term 1 FOLLOWER]: Refusing update from remote peer 90a4554291934184944b3507b25791d7: Log matching property violated. Preceding OpId in replica: term: 1 index: 1. Preceding OpId from leader: term: 1 index: 2. (index mismatch)
I20260710 11:02:07.535955 14148 raft_consensus.cc:1275] T 3bdcd503e7f84402b481c00571da772a P 5b94319755b34838a29c66d09b8292d1 [term 1 FOLLOWER]: Refusing update from remote peer 90a4554291934184944b3507b25791d7: Log matching property violated. Preceding OpId in replica: term: 1 index: 1. Preceding OpId from leader: term: 1 index: 2. (index mismatch)
I20260710 11:02:07.537288 14234 consensus_queue.cc:1048] T 3bdcd503e7f84402b481c00571da772a P 90a4554291934184944b3507b25791d7 [LEADER]: Connected to new peer: Peer: permanent_uuid: "6e7e9b09595d4f5ead20d2363a5ebc04" member_type: VOTER last_known_addr { host: "127.12.151.129" port: 36735 } attrs { replace: true }, Status: LMP_MISMATCH, Last received: 0.0, Next index: 2, Last known committed idx: 1, Time since last communication: 0.003s
I20260710 11:02:07.540437 14288 consensus_queue.cc:1048] T 3bdcd503e7f84402b481c00571da772a P 90a4554291934184944b3507b25791d7 [LEADER]: Connected to new peer: Peer: permanent_uuid: "5b94319755b34838a29c66d09b8292d1" member_type: VOTER last_known_addr { host: "127.12.151.131" port: 42245 }, Status: LMP_MISMATCH, Last received: 0.0, Next index: 2, Last known committed idx: 1, Time since last communication: 0.000s
I20260710 11:02:07.549494 14288 raft_consensus.cc:2955] T 3bdcd503e7f84402b481c00571da772a P 90a4554291934184944b3507b25791d7 [term 1 LEADER]: Committing config change with OpId 1.2: config changed from index -1 to 2, NON_VOTER d078863ac2d24855bffb9c0bdd48f9a4 (127.12.151.132) added. New config: { opid_index: 2 OBSOLETE_local: false peers { permanent_uuid: "6e7e9b09595d4f5ead20d2363a5ebc04" member_type: VOTER last_known_addr { host: "127.12.151.129" port: 36735 } attrs { replace: true } } peers { permanent_uuid: "90a4554291934184944b3507b25791d7" member_type: VOTER last_known_addr { host: "127.12.151.130" port: 38891 } } peers { permanent_uuid: "5b94319755b34838a29c66d09b8292d1" member_type: VOTER last_known_addr { host: "127.12.151.131" port: 42245 } } peers { permanent_uuid: "d078863ac2d24855bffb9c0bdd48f9a4" member_type: NON_VOTER last_known_addr { host: "127.12.151.132" port: 42475 } attrs { promote: true } } }
I20260710 11:02:07.555178 14148 raft_consensus.cc:2955] T 3bdcd503e7f84402b481c00571da772a P 5b94319755b34838a29c66d09b8292d1 [term 1 FOLLOWER]: Committing config change with OpId 1.2: config changed from index -1 to 2, NON_VOTER d078863ac2d24855bffb9c0bdd48f9a4 (127.12.151.132) added. New config: { opid_index: 2 OBSOLETE_local: false peers { permanent_uuid: "6e7e9b09595d4f5ead20d2363a5ebc04" member_type: VOTER last_known_addr { host: "127.12.151.129" port: 36735 } attrs { replace: true } } peers { permanent_uuid: "90a4554291934184944b3507b25791d7" member_type: VOTER last_known_addr { host: "127.12.151.130" port: 38891 } } peers { permanent_uuid: "5b94319755b34838a29c66d09b8292d1" member_type: VOTER last_known_addr { host: "127.12.151.131" port: 42245 } } peers { permanent_uuid: "d078863ac2d24855bffb9c0bdd48f9a4" member_type: NON_VOTER last_known_addr { host: "127.12.151.132" port: 42475 } attrs { promote: true } } }
I20260710 11:02:07.551692 13999 raft_consensus.cc:2955] T 3bdcd503e7f84402b481c00571da772a P 6e7e9b09595d4f5ead20d2363a5ebc04 [term 1 FOLLOWER]: Committing config change with OpId 1.2: config changed from index -1 to 2, NON_VOTER d078863ac2d24855bffb9c0bdd48f9a4 (127.12.151.132) added. New config: { opid_index: 2 OBSOLETE_local: false peers { permanent_uuid: "6e7e9b09595d4f5ead20d2363a5ebc04" member_type: VOTER last_known_addr { host: "127.12.151.129" port: 36735 } attrs { replace: true } } peers { permanent_uuid: "90a4554291934184944b3507b25791d7" member_type: VOTER last_known_addr { host: "127.12.151.130" port: 38891 } } peers { permanent_uuid: "5b94319755b34838a29c66d09b8292d1" member_type: VOTER last_known_addr { host: "127.12.151.131" port: 42245 } } peers { permanent_uuid: "d078863ac2d24855bffb9c0bdd48f9a4" member_type: NON_VOTER last_known_addr { host: "127.12.151.132" port: 42475 } attrs { promote: true } } }
I20260710 11:02:07.566818 13896 catalog_manager.cc:5697] T 3bdcd503e7f84402b481c00571da772a P 5b94319755b34838a29c66d09b8292d1 reported cstate change: config changed from index -1 to 2, NON_VOTER d078863ac2d24855bffb9c0bdd48f9a4 (127.12.151.132) added. New cstate: current_term: 1 leader_uuid: "90a4554291934184944b3507b25791d7" committed_config { opid_index: 2 OBSOLETE_local: false peers { permanent_uuid: "6e7e9b09595d4f5ead20d2363a5ebc04" member_type: VOTER last_known_addr { host: "127.12.151.129" port: 36735 } attrs { replace: true } } peers { permanent_uuid: "90a4554291934184944b3507b25791d7" member_type: VOTER last_known_addr { host: "127.12.151.130" port: 38891 } } peers { permanent_uuid: "5b94319755b34838a29c66d09b8292d1" member_type: VOTER last_known_addr { host: "127.12.151.131" port: 42245 } } peers { permanent_uuid: "d078863ac2d24855bffb9c0bdd48f9a4" member_type: NON_VOTER last_known_addr { host: "127.12.151.132" port: 42475 } attrs { promote: true } } }
I20260710 11:02:07.587293 13999 consensus_queue.cc:237] T 3ccf76380289486dafbc7b25bef07c16 P 6e7e9b09595d4f5ead20d2363a5ebc04 [LEADER]: Queue going to LEADER mode. State: All replicated index: 0, Majority replicated index: 1, Committed index: 1, Last appended: 1.1, Last appended by leader: 0, Current term: 1, Majority size: 2, State: 0, Mode: LEADER, active raft config: opid_index: 2 OBSOLETE_local: false peers { permanent_uuid: "6e7e9b09595d4f5ead20d2363a5ebc04" member_type: VOTER last_known_addr { host: "127.12.151.129" port: 36735 } } peers { permanent_uuid: "90a4554291934184944b3507b25791d7" member_type: VOTER last_known_addr { host: "127.12.151.130" port: 38891 } attrs { replace: true } } peers { permanent_uuid: "5b94319755b34838a29c66d09b8292d1" member_type: VOTER last_known_addr { host: "127.12.151.131" port: 42245 } } peers { permanent_uuid: "d078863ac2d24855bffb9c0bdd48f9a4" member_type: NON_VOTER last_known_addr { host: "127.12.151.132" port: 42475 } attrs { promote: true } }
I20260710 11:02:07.593088 14072 raft_consensus.cc:1275] T 3ccf76380289486dafbc7b25bef07c16 P 90a4554291934184944b3507b25791d7 [term 1 FOLLOWER]: Refusing update from remote peer 6e7e9b09595d4f5ead20d2363a5ebc04: Log matching property violated. Preceding OpId in replica: term: 1 index: 1. Preceding OpId from leader: term: 1 index: 2. (index mismatch)
I20260710 11:02:07.595042 14148 raft_consensus.cc:1275] T 3ccf76380289486dafbc7b25bef07c16 P 5b94319755b34838a29c66d09b8292d1 [term 1 FOLLOWER]: Refusing update from remote peer 6e7e9b09595d4f5ead20d2363a5ebc04: Log matching property violated. Preceding OpId in replica: term: 1 index: 1. Preceding OpId from leader: term: 1 index: 2. (index mismatch)
I20260710 11:02:07.595466 14218 consensus_queue.cc:1048] T 3ccf76380289486dafbc7b25bef07c16 P 6e7e9b09595d4f5ead20d2363a5ebc04 [LEADER]: Connected to new peer: Peer: permanent_uuid: "90a4554291934184944b3507b25791d7" member_type: VOTER last_known_addr { host: "127.12.151.130" port: 38891 } attrs { replace: true }, Status: LMP_MISMATCH, Last received: 0.0, Next index: 2, Last known committed idx: 1, Time since last communication: 0.000s
I20260710 11:02:07.596406 14249 consensus_queue.cc:1048] T 3ccf76380289486dafbc7b25bef07c16 P 6e7e9b09595d4f5ead20d2363a5ebc04 [LEADER]: Connected to new peer: Peer: permanent_uuid: "5b94319755b34838a29c66d09b8292d1" member_type: VOTER last_known_addr { host: "127.12.151.131" port: 42245 }, Status: LMP_MISMATCH, Last received: 0.0, Next index: 2, Last known committed idx: 1, Time since last communication: 0.000s
I20260710 11:02:07.603603 14218 raft_consensus.cc:2955] T 3ccf76380289486dafbc7b25bef07c16 P 6e7e9b09595d4f5ead20d2363a5ebc04 [term 1 LEADER]: Committing config change with OpId 1.2: config changed from index -1 to 2, NON_VOTER d078863ac2d24855bffb9c0bdd48f9a4 (127.12.151.132) added. New config: { opid_index: 2 OBSOLETE_local: false peers { permanent_uuid: "6e7e9b09595d4f5ead20d2363a5ebc04" member_type: VOTER last_known_addr { host: "127.12.151.129" port: 36735 } } peers { permanent_uuid: "90a4554291934184944b3507b25791d7" member_type: VOTER last_known_addr { host: "127.12.151.130" port: 38891 } attrs { replace: true } } peers { permanent_uuid: "5b94319755b34838a29c66d09b8292d1" member_type: VOTER last_known_addr { host: "127.12.151.131" port: 42245 } } peers { permanent_uuid: "d078863ac2d24855bffb9c0bdd48f9a4" member_type: NON_VOTER last_known_addr { host: "127.12.151.132" port: 42475 } attrs { promote: true } } }
W20260710 11:02:07.605211 13964 consensus_peers.cc:597] T 3ccf76380289486dafbc7b25bef07c16 P 6e7e9b09595d4f5ead20d2363a5ebc04 -> Peer d078863ac2d24855bffb9c0bdd48f9a4 (127.12.151.132:42475): Couldn't send request to peer d078863ac2d24855bffb9c0bdd48f9a4. Error code: TABLET_NOT_FOUND (6). Status: Not found: Tablet not found: 3ccf76380289486dafbc7b25bef07c16. This is attempt 1: this message will repeat every 5th retry.
I20260710 11:02:07.607849 14148 raft_consensus.cc:2955] T 3ccf76380289486dafbc7b25bef07c16 P 5b94319755b34838a29c66d09b8292d1 [term 1 FOLLOWER]: Committing config change with OpId 1.2: config changed from index -1 to 2, NON_VOTER d078863ac2d24855bffb9c0bdd48f9a4 (127.12.151.132) added. New config: { opid_index: 2 OBSOLETE_local: false peers { permanent_uuid: "6e7e9b09595d4f5ead20d2363a5ebc04" member_type: VOTER last_known_addr { host: "127.12.151.129" port: 36735 } } peers { permanent_uuid: "90a4554291934184944b3507b25791d7" member_type: VOTER last_known_addr { host: "127.12.151.130" port: 38891 } attrs { replace: true } } peers { permanent_uuid: "5b94319755b34838a29c66d09b8292d1" member_type: VOTER last_known_addr { host: "127.12.151.131" port: 42245 } } peers { permanent_uuid: "d078863ac2d24855bffb9c0bdd48f9a4" member_type: NON_VOTER last_known_addr { host: "127.12.151.132" port: 42475 } attrs { promote: true } } }
I20260710 11:02:07.609772 14072 raft_consensus.cc:2955] T 3ccf76380289486dafbc7b25bef07c16 P 90a4554291934184944b3507b25791d7 [term 1 FOLLOWER]: Committing config change with OpId 1.2: config changed from index -1 to 2, NON_VOTER d078863ac2d24855bffb9c0bdd48f9a4 (127.12.151.132) added. New config: { opid_index: 2 OBSOLETE_local: false peers { permanent_uuid: "6e7e9b09595d4f5ead20d2363a5ebc04" member_type: VOTER last_known_addr { host: "127.12.151.129" port: 36735 } } peers { permanent_uuid: "90a4554291934184944b3507b25791d7" member_type: VOTER last_known_addr { host: "127.12.151.130" port: 38891 } attrs { replace: true } } peers { permanent_uuid: "5b94319755b34838a29c66d09b8292d1" member_type: VOTER last_known_addr { host: "127.12.151.131" port: 42245 } } peers { permanent_uuid: "d078863ac2d24855bffb9c0bdd48f9a4" member_type: NON_VOTER last_known_addr { host: "127.12.151.132" port: 42475 } attrs { promote: true } } }
I20260710 11:02:07.620988 13896 catalog_manager.cc:5697] T 3ccf76380289486dafbc7b25bef07c16 P 6e7e9b09595d4f5ead20d2363a5ebc04 reported cstate change: config changed from index -1 to 2, NON_VOTER d078863ac2d24855bffb9c0bdd48f9a4 (127.12.151.132) added. New cstate: current_term: 1 leader_uuid: "6e7e9b09595d4f5ead20d2363a5ebc04" committed_config { opid_index: 2 OBSOLETE_local: false peers { permanent_uuid: "6e7e9b09595d4f5ead20d2363a5ebc04" member_type: VOTER last_known_addr { host: "127.12.151.129" port: 36735 } health_report { overall_health: HEALTHY } } peers { permanent_uuid: "90a4554291934184944b3507b25791d7" member_type: VOTER last_known_addr { host: "127.12.151.130" port: 38891 } attrs { replace: true } health_report { overall_health: HEALTHY } } peers { permanent_uuid: "5b94319755b34838a29c66d09b8292d1" member_type: VOTER last_known_addr { host: "127.12.151.131" port: 42245 } health_report { overall_health: HEALTHY } } peers { permanent_uuid: "d078863ac2d24855bffb9c0bdd48f9a4" member_type: NON_VOTER last_known_addr { host: "127.12.151.132" port: 42475 } attrs { promote: true } health_report { overall_health: UNKNOWN } } }
I20260710 11:02:07.649350 14148 consensus_queue.cc:237] T f98e827f497f40c8b8d8d914229dfe0c P 5b94319755b34838a29c66d09b8292d1 [LEADER]: Queue going to LEADER mode. State: All replicated index: 0, Majority replicated index: 1, Committed index: 1, Last appended: 1.1, Last appended by leader: 0, Current term: 1, Majority size: 2, State: 0, Mode: LEADER, active raft config: opid_index: 2 OBSOLETE_local: false peers { permanent_uuid: "6e7e9b09595d4f5ead20d2363a5ebc04" member_type: VOTER last_known_addr { host: "127.12.151.129" port: 36735 } attrs { replace: true } } peers { permanent_uuid: "90a4554291934184944b3507b25791d7" member_type: VOTER last_known_addr { host: "127.12.151.130" port: 38891 } } peers { permanent_uuid: "5b94319755b34838a29c66d09b8292d1" member_type: VOTER last_known_addr { host: "127.12.151.131" port: 42245 } } peers { permanent_uuid: "d078863ac2d24855bffb9c0bdd48f9a4" member_type: NON_VOTER last_known_addr { host: "127.12.151.132" port: 42475 } attrs { promote: true } }
I20260710 11:02:07.657626 14072 raft_consensus.cc:1275] T f98e827f497f40c8b8d8d914229dfe0c P 90a4554291934184944b3507b25791d7 [term 1 FOLLOWER]: Refusing update from remote peer 5b94319755b34838a29c66d09b8292d1: Log matching property violated. Preceding OpId in replica: term: 1 index: 1. Preceding OpId from leader: term: 1 index: 2. (index mismatch)
I20260710 11:02:07.659075 14460 consensus_queue.cc:1048] T f98e827f497f40c8b8d8d914229dfe0c P 5b94319755b34838a29c66d09b8292d1 [LEADER]: Connected to new peer: Peer: permanent_uuid: "90a4554291934184944b3507b25791d7" member_type: VOTER last_known_addr { host: "127.12.151.130" port: 38891 }, Status: LMP_MISMATCH, Last received: 0.0, Next index: 2, Last known committed idx: 1, Time since last communication: 0.000s
I20260710 11:02:07.660189 13999 raft_consensus.cc:1275] T f98e827f497f40c8b8d8d914229dfe0c P 6e7e9b09595d4f5ead20d2363a5ebc04 [term 1 FOLLOWER]: Refusing update from remote peer 5b94319755b34838a29c66d09b8292d1: Log matching property violated. Preceding OpId in replica: term: 1 index: 1. Preceding OpId from leader: term: 1 index: 2. (index mismatch)
I20260710 11:02:07.661739 14438 consensus_queue.cc:1048] T f98e827f497f40c8b8d8d914229dfe0c P 5b94319755b34838a29c66d09b8292d1 [LEADER]: Connected to new peer: Peer: permanent_uuid: "6e7e9b09595d4f5ead20d2363a5ebc04" member_type: VOTER last_known_addr { host: "127.12.151.129" port: 36735 } attrs { replace: true }, Status: LMP_MISMATCH, Last received: 0.0, Next index: 2, Last known committed idx: 1, Time since last communication: 0.000s
W20260710 11:02:07.671757 14113 consensus_peers.cc:597] T f98e827f497f40c8b8d8d914229dfe0c P 5b94319755b34838a29c66d09b8292d1 -> Peer d078863ac2d24855bffb9c0bdd48f9a4 (127.12.151.132:42475): Couldn't send request to peer d078863ac2d24855bffb9c0bdd48f9a4. Error code: TABLET_NOT_FOUND (6). Status: Not found: Tablet not found: f98e827f497f40c8b8d8d914229dfe0c. This is attempt 1: this message will repeat every 5th retry.
I20260710 11:02:07.672636 14460 raft_consensus.cc:2955] T f98e827f497f40c8b8d8d914229dfe0c P 5b94319755b34838a29c66d09b8292d1 [term 1 LEADER]: Committing config change with OpId 1.2: config changed from index -1 to 2, NON_VOTER d078863ac2d24855bffb9c0bdd48f9a4 (127.12.151.132) added. New config: { opid_index: 2 OBSOLETE_local: false peers { permanent_uuid: "6e7e9b09595d4f5ead20d2363a5ebc04" member_type: VOTER last_known_addr { host: "127.12.151.129" port: 36735 } attrs { replace: true } } peers { permanent_uuid: "90a4554291934184944b3507b25791d7" member_type: VOTER last_known_addr { host: "127.12.151.130" port: 38891 } } peers { permanent_uuid: "5b94319755b34838a29c66d09b8292d1" member_type: VOTER last_known_addr { host: "127.12.151.131" port: 42245 } } peers { permanent_uuid: "d078863ac2d24855bffb9c0bdd48f9a4" member_type: NON_VOTER last_known_addr { host: "127.12.151.132" port: 42475 } attrs { promote: true } } }
I20260710 11:02:07.673897 13999 raft_consensus.cc:2955] T f98e827f497f40c8b8d8d914229dfe0c P 6e7e9b09595d4f5ead20d2363a5ebc04 [term 1 FOLLOWER]: Committing config change with OpId 1.2: config changed from index -1 to 2, NON_VOTER d078863ac2d24855bffb9c0bdd48f9a4 (127.12.151.132) added. New config: { opid_index: 2 OBSOLETE_local: false peers { permanent_uuid: "6e7e9b09595d4f5ead20d2363a5ebc04" member_type: VOTER last_known_addr { host: "127.12.151.129" port: 36735 } attrs { replace: true } } peers { permanent_uuid: "90a4554291934184944b3507b25791d7" member_type: VOTER last_known_addr { host: "127.12.151.130" port: 38891 } } peers { permanent_uuid: "5b94319755b34838a29c66d09b8292d1" member_type: VOTER last_known_addr { host: "127.12.151.131" port: 42245 } } peers { permanent_uuid: "d078863ac2d24855bffb9c0bdd48f9a4" member_type: NON_VOTER last_known_addr { host: "127.12.151.132" port: 42475 } attrs { promote: true } } }
I20260710 11:02:07.676874 14072 raft_consensus.cc:2955] T f98e827f497f40c8b8d8d914229dfe0c P 90a4554291934184944b3507b25791d7 [term 1 FOLLOWER]: Committing config change with OpId 1.2: config changed from index -1 to 2, NON_VOTER d078863ac2d24855bffb9c0bdd48f9a4 (127.12.151.132) added. New config: { opid_index: 2 OBSOLETE_local: false peers { permanent_uuid: "6e7e9b09595d4f5ead20d2363a5ebc04" member_type: VOTER last_known_addr { host: "127.12.151.129" port: 36735 } attrs { replace: true } } peers { permanent_uuid: "90a4554291934184944b3507b25791d7" member_type: VOTER last_known_addr { host: "127.12.151.130" port: 38891 } } peers { permanent_uuid: "5b94319755b34838a29c66d09b8292d1" member_type: VOTER last_known_addr { host: "127.12.151.131" port: 42245 } } peers { permanent_uuid: "d078863ac2d24855bffb9c0bdd48f9a4" member_type: NON_VOTER last_known_addr { host: "127.12.151.132" port: 42475 } attrs { promote: true } } }
I20260710 11:02:07.687855 13896 catalog_manager.cc:5697] T f98e827f497f40c8b8d8d914229dfe0c P 6e7e9b09595d4f5ead20d2363a5ebc04 reported cstate change: config changed from index -1 to 2, NON_VOTER d078863ac2d24855bffb9c0bdd48f9a4 (127.12.151.132) added. New cstate: current_term: 1 leader_uuid: "5b94319755b34838a29c66d09b8292d1" committed_config { opid_index: 2 OBSOLETE_local: false peers { permanent_uuid: "6e7e9b09595d4f5ead20d2363a5ebc04" member_type: VOTER last_known_addr { host: "127.12.151.129" port: 36735 } attrs { replace: true } } peers { permanent_uuid: "90a4554291934184944b3507b25791d7" member_type: VOTER last_known_addr { host: "127.12.151.130" port: 38891 } } peers { permanent_uuid: "5b94319755b34838a29c66d09b8292d1" member_type: VOTER last_known_addr { host: "127.12.151.131" port: 42245 } } peers { permanent_uuid: "d078863ac2d24855bffb9c0bdd48f9a4" member_type: NON_VOTER last_known_addr { host: "127.12.151.132" port: 42475 } attrs { promote: true } } }
I20260710 11:02:07.696514 14433 heartbeater.cc:499] Master 127.12.151.190:39501 was elected leader, sending a full tablet report...
I20260710 11:02:07.974295 14464 ts_tablet_manager.cc:933] T 3ccf76380289486dafbc7b25bef07c16 P d078863ac2d24855bffb9c0bdd48f9a4: Initiating tablet copy from peer 6e7e9b09595d4f5ead20d2363a5ebc04 (127.12.151.129:36735)
I20260710 11:02:07.977263 14464 tablet_copy_client.cc:323] T 3ccf76380289486dafbc7b25bef07c16 P d078863ac2d24855bffb9c0bdd48f9a4: tablet copy: Beginning tablet copy session from remote peer at address 127.12.151.129:36735
I20260710 11:02:07.988519 14010 tablet_copy_service.cc:140] P 6e7e9b09595d4f5ead20d2363a5ebc04: Received BeginTabletCopySession request for tablet 3ccf76380289486dafbc7b25bef07c16 from peer d078863ac2d24855bffb9c0bdd48f9a4 ({username='slave'} at 127.0.0.1:59028)
I20260710 11:02:07.988979 14010 tablet_copy_service.cc:161] P 6e7e9b09595d4f5ead20d2363a5ebc04: Beginning new tablet copy session on tablet 3ccf76380289486dafbc7b25bef07c16 from peer d078863ac2d24855bffb9c0bdd48f9a4 at {username='slave'} at 127.0.0.1:59028: session id = d078863ac2d24855bffb9c0bdd48f9a4-3ccf76380289486dafbc7b25bef07c16
I20260710 11:02:07.994880 14010 tablet_copy_source_session.cc:215] T 3ccf76380289486dafbc7b25bef07c16 P 6e7e9b09595d4f5ead20d2363a5ebc04: Tablet Copy: opened 0 blocks and 1 log segments
I20260710 11:02:07.998090 14464 data_dirs.cc:400] Could only allocate 1 dirs of requested 3 for tablet 3ccf76380289486dafbc7b25bef07c16. 1 dirs total, 0 dirs full, 0 dirs failed
I20260710 11:02:08.007925 14464 tablet_copy_client.cc:806] T 3ccf76380289486dafbc7b25bef07c16 P d078863ac2d24855bffb9c0bdd48f9a4: tablet copy: Starting download of 0 data blocks...
I20260710 11:02:08.008445 14464 tablet_copy_client.cc:670] T 3ccf76380289486dafbc7b25bef07c16 P d078863ac2d24855bffb9c0bdd48f9a4: tablet copy: Starting download of 1 WAL segments...
I20260710 11:02:08.011691 14464 tablet_copy_client.cc:538] T 3ccf76380289486dafbc7b25bef07c16 P d078863ac2d24855bffb9c0bdd48f9a4: tablet copy: Tablet Copy complete. Replacing tablet superblock.
I20260710 11:02:08.016989 14464 tablet_bootstrap.cc:492] T 3ccf76380289486dafbc7b25bef07c16 P d078863ac2d24855bffb9c0bdd48f9a4: Bootstrap starting.
I20260710 11:02:08.021159 14467 ts_tablet_manager.cc:933] T 3bdcd503e7f84402b481c00571da772a P d078863ac2d24855bffb9c0bdd48f9a4: Initiating tablet copy from peer 90a4554291934184944b3507b25791d7 (127.12.151.130:38891)
I20260710 11:02:08.022749 14467 tablet_copy_client.cc:323] T 3bdcd503e7f84402b481c00571da772a P d078863ac2d24855bffb9c0bdd48f9a4: tablet copy: Beginning tablet copy session from remote peer at address 127.12.151.130:38891
I20260710 11:02:08.035567 14085 tablet_copy_service.cc:140] P 90a4554291934184944b3507b25791d7: Received BeginTabletCopySession request for tablet 3bdcd503e7f84402b481c00571da772a from peer d078863ac2d24855bffb9c0bdd48f9a4 ({username='slave'} at 127.0.0.1:44504)
I20260710 11:02:08.035991 14464 tablet_bootstrap.cc:492] T 3ccf76380289486dafbc7b25bef07c16 P d078863ac2d24855bffb9c0bdd48f9a4: Bootstrap replayed 1/1 log segments. Stats: ops{read=2 overwritten=0 applied=2 ignored=0} inserts{seen=0 ignored=0} mutations{seen=0 ignored=0} orphaned_commits=0. Pending: 0 replicates
I20260710 11:02:08.036152 14085 tablet_copy_service.cc:161] P 90a4554291934184944b3507b25791d7: Beginning new tablet copy session on tablet 3bdcd503e7f84402b481c00571da772a from peer d078863ac2d24855bffb9c0bdd48f9a4 at {username='slave'} at 127.0.0.1:44504: session id = d078863ac2d24855bffb9c0bdd48f9a4-3bdcd503e7f84402b481c00571da772a
I20260710 11:02:08.036854 14464 tablet_bootstrap.cc:492] T 3ccf76380289486dafbc7b25bef07c16 P d078863ac2d24855bffb9c0bdd48f9a4: Bootstrap complete.
I20260710 11:02:08.037528 14464 ts_tablet_manager.cc:1403] T 3ccf76380289486dafbc7b25bef07c16 P d078863ac2d24855bffb9c0bdd48f9a4: Time spent bootstrapping tablet: real 0.021s	user 0.011s	sys 0.009s
I20260710 11:02:08.040370 14464 raft_consensus.cc:359] T 3ccf76380289486dafbc7b25bef07c16 P d078863ac2d24855bffb9c0bdd48f9a4 [term 1 LEARNER]: Replica starting. Triggering 0 pending ops. Active config: opid_index: 2 OBSOLETE_local: false peers { permanent_uuid: "6e7e9b09595d4f5ead20d2363a5ebc04" member_type: VOTER last_known_addr { host: "127.12.151.129" port: 36735 } } peers { permanent_uuid: "90a4554291934184944b3507b25791d7" member_type: VOTER last_known_addr { host: "127.12.151.130" port: 38891 } attrs { replace: true } } peers { permanent_uuid: "5b94319755b34838a29c66d09b8292d1" member_type: VOTER last_known_addr { host: "127.12.151.131" port: 42245 } } peers { permanent_uuid: "d078863ac2d24855bffb9c0bdd48f9a4" member_type: NON_VOTER last_known_addr { host: "127.12.151.132" port: 42475 } attrs { promote: true } }
I20260710 11:02:08.041160 14464 raft_consensus.cc:740] T 3ccf76380289486dafbc7b25bef07c16 P d078863ac2d24855bffb9c0bdd48f9a4 [term 1 LEARNER]: Becoming Follower/Learner. State: Replica: d078863ac2d24855bffb9c0bdd48f9a4, State: Initialized, Role: LEARNER
I20260710 11:02:08.041963 14464 consensus_queue.cc:260] T 3ccf76380289486dafbc7b25bef07c16 P d078863ac2d24855bffb9c0bdd48f9a4 [NON_LEADER]: Queue going to NON_LEADER mode. State: All replicated index: 0, Majority replicated index: 0, Committed index: 2, Last appended: 1.2, Last appended by leader: 2, Current term: 0, Majority size: -1, State: 0, Mode: NON_LEADER, active raft config: opid_index: 2 OBSOLETE_local: false peers { permanent_uuid: "6e7e9b09595d4f5ead20d2363a5ebc04" member_type: VOTER last_known_addr { host: "127.12.151.129" port: 36735 } } peers { permanent_uuid: "90a4554291934184944b3507b25791d7" member_type: VOTER last_known_addr { host: "127.12.151.130" port: 38891 } attrs { replace: true } } peers { permanent_uuid: "5b94319755b34838a29c66d09b8292d1" member_type: VOTER last_known_addr { host: "127.12.151.131" port: 42245 } } peers { permanent_uuid: "d078863ac2d24855bffb9c0bdd48f9a4" member_type: NON_VOTER last_known_addr { host: "127.12.151.132" port: 42475 } attrs { promote: true } }
I20260710 11:02:08.043062 14085 tablet_copy_source_session.cc:215] T 3bdcd503e7f84402b481c00571da772a P 90a4554291934184944b3507b25791d7: Tablet Copy: opened 0 blocks and 1 log segments
I20260710 11:02:08.044960 14464 ts_tablet_manager.cc:1434] T 3ccf76380289486dafbc7b25bef07c16 P d078863ac2d24855bffb9c0bdd48f9a4: Time spent starting tablet: real 0.007s	user 0.005s	sys 0.003s
I20260710 11:02:08.046352 14467 data_dirs.cc:400] Could only allocate 1 dirs of requested 3 for tablet 3bdcd503e7f84402b481c00571da772a. 1 dirs total, 0 dirs full, 0 dirs failed
I20260710 11:02:08.047029 14010 tablet_copy_service.cc:342] P 6e7e9b09595d4f5ead20d2363a5ebc04: Request end of tablet copy session d078863ac2d24855bffb9c0bdd48f9a4-3ccf76380289486dafbc7b25bef07c16 received from {username='slave'} at 127.0.0.1:59028
I20260710 11:02:08.047461 14010 tablet_copy_service.cc:434] P 6e7e9b09595d4f5ead20d2363a5ebc04: ending tablet copy session d078863ac2d24855bffb9c0bdd48f9a4-3ccf76380289486dafbc7b25bef07c16 on tablet 3ccf76380289486dafbc7b25bef07c16 with peer d078863ac2d24855bffb9c0bdd48f9a4
I20260710 11:02:08.060017 14467 tablet_copy_client.cc:806] T 3bdcd503e7f84402b481c00571da772a P d078863ac2d24855bffb9c0bdd48f9a4: tablet copy: Starting download of 0 data blocks...
I20260710 11:02:08.060539 14467 tablet_copy_client.cc:670] T 3bdcd503e7f84402b481c00571da772a P d078863ac2d24855bffb9c0bdd48f9a4: tablet copy: Starting download of 1 WAL segments...
I20260710 11:02:08.063467 14467 tablet_copy_client.cc:538] T 3bdcd503e7f84402b481c00571da772a P d078863ac2d24855bffb9c0bdd48f9a4: tablet copy: Tablet Copy complete. Replacing tablet superblock.
I20260710 11:02:08.071039 14467 tablet_bootstrap.cc:492] T 3bdcd503e7f84402b481c00571da772a P d078863ac2d24855bffb9c0bdd48f9a4: Bootstrap starting.
I20260710 11:02:08.078830 14464 ts_tablet_manager.cc:933] T 1dfa2627248a46be85e8bad5f218014a P d078863ac2d24855bffb9c0bdd48f9a4: Initiating tablet copy from peer 90a4554291934184944b3507b25791d7 (127.12.151.130:38891)
I20260710 11:02:08.081502 14464 tablet_copy_client.cc:323] T 1dfa2627248a46be85e8bad5f218014a P d078863ac2d24855bffb9c0bdd48f9a4: tablet copy: Beginning tablet copy session from remote peer at address 127.12.151.130:38891
I20260710 11:02:08.082722 14085 tablet_copy_service.cc:140] P 90a4554291934184944b3507b25791d7: Received BeginTabletCopySession request for tablet 1dfa2627248a46be85e8bad5f218014a from peer d078863ac2d24855bffb9c0bdd48f9a4 ({username='slave'} at 127.0.0.1:44504)
I20260710 11:02:08.083115 14085 tablet_copy_service.cc:161] P 90a4554291934184944b3507b25791d7: Beginning new tablet copy session on tablet 1dfa2627248a46be85e8bad5f218014a from peer d078863ac2d24855bffb9c0bdd48f9a4 at {username='slave'} at 127.0.0.1:44504: session id = d078863ac2d24855bffb9c0bdd48f9a4-1dfa2627248a46be85e8bad5f218014a
I20260710 11:02:08.088037 14085 tablet_copy_source_session.cc:215] T 1dfa2627248a46be85e8bad5f218014a P 90a4554291934184944b3507b25791d7: Tablet Copy: opened 0 blocks and 1 log segments
I20260710 11:02:08.090392 14464 data_dirs.cc:400] Could only allocate 1 dirs of requested 3 for tablet 1dfa2627248a46be85e8bad5f218014a. 1 dirs total, 0 dirs full, 0 dirs failed
I20260710 11:02:08.090852 14467 tablet_bootstrap.cc:492] T 3bdcd503e7f84402b481c00571da772a P d078863ac2d24855bffb9c0bdd48f9a4: Bootstrap replayed 1/1 log segments. Stats: ops{read=2 overwritten=0 applied=2 ignored=0} inserts{seen=0 ignored=0} mutations{seen=0 ignored=0} orphaned_commits=0. Pending: 0 replicates
I20260710 11:02:08.091675 14467 tablet_bootstrap.cc:492] T 3bdcd503e7f84402b481c00571da772a P d078863ac2d24855bffb9c0bdd48f9a4: Bootstrap complete.
I20260710 11:02:08.092293 14467 ts_tablet_manager.cc:1403] T 3bdcd503e7f84402b481c00571da772a P d078863ac2d24855bffb9c0bdd48f9a4: Time spent bootstrapping tablet: real 0.021s	user 0.020s	sys 0.003s
I20260710 11:02:08.095732 14467 raft_consensus.cc:359] T 3bdcd503e7f84402b481c00571da772a P d078863ac2d24855bffb9c0bdd48f9a4 [term 1 LEARNER]: Replica starting. Triggering 0 pending ops. Active config: opid_index: 2 OBSOLETE_local: false peers { permanent_uuid: "6e7e9b09595d4f5ead20d2363a5ebc04" member_type: VOTER last_known_addr { host: "127.12.151.129" port: 36735 } attrs { replace: true } } peers { permanent_uuid: "90a4554291934184944b3507b25791d7" member_type: VOTER last_known_addr { host: "127.12.151.130" port: 38891 } } peers { permanent_uuid: "5b94319755b34838a29c66d09b8292d1" member_type: VOTER last_known_addr { host: "127.12.151.131" port: 42245 } } peers { permanent_uuid: "d078863ac2d24855bffb9c0bdd48f9a4" member_type: NON_VOTER last_known_addr { host: "127.12.151.132" port: 42475 } attrs { promote: true } }
I20260710 11:02:08.096575 14467 raft_consensus.cc:740] T 3bdcd503e7f84402b481c00571da772a P d078863ac2d24855bffb9c0bdd48f9a4 [term 1 LEARNER]: Becoming Follower/Learner. State: Replica: d078863ac2d24855bffb9c0bdd48f9a4, State: Initialized, Role: LEARNER
I20260710 11:02:08.097245 14467 consensus_queue.cc:260] T 3bdcd503e7f84402b481c00571da772a P d078863ac2d24855bffb9c0bdd48f9a4 [NON_LEADER]: Queue going to NON_LEADER mode. State: All replicated index: 0, Majority replicated index: 0, Committed index: 2, Last appended: 1.2, Last appended by leader: 2, Current term: 0, Majority size: -1, State: 0, Mode: NON_LEADER, active raft config: opid_index: 2 OBSOLETE_local: false peers { permanent_uuid: "6e7e9b09595d4f5ead20d2363a5ebc04" member_type: VOTER last_known_addr { host: "127.12.151.129" port: 36735 } attrs { replace: true } } peers { permanent_uuid: "90a4554291934184944b3507b25791d7" member_type: VOTER last_known_addr { host: "127.12.151.130" port: 38891 } } peers { permanent_uuid: "5b94319755b34838a29c66d09b8292d1" member_type: VOTER last_known_addr { host: "127.12.151.131" port: 42245 } } peers { permanent_uuid: "d078863ac2d24855bffb9c0bdd48f9a4" member_type: NON_VOTER last_known_addr { host: "127.12.151.132" port: 42475 } attrs { promote: true } }
I20260710 11:02:08.099653 14467 ts_tablet_manager.cc:1434] T 3bdcd503e7f84402b481c00571da772a P d078863ac2d24855bffb9c0bdd48f9a4: Time spent starting tablet: real 0.007s	user 0.005s	sys 0.000s
I20260710 11:02:08.107343 14464 tablet_copy_client.cc:806] T 1dfa2627248a46be85e8bad5f218014a P d078863ac2d24855bffb9c0bdd48f9a4: tablet copy: Starting download of 0 data blocks...
I20260710 11:02:08.107928 14464 tablet_copy_client.cc:670] T 1dfa2627248a46be85e8bad5f218014a P d078863ac2d24855bffb9c0bdd48f9a4: tablet copy: Starting download of 1 WAL segments...
I20260710 11:02:08.109042 14085 tablet_copy_service.cc:342] P 90a4554291934184944b3507b25791d7: Request end of tablet copy session d078863ac2d24855bffb9c0bdd48f9a4-3bdcd503e7f84402b481c00571da772a received from {username='slave'} at 127.0.0.1:44504
I20260710 11:02:08.109381 14085 tablet_copy_service.cc:434] P 90a4554291934184944b3507b25791d7: ending tablet copy session d078863ac2d24855bffb9c0bdd48f9a4-3bdcd503e7f84402b481c00571da772a on tablet 3bdcd503e7f84402b481c00571da772a with peer d078863ac2d24855bffb9c0bdd48f9a4
I20260710 11:02:08.112875 14464 tablet_copy_client.cc:538] T 1dfa2627248a46be85e8bad5f218014a P d078863ac2d24855bffb9c0bdd48f9a4: tablet copy: Tablet Copy complete. Replacing tablet superblock.
I20260710 11:02:08.119086 14464 tablet_bootstrap.cc:492] T 1dfa2627248a46be85e8bad5f218014a P d078863ac2d24855bffb9c0bdd48f9a4: Bootstrap starting.
I20260710 11:02:08.134454 14464 tablet_bootstrap.cc:492] T 1dfa2627248a46be85e8bad5f218014a P d078863ac2d24855bffb9c0bdd48f9a4: Bootstrap replayed 1/1 log segments. Stats: ops{read=2 overwritten=0 applied=2 ignored=0} inserts{seen=0 ignored=0} mutations{seen=0 ignored=0} orphaned_commits=0. Pending: 0 replicates
I20260710 11:02:08.135061 14464 tablet_bootstrap.cc:492] T 1dfa2627248a46be85e8bad5f218014a P d078863ac2d24855bffb9c0bdd48f9a4: Bootstrap complete.
I20260710 11:02:08.135528 14464 ts_tablet_manager.cc:1403] T 1dfa2627248a46be85e8bad5f218014a P d078863ac2d24855bffb9c0bdd48f9a4: Time spent bootstrapping tablet: real 0.017s	user 0.014s	sys 0.001s
I20260710 11:02:08.138026 14464 raft_consensus.cc:359] T 1dfa2627248a46be85e8bad5f218014a P d078863ac2d24855bffb9c0bdd48f9a4 [term 1 LEARNER]: Replica starting. Triggering 0 pending ops. Active config: opid_index: 2 OBSOLETE_local: false peers { permanent_uuid: "6e7e9b09595d4f5ead20d2363a5ebc04" member_type: VOTER last_known_addr { host: "127.12.151.129" port: 36735 } } peers { permanent_uuid: "90a4554291934184944b3507b25791d7" member_type: VOTER last_known_addr { host: "127.12.151.130" port: 38891 } } peers { permanent_uuid: "5b94319755b34838a29c66d09b8292d1" member_type: VOTER last_known_addr { host: "127.12.151.131" port: 42245 } attrs { replace: true } } peers { permanent_uuid: "d078863ac2d24855bffb9c0bdd48f9a4" member_type: NON_VOTER last_known_addr { host: "127.12.151.132" port: 42475 } attrs { promote: true } }
I20260710 11:02:08.138832 14464 raft_consensus.cc:740] T 1dfa2627248a46be85e8bad5f218014a P d078863ac2d24855bffb9c0bdd48f9a4 [term 1 LEARNER]: Becoming Follower/Learner. State: Replica: d078863ac2d24855bffb9c0bdd48f9a4, State: Initialized, Role: LEARNER
I20260710 11:02:08.139439 14464 consensus_queue.cc:260] T 1dfa2627248a46be85e8bad5f218014a P d078863ac2d24855bffb9c0bdd48f9a4 [NON_LEADER]: Queue going to NON_LEADER mode. State: All replicated index: 0, Majority replicated index: 0, Committed index: 2, Last appended: 1.2, Last appended by leader: 2, Current term: 0, Majority size: -1, State: 0, Mode: NON_LEADER, active raft config: opid_index: 2 OBSOLETE_local: false peers { permanent_uuid: "6e7e9b09595d4f5ead20d2363a5ebc04" member_type: VOTER last_known_addr { host: "127.12.151.129" port: 36735 } } peers { permanent_uuid: "90a4554291934184944b3507b25791d7" member_type: VOTER last_known_addr { host: "127.12.151.130" port: 38891 } } peers { permanent_uuid: "5b94319755b34838a29c66d09b8292d1" member_type: VOTER last_known_addr { host: "127.12.151.131" port: 42245 } attrs { replace: true } } peers { permanent_uuid: "d078863ac2d24855bffb9c0bdd48f9a4" member_type: NON_VOTER last_known_addr { host: "127.12.151.132" port: 42475 } attrs { promote: true } }
I20260710 11:02:08.141484 14464 ts_tablet_manager.cc:1434] T 1dfa2627248a46be85e8bad5f218014a P d078863ac2d24855bffb9c0bdd48f9a4: Time spent starting tablet: real 0.006s	user 0.004s	sys 0.000s
I20260710 11:02:08.144570 14085 tablet_copy_service.cc:342] P 90a4554291934184944b3507b25791d7: Request end of tablet copy session d078863ac2d24855bffb9c0bdd48f9a4-1dfa2627248a46be85e8bad5f218014a received from {username='slave'} at 127.0.0.1:44504
I20260710 11:02:08.144973 14085 tablet_copy_service.cc:434] P 90a4554291934184944b3507b25791d7: ending tablet copy session d078863ac2d24855bffb9c0bdd48f9a4-1dfa2627248a46be85e8bad5f218014a on tablet 1dfa2627248a46be85e8bad5f218014a with peer d078863ac2d24855bffb9c0bdd48f9a4
I20260710 11:02:08.197240 14464 ts_tablet_manager.cc:933] T f98e827f497f40c8b8d8d914229dfe0c P d078863ac2d24855bffb9c0bdd48f9a4: Initiating tablet copy from peer 5b94319755b34838a29c66d09b8292d1 (127.12.151.131:42245)
I20260710 11:02:08.199399 14464 tablet_copy_client.cc:323] T f98e827f497f40c8b8d8d914229dfe0c P d078863ac2d24855bffb9c0bdd48f9a4: tablet copy: Beginning tablet copy session from remote peer at address 127.12.151.131:42245
I20260710 11:02:08.213657 14159 tablet_copy_service.cc:140] P 5b94319755b34838a29c66d09b8292d1: Received BeginTabletCopySession request for tablet f98e827f497f40c8b8d8d914229dfe0c from peer d078863ac2d24855bffb9c0bdd48f9a4 ({username='slave'} at 127.0.0.1:37814)
I20260710 11:02:08.214210 14159 tablet_copy_service.cc:161] P 5b94319755b34838a29c66d09b8292d1: Beginning new tablet copy session on tablet f98e827f497f40c8b8d8d914229dfe0c from peer d078863ac2d24855bffb9c0bdd48f9a4 at {username='slave'} at 127.0.0.1:37814: session id = d078863ac2d24855bffb9c0bdd48f9a4-f98e827f497f40c8b8d8d914229dfe0c
I20260710 11:02:08.221308 14159 tablet_copy_source_session.cc:215] T f98e827f497f40c8b8d8d914229dfe0c P 5b94319755b34838a29c66d09b8292d1: Tablet Copy: opened 0 blocks and 1 log segments
I20260710 11:02:08.224138 14464 data_dirs.cc:400] Could only allocate 1 dirs of requested 3 for tablet f98e827f497f40c8b8d8d914229dfe0c. 1 dirs total, 0 dirs full, 0 dirs failed
I20260710 11:02:08.236758 14464 tablet_copy_client.cc:806] T f98e827f497f40c8b8d8d914229dfe0c P d078863ac2d24855bffb9c0bdd48f9a4: tablet copy: Starting download of 0 data blocks...
I20260710 11:02:08.237262 14464 tablet_copy_client.cc:670] T f98e827f497f40c8b8d8d914229dfe0c P d078863ac2d24855bffb9c0bdd48f9a4: tablet copy: Starting download of 1 WAL segments...
I20260710 11:02:08.240520 14464 tablet_copy_client.cc:538] T f98e827f497f40c8b8d8d914229dfe0c P d078863ac2d24855bffb9c0bdd48f9a4: tablet copy: Tablet Copy complete. Replacing tablet superblock.
I20260710 11:02:08.245210 14464 tablet_bootstrap.cc:492] T f98e827f497f40c8b8d8d914229dfe0c P d078863ac2d24855bffb9c0bdd48f9a4: Bootstrap starting.
I20260710 11:02:08.257771 14464 tablet_bootstrap.cc:492] T f98e827f497f40c8b8d8d914229dfe0c P d078863ac2d24855bffb9c0bdd48f9a4: Bootstrap replayed 1/1 log segments. Stats: ops{read=2 overwritten=0 applied=2 ignored=0} inserts{seen=0 ignored=0} mutations{seen=0 ignored=0} orphaned_commits=0. Pending: 0 replicates
I20260710 11:02:08.258390 14464 tablet_bootstrap.cc:492] T f98e827f497f40c8b8d8d914229dfe0c P d078863ac2d24855bffb9c0bdd48f9a4: Bootstrap complete.
I20260710 11:02:08.258801 14464 ts_tablet_manager.cc:1403] T f98e827f497f40c8b8d8d914229dfe0c P d078863ac2d24855bffb9c0bdd48f9a4: Time spent bootstrapping tablet: real 0.014s	user 0.012s	sys 0.000s
I20260710 11:02:08.260859 14464 raft_consensus.cc:359] T f98e827f497f40c8b8d8d914229dfe0c P d078863ac2d24855bffb9c0bdd48f9a4 [term 1 LEARNER]: Replica starting. Triggering 0 pending ops. Active config: opid_index: 2 OBSOLETE_local: false peers { permanent_uuid: "6e7e9b09595d4f5ead20d2363a5ebc04" member_type: VOTER last_known_addr { host: "127.12.151.129" port: 36735 } attrs { replace: true } } peers { permanent_uuid: "90a4554291934184944b3507b25791d7" member_type: VOTER last_known_addr { host: "127.12.151.130" port: 38891 } } peers { permanent_uuid: "5b94319755b34838a29c66d09b8292d1" member_type: VOTER last_known_addr { host: "127.12.151.131" port: 42245 } } peers { permanent_uuid: "d078863ac2d24855bffb9c0bdd48f9a4" member_type: NON_VOTER last_known_addr { host: "127.12.151.132" port: 42475 } attrs { promote: true } }
I20260710 11:02:08.261346 14464 raft_consensus.cc:740] T f98e827f497f40c8b8d8d914229dfe0c P d078863ac2d24855bffb9c0bdd48f9a4 [term 1 LEARNER]: Becoming Follower/Learner. State: Replica: d078863ac2d24855bffb9c0bdd48f9a4, State: Initialized, Role: LEARNER
I20260710 11:02:08.261780 14464 consensus_queue.cc:260] T f98e827f497f40c8b8d8d914229dfe0c P d078863ac2d24855bffb9c0bdd48f9a4 [NON_LEADER]: Queue going to NON_LEADER mode. State: All replicated index: 0, Majority replicated index: 0, Committed index: 2, Last appended: 1.2, Last appended by leader: 2, Current term: 0, Majority size: -1, State: 0, Mode: NON_LEADER, active raft config: opid_index: 2 OBSOLETE_local: false peers { permanent_uuid: "6e7e9b09595d4f5ead20d2363a5ebc04" member_type: VOTER last_known_addr { host: "127.12.151.129" port: 36735 } attrs { replace: true } } peers { permanent_uuid: "90a4554291934184944b3507b25791d7" member_type: VOTER last_known_addr { host: "127.12.151.130" port: 38891 } } peers { permanent_uuid: "5b94319755b34838a29c66d09b8292d1" member_type: VOTER last_known_addr { host: "127.12.151.131" port: 42245 } } peers { permanent_uuid: "d078863ac2d24855bffb9c0bdd48f9a4" member_type: NON_VOTER last_known_addr { host: "127.12.151.132" port: 42475 } attrs { promote: true } }
I20260710 11:02:08.263146 14464 ts_tablet_manager.cc:1434] T f98e827f497f40c8b8d8d914229dfe0c P d078863ac2d24855bffb9c0bdd48f9a4: Time spent starting tablet: real 0.004s	user 0.004s	sys 0.000s
I20260710 11:02:08.264726 14159 tablet_copy_service.cc:342] P 5b94319755b34838a29c66d09b8292d1: Request end of tablet copy session d078863ac2d24855bffb9c0bdd48f9a4-f98e827f497f40c8b8d8d914229dfe0c received from {username='slave'} at 127.0.0.1:37814
I20260710 11:02:08.265206 14159 tablet_copy_service.cc:434] P 5b94319755b34838a29c66d09b8292d1: ending tablet copy session d078863ac2d24855bffb9c0bdd48f9a4-f98e827f497f40c8b8d8d914229dfe0c on tablet f98e827f497f40c8b8d8d914229dfe0c with peer d078863ac2d24855bffb9c0bdd48f9a4
I20260710 11:02:08.455946 14408 raft_consensus.cc:1217] T 3ccf76380289486dafbc7b25bef07c16 P d078863ac2d24855bffb9c0bdd48f9a4 [term 1 LEARNER]: Deduplicated request from leader. Original: 1.1->[1.2-1.2]   Dedup: 1.2->[]
I20260710 11:02:08.493005 14408 raft_consensus.cc:1217] T 1dfa2627248a46be85e8bad5f218014a P d078863ac2d24855bffb9c0bdd48f9a4 [term 1 LEARNER]: Deduplicated request from leader. Original: 1.1->[1.2-1.2]   Dedup: 1.2->[]
I20260710 11:02:08.571071 14408 raft_consensus.cc:1217] T 3bdcd503e7f84402b481c00571da772a P d078863ac2d24855bffb9c0bdd48f9a4 [term 1 LEARNER]: Deduplicated request from leader. Original: 1.1->[1.2-1.2]   Dedup: 1.2->[]
I20260710 11:02:08.672698 14408 raft_consensus.cc:1217] T f98e827f497f40c8b8d8d914229dfe0c P d078863ac2d24855bffb9c0bdd48f9a4 [term 1 LEARNER]: Deduplicated request from leader. Original: 1.1->[1.2-1.2]   Dedup: 1.2->[]
I20260710 11:02:08.962282 14229 raft_consensus.cc:1064] T 3bdcd503e7f84402b481c00571da772a P 90a4554291934184944b3507b25791d7: attempting to promote NON_VOTER d078863ac2d24855bffb9c0bdd48f9a4 to VOTER
I20260710 11:02:08.964154 14229 consensus_queue.cc:237] T 3bdcd503e7f84402b481c00571da772a P 90a4554291934184944b3507b25791d7 [LEADER]: Queue going to LEADER mode. State: All replicated index: 0, Majority replicated index: 2, Committed index: 2, Last appended: 1.2, Last appended by leader: 0, Current term: 1, Majority size: 3, State: 0, Mode: LEADER, active raft config: opid_index: 3 OBSOLETE_local: false peers { permanent_uuid: "6e7e9b09595d4f5ead20d2363a5ebc04" member_type: VOTER last_known_addr { host: "127.12.151.129" port: 36735 } attrs { replace: true } } peers { permanent_uuid: "90a4554291934184944b3507b25791d7" member_type: VOTER last_known_addr { host: "127.12.151.130" port: 38891 } } peers { permanent_uuid: "5b94319755b34838a29c66d09b8292d1" member_type: VOTER last_known_addr { host: "127.12.151.131" port: 42245 } } peers { permanent_uuid: "d078863ac2d24855bffb9c0bdd48f9a4" member_type: VOTER last_known_addr { host: "127.12.151.132" port: 42475 } attrs { promote: false } }
I20260710 11:02:08.969384 14148 raft_consensus.cc:1275] T 3bdcd503e7f84402b481c00571da772a P 5b94319755b34838a29c66d09b8292d1 [term 1 FOLLOWER]: Refusing update from remote peer 90a4554291934184944b3507b25791d7: Log matching property violated. Preceding OpId in replica: term: 1 index: 2. Preceding OpId from leader: term: 1 index: 3. (index mismatch)
I20260710 11:02:08.969473 14408 raft_consensus.cc:1275] T 3bdcd503e7f84402b481c00571da772a P d078863ac2d24855bffb9c0bdd48f9a4 [term 1 LEARNER]: Refusing update from remote peer 90a4554291934184944b3507b25791d7: Log matching property violated. Preceding OpId in replica: term: 1 index: 2. Preceding OpId from leader: term: 1 index: 3. (index mismatch)
I20260710 11:02:08.970110 13999 raft_consensus.cc:1275] T 3bdcd503e7f84402b481c00571da772a P 6e7e9b09595d4f5ead20d2363a5ebc04 [term 1 FOLLOWER]: Refusing update from remote peer 90a4554291934184944b3507b25791d7: Log matching property violated. Preceding OpId in replica: term: 1 index: 2. Preceding OpId from leader: term: 1 index: 3. (index mismatch)
