[==========] Running 8 tests from 2 test suites.
[----------] Global test environment set-up.
[----------] 6 tests from LeaderRebalancerTest
[ RUN      ] LeaderRebalancerTest.FunctionalTestForDivided
WARNING: Logging before InitGoogleLogging() is written to STDERR
I20260710 11:01:41.756958  6255 internal_mini_cluster.cc:156] Creating distributed mini masters. Addrs: 127.6.27.254:38607
I20260710 11:01:41.758999  6255 env_posix.cc:2285] Not raising this process' open files per process limit of 1048576; it is already as high as it can go
I20260710 11:01:41.760295  6255 file_cache.cc:504] Constructed file cache file cache with capacity 419430
W20260710 11:01:41.778223  6261 instance_detector.cc:116] could not retrieve AWS instance metadata: Network error: curl error: HTTP response code said error: The requested URL returned error: 404
W20260710 11:01:41.778373  6262 instance_detector.cc:116] could not retrieve Azure instance metadata: Network error: curl error: HTTP response code said error: The requested URL returned error: 404
W20260710 11:01:41.780346  6264 instance_detector.cc:116] could not retrieve OpenStack instance metadata: Network error: curl error: HTTP response code said error: The requested URL returned error: 404
W20260710 11:01:43.047923  6263 instance_detector.cc:116] could not retrieve GCE instance metadata: Timed out: curl timeout: Timeout was reached: Resolving timed out after 1267 milliseconds
I20260710 11:01:43.048233  6255 server_base.cc:1056] Not found: could not retrieve instance metadata: unable to detect cloud type of this node, probably running in non-cloud environment
I20260710 11:01:43.050171  6255 hybrid_clock.cc:584] initializing the hybrid clock with 'system_unsync' time source
W20260710 11:01:43.050513  6255 system_unsync_time.cc:38] NTP support is disabled. Clock error bounds will not be accurate. This configuration is not suitable for distributed clusters.
I20260710 11:01:43.050763  6255 hybrid_clock.cc:648] HybridClock initialized: now 1783681303050734 us; error 0 us; skew 500 ppm
I20260710 11:01:43.051811  6255 server_base.cc:861] Flag tcmalloc_max_total_thread_cache_bytes is not working since tcmalloc is not enabled.
I20260710 11:01:43.059338  6255 webserver.cc:533] Webserver started at http://127.6.27.254:37239/ using document root <none> and password file <none>
I20260710 11:01:43.060406  6255 fs_manager.cc:362] Metadata directory not provided
I20260710 11:01:43.060686  6255 fs_manager.cc:368] Using write-ahead log directory (fs_wal_dir) as metadata directory
I20260710 11:01:43.061211  6255 server_base.cc:909] This appears to be a new deployment of Kudu; creating new FS layout
I20260710 11:01:43.067811  6255 fs_manager.cc:1068] Generated new instance metadata in path /tmp/dist-test-task7Tm6C3/test-tmp/auto_leader_rebalancer-test.0.LeaderRebalancerTest.FunctionalTestForDivided.1783681301535679-6255-0/minicluster-data/master-0-root/instance:
uuid: "bbe9913623114d818afa1058d42bff5d"
format_stamp: "Formatted at 2026-07-10 11:01:43 on dist-test-slave-v5kw"
I20260710 11:01:43.077349  6255 fs_manager.cc:696] Time spent creating directory manager: real 0.008s	user 0.010s	sys 0.000s
I20260710 11:01:43.083673  6270 log_block_manager.cc:4127] Time spent loading block containers with low live blocks: real 0.000s	user 0.000s	sys 0.000s
I20260710 11:01:43.085316  6255 fs_manager.cc:730] Time spent opening block manager: real 0.005s	user 0.006s	sys 0.000s
I20260710 11:01:43.085839  6255 fs_manager.cc:647] Opened local filesystem: /tmp/dist-test-task7Tm6C3/test-tmp/auto_leader_rebalancer-test.0.LeaderRebalancerTest.FunctionalTestForDivided.1783681301535679-6255-0/minicluster-data/master-0-root
uuid: "bbe9913623114d818afa1058d42bff5d"
format_stamp: "Formatted at 2026-07-10 11:01:43 on dist-test-slave-v5kw"
I20260710 11:01:43.086298  6255 fs_report.cc:389] FS layout report
--------------------
wal directory: /tmp/dist-test-task7Tm6C3/test-tmp/auto_leader_rebalancer-test.0.LeaderRebalancerTest.FunctionalTestForDivided.1783681301535679-6255-0/minicluster-data/master-0-root
metadata directory: /tmp/dist-test-task7Tm6C3/test-tmp/auto_leader_rebalancer-test.0.LeaderRebalancerTest.FunctionalTestForDivided.1783681301535679-6255-0/minicluster-data/master-0-root
1 data directories: /tmp/dist-test-task7Tm6C3/test-tmp/auto_leader_rebalancer-test.0.LeaderRebalancerTest.FunctionalTestForDivided.1783681301535679-6255-0/minicluster-data/master-0-root/data
Total live blocks: 0
Total live bytes: 0
Total live bytes (after alignment): 0
Total number of LBM containers: 0 (0 full)
Did not check for missing blocks
Did not check for orphaned blocks
Total full LBM containers with extra space: 0 (0 repaired)
Total full LBM container extra space in bytes: 0 (0 repaired)
Total incomplete LBM containers: 0 (0 repaired)
Total LBM partial records: 0 (0 repaired)
Total corrupted LBM metadata records in RocksDB: 0 (0 repaired)
I20260710 11:01:43.139024  6255 rpc_server.cc:225] running with OpenSSL 1.1.1  11 Sep 2018
I20260710 11:01:43.140938  6255 env_posix.cc:2285] Not raising this process' running threads per effective uid limit of 18446744073709551615; it is already as high as it can go
I20260710 11:01:43.141535  6255 kserver.cc:163] Server-wide thread pool size limit: 3276
I20260710 11:01:43.229001  6255 rpc_server.cc:307] RPC server started. Bound to: 127.6.27.254:38607
I20260710 11:01:43.229085  6321 acceptor_pool.cc:272] collecting diagnostics on the listening RPC socket 127.6.27.254:38607 every 8 connection(s)
I20260710 11:01:43.238103  6322 data_dirs.cc:400] Could only allocate 1 dirs of requested 3 for tablet 00000000000000000000000000000000. 1 dirs total, 0 dirs full, 0 dirs failed
I20260710 11:01:43.260852  6322 tablet_bootstrap.cc:492] T 00000000000000000000000000000000 P bbe9913623114d818afa1058d42bff5d: Bootstrap starting.
I20260710 11:01:43.267127  6322 tablet_bootstrap.cc:654] T 00000000000000000000000000000000 P bbe9913623114d818afa1058d42bff5d: Neither blocks nor log segments found. Creating new log.
I20260710 11:01:43.268980  6322 log.cc:826] T 00000000000000000000000000000000 P bbe9913623114d818afa1058d42bff5d: Log is configured to *not* fsync() on all Append() calls
I20260710 11:01:43.274190  6322 tablet_bootstrap.cc:492] T 00000000000000000000000000000000 P bbe9913623114d818afa1058d42bff5d: No bootstrap required, opened a new log
I20260710 11:01:43.294874  6322 raft_consensus.cc:359] T 00000000000000000000000000000000 P bbe9913623114d818afa1058d42bff5d [term 0 FOLLOWER]: Replica starting. Triggering 0 pending ops. Active config: opid_index: -1 OBSOLETE_local: true peers { permanent_uuid: "bbe9913623114d818afa1058d42bff5d" member_type: VOTER }
I20260710 11:01:43.295444  6322 raft_consensus.cc:385] T 00000000000000000000000000000000 P bbe9913623114d818afa1058d42bff5d [term 0 FOLLOWER]: Consensus starting up: Expiring failure detector timer to make a prompt election more likely
I20260710 11:01:43.295651  6322 raft_consensus.cc:740] T 00000000000000000000000000000000 P bbe9913623114d818afa1058d42bff5d [term 0 FOLLOWER]: Becoming Follower/Learner. State: Replica: bbe9913623114d818afa1058d42bff5d, State: Initialized, Role: FOLLOWER
I20260710 11:01:43.296552  6322 consensus_queue.cc:260] T 00000000000000000000000000000000 P bbe9913623114d818afa1058d42bff5d [NON_LEADER]: Queue going to NON_LEADER mode. State: All replicated index: 0, Majority replicated index: 0, Committed index: 0, Last appended: 0.0, Last appended by leader: 0, Current term: 0, Majority size: -1, State: 0, Mode: NON_LEADER, active raft config: opid_index: -1 OBSOLETE_local: true peers { permanent_uuid: "bbe9913623114d818afa1058d42bff5d" member_type: VOTER }
I20260710 11:01:43.297044  6322 raft_consensus.cc:399] T 00000000000000000000000000000000 P bbe9913623114d818afa1058d42bff5d [term 0 FOLLOWER]: Only one voter in the Raft config. Triggering election immediately
I20260710 11:01:43.297303  6322 raft_consensus.cc:493] T 00000000000000000000000000000000 P bbe9913623114d818afa1058d42bff5d [term 0 FOLLOWER]: Starting leader election (initial election of a single-replica configuration)
I20260710 11:01:43.297717  6322 raft_consensus.cc:3060] T 00000000000000000000000000000000 P bbe9913623114d818afa1058d42bff5d [term 0 FOLLOWER]: Advancing to term 1
I20260710 11:01:43.301860  6322 raft_consensus.cc:515] T 00000000000000000000000000000000 P bbe9913623114d818afa1058d42bff5d [term 1 FOLLOWER]: Starting leader election with config: opid_index: -1 OBSOLETE_local: true peers { permanent_uuid: "bbe9913623114d818afa1058d42bff5d" member_type: VOTER }
I20260710 11:01:43.302632  6322 leader_election.cc:304] T 00000000000000000000000000000000 P bbe9913623114d818afa1058d42bff5d [CANDIDATE]: Term 1 election: Election decided. Result: candidate won. Election summary: received 1 responses out of 1 voters: 1 yes votes; 0 no votes. yes voters: bbe9913623114d818afa1058d42bff5d; no voters: 
I20260710 11:01:43.304406  6322 leader_election.cc:290] T 00000000000000000000000000000000 P bbe9913623114d818afa1058d42bff5d [CANDIDATE]: Term 1 election: Requested vote from peers 
I20260710 11:01:43.305013  6325 raft_consensus.cc:2804] T 00000000000000000000000000000000 P bbe9913623114d818afa1058d42bff5d [term 1 FOLLOWER]: Leader election won for term 1
I20260710 11:01:43.307986  6325 raft_consensus.cc:697] T 00000000000000000000000000000000 P bbe9913623114d818afa1058d42bff5d [term 1 LEADER]: Becoming Leader. State: Replica: bbe9913623114d818afa1058d42bff5d, State: Running, Role: LEADER
I20260710 11:01:43.308991  6325 consensus_queue.cc:237] T 00000000000000000000000000000000 P bbe9913623114d818afa1058d42bff5d [LEADER]: Queue going to LEADER mode. State: All replicated index: 0, Majority replicated index: 0, Committed index: 0, Last appended: 0.0, Last appended by leader: 0, Current term: 1, Majority size: 1, State: 0, Mode: LEADER, active raft config: opid_index: -1 OBSOLETE_local: true peers { permanent_uuid: "bbe9913623114d818afa1058d42bff5d" member_type: VOTER }
I20260710 11:01:43.309199  6322 sys_catalog.cc:565] T 00000000000000000000000000000000 P bbe9913623114d818afa1058d42bff5d [sys.catalog]: configured and running, proceeding with master startup.
I20260710 11:01:43.322470  6327 sys_catalog.cc:455] T 00000000000000000000000000000000 P bbe9913623114d818afa1058d42bff5d [sys.catalog]: SysCatalogTable state changed. Reason: New leader bbe9913623114d818afa1058d42bff5d. Latest consensus state: current_term: 1 leader_uuid: "bbe9913623114d818afa1058d42bff5d" committed_config { opid_index: -1 OBSOLETE_local: true peers { permanent_uuid: "bbe9913623114d818afa1058d42bff5d" member_type: VOTER } }
I20260710 11:01:43.323185  6326 sys_catalog.cc:455] T 00000000000000000000000000000000 P bbe9913623114d818afa1058d42bff5d [sys.catalog]: SysCatalogTable state changed. Reason: RaftConsensus started. Latest consensus state: current_term: 1 leader_uuid: "bbe9913623114d818afa1058d42bff5d" committed_config { opid_index: -1 OBSOLETE_local: true peers { permanent_uuid: "bbe9913623114d818afa1058d42bff5d" member_type: VOTER } }
I20260710 11:01:43.323665  6327 sys_catalog.cc:458] T 00000000000000000000000000000000 P bbe9913623114d818afa1058d42bff5d [sys.catalog]: This master's current role is: LEADER
I20260710 11:01:43.324031  6326 sys_catalog.cc:458] T 00000000000000000000000000000000 P bbe9913623114d818afa1058d42bff5d [sys.catalog]: This master's current role is: LEADER
I20260710 11:01:43.328089  6334 catalog_manager.cc:1511] Loading table and tablet metadata into memory...
I20260710 11:01:43.344182  6334 catalog_manager.cc:1520] Initializing Kudu cluster ID...
I20260710 11:01:43.346482  6255 internal_mini_cluster.cc:184] Waiting to initialize catalog manager on master 0
I20260710 11:01:43.364715  6334 catalog_manager.cc:1383] Generated new cluster ID: 14edf7f6d7934718ac650d6c6c2828c8
I20260710 11:01:43.365147  6334 catalog_manager.cc:1531] Initializing Kudu internal certificate authority...
I20260710 11:01:43.384631  6334 catalog_manager.cc:1406] Generated new certificate authority record
I20260710 11:01:43.386951  6334 catalog_manager.cc:1540] Loading token signing keys...
I20260710 11:01:43.412824  6334 catalog_manager.cc:6070] T 00000000000000000000000000000000 P bbe9913623114d818afa1058d42bff5d: Generated new TSK 0
I20260710 11:01:43.413972  6334 catalog_manager.cc:1550] Initializing in-progress tserver states...
I20260710 11:01:43.478307  6255 file_cache.cc:504] Constructed file cache file cache with capacity 419430
W20260710 11:01:43.488013  6344 instance_detector.cc:116] could not retrieve AWS instance metadata: Network error: curl error: HTTP response code said error: The requested URL returned error: 404
W20260710 11:01:43.488973  6345 instance_detector.cc:116] could not retrieve Azure instance metadata: Network error: curl error: HTTP response code said error: The requested URL returned error: 404
W20260710 11:01:43.495009  6347 instance_detector.cc:116] could not retrieve OpenStack instance metadata: Network error: curl error: HTTP response code said error: The requested URL returned error: 404
I20260710 11:01:43.496189  6255 server_base.cc:1061] running on GCE node
I20260710 11:01:43.497347  6255 hybrid_clock.cc:584] initializing the hybrid clock with 'system_unsync' time source
W20260710 11:01:43.497718  6255 system_unsync_time.cc:38] NTP support is disabled. Clock error bounds will not be accurate. This configuration is not suitable for distributed clusters.
I20260710 11:01:43.497938  6255 hybrid_clock.cc:648] HybridClock initialized: now 1783681303497915 us; error 0 us; skew 500 ppm
I20260710 11:01:43.499020  6255 server_base.cc:861] Flag tcmalloc_max_total_thread_cache_bytes is not working since tcmalloc is not enabled.
I20260710 11:01:43.504633  6255 webserver.cc:533] Webserver started at http://127.6.27.193:45937/ using document root <none> and password file <none>
I20260710 11:01:43.505661  6255 fs_manager.cc:362] Metadata directory not provided
I20260710 11:01:43.506126  6255 fs_manager.cc:368] Using write-ahead log directory (fs_wal_dir) as metadata directory
I20260710 11:01:43.506623  6255 server_base.cc:909] This appears to be a new deployment of Kudu; creating new FS layout
I20260710 11:01:43.508519  6255 fs_manager.cc:1068] Generated new instance metadata in path /tmp/dist-test-task7Tm6C3/test-tmp/auto_leader_rebalancer-test.0.LeaderRebalancerTest.FunctionalTestForDivided.1783681301535679-6255-0/minicluster-data/ts-0-root/instance:
uuid: "aebad93d3fc848019d208b4b969753eb"
format_stamp: "Formatted at 2026-07-10 11:01:43 on dist-test-slave-v5kw"
I20260710 11:01:43.517294  6255 fs_manager.cc:696] Time spent creating directory manager: real 0.008s	user 0.011s	sys 0.000s
I20260710 11:01:43.523959  6352 log_block_manager.cc:4127] Time spent loading block containers with low live blocks: real 0.000s	user 0.000s	sys 0.000s
I20260710 11:01:43.525130  6255 fs_manager.cc:730] Time spent opening block manager: real 0.004s	user 0.005s	sys 0.000s
I20260710 11:01:43.525645  6255 fs_manager.cc:647] Opened local filesystem: /tmp/dist-test-task7Tm6C3/test-tmp/auto_leader_rebalancer-test.0.LeaderRebalancerTest.FunctionalTestForDivided.1783681301535679-6255-0/minicluster-data/ts-0-root
uuid: "aebad93d3fc848019d208b4b969753eb"
format_stamp: "Formatted at 2026-07-10 11:01:43 on dist-test-slave-v5kw"
I20260710 11:01:43.526077  6255 fs_report.cc:389] FS layout report
--------------------
wal directory: /tmp/dist-test-task7Tm6C3/test-tmp/auto_leader_rebalancer-test.0.LeaderRebalancerTest.FunctionalTestForDivided.1783681301535679-6255-0/minicluster-data/ts-0-root
metadata directory: /tmp/dist-test-task7Tm6C3/test-tmp/auto_leader_rebalancer-test.0.LeaderRebalancerTest.FunctionalTestForDivided.1783681301535679-6255-0/minicluster-data/ts-0-root
1 data directories: /tmp/dist-test-task7Tm6C3/test-tmp/auto_leader_rebalancer-test.0.LeaderRebalancerTest.FunctionalTestForDivided.1783681301535679-6255-0/minicluster-data/ts-0-root/data
Total live blocks: 0
Total live bytes: 0
Total live bytes (after alignment): 0
Total number of LBM containers: 0 (0 full)
Did not check for missing blocks
Did not check for orphaned blocks
Total full LBM containers with extra space: 0 (0 repaired)
Total full LBM container extra space in bytes: 0 (0 repaired)
Total incomplete LBM containers: 0 (0 repaired)
Total LBM partial records: 0 (0 repaired)
Total corrupted LBM metadata records in RocksDB: 0 (0 repaired)
I20260710 11:01:43.552155  6255 rpc_server.cc:225] running with OpenSSL 1.1.1  11 Sep 2018
I20260710 11:01:43.554629  6255 kserver.cc:163] Server-wide thread pool size limit: 3276
I20260710 11:01:43.558022  6255 txn_system_client.cc:432] TxnSystemClient initialization is disabled...
I20260710 11:01:43.564049  6255 ts_tablet_manager.cc:585] Loaded tablet metadata (0 total tablets, 0 live tablets)
I20260710 11:01:43.564424  6255 ts_tablet_manager.cc:531] Time spent load tablet metadata: real 0.000s	user 0.000s	sys 0.000s
I20260710 11:01:43.564764  6255 ts_tablet_manager.cc:616] Registered 0 tablets
I20260710 11:01:43.564998  6255 ts_tablet_manager.cc:595] Time spent register tablets: real 0.000s	user 0.000s	sys 0.000s
I20260710 11:01:43.674103  6255 rpc_server.cc:307] RPC server started. Bound to: 127.6.27.193:39573
I20260710 11:01:43.674177  6414 acceptor_pool.cc:272] collecting diagnostics on the listening RPC socket 127.6.27.193:39573 every 8 connection(s)
I20260710 11:01:43.683063  6255 file_cache.cc:504] Constructed file cache file cache with capacity 419430
W20260710 11:01:43.698089  6419 instance_detector.cc:116] could not retrieve AWS instance metadata: Network error: curl error: HTTP response code said error: The requested URL returned error: 404
W20260710 11:01:43.703850  6420 instance_detector.cc:116] could not retrieve Azure instance metadata: Network error: curl error: HTTP response code said error: The requested URL returned error: 404
I20260710 11:01:43.717021  6415 heartbeater.cc:344] Connected to a master server at 127.6.27.254:38607
I20260710 11:01:43.717715  6415 heartbeater.cc:461] Registering TS with master...
I20260710 11:01:43.719403  6415 heartbeater.cc:507] Master 127.6.27.254:38607 requested a full tablet report, sending...
W20260710 11:01:43.720335  6422 instance_detector.cc:116] could not retrieve OpenStack instance metadata: Network error: curl error: HTTP response code said error: The requested URL returned error: 404
I20260710 11:01:43.721084  6255 server_base.cc:1061] running on GCE node
I20260710 11:01:43.722270  6255 hybrid_clock.cc:584] initializing the hybrid clock with 'system_unsync' time source
W20260710 11:01:43.722558  6255 system_unsync_time.cc:38] NTP support is disabled. Clock error bounds will not be accurate. This configuration is not suitable for distributed clusters.
I20260710 11:01:43.722795  6255 hybrid_clock.cc:648] HybridClock initialized: now 1783681303722774 us; error 0 us; skew 500 ppm
I20260710 11:01:43.723095  6287 ts_manager.cc:194] Registered new tserver with Master: aebad93d3fc848019d208b4b969753eb (127.6.27.193:39573)
I20260710 11:01:43.723640  6255 server_base.cc:861] Flag tcmalloc_max_total_thread_cache_bytes is not working since tcmalloc is not enabled.
I20260710 11:01:43.725978  6287 master_service.cc:502] Signed X509 certificate for tserver {username='slave'} at 127.0.0.1:50306
I20260710 11:01:43.727483  6255 webserver.cc:533] Webserver started at http://127.6.27.194:40883/ using document root <none> and password file <none>
I20260710 11:01:43.728247  6255 fs_manager.cc:362] Metadata directory not provided
I20260710 11:01:43.728523  6255 fs_manager.cc:368] Using write-ahead log directory (fs_wal_dir) as metadata directory
I20260710 11:01:43.728883  6255 server_base.cc:909] This appears to be a new deployment of Kudu; creating new FS layout
I20260710 11:01:43.730509  6255 fs_manager.cc:1068] Generated new instance metadata in path /tmp/dist-test-task7Tm6C3/test-tmp/auto_leader_rebalancer-test.0.LeaderRebalancerTest.FunctionalTestForDivided.1783681301535679-6255-0/minicluster-data/ts-1-root/instance:
uuid: "7f9dd1af6d894cc3b1bc89c880657ac1"
format_stamp: "Formatted at 2026-07-10 11:01:43 on dist-test-slave-v5kw"
I20260710 11:01:43.738175  6255 fs_manager.cc:696] Time spent creating directory manager: real 0.007s	user 0.008s	sys 0.000s
I20260710 11:01:43.743870  6427 log_block_manager.cc:4127] Time spent loading block containers with low live blocks: real 0.000s	user 0.000s	sys 0.000s
I20260710 11:01:43.744920  6255 fs_manager.cc:730] Time spent opening block manager: real 0.004s	user 0.003s	sys 0.002s
I20260710 11:01:43.745308  6255 fs_manager.cc:647] Opened local filesystem: /tmp/dist-test-task7Tm6C3/test-tmp/auto_leader_rebalancer-test.0.LeaderRebalancerTest.FunctionalTestForDivided.1783681301535679-6255-0/minicluster-data/ts-1-root
uuid: "7f9dd1af6d894cc3b1bc89c880657ac1"
format_stamp: "Formatted at 2026-07-10 11:01:43 on dist-test-slave-v5kw"
I20260710 11:01:43.745743  6255 fs_report.cc:389] FS layout report
--------------------
wal directory: /tmp/dist-test-task7Tm6C3/test-tmp/auto_leader_rebalancer-test.0.LeaderRebalancerTest.FunctionalTestForDivided.1783681301535679-6255-0/minicluster-data/ts-1-root
metadata directory: /tmp/dist-test-task7Tm6C3/test-tmp/auto_leader_rebalancer-test.0.LeaderRebalancerTest.FunctionalTestForDivided.1783681301535679-6255-0/minicluster-data/ts-1-root
1 data directories: /tmp/dist-test-task7Tm6C3/test-tmp/auto_leader_rebalancer-test.0.LeaderRebalancerTest.FunctionalTestForDivided.1783681301535679-6255-0/minicluster-data/ts-1-root/data
Total live blocks: 0
Total live bytes: 0
Total live bytes (after alignment): 0
Total number of LBM containers: 0 (0 full)
Did not check for missing blocks
Did not check for orphaned blocks
Total full LBM containers with extra space: 0 (0 repaired)
Total full LBM container extra space in bytes: 0 (0 repaired)
Total incomplete LBM containers: 0 (0 repaired)
Total LBM partial records: 0 (0 repaired)
Total corrupted LBM metadata records in RocksDB: 0 (0 repaired)
I20260710 11:01:43.765265  6255 rpc_server.cc:225] running with OpenSSL 1.1.1  11 Sep 2018
I20260710 11:01:43.767243  6255 kserver.cc:163] Server-wide thread pool size limit: 3276
I20260710 11:01:43.770197  6255 txn_system_client.cc:432] TxnSystemClient initialization is disabled...
I20260710 11:01:43.773929  6255 ts_tablet_manager.cc:585] Loaded tablet metadata (0 total tablets, 0 live tablets)
I20260710 11:01:43.774263  6255 ts_tablet_manager.cc:531] Time spent load tablet metadata: real 0.000s	user 0.000s	sys 0.000s
I20260710 11:01:43.774724  6255 ts_tablet_manager.cc:616] Registered 0 tablets
I20260710 11:01:43.775058  6255 ts_tablet_manager.cc:595] Time spent register tablets: real 0.000s	user 0.000s	sys 0.000s
I20260710 11:01:43.877218  6255 rpc_server.cc:307] RPC server started. Bound to: 127.6.27.194:46819
I20260710 11:01:43.877311  6489 acceptor_pool.cc:272] collecting diagnostics on the listening RPC socket 127.6.27.194:46819 every 8 connection(s)
I20260710 11:01:43.892731  6255 file_cache.cc:504] Constructed file cache file cache with capacity 419430
I20260710 11:01:43.907403  6490 heartbeater.cc:344] Connected to a master server at 127.6.27.254:38607
I20260710 11:01:43.907850  6490 heartbeater.cc:461] Registering TS with master...
I20260710 11:01:43.908872  6490 heartbeater.cc:507] Master 127.6.27.254:38607 requested a full tablet report, sending...
W20260710 11:01:43.909133  6494 instance_detector.cc:116] could not retrieve Azure instance metadata: Network error: curl error: HTTP response code said error: The requested URL returned error: 404
W20260710 11:01:43.909832  6493 instance_detector.cc:116] could not retrieve AWS instance metadata: Network error: curl error: HTTP response code said error: The requested URL returned error: 404
I20260710 11:01:43.913816  6287 ts_manager.cc:194] Registered new tserver with Master: 7f9dd1af6d894cc3b1bc89c880657ac1 (127.6.27.194:46819)
I20260710 11:01:43.916246  6287 master_service.cc:502] Signed X509 certificate for tserver {username='slave'} at 127.0.0.1:50308
W20260710 11:01:43.918561  6496 instance_detector.cc:116] could not retrieve OpenStack instance metadata: Network error: curl error: HTTP response code said error: The requested URL returned error: 404
I20260710 11:01:43.922119  6255 server_base.cc:1061] running on GCE node
I20260710 11:01:43.923193  6255 hybrid_clock.cc:584] initializing the hybrid clock with 'system_unsync' time source
W20260710 11:01:43.923398  6255 system_unsync_time.cc:38] NTP support is disabled. Clock error bounds will not be accurate. This configuration is not suitable for distributed clusters.
I20260710 11:01:43.923627  6255 hybrid_clock.cc:648] HybridClock initialized: now 1783681303923589 us; error 0 us; skew 500 ppm
I20260710 11:01:43.924315  6255 server_base.cc:861] Flag tcmalloc_max_total_thread_cache_bytes is not working since tcmalloc is not enabled.
I20260710 11:01:43.927186  6255 webserver.cc:533] Webserver started at http://127.6.27.195:36563/ using document root <none> and password file <none>
I20260710 11:01:43.927793  6255 fs_manager.cc:362] Metadata directory not provided
I20260710 11:01:43.928013  6255 fs_manager.cc:368] Using write-ahead log directory (fs_wal_dir) as metadata directory
I20260710 11:01:43.928447  6255 server_base.cc:909] This appears to be a new deployment of Kudu; creating new FS layout
I20260710 11:01:43.929724  6255 fs_manager.cc:1068] Generated new instance metadata in path /tmp/dist-test-task7Tm6C3/test-tmp/auto_leader_rebalancer-test.0.LeaderRebalancerTest.FunctionalTestForDivided.1783681301535679-6255-0/minicluster-data/ts-2-root/instance:
uuid: "55a766c9f9974ef1bde5f40884c15a7a"
format_stamp: "Formatted at 2026-07-10 11:01:43 on dist-test-slave-v5kw"
I20260710 11:01:43.935089  6255 fs_manager.cc:696] Time spent creating directory manager: real 0.005s	user 0.000s	sys 0.004s
I20260710 11:01:43.939318  6501 log_block_manager.cc:4127] Time spent loading block containers with low live blocks: real 0.000s	user 0.000s	sys 0.000s
I20260710 11:01:43.940646  6255 fs_manager.cc:730] Time spent opening block manager: real 0.003s	user 0.002s	sys 0.002s
I20260710 11:01:43.941016  6255 fs_manager.cc:647] Opened local filesystem: /tmp/dist-test-task7Tm6C3/test-tmp/auto_leader_rebalancer-test.0.LeaderRebalancerTest.FunctionalTestForDivided.1783681301535679-6255-0/minicluster-data/ts-2-root
uuid: "55a766c9f9974ef1bde5f40884c15a7a"
format_stamp: "Formatted at 2026-07-10 11:01:43 on dist-test-slave-v5kw"
I20260710 11:01:43.941351  6255 fs_report.cc:389] FS layout report
--------------------
wal directory: /tmp/dist-test-task7Tm6C3/test-tmp/auto_leader_rebalancer-test.0.LeaderRebalancerTest.FunctionalTestForDivided.1783681301535679-6255-0/minicluster-data/ts-2-root
metadata directory: /tmp/dist-test-task7Tm6C3/test-tmp/auto_leader_rebalancer-test.0.LeaderRebalancerTest.FunctionalTestForDivided.1783681301535679-6255-0/minicluster-data/ts-2-root
1 data directories: /tmp/dist-test-task7Tm6C3/test-tmp/auto_leader_rebalancer-test.0.LeaderRebalancerTest.FunctionalTestForDivided.1783681301535679-6255-0/minicluster-data/ts-2-root/data
Total live blocks: 0
Total live bytes: 0
Total live bytes (after alignment): 0
Total number of LBM containers: 0 (0 full)
Did not check for missing blocks
Did not check for orphaned blocks
Total full LBM containers with extra space: 0 (0 repaired)
Total full LBM container extra space in bytes: 0 (0 repaired)
Total incomplete LBM containers: 0 (0 repaired)
Total LBM partial records: 0 (0 repaired)
Total corrupted LBM metadata records in RocksDB: 0 (0 repaired)
I20260710 11:01:43.956434  6255 rpc_server.cc:225] running with OpenSSL 1.1.1  11 Sep 2018
I20260710 11:01:43.957795  6255 kserver.cc:163] Server-wide thread pool size limit: 3276
I20260710 11:01:43.960255  6255 txn_system_client.cc:432] TxnSystemClient initialization is disabled...
I20260710 11:01:43.963500  6255 ts_tablet_manager.cc:585] Loaded tablet metadata (0 total tablets, 0 live tablets)
I20260710 11:01:43.963783  6255 ts_tablet_manager.cc:531] Time spent load tablet metadata: real 0.000s	user 0.000s	sys 0.000s
I20260710 11:01:43.964040  6255 ts_tablet_manager.cc:616] Registered 0 tablets
I20260710 11:01:43.964229  6255 ts_tablet_manager.cc:595] Time spent register tablets: real 0.000s	user 0.000s	sys 0.000s
I20260710 11:01:44.067044  6255 rpc_server.cc:307] RPC server started. Bound to: 127.6.27.195:36743
I20260710 11:01:44.067760  6563 acceptor_pool.cc:272] collecting diagnostics on the listening RPC socket 127.6.27.195:36743 every 8 connection(s)
I20260710 11:01:44.089512  6564 heartbeater.cc:344] Connected to a master server at 127.6.27.254:38607
I20260710 11:01:44.089963  6564 heartbeater.cc:461] Registering TS with master...
I20260710 11:01:44.090903  6564 heartbeater.cc:507] Master 127.6.27.254:38607 requested a full tablet report, sending...
I20260710 11:01:44.093325  6287 ts_manager.cc:194] Registered new tserver with Master: 55a766c9f9974ef1bde5f40884c15a7a (127.6.27.195:36743)
I20260710 11:01:44.094079  6255 internal_mini_cluster.cc:371] 3 TS(s) registered with all masters after 0.016059668s
I20260710 11:01:44.095192  6287 master_service.cc:502] Signed X509 certificate for tserver {username='slave'} at 127.0.0.1:50324
I20260710 11:01:44.160485  6287 catalog_manager.cc:2283] Servicing CreateTable request from {username='slave'} at 127.0.0.1:50330:
name: "test-workload"
schema {
  columns {
    name: "key"
    type: INT32
    is_key: true
    is_nullable: false
    encoding: AUTO_ENCODING
    compression: DEFAULT_COMPRESSION
    cfile_block_size: 0
    immutable: false
  }
  columns {
    name: "int_val"
    type: INT32
    is_key: false
    is_nullable: false
    encoding: AUTO_ENCODING
    compression: DEFAULT_COMPRESSION
    cfile_block_size: 0
    immutable: false
  }
  columns {
    name: "string_val"
    type: STRING
    is_key: false
    is_nullable: true
    encoding: AUTO_ENCODING
    compression: DEFAULT_COMPRESSION
    cfile_block_size: 0
    immutable: false
  }
}
num_replicas: 3
split_rows_range_bounds {
  rows: "\004\001\000\216\3438\016\004\001\000\034\307q\034\004\001\000\252\252\252*\004\001\0008\216\3438\004\001\000\306q\034G\004\001\000TUUU\004\001\000\3428\216c\004\001\000p\034\307q""\004\001\000\216\3438\016\004\001\000\034\307q\034\004\001\000\252\252\252*\004\001\0008\216\3438\004\001\000\306q\034G\004\001\000TUUU\004\001\000\3428\216c\004\001\000p\034\307q"
  indirect_data: """"
}
partition_schema {
  range_schema {
    columns {
      name: "key"
    }
  }
}
W20260710 11:01:44.166160  6287 catalog_manager.cc:7077] The number of live tablet servers is not enough to re-replicate a tablet replica of the newly created table test-workload in case of a server failure: 4 tablet servers would be needed, 3 are available. Consider bringing up more tablet servers.
I20260710 11:01:44.288116  6529 tablet_service.cc:1511] Processing CreateTablet for tablet 16e49e3534d640f1846282e88ef2b408 (DEFAULT_TABLE table=test-workload [id=9b9964d7a5304585918ac0b7fbf1f5a7]), partition=RANGE (key) PARTITION VALUES < 238609294
I20260710 11:01:44.289085  6455 tablet_service.cc:1511] Processing CreateTablet for tablet 16e49e3534d640f1846282e88ef2b408 (DEFAULT_TABLE table=test-workload [id=9b9964d7a5304585918ac0b7fbf1f5a7]), partition=RANGE (key) PARTITION VALUES < 238609294
I20260710 11:01:44.291116  6455 data_dirs.cc:400] Could only allocate 1 dirs of requested 3 for tablet 16e49e3534d640f1846282e88ef2b408. 1 dirs total, 0 dirs full, 0 dirs failed
I20260710 11:01:44.291414  6528 tablet_service.cc:1511] Processing CreateTablet for tablet 42186192c34c40bcbb355b4071d9b672 (DEFAULT_TABLE table=test-workload [id=9b9964d7a5304585918ac0b7fbf1f5a7]), partition=RANGE (key) PARTITION 238609294 <= VALUES < 477218588
I20260710 11:01:44.293058  6528 data_dirs.cc:400] Could only allocate 1 dirs of requested 3 for tablet 42186192c34c40bcbb355b4071d9b672. 1 dirs total, 0 dirs full, 0 dirs failed
I20260710 11:01:44.294848  6454 tablet_service.cc:1511] Processing CreateTablet for tablet 42186192c34c40bcbb355b4071d9b672 (DEFAULT_TABLE table=test-workload [id=9b9964d7a5304585918ac0b7fbf1f5a7]), partition=RANGE (key) PARTITION 238609294 <= VALUES < 477218588
I20260710 11:01:44.296480  6454 data_dirs.cc:400] Could only allocate 1 dirs of requested 3 for tablet 42186192c34c40bcbb355b4071d9b672. 1 dirs total, 0 dirs full, 0 dirs failed
I20260710 11:01:44.297857  6524 tablet_service.cc:1511] Processing CreateTablet for tablet 4da76d30ab034b78b38346fb1173b99f (DEFAULT_TABLE table=test-workload [id=9b9964d7a5304585918ac0b7fbf1f5a7]), partition=RANGE (key) PARTITION 1193046470 <= VALUES < 1431655764
I20260710 11:01:44.298750  6453 tablet_service.cc:1511] Processing CreateTablet for tablet f3a7f8d93718490a8ab9a3470d6ea62a (DEFAULT_TABLE table=test-workload [id=9b9964d7a5304585918ac0b7fbf1f5a7]), partition=RANGE (key) PARTITION 477218588 <= VALUES < 715827882
I20260710 11:01:44.299368  6524 data_dirs.cc:400] Could only allocate 1 dirs of requested 3 for tablet 4da76d30ab034b78b38346fb1173b99f. 1 dirs total, 0 dirs full, 0 dirs failed
I20260710 11:01:44.300209  6453 data_dirs.cc:400] Could only allocate 1 dirs of requested 3 for tablet f3a7f8d93718490a8ab9a3470d6ea62a. 1 dirs total, 0 dirs full, 0 dirs failed
I20260710 11:01:44.296504  6525 tablet_service.cc:1511] Processing CreateTablet for tablet be6f2397a8b6478b84d3b5df6aaaa857 (DEFAULT_TABLE table=test-workload [id=9b9964d7a5304585918ac0b7fbf1f5a7]), partition=RANGE (key) PARTITION 954437176 <= VALUES < 1193046470
I20260710 11:01:44.301112  6527 tablet_service.cc:1511] Processing CreateTablet for tablet f3a7f8d93718490a8ab9a3470d6ea62a (DEFAULT_TABLE table=test-workload [id=9b9964d7a5304585918ac0b7fbf1f5a7]), partition=RANGE (key) PARTITION 477218588 <= VALUES < 715827882
I20260710 11:01:44.294929  6526 tablet_service.cc:1511] Processing CreateTablet for tablet ee04e2c92c6f47b4a9d08d77763d7731 (DEFAULT_TABLE table=test-workload [id=9b9964d7a5304585918ac0b7fbf1f5a7]), partition=RANGE (key) PARTITION 715827882 <= VALUES < 954437176
I20260710 11:01:44.315270  6450 tablet_service.cc:1511] Processing CreateTablet for tablet 4da76d30ab034b78b38346fb1173b99f (DEFAULT_TABLE table=test-workload [id=9b9964d7a5304585918ac0b7fbf1f5a7]), partition=RANGE (key) PARTITION 1193046470 <= VALUES < 1431655764
I20260710 11:01:44.311712  6525 data_dirs.cc:400] Could only allocate 1 dirs of requested 3 for tablet be6f2397a8b6478b84d3b5df6aaaa857. 1 dirs total, 0 dirs full, 0 dirs failed
I20260710 11:01:44.322563  6523 tablet_service.cc:1511] Processing CreateTablet for tablet 4f604bdfbcbc4e339aeb0728b7ab0843 (DEFAULT_TABLE table=test-workload [id=9b9964d7a5304585918ac0b7fbf1f5a7]), partition=RANGE (key) PARTITION 1431655764 <= VALUES < 1670265058
I20260710 11:01:44.330247  6451 tablet_service.cc:1511] Processing CreateTablet for tablet be6f2397a8b6478b84d3b5df6aaaa857 (DEFAULT_TABLE table=test-workload [id=9b9964d7a5304585918ac0b7fbf1f5a7]), partition=RANGE (key) PARTITION 954437176 <= VALUES < 1193046470
I20260710 11:01:44.326624  6450 data_dirs.cc:400] Could only allocate 1 dirs of requested 3 for tablet 4da76d30ab034b78b38346fb1173b99f. 1 dirs total, 0 dirs full, 0 dirs failed
I20260710 11:01:44.309165  6452 tablet_service.cc:1511] Processing CreateTablet for tablet ee04e2c92c6f47b4a9d08d77763d7731 (DEFAULT_TABLE table=test-workload [id=9b9964d7a5304585918ac0b7fbf1f5a7]), partition=RANGE (key) PARTITION 715827882 <= VALUES < 954437176
I20260710 11:01:44.328943  6449 tablet_service.cc:1511] Processing CreateTablet for tablet 4f604bdfbcbc4e339aeb0728b7ab0843 (DEFAULT_TABLE table=test-workload [id=9b9964d7a5304585918ac0b7fbf1f5a7]), partition=RANGE (key) PARTITION 1431655764 <= VALUES < 1670265058
W20260710 11:01:44.348222  6335 auto_rebalancer.cc:288] Could not retrieve cluster info: Service unavailable: Tablet not running
I20260710 11:01:44.350368  6449 data_dirs.cc:400] Could only allocate 1 dirs of requested 3 for tablet 4f604bdfbcbc4e339aeb0728b7ab0843. 1 dirs total, 0 dirs full, 0 dirs failed
I20260710 11:01:44.353633  6452 data_dirs.cc:400] Could only allocate 1 dirs of requested 3 for tablet ee04e2c92c6f47b4a9d08d77763d7731. 1 dirs total, 0 dirs full, 0 dirs failed
I20260710 11:01:44.354169  6526 data_dirs.cc:400] Could only allocate 1 dirs of requested 3 for tablet ee04e2c92c6f47b4a9d08d77763d7731. 1 dirs total, 0 dirs full, 0 dirs failed
I20260710 11:01:44.362375  6451 data_dirs.cc:400] Could only allocate 1 dirs of requested 3 for tablet be6f2397a8b6478b84d3b5df6aaaa857. 1 dirs total, 0 dirs full, 0 dirs failed
I20260710 11:01:44.365649  6523 data_dirs.cc:400] Could only allocate 1 dirs of requested 3 for tablet 4f604bdfbcbc4e339aeb0728b7ab0843. 1 dirs total, 0 dirs full, 0 dirs failed
I20260710 11:01:44.363636  6522 tablet_service.cc:1511] Processing CreateTablet for tablet 99e4d179bd404e79b5ec55e0bb63ec94 (DEFAULT_TABLE table=test-workload [id=9b9964d7a5304585918ac0b7fbf1f5a7]), partition=RANGE (key) PARTITION 1670265058 <= VALUES < 1908874352
I20260710 11:01:44.366670  6448 tablet_service.cc:1511] Processing CreateTablet for tablet 99e4d179bd404e79b5ec55e0bb63ec94 (DEFAULT_TABLE table=test-workload [id=9b9964d7a5304585918ac0b7fbf1f5a7]), partition=RANGE (key) PARTITION 1670265058 <= VALUES < 1908874352
I20260710 11:01:44.374269  6522 data_dirs.cc:400] Could only allocate 1 dirs of requested 3 for tablet 99e4d179bd404e79b5ec55e0bb63ec94. 1 dirs total, 0 dirs full, 0 dirs failed
I20260710 11:01:44.372174  6521 tablet_service.cc:1511] Processing CreateTablet for tablet 99d97903f40548f688e36432e0373a0c (DEFAULT_TABLE table=test-workload [id=9b9964d7a5304585918ac0b7fbf1f5a7]), partition=RANGE (key) PARTITION 1908874352 <= VALUES
I20260710 11:01:44.378165  6448 data_dirs.cc:400] Could only allocate 1 dirs of requested 3 for tablet 99e4d179bd404e79b5ec55e0bb63ec94. 1 dirs total, 0 dirs full, 0 dirs failed
I20260710 11:01:44.380496  6447 tablet_service.cc:1511] Processing CreateTablet for tablet 99d97903f40548f688e36432e0373a0c (DEFAULT_TABLE table=test-workload [id=9b9964d7a5304585918ac0b7fbf1f5a7]), partition=RANGE (key) PARTITION 1908874352 <= VALUES
I20260710 11:01:44.383602  6529 data_dirs.cc:400] Could only allocate 1 dirs of requested 3 for tablet 16e49e3534d640f1846282e88ef2b408. 1 dirs total, 0 dirs full, 0 dirs failed
I20260710 11:01:44.386655  6447 data_dirs.cc:400] Could only allocate 1 dirs of requested 3 for tablet 99d97903f40548f688e36432e0373a0c. 1 dirs total, 0 dirs full, 0 dirs failed
I20260710 11:01:44.404378  6527 data_dirs.cc:400] Could only allocate 1 dirs of requested 3 for tablet f3a7f8d93718490a8ab9a3470d6ea62a. 1 dirs total, 0 dirs full, 0 dirs failed
I20260710 11:01:44.406129  6521 data_dirs.cc:400] Could only allocate 1 dirs of requested 3 for tablet 99d97903f40548f688e36432e0373a0c. 1 dirs total, 0 dirs full, 0 dirs failed
I20260710 11:01:44.447779  6380 tablet_service.cc:1511] Processing CreateTablet for tablet 16e49e3534d640f1846282e88ef2b408 (DEFAULT_TABLE table=test-workload [id=9b9964d7a5304585918ac0b7fbf1f5a7]), partition=RANGE (key) PARTITION VALUES < 238609294
I20260710 11:01:44.463102  6380 data_dirs.cc:400] Could only allocate 1 dirs of requested 3 for tablet 16e49e3534d640f1846282e88ef2b408. 1 dirs total, 0 dirs full, 0 dirs failed
I20260710 11:01:44.463168  6376 tablet_service.cc:1511] Processing CreateTablet for tablet be6f2397a8b6478b84d3b5df6aaaa857 (DEFAULT_TABLE table=test-workload [id=9b9964d7a5304585918ac0b7fbf1f5a7]), partition=RANGE (key) PARTITION 954437176 <= VALUES < 1193046470
I20260710 11:01:44.483052  6377 tablet_service.cc:1511] Processing CreateTablet for tablet ee04e2c92c6f47b4a9d08d77763d7731 (DEFAULT_TABLE table=test-workload [id=9b9964d7a5304585918ac0b7fbf1f5a7]), partition=RANGE (key) PARTITION 715827882 <= VALUES < 954437176
I20260710 11:01:44.485112  6379 tablet_service.cc:1511] Processing CreateTablet for tablet 42186192c34c40bcbb355b4071d9b672 (DEFAULT_TABLE table=test-workload [id=9b9964d7a5304585918ac0b7fbf1f5a7]), partition=RANGE (key) PARTITION 238609294 <= VALUES < 477218588
I20260710 11:01:44.503149  6375 tablet_service.cc:1511] Processing CreateTablet for tablet 4da76d30ab034b78b38346fb1173b99f (DEFAULT_TABLE table=test-workload [id=9b9964d7a5304585918ac0b7fbf1f5a7]), partition=RANGE (key) PARTITION 1193046470 <= VALUES < 1431655764
I20260710 11:01:44.507606  6376 data_dirs.cc:400] Could only allocate 1 dirs of requested 3 for tablet be6f2397a8b6478b84d3b5df6aaaa857. 1 dirs total, 0 dirs full, 0 dirs failed
I20260710 11:01:44.519002  6378 tablet_service.cc:1511] Processing CreateTablet for tablet f3a7f8d93718490a8ab9a3470d6ea62a (DEFAULT_TABLE table=test-workload [id=9b9964d7a5304585918ac0b7fbf1f5a7]), partition=RANGE (key) PARTITION 477218588 <= VALUES < 715827882
I20260710 11:01:44.532626  6374 tablet_service.cc:1511] Processing CreateTablet for tablet 4f604bdfbcbc4e339aeb0728b7ab0843 (DEFAULT_TABLE table=test-workload [id=9b9964d7a5304585918ac0b7fbf1f5a7]), partition=RANGE (key) PARTITION 1431655764 <= VALUES < 1670265058
I20260710 11:01:44.532684  6377 data_dirs.cc:400] Could only allocate 1 dirs of requested 3 for tablet ee04e2c92c6f47b4a9d08d77763d7731. 1 dirs total, 0 dirs full, 0 dirs failed
I20260710 11:01:44.545323  6373 tablet_service.cc:1511] Processing CreateTablet for tablet 99e4d179bd404e79b5ec55e0bb63ec94 (DEFAULT_TABLE table=test-workload [id=9b9964d7a5304585918ac0b7fbf1f5a7]), partition=RANGE (key) PARTITION 1670265058 <= VALUES < 1908874352
I20260710 11:01:44.551641  6372 tablet_service.cc:1511] Processing CreateTablet for tablet 99d97903f40548f688e36432e0373a0c (DEFAULT_TABLE table=test-workload [id=9b9964d7a5304585918ac0b7fbf1f5a7]), partition=RANGE (key) PARTITION 1908874352 <= VALUES
I20260710 11:01:44.563364  6375 data_dirs.cc:400] Could only allocate 1 dirs of requested 3 for tablet 4da76d30ab034b78b38346fb1173b99f. 1 dirs total, 0 dirs full, 0 dirs failed
I20260710 11:01:44.565563  6373 data_dirs.cc:400] Could only allocate 1 dirs of requested 3 for tablet 99e4d179bd404e79b5ec55e0bb63ec94. 1 dirs total, 0 dirs full, 0 dirs failed
I20260710 11:01:44.584609  6379 data_dirs.cc:400] Could only allocate 1 dirs of requested 3 for tablet 42186192c34c40bcbb355b4071d9b672. 1 dirs total, 0 dirs full, 0 dirs failed
I20260710 11:01:44.600911  6372 data_dirs.cc:400] Could only allocate 1 dirs of requested 3 for tablet 99d97903f40548f688e36432e0373a0c. 1 dirs total, 0 dirs full, 0 dirs failed
I20260710 11:01:44.619876  6378 data_dirs.cc:400] Could only allocate 1 dirs of requested 3 for tablet f3a7f8d93718490a8ab9a3470d6ea62a. 1 dirs total, 0 dirs full, 0 dirs failed
I20260710 11:01:44.638322  6374 data_dirs.cc:400] Could only allocate 1 dirs of requested 3 for tablet 4f604bdfbcbc4e339aeb0728b7ab0843. 1 dirs total, 0 dirs full, 0 dirs failed
I20260710 11:01:44.674540  6582 tablet_bootstrap.cc:492] T be6f2397a8b6478b84d3b5df6aaaa857 P 55a766c9f9974ef1bde5f40884c15a7a: Bootstrap starting.
I20260710 11:01:44.688184  6583 tablet_bootstrap.cc:492] T 42186192c34c40bcbb355b4071d9b672 P 7f9dd1af6d894cc3b1bc89c880657ac1: Bootstrap starting.
I20260710 11:01:44.721531  6584 tablet_bootstrap.cc:492] T 16e49e3534d640f1846282e88ef2b408 P aebad93d3fc848019d208b4b969753eb: Bootstrap starting.
I20260710 11:01:44.730196  6415 heartbeater.cc:499] Master 127.6.27.254:38607 was elected leader, sending a full tablet report...
I20260710 11:01:44.730652  6582 tablet_bootstrap.cc:654] T be6f2397a8b6478b84d3b5df6aaaa857 P 55a766c9f9974ef1bde5f40884c15a7a: Neither blocks nor log segments found. Creating new log.
I20260710 11:01:44.765879  6583 tablet_bootstrap.cc:654] T 42186192c34c40bcbb355b4071d9b672 P 7f9dd1af6d894cc3b1bc89c880657ac1: Neither blocks nor log segments found. Creating new log.
I20260710 11:01:44.770782  6582 tablet_bootstrap.cc:492] T be6f2397a8b6478b84d3b5df6aaaa857 P 55a766c9f9974ef1bde5f40884c15a7a: No bootstrap required, opened a new log
I20260710 11:01:44.770984  6584 tablet_bootstrap.cc:654] T 16e49e3534d640f1846282e88ef2b408 P aebad93d3fc848019d208b4b969753eb: Neither blocks nor log segments found. Creating new log.
I20260710 11:01:44.771984  6582 ts_tablet_manager.cc:1403] T be6f2397a8b6478b84d3b5df6aaaa857 P 55a766c9f9974ef1bde5f40884c15a7a: Time spent bootstrapping tablet: real 0.153s	user 0.009s	sys 0.014s
I20260710 11:01:44.776151  6582 raft_consensus.cc:359] T be6f2397a8b6478b84d3b5df6aaaa857 P 55a766c9f9974ef1bde5f40884c15a7a [term 0 FOLLOWER]: Replica starting. Triggering 0 pending ops. Active config: opid_index: -1 OBSOLETE_local: false peers { permanent_uuid: "aebad93d3fc848019d208b4b969753eb" member_type: VOTER last_known_addr { host: "127.6.27.193" port: 39573 } } peers { permanent_uuid: "7f9dd1af6d894cc3b1bc89c880657ac1" member_type: VOTER last_known_addr { host: "127.6.27.194" port: 46819 } } peers { permanent_uuid: "55a766c9f9974ef1bde5f40884c15a7a" member_type: VOTER last_known_addr { host: "127.6.27.195" port: 36743 } }
I20260710 11:01:44.777209  6582 raft_consensus.cc:385] T be6f2397a8b6478b84d3b5df6aaaa857 P 55a766c9f9974ef1bde5f40884c15a7a [term 0 FOLLOWER]: Consensus starting up: Expiring failure detector timer to make a prompt election more likely
I20260710 11:01:44.777704  6582 raft_consensus.cc:740] T be6f2397a8b6478b84d3b5df6aaaa857 P 55a766c9f9974ef1bde5f40884c15a7a [term 0 FOLLOWER]: Becoming Follower/Learner. State: Replica: 55a766c9f9974ef1bde5f40884c15a7a, State: Initialized, Role: FOLLOWER
I20260710 11:01:44.778914  6582 consensus_queue.cc:260] T be6f2397a8b6478b84d3b5df6aaaa857 P 55a766c9f9974ef1bde5f40884c15a7a [NON_LEADER]: Queue going to NON_LEADER mode. State: All replicated index: 0, Majority replicated index: 0, Committed index: 0, Last appended: 0.0, Last appended by leader: 0, Current term: 0, Majority size: -1, State: 0, Mode: NON_LEADER, active raft config: opid_index: -1 OBSOLETE_local: false peers { permanent_uuid: "aebad93d3fc848019d208b4b969753eb" member_type: VOTER last_known_addr { host: "127.6.27.193" port: 39573 } } peers { permanent_uuid: "7f9dd1af6d894cc3b1bc89c880657ac1" member_type: VOTER last_known_addr { host: "127.6.27.194" port: 46819 } } peers { permanent_uuid: "55a766c9f9974ef1bde5f40884c15a7a" member_type: VOTER last_known_addr { host: "127.6.27.195" port: 36743 } }
I20260710 11:01:44.782970  6583 tablet_bootstrap.cc:492] T 42186192c34c40bcbb355b4071d9b672 P 7f9dd1af6d894cc3b1bc89c880657ac1: No bootstrap required, opened a new log
I20260710 11:01:44.783653  6583 ts_tablet_manager.cc:1403] T 42186192c34c40bcbb355b4071d9b672 P 7f9dd1af6d894cc3b1bc89c880657ac1: Time spent bootstrapping tablet: real 0.106s	user 0.011s	sys 0.008s
I20260710 11:01:44.788160  6583 raft_consensus.cc:359] T 42186192c34c40bcbb355b4071d9b672 P 7f9dd1af6d894cc3b1bc89c880657ac1 [term 0 FOLLOWER]: Replica starting. Triggering 0 pending ops. Active config: opid_index: -1 OBSOLETE_local: false peers { permanent_uuid: "aebad93d3fc848019d208b4b969753eb" member_type: VOTER last_known_addr { host: "127.6.27.193" port: 39573 } } peers { permanent_uuid: "7f9dd1af6d894cc3b1bc89c880657ac1" member_type: VOTER last_known_addr { host: "127.6.27.194" port: 46819 } } peers { permanent_uuid: "55a766c9f9974ef1bde5f40884c15a7a" member_type: VOTER last_known_addr { host: "127.6.27.195" port: 36743 } }
I20260710 11:01:44.788841  6564 heartbeater.cc:499] Master 127.6.27.254:38607 was elected leader, sending a full tablet report...
I20260710 11:01:44.789168  6583 raft_consensus.cc:385] T 42186192c34c40bcbb355b4071d9b672 P 7f9dd1af6d894cc3b1bc89c880657ac1 [term 0 FOLLOWER]: Consensus starting up: Expiring failure detector timer to make a prompt election more likely
I20260710 11:01:44.789732  6583 raft_consensus.cc:740] T 42186192c34c40bcbb355b4071d9b672 P 7f9dd1af6d894cc3b1bc89c880657ac1 [term 0 FOLLOWER]: Becoming Follower/Learner. State: Replica: 7f9dd1af6d894cc3b1bc89c880657ac1, State: Initialized, Role: FOLLOWER
I20260710 11:01:44.790459  6582 ts_tablet_manager.cc:1434] T be6f2397a8b6478b84d3b5df6aaaa857 P 55a766c9f9974ef1bde5f40884c15a7a: Time spent starting tablet: real 0.018s	user 0.009s	sys 0.006s
I20260710 11:01:44.791777  6582 tablet_bootstrap.cc:492] T 42186192c34c40bcbb355b4071d9b672 P 55a766c9f9974ef1bde5f40884c15a7a: Bootstrap starting.
I20260710 11:01:44.792039  6583 consensus_queue.cc:260] T 42186192c34c40bcbb355b4071d9b672 P 7f9dd1af6d894cc3b1bc89c880657ac1 [NON_LEADER]: Queue going to NON_LEADER mode. State: All replicated index: 0, Majority replicated index: 0, Committed index: 0, Last appended: 0.0, Last appended by leader: 0, Current term: 0, Majority size: -1, State: 0, Mode: NON_LEADER, active raft config: opid_index: -1 OBSOLETE_local: false peers { permanent_uuid: "aebad93d3fc848019d208b4b969753eb" member_type: VOTER last_known_addr { host: "127.6.27.193" port: 39573 } } peers { permanent_uuid: "7f9dd1af6d894cc3b1bc89c880657ac1" member_type: VOTER last_known_addr { host: "127.6.27.194" port: 46819 } } peers { permanent_uuid: "55a766c9f9974ef1bde5f40884c15a7a" member_type: VOTER last_known_addr { host: "127.6.27.195" port: 36743 } }
I20260710 11:01:44.793236  6584 tablet_bootstrap.cc:492] T 16e49e3534d640f1846282e88ef2b408 P aebad93d3fc848019d208b4b969753eb: No bootstrap required, opened a new log
I20260710 11:01:44.793732  6584 ts_tablet_manager.cc:1403] T 16e49e3534d640f1846282e88ef2b408 P aebad93d3fc848019d208b4b969753eb: Time spent bootstrapping tablet: real 0.087s	user 0.009s	sys 0.022s
