I20260710 11:02:05.598552 15211 raft_consensus.cc:2468] T bea4273f97344a21bfd499422535520b P de907d406d3f4fc2b291bee2efc63fe5 [term 1 FOLLOWER]: Leader election vote request: Granting yes vote for candidate 8ea5931f02cb4f759766fe46492f4531 in term 1.
I20260710 11:02:05.622015 15402 tablet_bootstrap.cc:654] T 4cf284d670764f6eba3b27b7fd45a26e P 0c8acb3b95c84d819e404135cd2af8dd: Neither blocks nor log segments found. Creating new log.
I20260710 11:02:05.640782 15404 tablet_bootstrap.cc:492] T d88753275d624d9eb2a6250951346c9a P 8ea5931f02cb4f759766fe46492f4531: No bootstrap required, opened a new log
I20260710 11:02:05.641036 15402 tablet_bootstrap.cc:492] T 4cf284d670764f6eba3b27b7fd45a26e P 0c8acb3b95c84d819e404135cd2af8dd: No bootstrap required, opened a new log
I20260710 11:02:05.641391 15403 tablet_bootstrap.cc:492] T f59c200955e24bf0828fabb13a2fea24 P de907d406d3f4fc2b291bee2efc63fe5: No bootstrap required, opened a new log
I20260710 11:02:05.641491 15402 ts_tablet_manager.cc:1403] T 4cf284d670764f6eba3b27b7fd45a26e P 0c8acb3b95c84d819e404135cd2af8dd: Time spent bootstrapping tablet: real 0.058s	user 0.024s	sys 0.001s
I20260710 11:02:05.641316 15404 ts_tablet_manager.cc:1403] T d88753275d624d9eb2a6250951346c9a P 8ea5931f02cb4f759766fe46492f4531: Time spent bootstrapping tablet: real 0.052s	user 0.010s	sys 0.002s
I20260710 11:02:05.641938 15403 ts_tablet_manager.cc:1403] T f59c200955e24bf0828fabb13a2fea24 P de907d406d3f4fc2b291bee2efc63fe5: Time spent bootstrapping tablet: real 0.182s	user 0.019s	sys 0.029s
I20260710 11:02:05.643968 15402 raft_consensus.cc:359] T 4cf284d670764f6eba3b27b7fd45a26e P 0c8acb3b95c84d819e404135cd2af8dd [term 0 FOLLOWER]: Replica starting. Triggering 0 pending ops. Active config: opid_index: -1 OBSOLETE_local: false peers { permanent_uuid: "de907d406d3f4fc2b291bee2efc63fe5" member_type: VOTER last_known_addr { host: "127.13.201.65" port: 42165 } } peers { permanent_uuid: "8ea5931f02cb4f759766fe46492f4531" member_type: VOTER last_known_addr { host: "127.13.201.66" port: 45121 } } peers { permanent_uuid: "0c8acb3b95c84d819e404135cd2af8dd" member_type: VOTER last_known_addr { host: "127.13.201.67" port: 36777 } }
I20260710 11:02:05.644222 15403 raft_consensus.cc:359] T f59c200955e24bf0828fabb13a2fea24 P de907d406d3f4fc2b291bee2efc63fe5 [term 0 FOLLOWER]: Replica starting. Triggering 0 pending ops. Active config: opid_index: -1 OBSOLETE_local: false peers { permanent_uuid: "de907d406d3f4fc2b291bee2efc63fe5" member_type: VOTER last_known_addr { host: "127.13.201.65" port: 42165 } } peers { permanent_uuid: "8ea5931f02cb4f759766fe46492f4531" member_type: VOTER last_known_addr { host: "127.13.201.66" port: 45121 } } peers { permanent_uuid: "0c8acb3b95c84d819e404135cd2af8dd" member_type: VOTER last_known_addr { host: "127.13.201.67" port: 36777 } }
I20260710 11:02:05.644711 15402 raft_consensus.cc:385] T 4cf284d670764f6eba3b27b7fd45a26e P 0c8acb3b95c84d819e404135cd2af8dd [term 0 FOLLOWER]: Consensus starting up: Expiring failure detector timer to make a prompt election more likely
I20260710 11:02:05.644781 15403 raft_consensus.cc:385] T f59c200955e24bf0828fabb13a2fea24 P de907d406d3f4fc2b291bee2efc63fe5 [term 0 FOLLOWER]: Consensus starting up: Expiring failure detector timer to make a prompt election more likely
I20260710 11:02:05.644999 15402 raft_consensus.cc:740] T 4cf284d670764f6eba3b27b7fd45a26e P 0c8acb3b95c84d819e404135cd2af8dd [term 0 FOLLOWER]: Becoming Follower/Learner. State: Replica: 0c8acb3b95c84d819e404135cd2af8dd, State: Initialized, Role: FOLLOWER
I20260710 11:02:05.644897 15404 raft_consensus.cc:359] T d88753275d624d9eb2a6250951346c9a P 8ea5931f02cb4f759766fe46492f4531 [term 0 FOLLOWER]: Replica starting. Triggering 0 pending ops. Active config: opid_index: -1 OBSOLETE_local: false peers { permanent_uuid: "de907d406d3f4fc2b291bee2efc63fe5" member_type: VOTER last_known_addr { host: "127.13.201.65" port: 42165 } } peers { permanent_uuid: "8ea5931f02cb4f759766fe46492f4531" member_type: VOTER last_known_addr { host: "127.13.201.66" port: 45121 } } peers { permanent_uuid: "0c8acb3b95c84d819e404135cd2af8dd" member_type: VOTER last_known_addr { host: "127.13.201.67" port: 36777 } }
I20260710 11:02:05.645083 15403 raft_consensus.cc:740] T f59c200955e24bf0828fabb13a2fea24 P de907d406d3f4fc2b291bee2efc63fe5 [term 0 FOLLOWER]: Becoming Follower/Learner. State: Replica: de907d406d3f4fc2b291bee2efc63fe5, State: Initialized, Role: FOLLOWER
I20260710 11:02:05.646117 15404 raft_consensus.cc:385] T d88753275d624d9eb2a6250951346c9a P 8ea5931f02cb4f759766fe46492f4531 [term 0 FOLLOWER]: Consensus starting up: Expiring failure detector timer to make a prompt election more likely
I20260710 11:02:05.646071 15402 consensus_queue.cc:260] T 4cf284d670764f6eba3b27b7fd45a26e P 0c8acb3b95c84d819e404135cd2af8dd [NON_LEADER]: Queue going to NON_LEADER mode. State: All replicated index: 0, Majority replicated index: 0, Committed index: 0, Last appended: 0.0, Last appended by leader: 0, Current term: 0, Majority size: -1, State: 0, Mode: NON_LEADER, active raft config: opid_index: -1 OBSOLETE_local: false peers { permanent_uuid: "de907d406d3f4fc2b291bee2efc63fe5" member_type: VOTER last_known_addr { host: "127.13.201.65" port: 42165 } } peers { permanent_uuid: "8ea5931f02cb4f759766fe46492f4531" member_type: VOTER last_known_addr { host: "127.13.201.66" port: 45121 } } peers { permanent_uuid: "0c8acb3b95c84d819e404135cd2af8dd" member_type: VOTER last_known_addr { host: "127.13.201.67" port: 36777 } }
I20260710 11:02:05.646555 15404 raft_consensus.cc:740] T d88753275d624d9eb2a6250951346c9a P 8ea5931f02cb4f759766fe46492f4531 [term 0 FOLLOWER]: Becoming Follower/Learner. State: Replica: 8ea5931f02cb4f759766fe46492f4531, State: Initialized, Role: FOLLOWER
I20260710 11:02:05.647101 15403 consensus_queue.cc:260] T f59c200955e24bf0828fabb13a2fea24 P de907d406d3f4fc2b291bee2efc63fe5 [NON_LEADER]: Queue going to NON_LEADER mode. State: All replicated index: 0, Majority replicated index: 0, Committed index: 0, Last appended: 0.0, Last appended by leader: 0, Current term: 0, Majority size: -1, State: 0, Mode: NON_LEADER, active raft config: opid_index: -1 OBSOLETE_local: false peers { permanent_uuid: "de907d406d3f4fc2b291bee2efc63fe5" member_type: VOTER last_known_addr { host: "127.13.201.65" port: 42165 } } peers { permanent_uuid: "8ea5931f02cb4f759766fe46492f4531" member_type: VOTER last_known_addr { host: "127.13.201.66" port: 45121 } } peers { permanent_uuid: "0c8acb3b95c84d819e404135cd2af8dd" member_type: VOTER last_known_addr { host: "127.13.201.67" port: 36777 } }
I20260710 11:02:05.647440 15404 consensus_queue.cc:260] T d88753275d624d9eb2a6250951346c9a P 8ea5931f02cb4f759766fe46492f4531 [NON_LEADER]: Queue going to NON_LEADER mode. State: All replicated index: 0, Majority replicated index: 0, Committed index: 0, Last appended: 0.0, Last appended by leader: 0, Current term: 0, Majority size: -1, State: 0, Mode: NON_LEADER, active raft config: opid_index: -1 OBSOLETE_local: false peers { permanent_uuid: "de907d406d3f4fc2b291bee2efc63fe5" member_type: VOTER last_known_addr { host: "127.13.201.65" port: 42165 } } peers { permanent_uuid: "8ea5931f02cb4f759766fe46492f4531" member_type: VOTER last_known_addr { host: "127.13.201.66" port: 45121 } } peers { permanent_uuid: "0c8acb3b95c84d819e404135cd2af8dd" member_type: VOTER last_known_addr { host: "127.13.201.67" port: 36777 } }
I20260710 11:02:05.650063 15403 ts_tablet_manager.cc:1434] T f59c200955e24bf0828fabb13a2fea24 P de907d406d3f4fc2b291bee2efc63fe5: Time spent starting tablet: real 0.008s	user 0.001s	sys 0.005s
I20260710 11:02:05.648339 15402 ts_tablet_manager.cc:1434] T 4cf284d670764f6eba3b27b7fd45a26e P 0c8acb3b95c84d819e404135cd2af8dd: Time spent starting tablet: real 0.006s	user 0.005s	sys 0.000s
I20260710 11:02:05.650961 15403 tablet_bootstrap.cc:492] T dcec2fab8c704de0a438a270d4bbe774 P de907d406d3f4fc2b291bee2efc63fe5: Bootstrap starting.
I20260710 11:02:05.651310 15402 tablet_bootstrap.cc:492] T d88753275d624d9eb2a6250951346c9a P 0c8acb3b95c84d819e404135cd2af8dd: Bootstrap starting.
I20260710 11:02:05.655355 15404 ts_tablet_manager.cc:1434] T d88753275d624d9eb2a6250951346c9a P 8ea5931f02cb4f759766fe46492f4531: Time spent starting tablet: real 0.013s	user 0.007s	sys 0.000s
I20260710 11:02:05.656155 15402 tablet_bootstrap.cc:654] T d88753275d624d9eb2a6250951346c9a P 0c8acb3b95c84d819e404135cd2af8dd: Neither blocks nor log segments found. Creating new log.
I20260710 11:02:05.656256 15404 tablet_bootstrap.cc:492] T 4cf284d670764f6eba3b27b7fd45a26e P 8ea5931f02cb4f759766fe46492f4531: Bootstrap starting.
I20260710 11:02:05.656616 15403 tablet_bootstrap.cc:654] T dcec2fab8c704de0a438a270d4bbe774 P de907d406d3f4fc2b291bee2efc63fe5: Neither blocks nor log segments found. Creating new log.
I20260710 11:02:05.663924 15404 tablet_bootstrap.cc:654] T 4cf284d670764f6eba3b27b7fd45a26e P 8ea5931f02cb4f759766fe46492f4531: Neither blocks nor log segments found. Creating new log.
I20260710 11:02:05.667229 15476 raft_consensus.cc:493] T 4825111b111d450d9367dc68b5bf07a1 P 0c8acb3b95c84d819e404135cd2af8dd [term 0 FOLLOWER]: Starting pre-election (no leader contacted us within the election timeout)
I20260710 11:02:05.667681 15476 raft_consensus.cc:515] T 4825111b111d450d9367dc68b5bf07a1 P 0c8acb3b95c84d819e404135cd2af8dd [term 0 FOLLOWER]: Starting pre-election with config: opid_index: -1 OBSOLETE_local: false peers { permanent_uuid: "de907d406d3f4fc2b291bee2efc63fe5" member_type: VOTER last_known_addr { host: "127.13.201.65" port: 42165 } } peers { permanent_uuid: "8ea5931f02cb4f759766fe46492f4531" member_type: VOTER last_known_addr { host: "127.13.201.66" port: 45121 } } peers { permanent_uuid: "0c8acb3b95c84d819e404135cd2af8dd" member_type: VOTER last_known_addr { host: "127.13.201.67" port: 36777 } }
I20260710 11:02:05.670171 15476 leader_election.cc:290] T 4825111b111d450d9367dc68b5bf07a1 P 0c8acb3b95c84d819e404135cd2af8dd [CANDIDATE]: Term 1 pre-election: Requested pre-vote from peers de907d406d3f4fc2b291bee2efc63fe5 (127.13.201.65:42165), 8ea5931f02cb4f759766fe46492f4531 (127.13.201.66:45121)
I20260710 11:02:05.671345 15430 raft_consensus.cc:493] T 4825111b111d450d9367dc68b5bf07a1 P de907d406d3f4fc2b291bee2efc63fe5 [term 0 FOLLOWER]: Starting pre-election (no leader contacted us within the election timeout)
I20260710 11:02:05.671770 15430 raft_consensus.cc:515] T 4825111b111d450d9367dc68b5bf07a1 P de907d406d3f4fc2b291bee2efc63fe5 [term 0 FOLLOWER]: Starting pre-election with config: opid_index: -1 OBSOLETE_local: false peers { permanent_uuid: "de907d406d3f4fc2b291bee2efc63fe5" member_type: VOTER last_known_addr { host: "127.13.201.65" port: 42165 } } peers { permanent_uuid: "8ea5931f02cb4f759766fe46492f4531" member_type: VOTER last_known_addr { host: "127.13.201.66" port: 45121 } } peers { permanent_uuid: "0c8acb3b95c84d819e404135cd2af8dd" member_type: VOTER last_known_addr { host: "127.13.201.67" port: 36777 } }
I20260710 11:02:05.672034 15285 tablet_service.cc:1917] Received RequestConsensusVote() RPC: tablet_id: "4825111b111d450d9367dc68b5bf07a1" candidate_uuid: "0c8acb3b95c84d819e404135cd2af8dd" candidate_term: 1 candidate_status { last_received { term: 0 index: 0 } } ignore_live_leader: false dest_uuid: "8ea5931f02cb4f759766fe46492f4531" is_pre_election: true
I20260710 11:02:05.672652 15285 raft_consensus.cc:2468] T 4825111b111d450d9367dc68b5bf07a1 P 8ea5931f02cb4f759766fe46492f4531 [term 0 FOLLOWER]: Leader pre-election vote request: Granting yes vote for candidate 0c8acb3b95c84d819e404135cd2af8dd in term 0.
I20260710 11:02:05.672700 15211 tablet_service.cc:1917] Received RequestConsensusVote() RPC: tablet_id: "4825111b111d450d9367dc68b5bf07a1" candidate_uuid: "0c8acb3b95c84d819e404135cd2af8dd" candidate_term: 1 candidate_status { last_received { term: 0 index: 0 } } ignore_live_leader: false dest_uuid: "de907d406d3f4fc2b291bee2efc63fe5" is_pre_election: true
I20260710 11:02:05.673336 15211 raft_consensus.cc:2468] T 4825111b111d450d9367dc68b5bf07a1 P de907d406d3f4fc2b291bee2efc63fe5 [term 0 FOLLOWER]: Leader pre-election vote request: Granting yes vote for candidate 0c8acb3b95c84d819e404135cd2af8dd in term 0.
I20260710 11:02:05.673705 15430 leader_election.cc:290] T 4825111b111d450d9367dc68b5bf07a1 P de907d406d3f4fc2b291bee2efc63fe5 [CANDIDATE]: Term 1 pre-election: Requested pre-vote from peers 8ea5931f02cb4f759766fe46492f4531 (127.13.201.66:45121), 0c8acb3b95c84d819e404135cd2af8dd (127.13.201.67:36777)
I20260710 11:02:05.673915 15325 leader_election.cc:304] T 4825111b111d450d9367dc68b5bf07a1 P 0c8acb3b95c84d819e404135cd2af8dd [CANDIDATE]: Term 1 pre-election: Election decided. Result: candidate won. Election summary: received 2 responses out of 3 voters: 2 yes votes; 0 no votes. yes voters: 0c8acb3b95c84d819e404135cd2af8dd, 8ea5931f02cb4f759766fe46492f4531; no voters: 
I20260710 11:02:05.674258 15402 tablet_bootstrap.cc:492] T d88753275d624d9eb2a6250951346c9a P 0c8acb3b95c84d819e404135cd2af8dd: No bootstrap required, opened a new log
I20260710 11:02:05.674753 15466 raft_consensus.cc:493] T 4cf284d670764f6eba3b27b7fd45a26e P 0c8acb3b95c84d819e404135cd2af8dd [term 0 FOLLOWER]: Starting pre-election (no leader contacted us within the election timeout)
I20260710 11:02:05.674764 15402 ts_tablet_manager.cc:1403] T d88753275d624d9eb2a6250951346c9a P 0c8acb3b95c84d819e404135cd2af8dd: Time spent bootstrapping tablet: real 0.024s	user 0.011s	sys 0.006s
I20260710 11:02:05.675248 15466 raft_consensus.cc:515] T 4cf284d670764f6eba3b27b7fd45a26e P 0c8acb3b95c84d819e404135cd2af8dd [term 0 FOLLOWER]: Starting pre-election with config: opid_index: -1 OBSOLETE_local: false peers { permanent_uuid: "de907d406d3f4fc2b291bee2efc63fe5" member_type: VOTER last_known_addr { host: "127.13.201.65" port: 42165 } } peers { permanent_uuid: "8ea5931f02cb4f759766fe46492f4531" member_type: VOTER last_known_addr { host: "127.13.201.66" port: 45121 } } peers { permanent_uuid: "0c8acb3b95c84d819e404135cd2af8dd" member_type: VOTER last_known_addr { host: "127.13.201.67" port: 36777 } }
I20260710 11:02:05.676844 15469 raft_consensus.cc:2804] T 4825111b111d450d9367dc68b5bf07a1 P 0c8acb3b95c84d819e404135cd2af8dd [term 0 FOLLOWER]: Leader pre-election won for term 1
I20260710 11:02:05.677138 15466 leader_election.cc:290] T 4cf284d670764f6eba3b27b7fd45a26e P 0c8acb3b95c84d819e404135cd2af8dd [CANDIDATE]: Term 1 pre-election: Requested pre-vote from peers de907d406d3f4fc2b291bee2efc63fe5 (127.13.201.65:42165), 8ea5931f02cb4f759766fe46492f4531 (127.13.201.66:45121)
I20260710 11:02:05.677219 15469 raft_consensus.cc:493] T 4825111b111d450d9367dc68b5bf07a1 P 0c8acb3b95c84d819e404135cd2af8dd [term 0 FOLLOWER]: Starting leader election (no leader contacted us within the election timeout)
I20260710 11:02:05.677623 15469 raft_consensus.cc:3060] T 4825111b111d450d9367dc68b5bf07a1 P 0c8acb3b95c84d819e404135cd2af8dd [term 0 FOLLOWER]: Advancing to term 1
I20260710 11:02:05.677765 15404 tablet_bootstrap.cc:492] T 4cf284d670764f6eba3b27b7fd45a26e P 8ea5931f02cb4f759766fe46492f4531: No bootstrap required, opened a new log
I20260710 11:02:05.678416 15404 ts_tablet_manager.cc:1403] T 4cf284d670764f6eba3b27b7fd45a26e P 8ea5931f02cb4f759766fe46492f4531: Time spent bootstrapping tablet: real 0.022s	user 0.012s	sys 0.004s
I20260710 11:02:05.679973 15286 tablet_service.cc:1917] Received RequestConsensusVote() RPC: tablet_id: "4cf284d670764f6eba3b27b7fd45a26e" candidate_uuid: "0c8acb3b95c84d819e404135cd2af8dd" candidate_term: 1 candidate_status { last_received { term: 0 index: 0 } } ignore_live_leader: false dest_uuid: "8ea5931f02cb4f759766fe46492f4531" is_pre_election: true
I20260710 11:02:05.681766 15404 raft_consensus.cc:359] T 4cf284d670764f6eba3b27b7fd45a26e P 8ea5931f02cb4f759766fe46492f4531 [term 0 FOLLOWER]: Replica starting. Triggering 0 pending ops. Active config: opid_index: -1 OBSOLETE_local: false peers { permanent_uuid: "de907d406d3f4fc2b291bee2efc63fe5" member_type: VOTER last_known_addr { host: "127.13.201.65" port: 42165 } } peers { permanent_uuid: "8ea5931f02cb4f759766fe46492f4531" member_type: VOTER last_known_addr { host: "127.13.201.66" port: 45121 } } peers { permanent_uuid: "0c8acb3b95c84d819e404135cd2af8dd" member_type: VOTER last_known_addr { host: "127.13.201.67" port: 36777 } }
I20260710 11:02:05.682682 15404 raft_consensus.cc:385] T 4cf284d670764f6eba3b27b7fd45a26e P 8ea5931f02cb4f759766fe46492f4531 [term 0 FOLLOWER]: Consensus starting up: Expiring failure detector timer to make a prompt election more likely
W20260710 11:02:05.682878 15325 leader_election.cc:343] T 4cf284d670764f6eba3b27b7fd45a26e P 0c8acb3b95c84d819e404135cd2af8dd [CANDIDATE]: Term 1 pre-election: Tablet error from VoteRequest() call to peer 8ea5931f02cb4f759766fe46492f4531 (127.13.201.66:45121): Illegal state: must be running to vote when last-logged opid is not known
I20260710 11:02:05.683105 15404 raft_consensus.cc:740] T 4cf284d670764f6eba3b27b7fd45a26e P 8ea5931f02cb4f759766fe46492f4531 [term 0 FOLLOWER]: Becoming Follower/Learner. State: Replica: 8ea5931f02cb4f759766fe46492f4531, State: Initialized, Role: FOLLOWER
I20260710 11:02:05.682384 15285 tablet_service.cc:1917] Received RequestConsensusVote() RPC: tablet_id: "4825111b111d450d9367dc68b5bf07a1" candidate_uuid: "de907d406d3f4fc2b291bee2efc63fe5" candidate_term: 1 candidate_status { last_received { term: 0 index: 0 } } ignore_live_leader: false dest_uuid: "8ea5931f02cb4f759766fe46492f4531" is_pre_election: true
I20260710 11:02:05.683907 15285 raft_consensus.cc:2468] T 4825111b111d450d9367dc68b5bf07a1 P 8ea5931f02cb4f759766fe46492f4531 [term 0 FOLLOWER]: Leader pre-election vote request: Granting yes vote for candidate de907d406d3f4fc2b291bee2efc63fe5 in term 0.
I20260710 11:02:05.684278 15404 consensus_queue.cc:260] T 4cf284d670764f6eba3b27b7fd45a26e P 8ea5931f02cb4f759766fe46492f4531 [NON_LEADER]: Queue going to NON_LEADER mode. State: All replicated index: 0, Majority replicated index: 0, Committed index: 0, Last appended: 0.0, Last appended by leader: 0, Current term: 0, Majority size: -1, State: 0, Mode: NON_LEADER, active raft config: opid_index: -1 OBSOLETE_local: false peers { permanent_uuid: "de907d406d3f4fc2b291bee2efc63fe5" member_type: VOTER last_known_addr { host: "127.13.201.65" port: 42165 } } peers { permanent_uuid: "8ea5931f02cb4f759766fe46492f4531" member_type: VOTER last_known_addr { host: "127.13.201.66" port: 45121 } } peers { permanent_uuid: "0c8acb3b95c84d819e404135cd2af8dd" member_type: VOTER last_known_addr { host: "127.13.201.67" port: 36777 } }
I20260710 11:02:05.684967 15176 leader_election.cc:304] T 4825111b111d450d9367dc68b5bf07a1 P de907d406d3f4fc2b291bee2efc63fe5 [CANDIDATE]: Term 1 pre-election: Election decided. Result: candidate won. Election summary: received 2 responses out of 3 voters: 2 yes votes; 0 no votes. yes voters: 8ea5931f02cb4f759766fe46492f4531, de907d406d3f4fc2b291bee2efc63fe5; no voters: 
I20260710 11:02:05.685729 15430 raft_consensus.cc:2804] T 4825111b111d450d9367dc68b5bf07a1 P de907d406d3f4fc2b291bee2efc63fe5 [term 0 FOLLOWER]: Leader pre-election won for term 1
I20260710 11:02:05.685674 15361 tablet_service.cc:1917] Received RequestConsensusVote() RPC: tablet_id: "4825111b111d450d9367dc68b5bf07a1" candidate_uuid: "de907d406d3f4fc2b291bee2efc63fe5" candidate_term: 1 candidate_status { last_received { term: 0 index: 0 } } ignore_live_leader: false dest_uuid: "0c8acb3b95c84d819e404135cd2af8dd" is_pre_election: true
I20260710 11:02:05.686101 15430 raft_consensus.cc:493] T 4825111b111d450d9367dc68b5bf07a1 P de907d406d3f4fc2b291bee2efc63fe5 [term 0 FOLLOWER]: Starting leader election (no leader contacted us within the election timeout)
I20260710 11:02:05.686435 15430 raft_consensus.cc:3060] T 4825111b111d450d9367dc68b5bf07a1 P de907d406d3f4fc2b291bee2efc63fe5 [term 0 FOLLOWER]: Advancing to term 1
I20260710 11:02:05.686578 15211 tablet_service.cc:1917] Received RequestConsensusVote() RPC: tablet_id: "4cf284d670764f6eba3b27b7fd45a26e" candidate_uuid: "0c8acb3b95c84d819e404135cd2af8dd" candidate_term: 1 candidate_status { last_received { term: 0 index: 0 } } ignore_live_leader: false dest_uuid: "de907d406d3f4fc2b291bee2efc63fe5" is_pre_election: true
I20260710 11:02:05.687342 15404 ts_tablet_manager.cc:1434] T 4cf284d670764f6eba3b27b7fd45a26e P 8ea5931f02cb4f759766fe46492f4531: Time spent starting tablet: real 0.009s	user 0.006s	sys 0.001s
W20260710 11:02:05.687999 15327 leader_election.cc:343] T 4cf284d670764f6eba3b27b7fd45a26e P 0c8acb3b95c84d819e404135cd2af8dd [CANDIDATE]: Term 1 pre-election: Tablet error from VoteRequest() call to peer de907d406d3f4fc2b291bee2efc63fe5 (127.13.201.65:42165): Illegal state: must be running to vote when last-logged opid is not known
I20260710 11:02:05.688195 15404 tablet_bootstrap.cc:492] T dcec2fab8c704de0a438a270d4bbe774 P 8ea5931f02cb4f759766fe46492f4531: Bootstrap starting.
I20260710 11:02:05.688436 15327 leader_election.cc:304] T 4cf284d670764f6eba3b27b7fd45a26e P 0c8acb3b95c84d819e404135cd2af8dd [CANDIDATE]: Term 1 pre-election: Election decided. Result: candidate lost. Election summary: received 3 responses out of 3 voters: 1 yes votes; 2 no votes. yes voters: 0c8acb3b95c84d819e404135cd2af8dd; no voters: 8ea5931f02cb4f759766fe46492f4531, de907d406d3f4fc2b291bee2efc63fe5
I20260710 11:02:05.689561 15413 raft_consensus.cc:2749] T 4cf284d670764f6eba3b27b7fd45a26e P 0c8acb3b95c84d819e404135cd2af8dd [term 0 FOLLOWER]: Leader pre-election lost for term 1. Reason: could not achieve majority
I20260710 11:02:05.691238 15362 raft_consensus.cc:3060] T 8aa3ccdd196b4bbb904575152143d513 P 0c8acb3b95c84d819e404135cd2af8dd [term 0 FOLLOWER]: Advancing to term 1
I20260710 11:02:05.696591 15404 tablet_bootstrap.cc:654] T dcec2fab8c704de0a438a270d4bbe774 P 8ea5931f02cb4f759766fe46492f4531: Neither blocks nor log segments found. Creating new log.
I20260710 11:02:05.696450 15110 catalog_manager.cc:5697] T bea4273f97344a21bfd499422535520b P 8ea5931f02cb4f759766fe46492f4531 reported cstate change: term changed from 0 to 1, leader changed from <none> to 8ea5931f02cb4f759766fe46492f4531 (127.13.201.66). New cstate: current_term: 1 leader_uuid: "8ea5931f02cb4f759766fe46492f4531" committed_config { opid_index: -1 OBSOLETE_local: false peers { permanent_uuid: "de907d406d3f4fc2b291bee2efc63fe5" member_type: VOTER last_known_addr { host: "127.13.201.65" port: 42165 } health_report { overall_health: UNKNOWN } } peers { permanent_uuid: "8ea5931f02cb4f759766fe46492f4531" member_type: VOTER last_known_addr { host: "127.13.201.66" port: 45121 } health_report { overall_health: HEALTHY } } peers { permanent_uuid: "0c8acb3b95c84d819e404135cd2af8dd" member_type: VOTER last_known_addr { host: "127.13.201.67" port: 36777 } health_report { overall_health: UNKNOWN } } }
I20260710 11:02:05.698097 15476 raft_consensus.cc:493] T 7a5aa7a187654170b2ca8636339074a5 P 0c8acb3b95c84d819e404135cd2af8dd [term 0 FOLLOWER]: Starting pre-election (no leader contacted us within the election timeout)
I20260710 11:02:05.699369 15469 raft_consensus.cc:515] T 4825111b111d450d9367dc68b5bf07a1 P 0c8acb3b95c84d819e404135cd2af8dd [term 1 FOLLOWER]: Starting leader election with config: opid_index: -1 OBSOLETE_local: false peers { permanent_uuid: "de907d406d3f4fc2b291bee2efc63fe5" member_type: VOTER last_known_addr { host: "127.13.201.65" port: 42165 } } peers { permanent_uuid: "8ea5931f02cb4f759766fe46492f4531" member_type: VOTER last_known_addr { host: "127.13.201.66" port: 45121 } } peers { permanent_uuid: "0c8acb3b95c84d819e404135cd2af8dd" member_type: VOTER last_known_addr { host: "127.13.201.67" port: 36777 } }
I20260710 11:02:05.700310 15476 raft_consensus.cc:515] T 7a5aa7a187654170b2ca8636339074a5 P 0c8acb3b95c84d819e404135cd2af8dd [term 0 FOLLOWER]: Starting pre-election with config: opid_index: -1 OBSOLETE_local: false peers { permanent_uuid: "de907d406d3f4fc2b291bee2efc63fe5" member_type: VOTER last_known_addr { host: "127.13.201.65" port: 42165 } } peers { permanent_uuid: "8ea5931f02cb4f759766fe46492f4531" member_type: VOTER last_known_addr { host: "127.13.201.66" port: 45121 } } peers { permanent_uuid: "0c8acb3b95c84d819e404135cd2af8dd" member_type: VOTER last_known_addr { host: "127.13.201.67" port: 36777 } }
I20260710 11:02:05.700938 15361 raft_consensus.cc:2393] T 4825111b111d450d9367dc68b5bf07a1 P 0c8acb3b95c84d819e404135cd2af8dd [term 1 FOLLOWER]: Leader pre-election vote request: Denying vote to candidate de907d406d3f4fc2b291bee2efc63fe5 in current term 1: Already voted for candidate 0c8acb3b95c84d819e404135cd2af8dd in this term.
I20260710 11:02:05.703642 15469 leader_election.cc:290] T 4825111b111d450d9367dc68b5bf07a1 P 0c8acb3b95c84d819e404135cd2af8dd [CANDIDATE]: Term 1 election: Requested vote from peers de907d406d3f4fc2b291bee2efc63fe5 (127.13.201.65:42165), 8ea5931f02cb4f759766fe46492f4531 (127.13.201.66:45121)
I20260710 11:02:05.705003 15402 raft_consensus.cc:359] T d88753275d624d9eb2a6250951346c9a P 0c8acb3b95c84d819e404135cd2af8dd [term 0 FOLLOWER]: Replica starting. Triggering 0 pending ops. Active config: opid_index: -1 OBSOLETE_local: false peers { permanent_uuid: "de907d406d3f4fc2b291bee2efc63fe5" member_type: VOTER last_known_addr { host: "127.13.201.65" port: 42165 } } peers { permanent_uuid: "8ea5931f02cb4f759766fe46492f4531" member_type: VOTER last_known_addr { host: "127.13.201.66" port: 45121 } } peers { permanent_uuid: "0c8acb3b95c84d819e404135cd2af8dd" member_type: VOTER last_known_addr { host: "127.13.201.67" port: 36777 } }
I20260710 11:02:05.705611 15402 raft_consensus.cc:385] T d88753275d624d9eb2a6250951346c9a P 0c8acb3b95c84d819e404135cd2af8dd [term 0 FOLLOWER]: Consensus starting up: Expiring failure detector timer to make a prompt election more likely
I20260710 11:02:05.705857 15402 raft_consensus.cc:740] T d88753275d624d9eb2a6250951346c9a P 0c8acb3b95c84d819e404135cd2af8dd [term 0 FOLLOWER]: Becoming Follower/Learner. State: Replica: 0c8acb3b95c84d819e404135cd2af8dd, State: Initialized, Role: FOLLOWER
I20260710 11:02:05.706385 15402 consensus_queue.cc:260] T d88753275d624d9eb2a6250951346c9a P 0c8acb3b95c84d819e404135cd2af8dd [NON_LEADER]: Queue going to NON_LEADER mode. State: All replicated index: 0, Majority replicated index: 0, Committed index: 0, Last appended: 0.0, Last appended by leader: 0, Current term: 0, Majority size: -1, State: 0, Mode: NON_LEADER, active raft config: opid_index: -1 OBSOLETE_local: false peers { permanent_uuid: "de907d406d3f4fc2b291bee2efc63fe5" member_type: VOTER last_known_addr { host: "127.13.201.65" port: 42165 } } peers { permanent_uuid: "8ea5931f02cb4f759766fe46492f4531" member_type: VOTER last_known_addr { host: "127.13.201.66" port: 45121 } } peers { permanent_uuid: "0c8acb3b95c84d819e404135cd2af8dd" member_type: VOTER last_known_addr { host: "127.13.201.67" port: 36777 } }
I20260710 11:02:05.710247 15402 ts_tablet_manager.cc:1434] T d88753275d624d9eb2a6250951346c9a P 0c8acb3b95c84d819e404135cd2af8dd: Time spent starting tablet: real 0.035s	user 0.005s	sys 0.000s
I20260710 11:02:05.710402 15285 tablet_service.cc:1917] Received RequestConsensusVote() RPC: tablet_id: "7a5aa7a187654170b2ca8636339074a5" candidate_uuid: "0c8acb3b95c84d819e404135cd2af8dd" candidate_term: 1 candidate_status { last_received { term: 0 index: 0 } } ignore_live_leader: false dest_uuid: "8ea5931f02cb4f759766fe46492f4531" is_pre_election: true
I20260710 11:02:05.710764 15288 tablet_service.cc:1917] Received RequestConsensusVote() RPC: tablet_id: "4825111b111d450d9367dc68b5bf07a1" candidate_uuid: "0c8acb3b95c84d819e404135cd2af8dd" candidate_term: 1 candidate_status { last_received { term: 0 index: 0 } } ignore_live_leader: false dest_uuid: "8ea5931f02cb4f759766fe46492f4531"
I20260710 11:02:05.711448 15404 tablet_bootstrap.cc:492] T dcec2fab8c704de0a438a270d4bbe774 P 8ea5931f02cb4f759766fe46492f4531: No bootstrap required, opened a new log
I20260710 11:02:05.711908 15404 ts_tablet_manager.cc:1403] T dcec2fab8c704de0a438a270d4bbe774 P 8ea5931f02cb4f759766fe46492f4531: Time spent bootstrapping tablet: real 0.024s	user 0.018s	sys 0.003s
I20260710 11:02:05.711295 15402 tablet_bootstrap.cc:492] T c42760a32b794c839f309e82ff964300 P 0c8acb3b95c84d819e404135cd2af8dd: Bootstrap starting.
I20260710 11:02:05.711329 15288 raft_consensus.cc:3060] T 4825111b111d450d9367dc68b5bf07a1 P 8ea5931f02cb4f759766fe46492f4531 [term 0 FOLLOWER]: Advancing to term 1
I20260710 11:02:05.714321 15404 raft_consensus.cc:359] T dcec2fab8c704de0a438a270d4bbe774 P 8ea5931f02cb4f759766fe46492f4531 [term 0 FOLLOWER]: Replica starting. Triggering 0 pending ops. Active config: opid_index: -1 OBSOLETE_local: false peers { permanent_uuid: "de907d406d3f4fc2b291bee2efc63fe5" member_type: VOTER last_known_addr { host: "127.13.201.65" port: 42165 } } peers { permanent_uuid: "8ea5931f02cb4f759766fe46492f4531" member_type: VOTER last_known_addr { host: "127.13.201.66" port: 45121 } } peers { permanent_uuid: "0c8acb3b95c84d819e404135cd2af8dd" member_type: VOTER last_known_addr { host: "127.13.201.67" port: 36777 } }
I20260710 11:02:05.714982 15404 raft_consensus.cc:385] T dcec2fab8c704de0a438a270d4bbe774 P 8ea5931f02cb4f759766fe46492f4531 [term 0 FOLLOWER]: Consensus starting up: Expiring failure detector timer to make a prompt election more likely
I20260710 11:02:05.715240 15404 raft_consensus.cc:740] T dcec2fab8c704de0a438a270d4bbe774 P 8ea5931f02cb4f759766fe46492f4531 [term 0 FOLLOWER]: Becoming Follower/Learner. State: Replica: 8ea5931f02cb4f759766fe46492f4531, State: Initialized, Role: FOLLOWER
I20260710 11:02:05.715893 15404 consensus_queue.cc:260] T dcec2fab8c704de0a438a270d4bbe774 P 8ea5931f02cb4f759766fe46492f4531 [NON_LEADER]: Queue going to NON_LEADER mode. State: All replicated index: 0, Majority replicated index: 0, Committed index: 0, Last appended: 0.0, Last appended by leader: 0, Current term: 0, Majority size: -1, State: 0, Mode: NON_LEADER, active raft config: opid_index: -1 OBSOLETE_local: false peers { permanent_uuid: "de907d406d3f4fc2b291bee2efc63fe5" member_type: VOTER last_known_addr { host: "127.13.201.65" port: 42165 } } peers { permanent_uuid: "8ea5931f02cb4f759766fe46492f4531" member_type: VOTER last_known_addr { host: "127.13.201.66" port: 45121 } } peers { permanent_uuid: "0c8acb3b95c84d819e404135cd2af8dd" member_type: VOTER last_known_addr { host: "127.13.201.67" port: 36777 } }
I20260710 11:02:05.717342 15404 ts_tablet_manager.cc:1434] T dcec2fab8c704de0a438a270d4bbe774 P 8ea5931f02cb4f759766fe46492f4531: Time spent starting tablet: real 0.005s	user 0.004s	sys 0.000s
I20260710 11:02:05.718377 15404 tablet_bootstrap.cc:492] T f59c200955e24bf0828fabb13a2fea24 P 8ea5931f02cb4f759766fe46492f4531: Bootstrap starting.
I20260710 11:02:05.719344 15403 tablet_bootstrap.cc:492] T dcec2fab8c704de0a438a270d4bbe774 P de907d406d3f4fc2b291bee2efc63fe5: No bootstrap required, opened a new log
I20260710 11:02:05.719715 15403 ts_tablet_manager.cc:1403] T dcec2fab8c704de0a438a270d4bbe774 P de907d406d3f4fc2b291bee2efc63fe5: Time spent bootstrapping tablet: real 0.069s	user 0.022s	sys 0.026s
I20260710 11:02:05.702376 15476 leader_election.cc:290] T 7a5aa7a187654170b2ca8636339074a5 P 0c8acb3b95c84d819e404135cd2af8dd [CANDIDATE]: Term 1 pre-election: Requested pre-vote from peers de907d406d3f4fc2b291bee2efc63fe5 (127.13.201.65:42165), 8ea5931f02cb4f759766fe46492f4531 (127.13.201.66:45121)
I20260710 11:02:05.722199 15403 raft_consensus.cc:359] T dcec2fab8c704de0a438a270d4bbe774 P de907d406d3f4fc2b291bee2efc63fe5 [term 0 FOLLOWER]: Replica starting. Triggering 0 pending ops. Active config: opid_index: -1 OBSOLETE_local: false peers { permanent_uuid: "de907d406d3f4fc2b291bee2efc63fe5" member_type: VOTER last_known_addr { host: "127.13.201.65" port: 42165 } } peers { permanent_uuid: "8ea5931f02cb4f759766fe46492f4531" member_type: VOTER last_known_addr { host: "127.13.201.66" port: 45121 } } peers { permanent_uuid: "0c8acb3b95c84d819e404135cd2af8dd" member_type: VOTER last_known_addr { host: "127.13.201.67" port: 36777 } }
I20260710 11:02:05.722941 15403 raft_consensus.cc:385] T dcec2fab8c704de0a438a270d4bbe774 P de907d406d3f4fc2b291bee2efc63fe5 [term 0 FOLLOWER]: Consensus starting up: Expiring failure detector timer to make a prompt election more likely
I20260710 11:02:05.723250 15403 raft_consensus.cc:740] T dcec2fab8c704de0a438a270d4bbe774 P de907d406d3f4fc2b291bee2efc63fe5 [term 0 FOLLOWER]: Becoming Follower/Learner. State: Replica: de907d406d3f4fc2b291bee2efc63fe5, State: Initialized, Role: FOLLOWER
I20260710 11:02:05.723563 15404 tablet_bootstrap.cc:654] T f59c200955e24bf0828fabb13a2fea24 P 8ea5931f02cb4f759766fe46492f4531: Neither blocks nor log segments found. Creating new log.
I20260710 11:02:05.723457 15431 consensus_queue.cc:1048] T 8aa3ccdd196b4bbb904575152143d513 P de907d406d3f4fc2b291bee2efc63fe5 [LEADER]: Connected to new peer: Peer: permanent_uuid: "0c8acb3b95c84d819e404135cd2af8dd" member_type: VOTER last_known_addr { host: "127.13.201.67" port: 36777 }, Status: LMP_MISMATCH, Last received: 0.0, Next index: 1, Last known committed idx: 0, Time since last communication: 0.000s
I20260710 11:02:05.723977 15403 consensus_queue.cc:260] T dcec2fab8c704de0a438a270d4bbe774 P de907d406d3f4fc2b291bee2efc63fe5 [NON_LEADER]: Queue going to NON_LEADER mode. State: All replicated index: 0, Majority replicated index: 0, Committed index: 0, Last appended: 0.0, Last appended by leader: 0, Current term: 0, Majority size: -1, State: 0, Mode: NON_LEADER, active raft config: opid_index: -1 OBSOLETE_local: false peers { permanent_uuid: "de907d406d3f4fc2b291bee2efc63fe5" member_type: VOTER last_known_addr { host: "127.13.201.65" port: 42165 } } peers { permanent_uuid: "8ea5931f02cb4f759766fe46492f4531" member_type: VOTER last_known_addr { host: "127.13.201.66" port: 45121 } } peers { permanent_uuid: "0c8acb3b95c84d819e404135cd2af8dd" member_type: VOTER last_known_addr { host: "127.13.201.67" port: 36777 } }
I20260710 11:02:05.724674 15211 tablet_service.cc:1917] Received RequestConsensusVote() RPC: tablet_id: "7a5aa7a187654170b2ca8636339074a5" candidate_uuid: "0c8acb3b95c84d819e404135cd2af8dd" candidate_term: 1 candidate_status { last_received { term: 0 index: 0 } } ignore_live_leader: false dest_uuid: "de907d406d3f4fc2b291bee2efc63fe5" is_pre_election: true
I20260710 11:02:05.725433 15211 raft_consensus.cc:2393] T 7a5aa7a187654170b2ca8636339074a5 P de907d406d3f4fc2b291bee2efc63fe5 [term 1 FOLLOWER]: Leader pre-election vote request: Denying vote to candidate 0c8acb3b95c84d819e404135cd2af8dd in current term 1: Already voted for candidate 8ea5931f02cb4f759766fe46492f4531 in this term.
I20260710 11:02:05.726246 15213 tablet_service.cc:1917] Received RequestConsensusVote() RPC: tablet_id: "4825111b111d450d9367dc68b5bf07a1" candidate_uuid: "0c8acb3b95c84d819e404135cd2af8dd" candidate_term: 1 candidate_status { last_received { term: 0 index: 0 } } ignore_live_leader: false dest_uuid: "de907d406d3f4fc2b291bee2efc63fe5"
I20260710 11:02:05.727530 15403 ts_tablet_manager.cc:1434] T dcec2fab8c704de0a438a270d4bbe774 P de907d406d3f4fc2b291bee2efc63fe5: Time spent starting tablet: real 0.008s	user 0.007s	sys 0.000s
I20260710 11:02:05.700285 15430 raft_consensus.cc:515] T 4825111b111d450d9367dc68b5bf07a1 P de907d406d3f4fc2b291bee2efc63fe5 [term 1 FOLLOWER]: Starting leader election with config: opid_index: -1 OBSOLETE_local: false peers { permanent_uuid: "de907d406d3f4fc2b291bee2efc63fe5" member_type: VOTER last_known_addr { host: "127.13.201.65" port: 42165 } } peers { permanent_uuid: "8ea5931f02cb4f759766fe46492f4531" member_type: VOTER last_known_addr { host: "127.13.201.66" port: 45121 } } peers { permanent_uuid: "0c8acb3b95c84d819e404135cd2af8dd" member_type: VOTER last_known_addr { host: "127.13.201.67" port: 36777 } }
I20260710 11:02:05.733191 15430 leader_election.cc:290] T 4825111b111d450d9367dc68b5bf07a1 P de907d406d3f4fc2b291bee2efc63fe5 [CANDIDATE]: Term 1 election: Requested vote from peers 8ea5931f02cb4f759766fe46492f4531 (127.13.201.66:45121), 0c8acb3b95c84d819e404135cd2af8dd (127.13.201.67:36777)
I20260710 11:02:05.729434 15403 tablet_bootstrap.cc:492] T 4cf284d670764f6eba3b27b7fd45a26e P de907d406d3f4fc2b291bee2efc63fe5: Bootstrap starting.
I20260710 11:02:05.740558 15213 raft_consensus.cc:2393] T 4825111b111d450d9367dc68b5bf07a1 P de907d406d3f4fc2b291bee2efc63fe5 [term 1 FOLLOWER]: Leader election vote request: Denying vote to candidate 0c8acb3b95c84d819e404135cd2af8dd in current term 1: Already voted for candidate de907d406d3f4fc2b291bee2efc63fe5 in this term.
I20260710 11:02:05.731000 15288 raft_consensus.cc:2468] T 4825111b111d450d9367dc68b5bf07a1 P 8ea5931f02cb4f759766fe46492f4531 [term 1 FOLLOWER]: Leader election vote request: Granting yes vote for candidate 0c8acb3b95c84d819e404135cd2af8dd in term 1.
I20260710 11:02:05.728278 15402 tablet_bootstrap.cc:654] T c42760a32b794c839f309e82ff964300 P 0c8acb3b95c84d819e404135cd2af8dd: Neither blocks nor log segments found. Creating new log.
I20260710 11:02:05.743942 15430 raft_consensus.cc:493] T d88753275d624d9eb2a6250951346c9a P de907d406d3f4fc2b291bee2efc63fe5 [term 0 FOLLOWER]: Starting pre-election (no leader contacted us within the election timeout)
I20260710 11:02:05.744371 15430 raft_consensus.cc:515] T d88753275d624d9eb2a6250951346c9a P de907d406d3f4fc2b291bee2efc63fe5 [term 0 FOLLOWER]: Starting pre-election with config: opid_index: -1 OBSOLETE_local: false peers { permanent_uuid: "de907d406d3f4fc2b291bee2efc63fe5" member_type: VOTER last_known_addr { host: "127.13.201.65" port: 42165 } } peers { permanent_uuid: "8ea5931f02cb4f759766fe46492f4531" member_type: VOTER last_known_addr { host: "127.13.201.66" port: 45121 } } peers { permanent_uuid: "0c8acb3b95c84d819e404135cd2af8dd" member_type: VOTER last_known_addr { host: "127.13.201.67" port: 36777 } }
I20260710 11:02:05.744944 15481 raft_consensus.cc:493] T bbcbdd67e1a343c8b5fae46a1c50e563 P de907d406d3f4fc2b291bee2efc63fe5 [term 0 FOLLOWER]: Starting pre-election (no leader contacted us within the election timeout)
I20260710 11:02:05.745442 15481 raft_consensus.cc:515] T bbcbdd67e1a343c8b5fae46a1c50e563 P de907d406d3f4fc2b291bee2efc63fe5 [term 0 FOLLOWER]: Starting pre-election with config: opid_index: -1 OBSOLETE_local: false peers { permanent_uuid: "de907d406d3f4fc2b291bee2efc63fe5" member_type: VOTER last_known_addr { host: "127.13.201.65" port: 42165 } } peers { permanent_uuid: "8ea5931f02cb4f759766fe46492f4531" member_type: VOTER last_known_addr { host: "127.13.201.66" port: 45121 } } peers { permanent_uuid: "0c8acb3b95c84d819e404135cd2af8dd" member_type: VOTER last_known_addr { host: "127.13.201.67" port: 36777 } }
I20260710 11:02:05.746129 15403 tablet_bootstrap.cc:654] T 4cf284d670764f6eba3b27b7fd45a26e P de907d406d3f4fc2b291bee2efc63fe5: Neither blocks nor log segments found. Creating new log.
I20260710 11:02:05.746778 15430 leader_election.cc:290] T d88753275d624d9eb2a6250951346c9a P de907d406d3f4fc2b291bee2efc63fe5 [CANDIDATE]: Term 1 pre-election: Requested pre-vote from peers 8ea5931f02cb4f759766fe46492f4531 (127.13.201.66:45121), 0c8acb3b95c84d819e404135cd2af8dd (127.13.201.67:36777)
I20260710 11:02:05.747604 15481 leader_election.cc:290] T bbcbdd67e1a343c8b5fae46a1c50e563 P de907d406d3f4fc2b291bee2efc63fe5 [CANDIDATE]: Term 1 pre-election: Requested pre-vote from peers 8ea5931f02cb4f759766fe46492f4531 (127.13.201.66:45121), 0c8acb3b95c84d819e404135cd2af8dd (127.13.201.67:36777)
I20260710 11:02:05.744830 15361 tablet_service.cc:1917] Received RequestConsensusVote() RPC: tablet_id: "4825111b111d450d9367dc68b5bf07a1" candidate_uuid: "de907d406d3f4fc2b291bee2efc63fe5" candidate_term: 1 candidate_status { last_received { term: 0 index: 0 } } ignore_live_leader: false dest_uuid: "0c8acb3b95c84d819e404135cd2af8dd"
I20260710 11:02:05.749172 15361 raft_consensus.cc:2393] T 4825111b111d450d9367dc68b5bf07a1 P 0c8acb3b95c84d819e404135cd2af8dd [term 1 FOLLOWER]: Leader election vote request: Denying vote to candidate de907d406d3f4fc2b291bee2efc63fe5 in current term 1: Already voted for candidate 0c8acb3b95c84d819e404135cd2af8dd in this term.
I20260710 11:02:05.749696 15360 tablet_service.cc:1917] Received RequestConsensusVote() RPC: tablet_id: "d88753275d624d9eb2a6250951346c9a" candidate_uuid: "de907d406d3f4fc2b291bee2efc63fe5" candidate_term: 1 candidate_status { last_received { term: 0 index: 0 } } ignore_live_leader: false dest_uuid: "0c8acb3b95c84d819e404135cd2af8dd" is_pre_election: true
I20260710 11:02:05.750087 15285 tablet_service.cc:1917] Received RequestConsensusVote() RPC: tablet_id: "4825111b111d450d9367dc68b5bf07a1" candidate_uuid: "de907d406d3f4fc2b291bee2efc63fe5" candidate_term: 1 candidate_status { last_received { term: 0 index: 0 } } ignore_live_leader: false dest_uuid: "8ea5931f02cb4f759766fe46492f4531"
I20260710 11:02:05.750316 15360 raft_consensus.cc:2468] T d88753275d624d9eb2a6250951346c9a P 0c8acb3b95c84d819e404135cd2af8dd [term 0 FOLLOWER]: Leader pre-election vote request: Granting yes vote for candidate de907d406d3f4fc2b291bee2efc63fe5 in term 0.
I20260710 11:02:05.751331 15358 tablet_service.cc:1917] Received RequestConsensusVote() RPC: tablet_id: "bbcbdd67e1a343c8b5fae46a1c50e563" candidate_uuid: "de907d406d3f4fc2b291bee2efc63fe5" candidate_term: 1 candidate_status { last_received { term: 0 index: 0 } } ignore_live_leader: false dest_uuid: "0c8acb3b95c84d819e404135cd2af8dd" is_pre_election: true
I20260710 11:02:05.751808 15288 tablet_service.cc:1917] Received RequestConsensusVote() RPC: tablet_id: "d88753275d624d9eb2a6250951346c9a" candidate_uuid: "de907d406d3f4fc2b291bee2efc63fe5" candidate_term: 1 candidate_status { last_received { term: 0 index: 0 } } ignore_live_leader: false dest_uuid: "8ea5931f02cb4f759766fe46492f4531" is_pre_election: true
I20260710 11:02:05.752043 15358 raft_consensus.cc:2468] T bbcbdd67e1a343c8b5fae46a1c50e563 P 0c8acb3b95c84d819e404135cd2af8dd [term 0 FOLLOWER]: Leader pre-election vote request: Granting yes vote for candidate de907d406d3f4fc2b291bee2efc63fe5 in term 0.
I20260710 11:02:05.752099 15286 tablet_service.cc:1917] Received RequestConsensusVote() RPC: tablet_id: "bbcbdd67e1a343c8b5fae46a1c50e563" candidate_uuid: "de907d406d3f4fc2b291bee2efc63fe5" candidate_term: 1 candidate_status { last_received { term: 0 index: 0 } } ignore_live_leader: false dest_uuid: "8ea5931f02cb4f759766fe46492f4531" is_pre_election: true
I20260710 11:02:05.752570 15288 raft_consensus.cc:2468] T d88753275d624d9eb2a6250951346c9a P 8ea5931f02cb4f759766fe46492f4531 [term 0 FOLLOWER]: Leader pre-election vote request: Granting yes vote for candidate de907d406d3f4fc2b291bee2efc63fe5 in term 0.
I20260710 11:02:05.752733 15286 raft_consensus.cc:2468] T bbcbdd67e1a343c8b5fae46a1c50e563 P 8ea5931f02cb4f759766fe46492f4531 [term 0 FOLLOWER]: Leader pre-election vote request: Granting yes vote for candidate de907d406d3f4fc2b291bee2efc63fe5 in term 0.
I20260710 11:02:05.754078 15176 leader_election.cc:304] T d88753275d624d9eb2a6250951346c9a P de907d406d3f4fc2b291bee2efc63fe5 [CANDIDATE]: Term 1 pre-election: Election decided. Result: candidate won. Election summary: received 2 responses out of 3 voters: 2 yes votes; 0 no votes. yes voters: 8ea5931f02cb4f759766fe46492f4531, de907d406d3f4fc2b291bee2efc63fe5; no voters: 
I20260710 11:02:05.754921 15430 consensus_queue.cc:1048] T b41c0924012c46368f798db7e0354e3c P de907d406d3f4fc2b291bee2efc63fe5 [LEADER]: Connected to new peer: Peer: permanent_uuid: "0c8acb3b95c84d819e404135cd2af8dd" member_type: VOTER last_known_addr { host: "127.13.201.67" port: 36777 }, Status: LMP_MISMATCH, Last received: 0.0, Next index: 1, Last known committed idx: 0, Time since last communication: 0.000s
I20260710 11:02:05.755101 15176 leader_election.cc:304] T bbcbdd67e1a343c8b5fae46a1c50e563 P de907d406d3f4fc2b291bee2efc63fe5 [CANDIDATE]: Term 1 pre-election: Election decided. Result: candidate won. Election summary: received 2 responses out of 3 voters: 2 yes votes; 0 no votes. yes voters: 8ea5931f02cb4f759766fe46492f4531, de907d406d3f4fc2b291bee2efc63fe5; no voters: 
I20260710 11:02:05.756083 15431 raft_consensus.cc:2804] T d88753275d624d9eb2a6250951346c9a P de907d406d3f4fc2b291bee2efc63fe5 [term 0 FOLLOWER]: Leader pre-election won for term 1
I20260710 11:02:05.756275 15430 raft_consensus.cc:2804] T bbcbdd67e1a343c8b5fae46a1c50e563 P de907d406d3f4fc2b291bee2efc63fe5 [term 0 FOLLOWER]: Leader pre-election won for term 1
I20260710 11:02:05.756508 15431 raft_consensus.cc:493] T d88753275d624d9eb2a6250951346c9a P de907d406d3f4fc2b291bee2efc63fe5 [term 0 FOLLOWER]: Starting leader election (no leader contacted us within the election timeout)
I20260710 11:02:05.756873 15430 raft_consensus.cc:493] T bbcbdd67e1a343c8b5fae46a1c50e563 P de907d406d3f4fc2b291bee2efc63fe5 [term 0 FOLLOWER]: Starting leader election (no leader contacted us within the election timeout)
I20260710 11:02:05.757647 15430 raft_consensus.cc:3060] T bbcbdd67e1a343c8b5fae46a1c50e563 P de907d406d3f4fc2b291bee2efc63fe5 [term 0 FOLLOWER]: Advancing to term 1
I20260710 11:02:05.759908 15285 raft_consensus.cc:2393] T 4825111b111d450d9367dc68b5bf07a1 P 8ea5931f02cb4f759766fe46492f4531 [term 1 FOLLOWER]: Leader election vote request: Denying vote to candidate de907d406d3f4fc2b291bee2efc63fe5 in current term 1: Already voted for candidate 0c8acb3b95c84d819e404135cd2af8dd in this term.
I20260710 11:02:05.761976 15484 consensus_queue.cc:1048] T 7a5aa7a187654170b2ca8636339074a5 P 8ea5931f02cb4f759766fe46492f4531 [LEADER]: Connected to new peer: Peer: permanent_uuid: "de907d406d3f4fc2b291bee2efc63fe5" member_type: VOTER last_known_addr { host: "127.13.201.65" port: 42165 }, Status: LMP_MISMATCH, Last received: 0.0, Next index: 1, Last known committed idx: 0, Time since last communication: 0.000s
I20260710 11:02:05.762195 15176 leader_election.cc:304] T 4825111b111d450d9367dc68b5bf07a1 P de907d406d3f4fc2b291bee2efc63fe5 [CANDIDATE]: Term 1 election: Election decided. Result: candidate lost. Election summary: received 3 responses out of 3 voters: 1 yes votes; 2 no votes. yes voters: de907d406d3f4fc2b291bee2efc63fe5; no voters: 0c8acb3b95c84d819e404135cd2af8dd, 8ea5931f02cb4f759766fe46492f4531
I20260710 11:02:05.762930 15407 raft_consensus.cc:2749] T 4825111b111d450d9367dc68b5bf07a1 P de907d406d3f4fc2b291bee2efc63fe5 [term 1 FOLLOWER]: Leader election lost for term 1. Reason: could not achieve majority
I20260710 11:02:05.763355 15404 tablet_bootstrap.cc:492] T f59c200955e24bf0828fabb13a2fea24 P 8ea5931f02cb4f759766fe46492f4531: No bootstrap required, opened a new log
I20260710 11:02:05.763799 15404 ts_tablet_manager.cc:1403] T f59c200955e24bf0828fabb13a2fea24 P 8ea5931f02cb4f759766fe46492f4531: Time spent bootstrapping tablet: real 0.046s	user 0.014s	sys 0.018s
I20260710 11:02:05.764616 15325 leader_election.cc:304] T 7a5aa7a187654170b2ca8636339074a5 P 0c8acb3b95c84d819e404135cd2af8dd [CANDIDATE]: Term 1 pre-election: Election decided. Result: candidate lost. Election summary: received 3 responses out of 3 voters: 1 yes votes; 2 no votes. yes voters: 0c8acb3b95c84d819e404135cd2af8dd; no voters: 8ea5931f02cb4f759766fe46492f4531, de907d406d3f4fc2b291bee2efc63fe5
I20260710 11:02:05.765687 15325 leader_election.cc:304] T 4825111b111d450d9367dc68b5bf07a1 P 0c8acb3b95c84d819e404135cd2af8dd [CANDIDATE]: Term 1 election: Election decided. Result: candidate won. Election summary: received 3 responses out of 3 voters: 2 yes votes; 1 no votes. yes voters: 0c8acb3b95c84d819e404135cd2af8dd, 8ea5931f02cb4f759766fe46492f4531; no voters: de907d406d3f4fc2b291bee2efc63fe5
I20260710 11:02:05.756939 15431 raft_consensus.cc:3060] T d88753275d624d9eb2a6250951346c9a P de907d406d3f4fc2b291bee2efc63fe5 [term 0 FOLLOWER]: Advancing to term 1
I20260710 11:02:05.767141 15469 raft_consensus.cc:2804] T 4825111b111d450d9367dc68b5bf07a1 P 0c8acb3b95c84d819e404135cd2af8dd [term 1 FOLLOWER]: Leader election won for term 1
I20260710 11:02:05.770955 15469 raft_consensus.cc:697] T 4825111b111d450d9367dc68b5bf07a1 P 0c8acb3b95c84d819e404135cd2af8dd [term 1 LEADER]: Becoming Leader. State: Replica: 0c8acb3b95c84d819e404135cd2af8dd, State: Running, Role: LEADER
I20260710 11:02:05.766474 15404 raft_consensus.cc:359] T f59c200955e24bf0828fabb13a2fea24 P 8ea5931f02cb4f759766fe46492f4531 [term 0 FOLLOWER]: Replica starting. Triggering 0 pending ops. Active config: opid_index: -1 OBSOLETE_local: false peers { permanent_uuid: "de907d406d3f4fc2b291bee2efc63fe5" member_type: VOTER last_known_addr { host: "127.13.201.65" port: 42165 } } peers { permanent_uuid: "8ea5931f02cb4f759766fe46492f4531" member_type: VOTER last_known_addr { host: "127.13.201.66" port: 45121 } } peers { permanent_uuid: "0c8acb3b95c84d819e404135cd2af8dd" member_type: VOTER last_known_addr { host: "127.13.201.67" port: 36777 } }
I20260710 11:02:05.771535 15404 raft_consensus.cc:385] T f59c200955e24bf0828fabb13a2fea24 P 8ea5931f02cb4f759766fe46492f4531 [term 0 FOLLOWER]: Consensus starting up: Expiring failure detector timer to make a prompt election more likely
I20260710 11:02:05.771809 15469 consensus_queue.cc:237] T 4825111b111d450d9367dc68b5bf07a1 P 0c8acb3b95c84d819e404135cd2af8dd [LEADER]: Queue going to LEADER mode. State: All replicated index: 0, Majority replicated index: 0, Committed index: 0, Last appended: 0.0, Last appended by leader: 0, Current term: 1, Majority size: 2, State: 0, Mode: LEADER, active raft config: opid_index: -1 OBSOLETE_local: false peers { permanent_uuid: "de907d406d3f4fc2b291bee2efc63fe5" member_type: VOTER last_known_addr { host: "127.13.201.65" port: 42165 } } peers { permanent_uuid: "8ea5931f02cb4f759766fe46492f4531" member_type: VOTER last_known_addr { host: "127.13.201.66" port: 45121 } } peers { permanent_uuid: "0c8acb3b95c84d819e404135cd2af8dd" member_type: VOTER last_known_addr { host: "127.13.201.67" port: 36777 } }
