I20260710 11:02:17.150998 15875 tablet_copy_client.cc:670] T bea4273f97344a21bfd499422535520b P 3098945adb1c4c4ea8eace88efd52d41: tablet copy: Starting download of 1 WAL segments...
I20260710 11:02:17.153930 15875 tablet_copy_client.cc:538] T bea4273f97344a21bfd499422535520b P 3098945adb1c4c4ea8eace88efd52d41: tablet copy: Tablet Copy complete. Replacing tablet superblock.
I20260710 11:02:17.158933 15875 tablet_bootstrap.cc:492] T bea4273f97344a21bfd499422535520b P 3098945adb1c4c4ea8eace88efd52d41: Bootstrap starting.
I20260710 11:02:17.173626 15875 tablet_bootstrap.cc:492] T bea4273f97344a21bfd499422535520b P 3098945adb1c4c4ea8eace88efd52d41: Bootstrap replayed 1/1 log segments. Stats: ops{read=2 overwritten=0 applied=2 ignored=0} inserts{seen=0 ignored=0} mutations{seen=0 ignored=0} orphaned_commits=0. Pending: 0 replicates
I20260710 11:02:17.174238 15875 tablet_bootstrap.cc:492] T bea4273f97344a21bfd499422535520b P 3098945adb1c4c4ea8eace88efd52d41: Bootstrap complete.
I20260710 11:02:17.174787 15875 ts_tablet_manager.cc:1403] T bea4273f97344a21bfd499422535520b P 3098945adb1c4c4ea8eace88efd52d41: Time spent bootstrapping tablet: real 0.016s	user 0.015s	sys 0.001s
I20260710 11:02:17.176658 15875 raft_consensus.cc:359] T bea4273f97344a21bfd499422535520b P 3098945adb1c4c4ea8eace88efd52d41 [term 1 LEARNER]: Replica starting. Triggering 0 pending ops. Active config: opid_index: 2 OBSOLETE_local: false peers { permanent_uuid: "de907d406d3f4fc2b291bee2efc63fe5" member_type: VOTER last_known_addr { host: "127.13.201.65" port: 42165 } } peers { permanent_uuid: "8ea5931f02cb4f759766fe46492f4531" member_type: VOTER last_known_addr { host: "127.13.201.66" port: 45121 } } peers { permanent_uuid: "0c8acb3b95c84d819e404135cd2af8dd" member_type: VOTER last_known_addr { host: "127.13.201.67" port: 36777 } attrs { replace: true } } peers { permanent_uuid: "3098945adb1c4c4ea8eace88efd52d41" member_type: NON_VOTER last_known_addr { host: "127.13.201.68" port: 33609 } attrs { promote: true } }
I20260710 11:02:17.177217 15875 raft_consensus.cc:740] T bea4273f97344a21bfd499422535520b P 3098945adb1c4c4ea8eace88efd52d41 [term 1 LEARNER]: Becoming Follower/Learner. State: Replica: 3098945adb1c4c4ea8eace88efd52d41, State: Initialized, Role: LEARNER
I20260710 11:02:17.177676 15875 consensus_queue.cc:260] T bea4273f97344a21bfd499422535520b P 3098945adb1c4c4ea8eace88efd52d41 [NON_LEADER]: Queue going to NON_LEADER mode. State: All replicated index: 0, Majority replicated index: 0, Committed index: 2, Last appended: 1.2, Last appended by leader: 2, Current term: 0, Majority size: -1, State: 0, Mode: NON_LEADER, active raft config: opid_index: 2 OBSOLETE_local: false peers { permanent_uuid: "de907d406d3f4fc2b291bee2efc63fe5" member_type: VOTER last_known_addr { host: "127.13.201.65" port: 42165 } } peers { permanent_uuid: "8ea5931f02cb4f759766fe46492f4531" member_type: VOTER last_known_addr { host: "127.13.201.66" port: 45121 } } peers { permanent_uuid: "0c8acb3b95c84d819e404135cd2af8dd" member_type: VOTER last_known_addr { host: "127.13.201.67" port: 36777 } attrs { replace: true } } peers { permanent_uuid: "3098945adb1c4c4ea8eace88efd52d41" member_type: NON_VOTER last_known_addr { host: "127.13.201.68" port: 33609 } attrs { promote: true } }
I20260710 11:02:17.179369 15875 ts_tablet_manager.cc:1434] T bea4273f97344a21bfd499422535520b P 3098945adb1c4c4ea8eace88efd52d41: Time spent starting tablet: real 0.004s	user 0.004s	sys 0.000s
I20260710 11:02:17.180719 15298 tablet_copy_service.cc:342] P 8ea5931f02cb4f759766fe46492f4531: Request end of tablet copy session 3098945adb1c4c4ea8eace88efd52d41-bea4273f97344a21bfd499422535520b received from {username='slave'} at 127.0.0.1:60156
I20260710 11:02:17.181077 15298 tablet_copy_service.cc:434] P 8ea5931f02cb4f759766fe46492f4531: ending tablet copy session 3098945adb1c4c4ea8eace88efd52d41-bea4273f97344a21bfd499422535520b on tablet bea4273f97344a21bfd499422535520b with peer 3098945adb1c4c4ea8eace88efd52d41
I20260710 11:02:17.206389 15875 ts_tablet_manager.cc:933] T 611670f8a5fe4c549601ed4667acf363 P 3098945adb1c4c4ea8eace88efd52d41: Initiating tablet copy from peer de907d406d3f4fc2b291bee2efc63fe5 (127.13.201.65:42165)
I20260710 11:02:17.207917 15875 tablet_copy_client.cc:323] T 611670f8a5fe4c549601ed4667acf363 P 3098945adb1c4c4ea8eace88efd52d41: tablet copy: Beginning tablet copy session from remote peer at address 127.13.201.65:42165
I20260710 11:02:17.209192 15223 tablet_copy_service.cc:140] P de907d406d3f4fc2b291bee2efc63fe5: Received BeginTabletCopySession request for tablet 611670f8a5fe4c549601ed4667acf363 from peer 3098945adb1c4c4ea8eace88efd52d41 ({username='slave'} at 127.0.0.1:46186)
I20260710 11:02:17.209666 15223 tablet_copy_service.cc:161] P de907d406d3f4fc2b291bee2efc63fe5: Beginning new tablet copy session on tablet 611670f8a5fe4c549601ed4667acf363 from peer 3098945adb1c4c4ea8eace88efd52d41 at {username='slave'} at 127.0.0.1:46186: session id = 3098945adb1c4c4ea8eace88efd52d41-611670f8a5fe4c549601ed4667acf363
I20260710 11:02:17.216362 15223 tablet_copy_source_session.cc:215] T 611670f8a5fe4c549601ed4667acf363 P de907d406d3f4fc2b291bee2efc63fe5: Tablet Copy: opened 0 blocks and 1 log segments
I20260710 11:02:17.218946 15875 data_dirs.cc:400] Could only allocate 1 dirs of requested 3 for tablet 611670f8a5fe4c549601ed4667acf363. 1 dirs total, 0 dirs full, 0 dirs failed
I20260710 11:02:17.228823 15875 tablet_copy_client.cc:806] T 611670f8a5fe4c549601ed4667acf363 P 3098945adb1c4c4ea8eace88efd52d41: tablet copy: Starting download of 0 data blocks...
I20260710 11:02:17.229215 15875 tablet_copy_client.cc:670] T 611670f8a5fe4c549601ed4667acf363 P 3098945adb1c4c4ea8eace88efd52d41: tablet copy: Starting download of 1 WAL segments...
I20260710 11:02:17.232167 15875 tablet_copy_client.cc:538] T 611670f8a5fe4c549601ed4667acf363 P 3098945adb1c4c4ea8eace88efd52d41: tablet copy: Tablet Copy complete. Replacing tablet superblock.
I20260710 11:02:17.236492 15875 tablet_bootstrap.cc:492] T 611670f8a5fe4c549601ed4667acf363 P 3098945adb1c4c4ea8eace88efd52d41: Bootstrap starting.
I20260710 11:02:17.250119 15875 tablet_bootstrap.cc:492] T 611670f8a5fe4c549601ed4667acf363 P 3098945adb1c4c4ea8eace88efd52d41: Bootstrap replayed 1/1 log segments. Stats: ops{read=2 overwritten=0 applied=2 ignored=0} inserts{seen=0 ignored=0} mutations{seen=0 ignored=0} orphaned_commits=0. Pending: 0 replicates
I20260710 11:02:17.250852 15875 tablet_bootstrap.cc:492] T 611670f8a5fe4c549601ed4667acf363 P 3098945adb1c4c4ea8eace88efd52d41: Bootstrap complete.
I20260710 11:02:17.251396 15875 ts_tablet_manager.cc:1403] T 611670f8a5fe4c549601ed4667acf363 P 3098945adb1c4c4ea8eace88efd52d41: Time spent bootstrapping tablet: real 0.015s	user 0.012s	sys 0.003s
I20260710 11:02:17.253643 15875 raft_consensus.cc:359] T 611670f8a5fe4c549601ed4667acf363 P 3098945adb1c4c4ea8eace88efd52d41 [term 1 LEARNER]: Replica starting. Triggering 0 pending ops. Active config: opid_index: 2 OBSOLETE_local: false peers { permanent_uuid: "de907d406d3f4fc2b291bee2efc63fe5" member_type: VOTER last_known_addr { host: "127.13.201.65" port: 42165 } } peers { permanent_uuid: "8ea5931f02cb4f759766fe46492f4531" member_type: VOTER last_known_addr { host: "127.13.201.66" port: 45121 } } peers { permanent_uuid: "0c8acb3b95c84d819e404135cd2af8dd" member_type: VOTER last_known_addr { host: "127.13.201.67" port: 36777 } attrs { replace: true } } peers { permanent_uuid: "3098945adb1c4c4ea8eace88efd52d41" member_type: NON_VOTER last_known_addr { host: "127.13.201.68" port: 33609 } attrs { promote: true } }
I20260710 11:02:17.254176 15875 raft_consensus.cc:740] T 611670f8a5fe4c549601ed4667acf363 P 3098945adb1c4c4ea8eace88efd52d41 [term 1 LEARNER]: Becoming Follower/Learner. State: Replica: 3098945adb1c4c4ea8eace88efd52d41, State: Initialized, Role: LEARNER
I20260710 11:02:17.254712 15875 consensus_queue.cc:260] T 611670f8a5fe4c549601ed4667acf363 P 3098945adb1c4c4ea8eace88efd52d41 [NON_LEADER]: Queue going to NON_LEADER mode. State: All replicated index: 0, Majority replicated index: 0, Committed index: 2, Last appended: 1.2, Last appended by leader: 2, Current term: 0, Majority size: -1, State: 0, Mode: NON_LEADER, active raft config: opid_index: 2 OBSOLETE_local: false peers { permanent_uuid: "de907d406d3f4fc2b291bee2efc63fe5" member_type: VOTER last_known_addr { host: "127.13.201.65" port: 42165 } } peers { permanent_uuid: "8ea5931f02cb4f759766fe46492f4531" member_type: VOTER last_known_addr { host: "127.13.201.66" port: 45121 } } peers { permanent_uuid: "0c8acb3b95c84d819e404135cd2af8dd" member_type: VOTER last_known_addr { host: "127.13.201.67" port: 36777 } attrs { replace: true } } peers { permanent_uuid: "3098945adb1c4c4ea8eace88efd52d41" member_type: NON_VOTER last_known_addr { host: "127.13.201.68" port: 33609 } attrs { promote: true } }
I20260710 11:02:17.256592 15875 ts_tablet_manager.cc:1434] T 611670f8a5fe4c549601ed4667acf363 P 3098945adb1c4c4ea8eace88efd52d41: Time spent starting tablet: real 0.005s	user 0.004s	sys 0.000s
I20260710 11:02:17.258193 15223 tablet_copy_service.cc:342] P de907d406d3f4fc2b291bee2efc63fe5: Request end of tablet copy session 3098945adb1c4c4ea8eace88efd52d41-611670f8a5fe4c549601ed4667acf363 received from {username='slave'} at 127.0.0.1:46186
I20260710 11:02:17.258561 15223 tablet_copy_service.cc:434] P de907d406d3f4fc2b291bee2efc63fe5: ending tablet copy session 3098945adb1c4c4ea8eace88efd52d41-611670f8a5fe4c549601ed4667acf363 on tablet 611670f8a5fe4c549601ed4667acf363 with peer 3098945adb1c4c4ea8eace88efd52d41
I20260710 11:02:17.440457 15609 raft_consensus.cc:1217] T e0875bf93b1c49eda8608c86fe82e792 P 3098945adb1c4c4ea8eace88efd52d41 [term 1 LEARNER]: Deduplicated request from leader. Original: 1.1->[1.2-1.2]   Dedup: 1.2->[]
I20260710 11:02:17.501468 15610 raft_consensus.cc:1217] T c42760a32b794c839f309e82ff964300 P 3098945adb1c4c4ea8eace88efd52d41 [term 1 LEARNER]: Deduplicated request from leader. Original: 1.1->[1.2-1.2]   Dedup: 1.2->[]
I20260710 11:02:17.686563 15610 raft_consensus.cc:1217] T bea4273f97344a21bfd499422535520b P 3098945adb1c4c4ea8eace88efd52d41 [term 1 LEARNER]: Deduplicated request from leader. Original: 1.1->[1.2-1.2]   Dedup: 1.2->[]
I20260710 11:02:17.767804 15610 raft_consensus.cc:1217] T 611670f8a5fe4c549601ed4667acf363 P 3098945adb1c4c4ea8eace88efd52d41 [term 1 LEARNER]: Deduplicated request from leader. Original: 1.1->[1.2-1.2]   Dedup: 1.2->[]
I20260710 11:02:17.969765 15883 raft_consensus.cc:1064] T c42760a32b794c839f309e82ff964300 P de907d406d3f4fc2b291bee2efc63fe5: attempting to promote NON_VOTER 3098945adb1c4c4ea8eace88efd52d41 to VOTER
I20260710 11:02:17.971632 15883 consensus_queue.cc:237] T c42760a32b794c839f309e82ff964300 P de907d406d3f4fc2b291bee2efc63fe5 [LEADER]: Queue going to LEADER mode. State: All replicated index: 0, Majority replicated index: 2, Committed index: 2, Last appended: 1.2, Last appended by leader: 0, Current term: 1, Majority size: 3, State: 0, Mode: LEADER, active raft config: opid_index: 3 OBSOLETE_local: false peers { permanent_uuid: "de907d406d3f4fc2b291bee2efc63fe5" member_type: VOTER last_known_addr { host: "127.13.201.65" port: 42165 } } peers { permanent_uuid: "8ea5931f02cb4f759766fe46492f4531" member_type: VOTER last_known_addr { host: "127.13.201.66" port: 45121 } attrs { replace: true } } peers { permanent_uuid: "0c8acb3b95c84d819e404135cd2af8dd" member_type: VOTER last_known_addr { host: "127.13.201.67" port: 36777 } } peers { permanent_uuid: "3098945adb1c4c4ea8eace88efd52d41" member_type: VOTER last_known_addr { host: "127.13.201.68" port: 33609 } attrs { promote: false } }
I20260710 11:02:17.978848 15286 raft_consensus.cc:1275] T c42760a32b794c839f309e82ff964300 P 8ea5931f02cb4f759766fe46492f4531 [term 1 FOLLOWER]: Refusing update from remote peer de907d406d3f4fc2b291bee2efc63fe5: Log matching property violated. Preceding OpId in replica: term: 1 index: 2. Preceding OpId from leader: term: 1 index: 3. (index mismatch)
I20260710 11:02:17.979460 15610 raft_consensus.cc:1275] T c42760a32b794c839f309e82ff964300 P 3098945adb1c4c4ea8eace88efd52d41 [term 1 LEARNER]: Refusing update from remote peer de907d406d3f4fc2b291bee2efc63fe5: Log matching property violated. Preceding OpId in replica: term: 1 index: 2. Preceding OpId from leader: term: 1 index: 3. (index mismatch)
I20260710 11:02:17.981096 15362 raft_consensus.cc:1275] T c42760a32b794c839f309e82ff964300 P 0c8acb3b95c84d819e404135cd2af8dd [term 1 FOLLOWER]: Refusing update from remote peer de907d406d3f4fc2b291bee2efc63fe5: Log matching property violated. Preceding OpId in replica: term: 1 index: 2. Preceding OpId from leader: term: 1 index: 3. (index mismatch)
I20260710 11:02:17.982380 15883 consensus_queue.cc:1048] T c42760a32b794c839f309e82ff964300 P de907d406d3f4fc2b291bee2efc63fe5 [LEADER]: Connected to new peer: Peer: permanent_uuid: "8ea5931f02cb4f759766fe46492f4531" member_type: VOTER last_known_addr { host: "127.13.201.66" port: 45121 } attrs { replace: true }, Status: LMP_MISMATCH, Last received: 0.0, Next index: 3, Last known committed idx: 2, Time since last communication: 0.001s
I20260710 11:02:17.983448 15864 consensus_queue.cc:1048] T c42760a32b794c839f309e82ff964300 P de907d406d3f4fc2b291bee2efc63fe5 [LEADER]: Connected to new peer: Peer: permanent_uuid: "3098945adb1c4c4ea8eace88efd52d41" member_type: VOTER last_known_addr { host: "127.13.201.68" port: 33609 } attrs { promote: false }, Status: LMP_MISMATCH, Last received: 0.0, Next index: 3, Last known committed idx: 2, Time since last communication: 0.000s
I20260710 11:02:17.986159 15891 consensus_queue.cc:1048] T c42760a32b794c839f309e82ff964300 P de907d406d3f4fc2b291bee2efc63fe5 [LEADER]: Connected to new peer: Peer: permanent_uuid: "0c8acb3b95c84d819e404135cd2af8dd" member_type: VOTER last_known_addr { host: "127.13.201.67" port: 36777 }, Status: LMP_MISMATCH, Last received: 0.0, Next index: 3, Last known committed idx: 2, Time since last communication: 0.001s
I20260710 11:02:17.996629 15891 raft_consensus.cc:2955] T c42760a32b794c839f309e82ff964300 P de907d406d3f4fc2b291bee2efc63fe5 [term 1 LEADER]: Committing config change with OpId 1.3: config changed from index 2 to 3, 3098945adb1c4c4ea8eace88efd52d41 (127.13.201.68) changed from NON_VOTER to VOTER. New config: { opid_index: 3 OBSOLETE_local: false peers { permanent_uuid: "de907d406d3f4fc2b291bee2efc63fe5" member_type: VOTER last_known_addr { host: "127.13.201.65" port: 42165 } } peers { permanent_uuid: "8ea5931f02cb4f759766fe46492f4531" member_type: VOTER last_known_addr { host: "127.13.201.66" port: 45121 } attrs { replace: true } } peers { permanent_uuid: "0c8acb3b95c84d819e404135cd2af8dd" member_type: VOTER last_known_addr { host: "127.13.201.67" port: 36777 } } peers { permanent_uuid: "3098945adb1c4c4ea8eace88efd52d41" member_type: VOTER last_known_addr { host: "127.13.201.68" port: 33609 } attrs { promote: false } } }
I20260710 11:02:17.998168 15610 raft_consensus.cc:2955] T c42760a32b794c839f309e82ff964300 P 3098945adb1c4c4ea8eace88efd52d41 [term 1 FOLLOWER]: Committing config change with OpId 1.3: config changed from index 2 to 3, 3098945adb1c4c4ea8eace88efd52d41 (127.13.201.68) changed from NON_VOTER to VOTER. New config: { opid_index: 3 OBSOLETE_local: false peers { permanent_uuid: "de907d406d3f4fc2b291bee2efc63fe5" member_type: VOTER last_known_addr { host: "127.13.201.65" port: 42165 } } peers { permanent_uuid: "8ea5931f02cb4f759766fe46492f4531" member_type: VOTER last_known_addr { host: "127.13.201.66" port: 45121 } attrs { replace: true } } peers { permanent_uuid: "0c8acb3b95c84d819e404135cd2af8dd" member_type: VOTER last_known_addr { host: "127.13.201.67" port: 36777 } } peers { permanent_uuid: "3098945adb1c4c4ea8eace88efd52d41" member_type: VOTER last_known_addr { host: "127.13.201.68" port: 33609 } attrs { promote: false } } }
I20260710 11:02:18.006983 15358 raft_consensus.cc:2955] T c42760a32b794c839f309e82ff964300 P 0c8acb3b95c84d819e404135cd2af8dd [term 1 FOLLOWER]: Committing config change with OpId 1.3: config changed from index 2 to 3, 3098945adb1c4c4ea8eace88efd52d41 (127.13.201.68) changed from NON_VOTER to VOTER. New config: { opid_index: 3 OBSOLETE_local: false peers { permanent_uuid: "de907d406d3f4fc2b291bee2efc63fe5" member_type: VOTER last_known_addr { host: "127.13.201.65" port: 42165 } } peers { permanent_uuid: "8ea5931f02cb4f759766fe46492f4531" member_type: VOTER last_known_addr { host: "127.13.201.66" port: 45121 } attrs { replace: true } } peers { permanent_uuid: "0c8acb3b95c84d819e404135cd2af8dd" member_type: VOTER last_known_addr { host: "127.13.201.67" port: 36777 } } peers { permanent_uuid: "3098945adb1c4c4ea8eace88efd52d41" member_type: VOTER last_known_addr { host: "127.13.201.68" port: 33609 } attrs { promote: false } } }
I20260710 11:02:18.012614 15110 catalog_manager.cc:5697] T c42760a32b794c839f309e82ff964300 P 3098945adb1c4c4ea8eace88efd52d41 reported cstate change: config changed from index 2 to 3, 3098945adb1c4c4ea8eace88efd52d41 (127.13.201.68) changed from NON_VOTER to VOTER. New cstate: current_term: 1 leader_uuid: "de907d406d3f4fc2b291bee2efc63fe5" committed_config { opid_index: 3 OBSOLETE_local: false peers { permanent_uuid: "de907d406d3f4fc2b291bee2efc63fe5" member_type: VOTER last_known_addr { host: "127.13.201.65" port: 42165 } } peers { permanent_uuid: "8ea5931f02cb4f759766fe46492f4531" member_type: VOTER last_known_addr { host: "127.13.201.66" port: 45121 } attrs { replace: true } } peers { permanent_uuid: "0c8acb3b95c84d819e404135cd2af8dd" member_type: VOTER last_known_addr { host: "127.13.201.67" port: 36777 } } peers { permanent_uuid: "3098945adb1c4c4ea8eace88efd52d41" member_type: VOTER last_known_addr { host: "127.13.201.68" port: 33609 } attrs { promote: false } } }
I20260710 11:02:18.016069 15287 raft_consensus.cc:2955] T c42760a32b794c839f309e82ff964300 P 8ea5931f02cb4f759766fe46492f4531 [term 1 FOLLOWER]: Committing config change with OpId 1.3: config changed from index 2 to 3, 3098945adb1c4c4ea8eace88efd52d41 (127.13.201.68) changed from NON_VOTER to VOTER. New config: { opid_index: 3 OBSOLETE_local: false peers { permanent_uuid: "de907d406d3f4fc2b291bee2efc63fe5" member_type: VOTER last_known_addr { host: "127.13.201.65" port: 42165 } } peers { permanent_uuid: "8ea5931f02cb4f759766fe46492f4531" member_type: VOTER last_known_addr { host: "127.13.201.66" port: 45121 } attrs { replace: true } } peers { permanent_uuid: "0c8acb3b95c84d819e404135cd2af8dd" member_type: VOTER last_known_addr { host: "127.13.201.67" port: 36777 } } peers { permanent_uuid: "3098945adb1c4c4ea8eace88efd52d41" member_type: VOTER last_known_addr { host: "127.13.201.68" port: 33609 } attrs { promote: false } } }
I20260710 11:02:18.017645 15887 raft_consensus.cc:1064] T e0875bf93b1c49eda8608c86fe82e792 P 0c8acb3b95c84d819e404135cd2af8dd: attempting to promote NON_VOTER 3098945adb1c4c4ea8eace88efd52d41 to VOTER
I20260710 11:02:18.020030 15887 consensus_queue.cc:237] T e0875bf93b1c49eda8608c86fe82e792 P 0c8acb3b95c84d819e404135cd2af8dd [LEADER]: Queue going to LEADER mode. State: All replicated index: 0, Majority replicated index: 2, Committed index: 2, Last appended: 1.2, Last appended by leader: 0, Current term: 1, Majority size: 3, State: 0, Mode: LEADER, active raft config: opid_index: 3 OBSOLETE_local: false peers { permanent_uuid: "de907d406d3f4fc2b291bee2efc63fe5" member_type: VOTER last_known_addr { host: "127.13.201.65" port: 42165 } attrs { replace: true } } peers { permanent_uuid: "8ea5931f02cb4f759766fe46492f4531" member_type: VOTER last_known_addr { host: "127.13.201.66" port: 45121 } } peers { permanent_uuid: "0c8acb3b95c84d819e404135cd2af8dd" member_type: VOTER last_known_addr { host: "127.13.201.67" port: 36777 } } peers { permanent_uuid: "3098945adb1c4c4ea8eace88efd52d41" member_type: VOTER last_known_addr { host: "127.13.201.68" port: 33609 } attrs { promote: false } }
I20260710 11:02:18.031175 15287 raft_consensus.cc:1275] T e0875bf93b1c49eda8608c86fe82e792 P 8ea5931f02cb4f759766fe46492f4531 [term 1 FOLLOWER]: Refusing update from remote peer 0c8acb3b95c84d819e404135cd2af8dd: Log matching property violated. Preceding OpId in replica: term: 1 index: 2. Preceding OpId from leader: term: 1 index: 3. (index mismatch)
I20260710 11:02:18.033005 15892 consensus_queue.cc:1048] T e0875bf93b1c49eda8608c86fe82e792 P 0c8acb3b95c84d819e404135cd2af8dd [LEADER]: Connected to new peer: Peer: permanent_uuid: "8ea5931f02cb4f759766fe46492f4531" member_type: VOTER last_known_addr { host: "127.13.201.66" port: 45121 }, Status: LMP_MISMATCH, Last received: 0.0, Next index: 3, Last known committed idx: 2, Time since last communication: 0.000s
I20260710 11:02:18.033816 15610 raft_consensus.cc:1275] T e0875bf93b1c49eda8608c86fe82e792 P 3098945adb1c4c4ea8eace88efd52d41 [term 1 LEARNER]: Refusing update from remote peer 0c8acb3b95c84d819e404135cd2af8dd: Log matching property violated. Preceding OpId in replica: term: 1 index: 2. Preceding OpId from leader: term: 1 index: 3. (index mismatch)
I20260710 11:02:18.035085 15892 consensus_queue.cc:1048] T e0875bf93b1c49eda8608c86fe82e792 P 0c8acb3b95c84d819e404135cd2af8dd [LEADER]: Connected to new peer: Peer: permanent_uuid: "3098945adb1c4c4ea8eace88efd52d41" member_type: VOTER last_known_addr { host: "127.13.201.68" port: 33609 } attrs { promote: false }, Status: LMP_MISMATCH, Last received: 0.0, Next index: 3, Last known committed idx: 2, Time since last communication: 0.000s
I20260710 11:02:18.039480 15213 raft_consensus.cc:1275] T e0875bf93b1c49eda8608c86fe82e792 P de907d406d3f4fc2b291bee2efc63fe5 [term 1 FOLLOWER]: Refusing update from remote peer 0c8acb3b95c84d819e404135cd2af8dd: Log matching property violated. Preceding OpId in replica: term: 1 index: 2. Preceding OpId from leader: term: 1 index: 3. (index mismatch)
I20260710 11:02:18.041291 15892 consensus_queue.cc:1048] T e0875bf93b1c49eda8608c86fe82e792 P 0c8acb3b95c84d819e404135cd2af8dd [LEADER]: Connected to new peer: Peer: permanent_uuid: "de907d406d3f4fc2b291bee2efc63fe5" member_type: VOTER last_known_addr { host: "127.13.201.65" port: 42165 } attrs { replace: true }, Status: LMP_MISMATCH, Last received: 0.0, Next index: 3, Last known committed idx: 2, Time since last communication: 0.000s
I20260710 11:02:18.064865 15892 raft_consensus.cc:2955] T e0875bf93b1c49eda8608c86fe82e792 P 0c8acb3b95c84d819e404135cd2af8dd [term 1 LEADER]: Committing config change with OpId 1.3: config changed from index 2 to 3, 3098945adb1c4c4ea8eace88efd52d41 (127.13.201.68) changed from NON_VOTER to VOTER. New config: { opid_index: 3 OBSOLETE_local: false peers { permanent_uuid: "de907d406d3f4fc2b291bee2efc63fe5" member_type: VOTER last_known_addr { host: "127.13.201.65" port: 42165 } attrs { replace: true } } peers { permanent_uuid: "8ea5931f02cb4f759766fe46492f4531" member_type: VOTER last_known_addr { host: "127.13.201.66" port: 45121 } } peers { permanent_uuid: "0c8acb3b95c84d819e404135cd2af8dd" member_type: VOTER last_known_addr { host: "127.13.201.67" port: 36777 } } peers { permanent_uuid: "3098945adb1c4c4ea8eace88efd52d41" member_type: VOTER last_known_addr { host: "127.13.201.68" port: 33609 } attrs { promote: false } } }
I20260710 11:02:18.066278 15213 raft_consensus.cc:2955] T e0875bf93b1c49eda8608c86fe82e792 P de907d406d3f4fc2b291bee2efc63fe5 [term 1 FOLLOWER]: Committing config change with OpId 1.3: config changed from index 2 to 3, 3098945adb1c4c4ea8eace88efd52d41 (127.13.201.68) changed from NON_VOTER to VOTER. New config: { opid_index: 3 OBSOLETE_local: false peers { permanent_uuid: "de907d406d3f4fc2b291bee2efc63fe5" member_type: VOTER last_known_addr { host: "127.13.201.65" port: 42165 } attrs { replace: true } } peers { permanent_uuid: "8ea5931f02cb4f759766fe46492f4531" member_type: VOTER last_known_addr { host: "127.13.201.66" port: 45121 } } peers { permanent_uuid: "0c8acb3b95c84d819e404135cd2af8dd" member_type: VOTER last_known_addr { host: "127.13.201.67" port: 36777 } } peers { permanent_uuid: "3098945adb1c4c4ea8eace88efd52d41" member_type: VOTER last_known_addr { host: "127.13.201.68" port: 33609 } attrs { promote: false } } }
I20260710 11:02:18.068110 15287 raft_consensus.cc:2955] T e0875bf93b1c49eda8608c86fe82e792 P 8ea5931f02cb4f759766fe46492f4531 [term 1 FOLLOWER]: Committing config change with OpId 1.3: config changed from index 2 to 3, 3098945adb1c4c4ea8eace88efd52d41 (127.13.201.68) changed from NON_VOTER to VOTER. New config: { opid_index: 3 OBSOLETE_local: false peers { permanent_uuid: "de907d406d3f4fc2b291bee2efc63fe5" member_type: VOTER last_known_addr { host: "127.13.201.65" port: 42165 } attrs { replace: true } } peers { permanent_uuid: "8ea5931f02cb4f759766fe46492f4531" member_type: VOTER last_known_addr { host: "127.13.201.66" port: 45121 } } peers { permanent_uuid: "0c8acb3b95c84d819e404135cd2af8dd" member_type: VOTER last_known_addr { host: "127.13.201.67" port: 36777 } } peers { permanent_uuid: "3098945adb1c4c4ea8eace88efd52d41" member_type: VOTER last_known_addr { host: "127.13.201.68" port: 33609 } attrs { promote: false } } }
I20260710 11:02:18.085103 15610 raft_consensus.cc:2955] T e0875bf93b1c49eda8608c86fe82e792 P 3098945adb1c4c4ea8eace88efd52d41 [term 1 FOLLOWER]: Committing config change with OpId 1.3: config changed from index 2 to 3, 3098945adb1c4c4ea8eace88efd52d41 (127.13.201.68) changed from NON_VOTER to VOTER. New config: { opid_index: 3 OBSOLETE_local: false peers { permanent_uuid: "de907d406d3f4fc2b291bee2efc63fe5" member_type: VOTER last_known_addr { host: "127.13.201.65" port: 42165 } attrs { replace: true } } peers { permanent_uuid: "8ea5931f02cb4f759766fe46492f4531" member_type: VOTER last_known_addr { host: "127.13.201.66" port: 45121 } } peers { permanent_uuid: "0c8acb3b95c84d819e404135cd2af8dd" member_type: VOTER last_known_addr { host: "127.13.201.67" port: 36777 } } peers { permanent_uuid: "3098945adb1c4c4ea8eace88efd52d41" member_type: VOTER last_known_addr { host: "127.13.201.68" port: 33609 } attrs { promote: false } } }
I20260710 11:02:18.085970 15108 catalog_manager.cc:5697] T e0875bf93b1c49eda8608c86fe82e792 P 0c8acb3b95c84d819e404135cd2af8dd reported cstate change: config changed from index 2 to 3, 3098945adb1c4c4ea8eace88efd52d41 (127.13.201.68) changed from NON_VOTER to VOTER. New cstate: current_term: 1 leader_uuid: "0c8acb3b95c84d819e404135cd2af8dd" committed_config { opid_index: 3 OBSOLETE_local: false peers { permanent_uuid: "de907d406d3f4fc2b291bee2efc63fe5" member_type: VOTER last_known_addr { host: "127.13.201.65" port: 42165 } attrs { replace: true } health_report { overall_health: HEALTHY } } peers { permanent_uuid: "8ea5931f02cb4f759766fe46492f4531" member_type: VOTER last_known_addr { host: "127.13.201.66" port: 45121 } health_report { overall_health: HEALTHY } } peers { permanent_uuid: "0c8acb3b95c84d819e404135cd2af8dd" member_type: VOTER last_known_addr { host: "127.13.201.67" port: 36777 } health_report { overall_health: HEALTHY } } peers { permanent_uuid: "3098945adb1c4c4ea8eace88efd52d41" member_type: VOTER last_known_addr { host: "127.13.201.68" port: 33609 } attrs { promote: false } health_report { overall_health: UNKNOWN } } }
I20260710 11:02:18.091126 15213 consensus_queue.cc:237] T c42760a32b794c839f309e82ff964300 P de907d406d3f4fc2b291bee2efc63fe5 [LEADER]: Queue going to LEADER mode. State: All replicated index: 0, Majority replicated index: 3, Committed index: 3, Last appended: 1.3, Last appended by leader: 0, Current term: 1, Majority size: 2, State: 0, Mode: LEADER, active raft config: opid_index: 4 OBSOLETE_local: false peers { permanent_uuid: "de907d406d3f4fc2b291bee2efc63fe5" member_type: VOTER last_known_addr { host: "127.13.201.65" port: 42165 } } peers { permanent_uuid: "0c8acb3b95c84d819e404135cd2af8dd" member_type: VOTER last_known_addr { host: "127.13.201.67" port: 36777 } } peers { permanent_uuid: "3098945adb1c4c4ea8eace88efd52d41" member_type: VOTER last_known_addr { host: "127.13.201.68" port: 33609 } attrs { promote: false } }
I20260710 11:02:18.102916 15610 raft_consensus.cc:1275] T c42760a32b794c839f309e82ff964300 P 3098945adb1c4c4ea8eace88efd52d41 [term 1 FOLLOWER]: Refusing update from remote peer de907d406d3f4fc2b291bee2efc63fe5: Log matching property violated. Preceding OpId in replica: term: 1 index: 3. Preceding OpId from leader: term: 1 index: 4. (index mismatch)
I20260710 11:02:18.103111 15358 raft_consensus.cc:1275] T c42760a32b794c839f309e82ff964300 P 0c8acb3b95c84d819e404135cd2af8dd [term 1 FOLLOWER]: Refusing update from remote peer de907d406d3f4fc2b291bee2efc63fe5: Log matching property violated. Preceding OpId in replica: term: 1 index: 3. Preceding OpId from leader: term: 1 index: 4. (index mismatch)
I20260710 11:02:18.104486 15883 consensus_queue.cc:1048] T c42760a32b794c839f309e82ff964300 P de907d406d3f4fc2b291bee2efc63fe5 [LEADER]: Connected to new peer: Peer: permanent_uuid: "0c8acb3b95c84d819e404135cd2af8dd" member_type: VOTER last_known_addr { host: "127.13.201.67" port: 36777 }, Status: LMP_MISMATCH, Last received: 0.0, Next index: 4, Last known committed idx: 3, Time since last communication: 0.000s
I20260710 11:02:18.105525 15362 consensus_queue.cc:237] T e0875bf93b1c49eda8608c86fe82e792 P 0c8acb3b95c84d819e404135cd2af8dd [LEADER]: Queue going to LEADER mode. State: All replicated index: 0, Majority replicated index: 3, Committed index: 3, Last appended: 1.3, Last appended by leader: 0, Current term: 1, Majority size: 2, State: 0, Mode: LEADER, active raft config: opid_index: 4 OBSOLETE_local: false peers { permanent_uuid: "8ea5931f02cb4f759766fe46492f4531" member_type: VOTER last_known_addr { host: "127.13.201.66" port: 45121 } } peers { permanent_uuid: "0c8acb3b95c84d819e404135cd2af8dd" member_type: VOTER last_known_addr { host: "127.13.201.67" port: 36777 } } peers { permanent_uuid: "3098945adb1c4c4ea8eace88efd52d41" member_type: VOTER last_known_addr { host: "127.13.201.68" port: 33609 } attrs { promote: false } }
I20260710 11:02:18.110442 15864 raft_consensus.cc:2955] T c42760a32b794c839f309e82ff964300 P de907d406d3f4fc2b291bee2efc63fe5 [term 1 LEADER]: Committing config change with OpId 1.4: config changed from index 3 to 4, VOTER 8ea5931f02cb4f759766fe46492f4531 (127.13.201.66) evicted. New config: { opid_index: 4 OBSOLETE_local: false peers { permanent_uuid: "de907d406d3f4fc2b291bee2efc63fe5" member_type: VOTER last_known_addr { host: "127.13.201.65" port: 42165 } } peers { permanent_uuid: "0c8acb3b95c84d819e404135cd2af8dd" member_type: VOTER last_known_addr { host: "127.13.201.67" port: 36777 } } peers { permanent_uuid: "3098945adb1c4c4ea8eace88efd52d41" member_type: VOTER last_known_addr { host: "127.13.201.68" port: 33609 } attrs { promote: false } } }
I20260710 11:02:18.111378 15609 raft_consensus.cc:1275] T e0875bf93b1c49eda8608c86fe82e792 P 3098945adb1c4c4ea8eace88efd52d41 [term 1 FOLLOWER]: Refusing update from remote peer 0c8acb3b95c84d819e404135cd2af8dd: Log matching property violated. Preceding OpId in replica: term: 1 index: 3. Preceding OpId from leader: term: 1 index: 4. (index mismatch)
I20260710 11:02:18.113857 15898 consensus_queue.cc:1048] T e0875bf93b1c49eda8608c86fe82e792 P 0c8acb3b95c84d819e404135cd2af8dd [LEADER]: Connected to new peer: Peer: permanent_uuid: "3098945adb1c4c4ea8eace88efd52d41" member_type: VOTER last_known_addr { host: "127.13.201.68" port: 33609 } attrs { promote: false }, Status: LMP_MISMATCH, Last received: 0.0, Next index: 4, Last known committed idx: 3, Time since last communication: 0.000s
I20260710 11:02:18.115641 15358 raft_consensus.cc:2955] T c42760a32b794c839f309e82ff964300 P 0c8acb3b95c84d819e404135cd2af8dd [term 1 FOLLOWER]: Committing config change with OpId 1.4: config changed from index 3 to 4, VOTER 8ea5931f02cb4f759766fe46492f4531 (127.13.201.66) evicted. New config: { opid_index: 4 OBSOLETE_local: false peers { permanent_uuid: "de907d406d3f4fc2b291bee2efc63fe5" member_type: VOTER last_known_addr { host: "127.13.201.65" port: 42165 } } peers { permanent_uuid: "0c8acb3b95c84d819e404135cd2af8dd" member_type: VOTER last_known_addr { host: "127.13.201.67" port: 36777 } } peers { permanent_uuid: "3098945adb1c4c4ea8eace88efd52d41" member_type: VOTER last_known_addr { host: "127.13.201.68" port: 33609 } attrs { promote: false } } }
I20260710 11:02:18.120765 15887 raft_consensus.cc:2955] T e0875bf93b1c49eda8608c86fe82e792 P 0c8acb3b95c84d819e404135cd2af8dd [term 1 LEADER]: Committing config change with OpId 1.4: config changed from index 3 to 4, VOTER de907d406d3f4fc2b291bee2efc63fe5 (127.13.201.65) evicted. New config: { opid_index: 4 OBSOLETE_local: false peers { permanent_uuid: "8ea5931f02cb4f759766fe46492f4531" member_type: VOTER last_known_addr { host: "127.13.201.66" port: 45121 } } peers { permanent_uuid: "0c8acb3b95c84d819e404135cd2af8dd" member_type: VOTER last_known_addr { host: "127.13.201.67" port: 36777 } } peers { permanent_uuid: "3098945adb1c4c4ea8eace88efd52d41" member_type: VOTER last_known_addr { host: "127.13.201.68" port: 33609 } attrs { promote: false } } }
I20260710 11:02:18.120797 15097 catalog_manager.cc:5210] ChangeConfig:REMOVE_PEER RPC for tablet c42760a32b794c839f309e82ff964300 with cas_config_opid_index 3: ChangeConfig:REMOVE_PEER succeeded (attempt 1)
I20260710 11:02:18.126353 15110 catalog_manager.cc:5697] T c42760a32b794c839f309e82ff964300 P de907d406d3f4fc2b291bee2efc63fe5 reported cstate change: config changed from index 3 to 4, VOTER 8ea5931f02cb4f759766fe46492f4531 (127.13.201.66) evicted. New cstate: current_term: 1 leader_uuid: "de907d406d3f4fc2b291bee2efc63fe5" committed_config { opid_index: 4 OBSOLETE_local: false peers { permanent_uuid: "de907d406d3f4fc2b291bee2efc63fe5" member_type: VOTER last_known_addr { host: "127.13.201.65" port: 42165 } health_report { overall_health: HEALTHY } } peers { permanent_uuid: "0c8acb3b95c84d819e404135cd2af8dd" member_type: VOTER last_known_addr { host: "127.13.201.67" port: 36777 } health_report { overall_health: HEALTHY } } peers { permanent_uuid: "3098945adb1c4c4ea8eace88efd52d41" member_type: VOTER last_known_addr { host: "127.13.201.68" port: 33609 } attrs { promote: false } health_report { overall_health: UNKNOWN } } }
I20260710 11:02:18.130347 15287 raft_consensus.cc:1275] T e0875bf93b1c49eda8608c86fe82e792 P 8ea5931f02cb4f759766fe46492f4531 [term 1 FOLLOWER]: Refusing update from remote peer 0c8acb3b95c84d819e404135cd2af8dd: Log matching property violated. Preceding OpId in replica: term: 1 index: 3. Preceding OpId from leader: term: 1 index: 4. (index mismatch)
I20260710 11:02:18.131865 15898 consensus_queue.cc:1048] T e0875bf93b1c49eda8608c86fe82e792 P 0c8acb3b95c84d819e404135cd2af8dd [LEADER]: Connected to new peer: Peer: permanent_uuid: "8ea5931f02cb4f759766fe46492f4531" member_type: VOTER last_known_addr { host: "127.13.201.66" port: 45121 }, Status: LMP_MISMATCH, Last received: 0.0, Next index: 4, Last known committed idx: 3, Time since last communication: 0.001s
I20260710 11:02:18.132642 15811 consensus_queue.cc:1048] T c42760a32b794c839f309e82ff964300 P de907d406d3f4fc2b291bee2efc63fe5 [LEADER]: Connected to new peer: Peer: permanent_uuid: "3098945adb1c4c4ea8eace88efd52d41" member_type: VOTER last_known_addr { host: "127.13.201.68" port: 33609 } attrs { promote: false }, Status: LMP_MISMATCH, Last received: 0.0, Next index: 4, Last known committed idx: 3, Time since last communication: 0.000s
I20260710 11:02:18.134369 15097 catalog_manager.cc:5210] ChangeConfig:REMOVE_PEER RPC for tablet e0875bf93b1c49eda8608c86fe82e792 with cas_config_opid_index 3: ChangeConfig:REMOVE_PEER succeeded (attempt 1)
I20260710 11:02:18.135422 15610 raft_consensus.cc:2955] T e0875bf93b1c49eda8608c86fe82e792 P 3098945adb1c4c4ea8eace88efd52d41 [term 1 FOLLOWER]: Committing config change with OpId 1.4: config changed from index 3 to 4, VOTER de907d406d3f4fc2b291bee2efc63fe5 (127.13.201.65) evicted. New config: { opid_index: 4 OBSOLETE_local: false peers { permanent_uuid: "8ea5931f02cb4f759766fe46492f4531" member_type: VOTER last_known_addr { host: "127.13.201.66" port: 45121 } } peers { permanent_uuid: "0c8acb3b95c84d819e404135cd2af8dd" member_type: VOTER last_known_addr { host: "127.13.201.67" port: 36777 } } peers { permanent_uuid: "3098945adb1c4c4ea8eace88efd52d41" member_type: VOTER last_known_addr { host: "127.13.201.68" port: 33609 } attrs { promote: false } } }
I20260710 11:02:18.137812 15609 raft_consensus.cc:2955] T c42760a32b794c839f309e82ff964300 P 3098945adb1c4c4ea8eace88efd52d41 [term 1 FOLLOWER]: Committing config change with OpId 1.4: config changed from index 3 to 4, VOTER 8ea5931f02cb4f759766fe46492f4531 (127.13.201.66) evicted. New config: { opid_index: 4 OBSOLETE_local: false peers { permanent_uuid: "de907d406d3f4fc2b291bee2efc63fe5" member_type: VOTER last_known_addr { host: "127.13.201.65" port: 42165 } } peers { permanent_uuid: "0c8acb3b95c84d819e404135cd2af8dd" member_type: VOTER last_known_addr { host: "127.13.201.67" port: 36777 } } peers { permanent_uuid: "3098945adb1c4c4ea8eace88efd52d41" member_type: VOTER last_known_addr { host: "127.13.201.68" port: 33609 } attrs { promote: false } } }
I20260710 11:02:18.137809 15287 raft_consensus.cc:2955] T e0875bf93b1c49eda8608c86fe82e792 P 8ea5931f02cb4f759766fe46492f4531 [term 1 FOLLOWER]: Committing config change with OpId 1.4: config changed from index 3 to 4, VOTER de907d406d3f4fc2b291bee2efc63fe5 (127.13.201.65) evicted. New config: { opid_index: 4 OBSOLETE_local: false peers { permanent_uuid: "8ea5931f02cb4f759766fe46492f4531" member_type: VOTER last_known_addr { host: "127.13.201.66" port: 45121 } } peers { permanent_uuid: "0c8acb3b95c84d819e404135cd2af8dd" member_type: VOTER last_known_addr { host: "127.13.201.67" port: 36777 } } peers { permanent_uuid: "3098945adb1c4c4ea8eace88efd52d41" member_type: VOTER last_known_addr { host: "127.13.201.68" port: 33609 } attrs { promote: false } } }
I20260710 11:02:18.150311 15107 catalog_manager.cc:5697] T e0875bf93b1c49eda8608c86fe82e792 P 3098945adb1c4c4ea8eace88efd52d41 reported cstate change: config changed from index 3 to 4, VOTER de907d406d3f4fc2b291bee2efc63fe5 (127.13.201.65) evicted. New cstate: current_term: 1 leader_uuid: "0c8acb3b95c84d819e404135cd2af8dd" committed_config { opid_index: 4 OBSOLETE_local: false peers { permanent_uuid: "8ea5931f02cb4f759766fe46492f4531" member_type: VOTER last_known_addr { host: "127.13.201.66" port: 45121 } } peers { permanent_uuid: "0c8acb3b95c84d819e404135cd2af8dd" member_type: VOTER last_known_addr { host: "127.13.201.67" port: 36777 } } peers { permanent_uuid: "3098945adb1c4c4ea8eace88efd52d41" member_type: VOTER last_known_addr { host: "127.13.201.68" port: 33609 } attrs { promote: false } } }
I20260710 11:02:18.151026 15273 tablet_service.cc:1558] Processing DeleteTablet for tablet c42760a32b794c839f309e82ff964300 with delete_type TABLET_DATA_TOMBSTONED (TS 8ea5931f02cb4f759766fe46492f4531 not found in new config with opid_index 4) from {username='slave'} at 127.0.0.1:60132
I20260710 11:02:18.164522 15905 tablet_replica.cc:333] T c42760a32b794c839f309e82ff964300 P 8ea5931f02cb4f759766fe46492f4531: stopping tablet replica
I20260710 11:02:18.166010 15905 raft_consensus.cc:2243] T c42760a32b794c839f309e82ff964300 P 8ea5931f02cb4f759766fe46492f4531 [term 1 FOLLOWER]: Raft consensus shutting down.
I20260710 11:02:18.166743 15905 raft_consensus.cc:2272] T c42760a32b794c839f309e82ff964300 P 8ea5931f02cb4f759766fe46492f4531 [term 1 FOLLOWER]: Raft consensus is shut down!
I20260710 11:02:18.169317 15203 tablet_service.cc:1558] Processing DeleteTablet for tablet e0875bf93b1c49eda8608c86fe82e792 with delete_type TABLET_DATA_TOMBSTONED (TS de907d406d3f4fc2b291bee2efc63fe5 not found in new config with opid_index 4) from {username='slave'} at 127.0.0.1:46160
I20260710 11:02:18.171865 15905 ts_tablet_manager.cc:1916] T c42760a32b794c839f309e82ff964300 P 8ea5931f02cb4f759766fe46492f4531: Deleting tablet data with delete state TABLET_DATA_TOMBSTONED
I20260710 11:02:18.179615 15906 tablet_replica.cc:333] T e0875bf93b1c49eda8608c86fe82e792 P de907d406d3f4fc2b291bee2efc63fe5: stopping tablet replica
I20260710 11:02:18.180559 15906 raft_consensus.cc:2243] T e0875bf93b1c49eda8608c86fe82e792 P de907d406d3f4fc2b291bee2efc63fe5 [term 1 FOLLOWER]: Raft consensus shutting down.
I20260710 11:02:18.181265 15906 raft_consensus.cc:2272] T e0875bf93b1c49eda8608c86fe82e792 P de907d406d3f4fc2b291bee2efc63fe5 [term 1 FOLLOWER]: Raft consensus is shut down!
I20260710 11:02:18.184654 15906 ts_tablet_manager.cc:1916] T e0875bf93b1c49eda8608c86fe82e792 P de907d406d3f4fc2b291bee2efc63fe5: Deleting tablet data with delete state TABLET_DATA_TOMBSTONED
I20260710 11:02:18.185339 15905 ts_tablet_manager.cc:1929] T c42760a32b794c839f309e82ff964300 P 8ea5931f02cb4f759766fe46492f4531: tablet deleted with delete type TABLET_DATA_TOMBSTONED: last-logged OpId 1.3
I20260710 11:02:18.185719 15905 log.cc:1199] T c42760a32b794c839f309e82ff964300 P 8ea5931f02cb4f759766fe46492f4531: Deleting WAL directory at /tmp/dist-test-taskjLEE1U/test-tmp/auto_leader_rebalancer-test.0.LeaderRebalancerTest.AddTserver.1783681300473275-14117-0/minicluster-data/ts-1-root/wals/c42760a32b794c839f309e82ff964300
I20260710 11:02:18.187340 15095 catalog_manager.cc:5028] TS 8ea5931f02cb4f759766fe46492f4531 (127.13.201.66:45121): tablet c42760a32b794c839f309e82ff964300 (table test-workload [id=735ed42eb0fb449c9745ef8133b24025]) successfully deleted
I20260710 11:02:18.195482 15906 ts_tablet_manager.cc:1929] T e0875bf93b1c49eda8608c86fe82e792 P de907d406d3f4fc2b291bee2efc63fe5: tablet deleted with delete type TABLET_DATA_TOMBSTONED: last-logged OpId 1.3
I20260710 11:02:18.195832 15906 log.cc:1199] T e0875bf93b1c49eda8608c86fe82e792 P de907d406d3f4fc2b291bee2efc63fe5: Deleting WAL directory at /tmp/dist-test-taskjLEE1U/test-tmp/auto_leader_rebalancer-test.0.LeaderRebalancerTest.AddTserver.1783681300473275-14117-0/minicluster-data/ts-0-root/wals/e0875bf93b1c49eda8608c86fe82e792
I20260710 11:02:18.197221 15097 catalog_manager.cc:5028] TS de907d406d3f4fc2b291bee2efc63fe5 (127.13.201.65:42165): tablet e0875bf93b1c49eda8608c86fe82e792 (table test-workload [id=735ed42eb0fb449c9745ef8133b24025]) successfully deleted
I20260710 11:02:18.299976 15864 raft_consensus.cc:1064] T 611670f8a5fe4c549601ed4667acf363 P de907d406d3f4fc2b291bee2efc63fe5: attempting to promote NON_VOTER 3098945adb1c4c4ea8eace88efd52d41 to VOTER
I20260710 11:02:18.301838 15864 consensus_queue.cc:237] T 611670f8a5fe4c549601ed4667acf363 P de907d406d3f4fc2b291bee2efc63fe5 [LEADER]: Queue going to LEADER mode. State: All replicated index: 0, Majority replicated index: 2, Committed index: 2, Last appended: 1.2, Last appended by leader: 0, Current term: 1, Majority size: 3, State: 0, Mode: LEADER, active raft config: opid_index: 3 OBSOLETE_local: false peers { permanent_uuid: "de907d406d3f4fc2b291bee2efc63fe5" member_type: VOTER last_known_addr { host: "127.13.201.65" port: 42165 } } peers { permanent_uuid: "8ea5931f02cb4f759766fe46492f4531" member_type: VOTER last_known_addr { host: "127.13.201.66" port: 45121 } } peers { permanent_uuid: "0c8acb3b95c84d819e404135cd2af8dd" member_type: VOTER last_known_addr { host: "127.13.201.67" port: 36777 } attrs { replace: true } } peers { permanent_uuid: "3098945adb1c4c4ea8eace88efd52d41" member_type: VOTER last_known_addr { host: "127.13.201.68" port: 33609 } attrs { promote: false } }
I20260710 11:02:18.307324 15610 raft_consensus.cc:1275] T 611670f8a5fe4c549601ed4667acf363 P 3098945adb1c4c4ea8eace88efd52d41 [term 1 LEARNER]: Refusing update from remote peer de907d406d3f4fc2b291bee2efc63fe5: Log matching property violated. Preceding OpId in replica: term: 1 index: 2. Preceding OpId from leader: term: 1 index: 3. (index mismatch)
I20260710 11:02:18.307893 15362 raft_consensus.cc:1275] T 611670f8a5fe4c549601ed4667acf363 P 0c8acb3b95c84d819e404135cd2af8dd [term 1 FOLLOWER]: Refusing update from remote peer de907d406d3f4fc2b291bee2efc63fe5: Log matching property violated. Preceding OpId in replica: term: 1 index: 2. Preceding OpId from leader: term: 1 index: 3. (index mismatch)
I20260710 11:02:18.308939 15864 consensus_queue.cc:1048] T 611670f8a5fe4c549601ed4667acf363 P de907d406d3f4fc2b291bee2efc63fe5 [LEADER]: Connected to new peer: Peer: permanent_uuid: "3098945adb1c4c4ea8eace88efd52d41" member_type: VOTER last_known_addr { host: "127.13.201.68" port: 33609 } attrs { promote: false }, Status: LMP_MISMATCH, Last received: 0.0, Next index: 3, Last known committed idx: 2, Time since last communication: 0.000s
I20260710 11:02:18.310388 15811 consensus_queue.cc:1048] T 611670f8a5fe4c549601ed4667acf363 P de907d406d3f4fc2b291bee2efc63fe5 [LEADER]: Connected to new peer: Peer: permanent_uuid: "0c8acb3b95c84d819e404135cd2af8dd" member_type: VOTER last_known_addr { host: "127.13.201.67" port: 36777 } attrs { replace: true }, Status: LMP_MISMATCH, Last received: 0.0, Next index: 3, Last known committed idx: 2, Time since last communication: 0.000s
I20260710 11:02:18.311024 15287 raft_consensus.cc:1275] T 611670f8a5fe4c549601ed4667acf363 P 8ea5931f02cb4f759766fe46492f4531 [term 1 FOLLOWER]: Refusing update from remote peer de907d406d3f4fc2b291bee2efc63fe5: Log matching property violated. Preceding OpId in replica: term: 1 index: 2. Preceding OpId from leader: term: 1 index: 3. (index mismatch)
I20260710 11:02:18.312454 15811 consensus_queue.cc:1048] T 611670f8a5fe4c549601ed4667acf363 P de907d406d3f4fc2b291bee2efc63fe5 [LEADER]: Connected to new peer: Peer: permanent_uuid: "8ea5931f02cb4f759766fe46492f4531" member_type: VOTER last_known_addr { host: "127.13.201.66" port: 45121 }, Status: LMP_MISMATCH, Last received: 0.0, Next index: 3, Last known committed idx: 2, Time since last communication: 0.000s
I20260710 11:02:18.312986 15826 raft_consensus.cc:1064] T bea4273f97344a21bfd499422535520b P 8ea5931f02cb4f759766fe46492f4531: attempting to promote NON_VOTER 3098945adb1c4c4ea8eace88efd52d41 to VOTER
I20260710 11:02:18.315199 15826 consensus_queue.cc:237] T bea4273f97344a21bfd499422535520b P 8ea5931f02cb4f759766fe46492f4531 [LEADER]: Queue going to LEADER mode. State: All replicated index: 0, Majority replicated index: 2, Committed index: 2, Last appended: 1.2, Last appended by leader: 0, Current term: 1, Majority size: 3, State: 0, Mode: LEADER, active raft config: opid_index: 3 OBSOLETE_local: false peers { permanent_uuid: "de907d406d3f4fc2b291bee2efc63fe5" member_type: VOTER last_known_addr { host: "127.13.201.65" port: 42165 } } peers { permanent_uuid: "8ea5931f02cb4f759766fe46492f4531" member_type: VOTER last_known_addr { host: "127.13.201.66" port: 45121 } } peers { permanent_uuid: "0c8acb3b95c84d819e404135cd2af8dd" member_type: VOTER last_known_addr { host: "127.13.201.67" port: 36777 } attrs { replace: true } } peers { permanent_uuid: "3098945adb1c4c4ea8eace88efd52d41" member_type: VOTER last_known_addr { host: "127.13.201.68" port: 33609 } attrs { promote: false } }
I20260710 11:02:18.324656 15358 raft_consensus.cc:1275] T bea4273f97344a21bfd499422535520b P 0c8acb3b95c84d819e404135cd2af8dd [term 1 FOLLOWER]: Refusing update from remote peer 8ea5931f02cb4f759766fe46492f4531: Log matching property violated. Preceding OpId in replica: term: 1 index: 2. Preceding OpId from leader: term: 1 index: 3. (index mismatch)
I20260710 11:02:18.326220 15908 consensus_queue.cc:1048] T bea4273f97344a21bfd499422535520b P 8ea5931f02cb4f759766fe46492f4531 [LEADER]: Connected to new peer: Peer: permanent_uuid: "0c8acb3b95c84d819e404135cd2af8dd" member_type: VOTER last_known_addr { host: "127.13.201.67" port: 36777 } attrs { replace: true }, Status: LMP_MISMATCH, Last received: 0.0, Next index: 3, Last known committed idx: 2, Time since last communication: 0.001s
I20260710 11:02:18.327605 15609 raft_consensus.cc:1275] T bea4273f97344a21bfd499422535520b P 3098945adb1c4c4ea8eace88efd52d41 [term 1 LEARNER]: Refusing update from remote peer 8ea5931f02cb4f759766fe46492f4531: Log matching property violated. Preceding OpId in replica: term: 1 index: 2. Preceding OpId from leader: term: 1 index: 3. (index mismatch)
I20260710 11:02:18.329171 15213 raft_consensus.cc:1275] T bea4273f97344a21bfd499422535520b P de907d406d3f4fc2b291bee2efc63fe5 [term 1 FOLLOWER]: Refusing update from remote peer 8ea5931f02cb4f759766fe46492f4531: Log matching property violated. Preceding OpId in replica: term: 1 index: 2. Preceding OpId from leader: term: 1 index: 3. (index mismatch)
I20260710 11:02:18.336666 15908 consensus_queue.cc:1048] T bea4273f97344a21bfd499422535520b P 8ea5931f02cb4f759766fe46492f4531 [LEADER]: Connected to new peer: Peer: permanent_uuid: "de907d406d3f4fc2b291bee2efc63fe5" member_type: VOTER last_known_addr { host: "127.13.201.65" port: 42165 }, Status: LMP_MISMATCH, Last received: 0.0, Next index: 3, Last known committed idx: 2, Time since last communication: 0.000s
I20260710 11:02:18.337707 15826 consensus_queue.cc:1048] T bea4273f97344a21bfd499422535520b P 8ea5931f02cb4f759766fe46492f4531 [LEADER]: Connected to new peer: Peer: permanent_uuid: "3098945adb1c4c4ea8eace88efd52d41" member_type: VOTER last_known_addr { host: "127.13.201.68" port: 33609 } attrs { promote: false }, Status: LMP_MISMATCH, Last received: 0.0, Next index: 3, Last known committed idx: 2, Time since last communication: 0.000s
