I20260710 11:00:23.492064 20769 catalog_manager.cc:5697] T cfe25c9c0d85496a97cc56b5bf198911 P 6443901f3eb24c419f3969e9ded2b45d reported cstate change: config changed from index 2 to 3, 3967da77ac4e4147b771d192079518e2 (127.19.78.4) changed from NON_VOTER to VOTER. New cstate: current_term: 1 leader_uuid: "cabb5e77bdce41529d185cf5cd23fa23" committed_config { opid_index: 3 OBSOLETE_local: false peers { permanent_uuid: "18f3f7009b5a4d798a63dff0b8c6ab7f" member_type: VOTER last_known_addr { host: "127.19.78.1" port: 38287 } attrs { replace: true } } peers { permanent_uuid: "6443901f3eb24c419f3969e9ded2b45d" member_type: VOTER last_known_addr { host: "127.19.78.2" port: 40433 } } peers { permanent_uuid: "cabb5e77bdce41529d185cf5cd23fa23" member_type: VOTER last_known_addr { host: "127.19.78.3" port: 32839 } } peers { permanent_uuid: "3967da77ac4e4147b771d192079518e2" member_type: VOTER last_known_addr { host: "127.19.78.4" port: 38951 } attrs { promote: false } } }
I20260710 11:00:23.506304 20862 tablet_service.cc:1558] Processing DeleteTablet for tablet dfda4b3969f24296a46c46ea5770e299 with delete_type TABLET_DATA_TOMBSTONED (TS 18f3f7009b5a4d798a63dff0b8c6ab7f not found in new config with opid_index 4) from {username='slave'} at 127.0.0.1:51954
I20260710 11:00:23.506953 20870 raft_consensus.cc:1275] T cfe25c9c0d85496a97cc56b5bf198911 P 18f3f7009b5a4d798a63dff0b8c6ab7f [term 1 FOLLOWER]: Refusing update from remote peer cabb5e77bdce41529d185cf5cd23fa23: Log matching property violated. Preceding OpId in replica: term: 1 index: 2. Preceding OpId from leader: term: 1 index: 3. (index mismatch)
I20260710 11:00:23.508450 20870 raft_consensus.cc:2955] T aa94f913d2c44d76a692482e702c357e P 18f3f7009b5a4d798a63dff0b8c6ab7f [term 1 FOLLOWER]: Committing config change with OpId 1.4: config changed from index 3 to 4, VOTER 6443901f3eb24c419f3969e9ded2b45d (127.19.78.2) evicted. New config: { opid_index: 4 OBSOLETE_local: false peers { permanent_uuid: "18f3f7009b5a4d798a63dff0b8c6ab7f" member_type: VOTER last_known_addr { host: "127.19.78.1" port: 38287 } } peers { permanent_uuid: "cabb5e77bdce41529d185cf5cd23fa23" member_type: VOTER last_known_addr { host: "127.19.78.3" port: 32839 } } peers { permanent_uuid: "3967da77ac4e4147b771d192079518e2" member_type: VOTER last_known_addr { host: "127.19.78.4" port: 38951 } attrs { promote: false } } }
I20260710 11:00:23.514325 21288 raft_consensus.cc:2955] T aa94f913d2c44d76a692482e702c357e P 3967da77ac4e4147b771d192079518e2 [term 1 FOLLOWER]: Committing config change with OpId 1.4: config changed from index 3 to 4, VOTER 6443901f3eb24c419f3969e9ded2b45d (127.19.78.2) evicted. New config: { opid_index: 4 OBSOLETE_local: false peers { permanent_uuid: "18f3f7009b5a4d798a63dff0b8c6ab7f" member_type: VOTER last_known_addr { host: "127.19.78.1" port: 38287 } } peers { permanent_uuid: "cabb5e77bdce41529d185cf5cd23fa23" member_type: VOTER last_known_addr { host: "127.19.78.3" port: 32839 } } peers { permanent_uuid: "3967da77ac4e4147b771d192079518e2" member_type: VOTER last_known_addr { host: "127.19.78.4" port: 38951 } attrs { promote: false } } }
I20260710 11:00:23.518474 21611 tablet_replica.cc:333] T dfda4b3969f24296a46c46ea5770e299 P 18f3f7009b5a4d798a63dff0b8c6ab7f: stopping tablet replica
I20260710 11:00:23.521363 21603 consensus_queue.cc:1048] T cfe25c9c0d85496a97cc56b5bf198911 P cabb5e77bdce41529d185cf5cd23fa23 [LEADER]: Connected to new peer: Peer: permanent_uuid: "18f3f7009b5a4d798a63dff0b8c6ab7f" member_type: VOTER last_known_addr { host: "127.19.78.1" port: 38287 } attrs { replace: true }, Status: LMP_MISMATCH, Last received: 0.0, Next index: 3, Last known committed idx: 2, Time since last communication: 0.000s
I20260710 11:00:23.524752 20770 catalog_manager.cc:5697] T aa94f913d2c44d76a692482e702c357e P 18f3f7009b5a4d798a63dff0b8c6ab7f reported cstate change: config changed from index 3 to 4, VOTER 6443901f3eb24c419f3969e9ded2b45d (127.19.78.2) evicted. New cstate: current_term: 1 leader_uuid: "cabb5e77bdce41529d185cf5cd23fa23" committed_config { opid_index: 4 OBSOLETE_local: false peers { permanent_uuid: "18f3f7009b5a4d798a63dff0b8c6ab7f" member_type: VOTER last_known_addr { host: "127.19.78.1" port: 38287 } } peers { permanent_uuid: "cabb5e77bdce41529d185cf5cd23fa23" member_type: VOTER last_known_addr { host: "127.19.78.3" port: 32839 } } peers { permanent_uuid: "3967da77ac4e4147b771d192079518e2" member_type: VOTER last_known_addr { host: "127.19.78.4" port: 38951 } attrs { promote: false } } }
I20260710 11:00:23.529459 21611 raft_consensus.cc:2243] T dfda4b3969f24296a46c46ea5770e299 P 18f3f7009b5a4d798a63dff0b8c6ab7f [term 1 FOLLOWER]: Raft consensus shutting down.
I20260710 11:00:23.530138 21611 raft_consensus.cc:2272] T dfda4b3969f24296a46c46ea5770e299 P 18f3f7009b5a4d798a63dff0b8c6ab7f [term 1 FOLLOWER]: Raft consensus is shut down!
I20260710 11:00:23.533836 21611 ts_tablet_manager.cc:1916] T dfda4b3969f24296a46c46ea5770e299 P 18f3f7009b5a4d798a63dff0b8c6ab7f: Deleting tablet data with delete state TABLET_DATA_TOMBSTONED
I20260710 11:00:23.540246 20931 tablet_service.cc:1558] Processing DeleteTablet for tablet aa94f913d2c44d76a692482e702c357e with delete_type TABLET_DATA_TOMBSTONED (TS 6443901f3eb24c419f3969e9ded2b45d not found in new config with opid_index 4) from {username='slave'} at 127.0.0.1:50692
I20260710 11:00:23.542387 21613 tablet_replica.cc:333] T aa94f913d2c44d76a692482e702c357e P 6443901f3eb24c419f3969e9ded2b45d: stopping tablet replica
I20260710 11:00:23.543320 21613 raft_consensus.cc:2243] T aa94f913d2c44d76a692482e702c357e P 6443901f3eb24c419f3969e9ded2b45d [term 1 FOLLOWER]: Raft consensus shutting down.
I20260710 11:00:23.543978 21613 raft_consensus.cc:2272] T aa94f913d2c44d76a692482e702c357e P 6443901f3eb24c419f3969e9ded2b45d [term 1 FOLLOWER]: Raft consensus is shut down!
I20260710 11:00:23.545450 21022 consensus_queue.cc:237] T cfe25c9c0d85496a97cc56b5bf198911 P cabb5e77bdce41529d185cf5cd23fa23 [LEADER]: Queue going to LEADER mode. State: All replicated index: 0, Majority replicated index: 3, Committed index: 3, Last appended: 1.3, Last appended by leader: 0, Current term: 1, Majority size: 2, State: 0, Mode: LEADER, active raft config: opid_index: 4 OBSOLETE_local: false peers { permanent_uuid: "6443901f3eb24c419f3969e9ded2b45d" member_type: VOTER last_known_addr { host: "127.19.78.2" port: 40433 } } peers { permanent_uuid: "cabb5e77bdce41529d185cf5cd23fa23" member_type: VOTER last_known_addr { host: "127.19.78.3" port: 32839 } } peers { permanent_uuid: "3967da77ac4e4147b771d192079518e2" member_type: VOTER last_known_addr { host: "127.19.78.4" port: 38951 } attrs { promote: false } }
I20260710 11:00:23.547343 21613 ts_tablet_manager.cc:1916] T aa94f913d2c44d76a692482e702c357e P 6443901f3eb24c419f3969e9ded2b45d: Deleting tablet data with delete state TABLET_DATA_TOMBSTONED
I20260710 11:00:23.550980 20942 raft_consensus.cc:1275] T cfe25c9c0d85496a97cc56b5bf198911 P 6443901f3eb24c419f3969e9ded2b45d [term 1 FOLLOWER]: Refusing update from remote peer cabb5e77bdce41529d185cf5cd23fa23: Log matching property violated. Preceding OpId in replica: term: 1 index: 3. Preceding OpId from leader: term: 1 index: 4. (index mismatch)
I20260710 11:00:23.552351 21607 consensus_queue.cc:1048] T cfe25c9c0d85496a97cc56b5bf198911 P cabb5e77bdce41529d185cf5cd23fa23 [LEADER]: Connected to new peer: Peer: permanent_uuid: "6443901f3eb24c419f3969e9ded2b45d" member_type: VOTER last_known_addr { host: "127.19.78.2" port: 40433 }, Status: LMP_MISMATCH, Last received: 0.0, Next index: 4, Last known committed idx: 3, Time since last communication: 0.001s
I20260710 11:00:23.557302 21288 raft_consensus.cc:1275] T cfe25c9c0d85496a97cc56b5bf198911 P 3967da77ac4e4147b771d192079518e2 [term 1 FOLLOWER]: Refusing update from remote peer cabb5e77bdce41529d185cf5cd23fa23: Log matching property violated. Preceding OpId in replica: term: 1 index: 3. Preceding OpId from leader: term: 1 index: 4. (index mismatch)
I20260710 11:00:23.558667 21610 consensus_queue.cc:1048] T cfe25c9c0d85496a97cc56b5bf198911 P cabb5e77bdce41529d185cf5cd23fa23 [LEADER]: Connected to new peer: Peer: permanent_uuid: "3967da77ac4e4147b771d192079518e2" member_type: VOTER last_known_addr { host: "127.19.78.4" port: 38951 } attrs { promote: false }, Status: LMP_MISMATCH, Last received: 0.0, Next index: 4, Last known committed idx: 3, Time since last communication: 0.000s
I20260710 11:00:23.560973 20942 raft_consensus.cc:2955] T cfe25c9c0d85496a97cc56b5bf198911 P 6443901f3eb24c419f3969e9ded2b45d [term 1 FOLLOWER]: Committing config change with OpId 1.4: config changed from index 3 to 4, VOTER 18f3f7009b5a4d798a63dff0b8c6ab7f (127.19.78.1) evicted. New config: { opid_index: 4 OBSOLETE_local: false peers { permanent_uuid: "6443901f3eb24c419f3969e9ded2b45d" member_type: VOTER last_known_addr { host: "127.19.78.2" port: 40433 } } peers { permanent_uuid: "cabb5e77bdce41529d185cf5cd23fa23" member_type: VOTER last_known_addr { host: "127.19.78.3" port: 32839 } } peers { permanent_uuid: "3967da77ac4e4147b771d192079518e2" member_type: VOTER last_known_addr { host: "127.19.78.4" port: 38951 } attrs { promote: false } } }
I20260710 11:00:23.563758 21288 raft_consensus.cc:2955] T cfe25c9c0d85496a97cc56b5bf198911 P 3967da77ac4e4147b771d192079518e2 [term 1 FOLLOWER]: Committing config change with OpId 1.4: config changed from index 3 to 4, VOTER 18f3f7009b5a4d798a63dff0b8c6ab7f (127.19.78.1) evicted. New config: { opid_index: 4 OBSOLETE_local: false peers { permanent_uuid: "6443901f3eb24c419f3969e9ded2b45d" member_type: VOTER last_known_addr { host: "127.19.78.2" port: 40433 } } peers { permanent_uuid: "cabb5e77bdce41529d185cf5cd23fa23" member_type: VOTER last_known_addr { host: "127.19.78.3" port: 32839 } } peers { permanent_uuid: "3967da77ac4e4147b771d192079518e2" member_type: VOTER last_known_addr { host: "127.19.78.4" port: 38951 } attrs { promote: false } } }
I20260710 11:00:23.568919 21607 raft_consensus.cc:2955] T cfe25c9c0d85496a97cc56b5bf198911 P cabb5e77bdce41529d185cf5cd23fa23 [term 1 LEADER]: Committing config change with OpId 1.4: config changed from index 3 to 4, VOTER 18f3f7009b5a4d798a63dff0b8c6ab7f (127.19.78.1) evicted. New config: { opid_index: 4 OBSOLETE_local: false peers { permanent_uuid: "6443901f3eb24c419f3969e9ded2b45d" member_type: VOTER last_known_addr { host: "127.19.78.2" port: 40433 } } peers { permanent_uuid: "cabb5e77bdce41529d185cf5cd23fa23" member_type: VOTER last_known_addr { host: "127.19.78.3" port: 32839 } } peers { permanent_uuid: "3967da77ac4e4147b771d192079518e2" member_type: VOTER last_known_addr { host: "127.19.78.4" port: 38951 } attrs { promote: false } } }
I20260710 11:00:23.571324 21613 ts_tablet_manager.cc:1929] T aa94f913d2c44d76a692482e702c357e P 6443901f3eb24c419f3969e9ded2b45d: tablet deleted with delete type TABLET_DATA_TOMBSTONED: last-logged OpId 1.3
I20260710 11:00:23.571877 21613 log.cc:1199] T aa94f913d2c44d76a692482e702c357e P 6443901f3eb24c419f3969e9ded2b45d: Deleting WAL directory at /tmp/dist-test-taskIJChSQ/test-tmp/auto_leader_rebalancer-test.0.LeaderRebalancerTest.AddTserver.1783681184263598-19768-0/minicluster-data/ts-1-root/wals/aa94f913d2c44d76a692482e702c357e
I20260710 11:00:23.573643 20755 catalog_manager.cc:5028] TS 6443901f3eb24c419f3969e9ded2b45d (127.19.78.2:40433): tablet aa94f913d2c44d76a692482e702c357e (table test-workload [id=efea52ddda7449c2b469cae363d78bfb]) successfully deleted
I20260710 11:00:23.575172 21611 ts_tablet_manager.cc:1929] T dfda4b3969f24296a46c46ea5770e299 P 18f3f7009b5a4d798a63dff0b8c6ab7f: tablet deleted with delete type TABLET_DATA_TOMBSTONED: last-logged OpId 1.3
I20260710 11:00:23.575631 21611 log.cc:1199] T dfda4b3969f24296a46c46ea5770e299 P 18f3f7009b5a4d798a63dff0b8c6ab7f: Deleting WAL directory at /tmp/dist-test-taskIJChSQ/test-tmp/auto_leader_rebalancer-test.0.LeaderRebalancerTest.AddTserver.1783681184263598-19768-0/minicluster-data/ts-0-root/wals/dfda4b3969f24296a46c46ea5770e299
I20260710 11:00:23.576283 20871 raft_consensus.cc:2955] T cfe25c9c0d85496a97cc56b5bf198911 P 18f3f7009b5a4d798a63dff0b8c6ab7f [term 1 FOLLOWER]: Committing config change with OpId 1.3: config changed from index 2 to 3, 3967da77ac4e4147b771d192079518e2 (127.19.78.4) changed from NON_VOTER to VOTER. New config: { opid_index: 3 OBSOLETE_local: false peers { permanent_uuid: "18f3f7009b5a4d798a63dff0b8c6ab7f" member_type: VOTER last_known_addr { host: "127.19.78.1" port: 38287 } attrs { replace: true } } peers { permanent_uuid: "6443901f3eb24c419f3969e9ded2b45d" member_type: VOTER last_known_addr { host: "127.19.78.2" port: 40433 } } peers { permanent_uuid: "cabb5e77bdce41529d185cf5cd23fa23" member_type: VOTER last_known_addr { host: "127.19.78.3" port: 32839 } } peers { permanent_uuid: "3967da77ac4e4147b771d192079518e2" member_type: VOTER last_known_addr { host: "127.19.78.4" port: 38951 } attrs { promote: false } } }
I20260710 11:00:23.577369 20756 catalog_manager.cc:5028] TS 18f3f7009b5a4d798a63dff0b8c6ab7f (127.19.78.1:38287): tablet dfda4b3969f24296a46c46ea5770e299 (table test-workload [id=efea52ddda7449c2b469cae363d78bfb]) successfully deleted
I20260710 11:00:23.580320 20755 catalog_manager.cc:5210] ChangeConfig:REMOVE_PEER RPC for tablet cfe25c9c0d85496a97cc56b5bf198911 with cas_config_opid_index 3: ChangeConfig:REMOVE_PEER succeeded (attempt 1)
I20260710 11:00:23.594571 20769 catalog_manager.cc:5697] T cfe25c9c0d85496a97cc56b5bf198911 P 6443901f3eb24c419f3969e9ded2b45d reported cstate change: config changed from index 3 to 4, VOTER 18f3f7009b5a4d798a63dff0b8c6ab7f (127.19.78.1) evicted. New cstate: current_term: 1 leader_uuid: "cabb5e77bdce41529d185cf5cd23fa23" committed_config { opid_index: 4 OBSOLETE_local: false peers { permanent_uuid: "6443901f3eb24c419f3969e9ded2b45d" member_type: VOTER last_known_addr { host: "127.19.78.2" port: 40433 } } peers { permanent_uuid: "cabb5e77bdce41529d185cf5cd23fa23" member_type: VOTER last_known_addr { host: "127.19.78.3" port: 32839 } } peers { permanent_uuid: "3967da77ac4e4147b771d192079518e2" member_type: VOTER last_known_addr { host: "127.19.78.4" port: 38951 } attrs { promote: false } } }
I20260710 11:00:23.603510 20862 tablet_service.cc:1558] Processing DeleteTablet for tablet cfe25c9c0d85496a97cc56b5bf198911 with delete_type TABLET_DATA_TOMBSTONED (TS 18f3f7009b5a4d798a63dff0b8c6ab7f not found in new config with opid_index 4) from {username='slave'} at 127.0.0.1:51954
I20260710 11:00:23.604514 21611 tablet_replica.cc:333] T cfe25c9c0d85496a97cc56b5bf198911 P 18f3f7009b5a4d798a63dff0b8c6ab7f: stopping tablet replica
I20260710 11:00:23.605441 21611 raft_consensus.cc:2243] T cfe25c9c0d85496a97cc56b5bf198911 P 18f3f7009b5a4d798a63dff0b8c6ab7f [term 1 FOLLOWER]: Raft consensus shutting down.
I20260710 11:00:23.606109 21611 raft_consensus.cc:2272] T cfe25c9c0d85496a97cc56b5bf198911 P 18f3f7009b5a4d798a63dff0b8c6ab7f [term 1 FOLLOWER]: Raft consensus is shut down!
I20260710 11:00:23.609099 21611 ts_tablet_manager.cc:1916] T cfe25c9c0d85496a97cc56b5bf198911 P 18f3f7009b5a4d798a63dff0b8c6ab7f: Deleting tablet data with delete state TABLET_DATA_TOMBSTONED
I20260710 11:00:23.620767 21611 ts_tablet_manager.cc:1929] T cfe25c9c0d85496a97cc56b5bf198911 P 18f3f7009b5a4d798a63dff0b8c6ab7f: tablet deleted with delete type TABLET_DATA_TOMBSTONED: last-logged OpId 1.3
I20260710 11:00:23.621078 21611 log.cc:1199] T cfe25c9c0d85496a97cc56b5bf198911 P 18f3f7009b5a4d798a63dff0b8c6ab7f: Deleting WAL directory at /tmp/dist-test-taskIJChSQ/test-tmp/auto_leader_rebalancer-test.0.LeaderRebalancerTest.AddTserver.1783681184263598-19768-0/minicluster-data/ts-0-root/wals/cfe25c9c0d85496a97cc56b5bf198911
I20260710 11:00:23.622406 20756 catalog_manager.cc:5028] TS 18f3f7009b5a4d798a63dff0b8c6ab7f (127.19.78.1:38287): tablet cfe25c9c0d85496a97cc56b5bf198911 (table test-workload [id=efea52ddda7449c2b469cae363d78bfb]) successfully deleted
I20260710 11:00:24.632037 21019 consensus_queue.cc:237] T c45a95ca93d54fc5ae2b6dad3df84e2b P cabb5e77bdce41529d185cf5cd23fa23 [LEADER]: Queue going to LEADER mode. State: All replicated index: 0, Majority replicated index: 1, Committed index: 1, Last appended: 1.1, Last appended by leader: 0, Current term: 1, Majority size: 2, State: 0, Mode: LEADER, active raft config: opid_index: 2 OBSOLETE_local: false peers { permanent_uuid: "18f3f7009b5a4d798a63dff0b8c6ab7f" member_type: VOTER last_known_addr { host: "127.19.78.1" port: 38287 } } peers { permanent_uuid: "6443901f3eb24c419f3969e9ded2b45d" member_type: VOTER last_known_addr { host: "127.19.78.2" port: 40433 } attrs { replace: true } } peers { permanent_uuid: "cabb5e77bdce41529d185cf5cd23fa23" member_type: VOTER last_known_addr { host: "127.19.78.3" port: 32839 } } peers { permanent_uuid: "3967da77ac4e4147b771d192079518e2" member_type: NON_VOTER last_known_addr { host: "127.19.78.4" port: 38951 } attrs { promote: true } }
I20260710 11:00:24.637764 20942 raft_consensus.cc:1275] T c45a95ca93d54fc5ae2b6dad3df84e2b P 6443901f3eb24c419f3969e9ded2b45d [term 1 FOLLOWER]: Refusing update from remote peer cabb5e77bdce41529d185cf5cd23fa23: Log matching property violated. Preceding OpId in replica: term: 1 index: 1. Preceding OpId from leader: term: 1 index: 2. (index mismatch)
I20260710 11:00:24.637956 20871 raft_consensus.cc:1275] T c45a95ca93d54fc5ae2b6dad3df84e2b P 18f3f7009b5a4d798a63dff0b8c6ab7f [term 1 FOLLOWER]: Refusing update from remote peer cabb5e77bdce41529d185cf5cd23fa23: Log matching property violated. Preceding OpId in replica: term: 1 index: 1. Preceding OpId from leader: term: 1 index: 2. (index mismatch)
W20260710 11:00:24.637995 20988 consensus_peers.cc:597] T c45a95ca93d54fc5ae2b6dad3df84e2b P cabb5e77bdce41529d185cf5cd23fa23 -> Peer 3967da77ac4e4147b771d192079518e2 (127.19.78.4:38951): Couldn't send request to peer 3967da77ac4e4147b771d192079518e2. Error code: TABLET_NOT_FOUND (6). Status: Not found: Tablet not found: c45a95ca93d54fc5ae2b6dad3df84e2b. This is attempt 1: this message will repeat every 5th retry.
I20260710 11:00:24.638916 21607 consensus_queue.cc:1048] T c45a95ca93d54fc5ae2b6dad3df84e2b P cabb5e77bdce41529d185cf5cd23fa23 [LEADER]: Connected to new peer: Peer: permanent_uuid: "6443901f3eb24c419f3969e9ded2b45d" member_type: VOTER last_known_addr { host: "127.19.78.2" port: 40433 } attrs { replace: true }, Status: LMP_MISMATCH, Last received: 0.0, Next index: 2, Last known committed idx: 1, Time since last communication: 0.000s
I20260710 11:00:24.639688 21608 consensus_queue.cc:1048] T c45a95ca93d54fc5ae2b6dad3df84e2b P cabb5e77bdce41529d185cf5cd23fa23 [LEADER]: Connected to new peer: Peer: permanent_uuid: "18f3f7009b5a4d798a63dff0b8c6ab7f" member_type: VOTER last_known_addr { host: "127.19.78.1" port: 38287 }, Status: LMP_MISMATCH, Last received: 0.0, Next index: 2, Last known committed idx: 1, Time since last communication: 0.000s
I20260710 11:00:24.645851 21607 raft_consensus.cc:2955] T c45a95ca93d54fc5ae2b6dad3df84e2b P cabb5e77bdce41529d185cf5cd23fa23 [term 1 LEADER]: Committing config change with OpId 1.2: config changed from index -1 to 2, NON_VOTER 3967da77ac4e4147b771d192079518e2 (127.19.78.4) added. New config: { opid_index: 2 OBSOLETE_local: false peers { permanent_uuid: "18f3f7009b5a4d798a63dff0b8c6ab7f" member_type: VOTER last_known_addr { host: "127.19.78.1" port: 38287 } } peers { permanent_uuid: "6443901f3eb24c419f3969e9ded2b45d" member_type: VOTER last_known_addr { host: "127.19.78.2" port: 40433 } attrs { replace: true } } peers { permanent_uuid: "cabb5e77bdce41529d185cf5cd23fa23" member_type: VOTER last_known_addr { host: "127.19.78.3" port: 32839 } } peers { permanent_uuid: "3967da77ac4e4147b771d192079518e2" member_type: NON_VOTER last_known_addr { host: "127.19.78.4" port: 38951 } attrs { promote: true } } }
I20260710 11:00:24.647384 20942 raft_consensus.cc:2955] T c45a95ca93d54fc5ae2b6dad3df84e2b P 6443901f3eb24c419f3969e9ded2b45d [term 1 FOLLOWER]: Committing config change with OpId 1.2: config changed from index -1 to 2, NON_VOTER 3967da77ac4e4147b771d192079518e2 (127.19.78.4) added. New config: { opid_index: 2 OBSOLETE_local: false peers { permanent_uuid: "18f3f7009b5a4d798a63dff0b8c6ab7f" member_type: VOTER last_known_addr { host: "127.19.78.1" port: 38287 } } peers { permanent_uuid: "6443901f3eb24c419f3969e9ded2b45d" member_type: VOTER last_known_addr { host: "127.19.78.2" port: 40433 } attrs { replace: true } } peers { permanent_uuid: "cabb5e77bdce41529d185cf5cd23fa23" member_type: VOTER last_known_addr { host: "127.19.78.3" port: 32839 } } peers { permanent_uuid: "3967da77ac4e4147b771d192079518e2" member_type: NON_VOTER last_known_addr { host: "127.19.78.4" port: 38951 } attrs { promote: true } } }
I20260710 11:00:24.651038 20871 raft_consensus.cc:2955] T c45a95ca93d54fc5ae2b6dad3df84e2b P 18f3f7009b5a4d798a63dff0b8c6ab7f [term 1 FOLLOWER]: Committing config change with OpId 1.2: config changed from index -1 to 2, NON_VOTER 3967da77ac4e4147b771d192079518e2 (127.19.78.4) added. New config: { opid_index: 2 OBSOLETE_local: false peers { permanent_uuid: "18f3f7009b5a4d798a63dff0b8c6ab7f" member_type: VOTER last_known_addr { host: "127.19.78.1" port: 38287 } } peers { permanent_uuid: "6443901f3eb24c419f3969e9ded2b45d" member_type: VOTER last_known_addr { host: "127.19.78.2" port: 40433 } attrs { replace: true } } peers { permanent_uuid: "cabb5e77bdce41529d185cf5cd23fa23" member_type: VOTER last_known_addr { host: "127.19.78.3" port: 32839 } } peers { permanent_uuid: "3967da77ac4e4147b771d192079518e2" member_type: NON_VOTER last_known_addr { host: "127.19.78.4" port: 38951 } attrs { promote: true } } }
I20260710 11:00:24.657859 20771 catalog_manager.cc:5697] T c45a95ca93d54fc5ae2b6dad3df84e2b P 6443901f3eb24c419f3969e9ded2b45d reported cstate change: config changed from index -1 to 2, NON_VOTER 3967da77ac4e4147b771d192079518e2 (127.19.78.4) added. New cstate: current_term: 1 leader_uuid: "cabb5e77bdce41529d185cf5cd23fa23" committed_config { opid_index: 2 OBSOLETE_local: false peers { permanent_uuid: "18f3f7009b5a4d798a63dff0b8c6ab7f" member_type: VOTER last_known_addr { host: "127.19.78.1" port: 38287 } } peers { permanent_uuid: "6443901f3eb24c419f3969e9ded2b45d" member_type: VOTER last_known_addr { host: "127.19.78.2" port: 40433 } attrs { replace: true } } peers { permanent_uuid: "cabb5e77bdce41529d185cf5cd23fa23" member_type: VOTER last_known_addr { host: "127.19.78.3" port: 32839 } } peers { permanent_uuid: "3967da77ac4e4147b771d192079518e2" member_type: NON_VOTER last_known_addr { host: "127.19.78.4" port: 38951 } attrs { promote: true } } }
I20260710 11:00:24.662094 20942 consensus_queue.cc:237] T 204ff79a56274412bcf1b812e4569620 P 6443901f3eb24c419f3969e9ded2b45d [LEADER]: Queue going to LEADER mode. State: All replicated index: 0, Majority replicated index: 1, Committed index: 1, Last appended: 2.1, Last appended by leader: 0, Current term: 2, Majority size: 2, State: 0, Mode: LEADER, active raft config: opid_index: 2 OBSOLETE_local: false peers { permanent_uuid: "18f3f7009b5a4d798a63dff0b8c6ab7f" member_type: VOTER last_known_addr { host: "127.19.78.1" port: 38287 } } peers { permanent_uuid: "6443901f3eb24c419f3969e9ded2b45d" member_type: VOTER last_known_addr { host: "127.19.78.2" port: 40433 } } peers { permanent_uuid: "cabb5e77bdce41529d185cf5cd23fa23" member_type: VOTER last_known_addr { host: "127.19.78.3" port: 32839 } attrs { replace: true } } peers { permanent_uuid: "3967da77ac4e4147b771d192079518e2" member_type: NON_VOTER last_known_addr { host: "127.19.78.4" port: 38951 } attrs { promote: true } }
I20260710 11:00:24.668869 21019 raft_consensus.cc:1275] T 204ff79a56274412bcf1b812e4569620 P cabb5e77bdce41529d185cf5cd23fa23 [term 2 FOLLOWER]: Refusing update from remote peer 6443901f3eb24c419f3969e9ded2b45d: Log matching property violated. Preceding OpId in replica: term: 2 index: 1. Preceding OpId from leader: term: 2 index: 2. (index mismatch)
I20260710 11:00:24.669075 20871 raft_consensus.cc:1275] T 204ff79a56274412bcf1b812e4569620 P 18f3f7009b5a4d798a63dff0b8c6ab7f [term 2 FOLLOWER]: Refusing update from remote peer 6443901f3eb24c419f3969e9ded2b45d: Log matching property violated. Preceding OpId in replica: term: 2 index: 1. Preceding OpId from leader: term: 2 index: 2. (index mismatch)
W20260710 11:00:24.669201 20914 consensus_peers.cc:597] T 204ff79a56274412bcf1b812e4569620 P 6443901f3eb24c419f3969e9ded2b45d -> Peer 3967da77ac4e4147b771d192079518e2 (127.19.78.4:38951): Couldn't send request to peer 3967da77ac4e4147b771d192079518e2. Error code: TABLET_NOT_FOUND (6). Status: Not found: Tablet not found: 204ff79a56274412bcf1b812e4569620. This is attempt 1: this message will repeat every 5th retry.
I20260710 11:00:24.670432 21623 consensus_queue.cc:1048] T 204ff79a56274412bcf1b812e4569620 P 6443901f3eb24c419f3969e9ded2b45d [LEADER]: Connected to new peer: Peer: permanent_uuid: "cabb5e77bdce41529d185cf5cd23fa23" member_type: VOTER last_known_addr { host: "127.19.78.3" port: 32839 } attrs { replace: true }, Status: LMP_MISMATCH, Last received: 0.0, Next index: 2, Last known committed idx: 1, Time since last communication: 0.001s
I20260710 11:00:24.671222 21590 consensus_queue.cc:1048] T 204ff79a56274412bcf1b812e4569620 P 6443901f3eb24c419f3969e9ded2b45d [LEADER]: Connected to new peer: Peer: permanent_uuid: "18f3f7009b5a4d798a63dff0b8c6ab7f" member_type: VOTER last_known_addr { host: "127.19.78.1" port: 38287 }, Status: LMP_MISMATCH, Last received: 0.0, Next index: 2, Last known committed idx: 1, Time since last communication: 0.000s
I20260710 11:00:24.681155 21590 raft_consensus.cc:2955] T 204ff79a56274412bcf1b812e4569620 P 6443901f3eb24c419f3969e9ded2b45d [term 2 LEADER]: Committing config change with OpId 2.2: config changed from index -1 to 2, NON_VOTER 3967da77ac4e4147b771d192079518e2 (127.19.78.4) added. New config: { opid_index: 2 OBSOLETE_local: false peers { permanent_uuid: "18f3f7009b5a4d798a63dff0b8c6ab7f" member_type: VOTER last_known_addr { host: "127.19.78.1" port: 38287 } } peers { permanent_uuid: "6443901f3eb24c419f3969e9ded2b45d" member_type: VOTER last_known_addr { host: "127.19.78.2" port: 40433 } } peers { permanent_uuid: "cabb5e77bdce41529d185cf5cd23fa23" member_type: VOTER last_known_addr { host: "127.19.78.3" port: 32839 } attrs { replace: true } } peers { permanent_uuid: "3967da77ac4e4147b771d192079518e2" member_type: NON_VOTER last_known_addr { host: "127.19.78.4" port: 38951 } attrs { promote: true } } }
I20260710 11:00:24.684773 20871 raft_consensus.cc:2955] T 204ff79a56274412bcf1b812e4569620 P 18f3f7009b5a4d798a63dff0b8c6ab7f [term 2 FOLLOWER]: Committing config change with OpId 2.2: config changed from index -1 to 2, NON_VOTER 3967da77ac4e4147b771d192079518e2 (127.19.78.4) added. New config: { opid_index: 2 OBSOLETE_local: false peers { permanent_uuid: "18f3f7009b5a4d798a63dff0b8c6ab7f" member_type: VOTER last_known_addr { host: "127.19.78.1" port: 38287 } } peers { permanent_uuid: "6443901f3eb24c419f3969e9ded2b45d" member_type: VOTER last_known_addr { host: "127.19.78.2" port: 40433 } } peers { permanent_uuid: "cabb5e77bdce41529d185cf5cd23fa23" member_type: VOTER last_known_addr { host: "127.19.78.3" port: 32839 } attrs { replace: true } } peers { permanent_uuid: "3967da77ac4e4147b771d192079518e2" member_type: NON_VOTER last_known_addr { host: "127.19.78.4" port: 38951 } attrs { promote: true } } }
I20260710 11:00:24.686861 21019 raft_consensus.cc:2955] T 204ff79a56274412bcf1b812e4569620 P cabb5e77bdce41529d185cf5cd23fa23 [term 2 FOLLOWER]: Committing config change with OpId 2.2: config changed from index -1 to 2, NON_VOTER 3967da77ac4e4147b771d192079518e2 (127.19.78.4) added. New config: { opid_index: 2 OBSOLETE_local: false peers { permanent_uuid: "18f3f7009b5a4d798a63dff0b8c6ab7f" member_type: VOTER last_known_addr { host: "127.19.78.1" port: 38287 } } peers { permanent_uuid: "6443901f3eb24c419f3969e9ded2b45d" member_type: VOTER last_known_addr { host: "127.19.78.2" port: 40433 } } peers { permanent_uuid: "cabb5e77bdce41529d185cf5cd23fa23" member_type: VOTER last_known_addr { host: "127.19.78.3" port: 32839 } attrs { replace: true } } peers { permanent_uuid: "3967da77ac4e4147b771d192079518e2" member_type: NON_VOTER last_known_addr { host: "127.19.78.4" port: 38951 } attrs { promote: true } } }
I20260710 11:00:24.693822 20768 catalog_manager.cc:5697] T 204ff79a56274412bcf1b812e4569620 P 6443901f3eb24c419f3969e9ded2b45d reported cstate change: config changed from index -1 to 2, NON_VOTER 3967da77ac4e4147b771d192079518e2 (127.19.78.4) added. New cstate: current_term: 2 leader_uuid: "6443901f3eb24c419f3969e9ded2b45d" committed_config { opid_index: 2 OBSOLETE_local: false peers { permanent_uuid: "18f3f7009b5a4d798a63dff0b8c6ab7f" member_type: VOTER last_known_addr { host: "127.19.78.1" port: 38287 } health_report { overall_health: HEALTHY } } peers { permanent_uuid: "6443901f3eb24c419f3969e9ded2b45d" member_type: VOTER last_known_addr { host: "127.19.78.2" port: 40433 } health_report { overall_health: HEALTHY } } peers { permanent_uuid: "cabb5e77bdce41529d185cf5cd23fa23" member_type: VOTER last_known_addr { host: "127.19.78.3" port: 32839 } attrs { replace: true } health_report { overall_health: HEALTHY } } peers { permanent_uuid: "3967da77ac4e4147b771d192079518e2" member_type: NON_VOTER last_known_addr { host: "127.19.78.4" port: 38951 } attrs { promote: true } health_report { overall_health: UNKNOWN } } }
I20260710 11:00:25.106832 21629 ts_tablet_manager.cc:933] T c45a95ca93d54fc5ae2b6dad3df84e2b P 3967da77ac4e4147b771d192079518e2: Initiating tablet copy from peer cabb5e77bdce41529d185cf5cd23fa23 (127.19.78.3:32839)
I20260710 11:00:25.109182 21629 tablet_copy_client.cc:323] T c45a95ca93d54fc5ae2b6dad3df84e2b P 3967da77ac4e4147b771d192079518e2: tablet copy: Beginning tablet copy session from remote peer at address 127.19.78.3:32839
I20260710 11:00:25.111193 21032 tablet_copy_service.cc:140] P cabb5e77bdce41529d185cf5cd23fa23: Received BeginTabletCopySession request for tablet c45a95ca93d54fc5ae2b6dad3df84e2b from peer 3967da77ac4e4147b771d192079518e2 ({username='slave'} at 127.0.0.1:37014)
I20260710 11:00:25.111841 21032 tablet_copy_service.cc:161] P cabb5e77bdce41529d185cf5cd23fa23: Beginning new tablet copy session on tablet c45a95ca93d54fc5ae2b6dad3df84e2b from peer 3967da77ac4e4147b771d192079518e2 at {username='slave'} at 127.0.0.1:37014: session id = 3967da77ac4e4147b771d192079518e2-c45a95ca93d54fc5ae2b6dad3df84e2b
I20260710 11:00:25.119601 21032 tablet_copy_source_session.cc:215] T c45a95ca93d54fc5ae2b6dad3df84e2b P cabb5e77bdce41529d185cf5cd23fa23: Tablet Copy: opened 0 blocks and 1 log segments
I20260710 11:00:25.122957 21629 data_dirs.cc:400] Could only allocate 1 dirs of requested 3 for tablet c45a95ca93d54fc5ae2b6dad3df84e2b. 1 dirs total, 0 dirs full, 0 dirs failed
I20260710 11:00:25.139340 21629 tablet_copy_client.cc:806] T c45a95ca93d54fc5ae2b6dad3df84e2b P 3967da77ac4e4147b771d192079518e2: tablet copy: Starting download of 0 data blocks...
I20260710 11:00:25.140025 21629 tablet_copy_client.cc:670] T c45a95ca93d54fc5ae2b6dad3df84e2b P 3967da77ac4e4147b771d192079518e2: tablet copy: Starting download of 1 WAL segments...
I20260710 11:00:25.144116 21629 tablet_copy_client.cc:538] T c45a95ca93d54fc5ae2b6dad3df84e2b P 3967da77ac4e4147b771d192079518e2: tablet copy: Tablet Copy complete. Replacing tablet superblock.
I20260710 11:00:25.150285 21629 tablet_bootstrap.cc:492] T c45a95ca93d54fc5ae2b6dad3df84e2b P 3967da77ac4e4147b771d192079518e2: Bootstrap starting.
I20260710 11:00:25.167330 21629 tablet_bootstrap.cc:492] T c45a95ca93d54fc5ae2b6dad3df84e2b P 3967da77ac4e4147b771d192079518e2: Bootstrap replayed 1/1 log segments. Stats: ops{read=2 overwritten=0 applied=2 ignored=0} inserts{seen=0 ignored=0} mutations{seen=0 ignored=0} orphaned_commits=0. Pending: 0 replicates
I20260710 11:00:25.168073 21629 tablet_bootstrap.cc:492] T c45a95ca93d54fc5ae2b6dad3df84e2b P 3967da77ac4e4147b771d192079518e2: Bootstrap complete.
I20260710 11:00:25.168622 21629 ts_tablet_manager.cc:1403] T c45a95ca93d54fc5ae2b6dad3df84e2b P 3967da77ac4e4147b771d192079518e2: Time spent bootstrapping tablet: real 0.019s	user 0.016s	sys 0.004s
I20260710 11:00:25.171260 21629 raft_consensus.cc:359] T c45a95ca93d54fc5ae2b6dad3df84e2b P 3967da77ac4e4147b771d192079518e2 [term 1 LEARNER]: Replica starting. Triggering 0 pending ops. Active config: opid_index: 2 OBSOLETE_local: false peers { permanent_uuid: "18f3f7009b5a4d798a63dff0b8c6ab7f" member_type: VOTER last_known_addr { host: "127.19.78.1" port: 38287 } } peers { permanent_uuid: "6443901f3eb24c419f3969e9ded2b45d" member_type: VOTER last_known_addr { host: "127.19.78.2" port: 40433 } attrs { replace: true } } peers { permanent_uuid: "cabb5e77bdce41529d185cf5cd23fa23" member_type: VOTER last_known_addr { host: "127.19.78.3" port: 32839 } } peers { permanent_uuid: "3967da77ac4e4147b771d192079518e2" member_type: NON_VOTER last_known_addr { host: "127.19.78.4" port: 38951 } attrs { promote: true } }
I20260710 11:00:25.172168 21629 raft_consensus.cc:740] T c45a95ca93d54fc5ae2b6dad3df84e2b P 3967da77ac4e4147b771d192079518e2 [term 1 LEARNER]: Becoming Follower/Learner. State: Replica: 3967da77ac4e4147b771d192079518e2, State: Initialized, Role: LEARNER
I20260710 11:00:25.172683 21629 consensus_queue.cc:260] T c45a95ca93d54fc5ae2b6dad3df84e2b P 3967da77ac4e4147b771d192079518e2 [NON_LEADER]: Queue going to NON_LEADER mode. State: All replicated index: 0, Majority replicated index: 0, Committed index: 2, Last appended: 1.2, Last appended by leader: 2, Current term: 0, Majority size: -1, State: 0, Mode: NON_LEADER, active raft config: opid_index: 2 OBSOLETE_local: false peers { permanent_uuid: "18f3f7009b5a4d798a63dff0b8c6ab7f" member_type: VOTER last_known_addr { host: "127.19.78.1" port: 38287 } } peers { permanent_uuid: "6443901f3eb24c419f3969e9ded2b45d" member_type: VOTER last_known_addr { host: "127.19.78.2" port: 40433 } attrs { replace: true } } peers { permanent_uuid: "cabb5e77bdce41529d185cf5cd23fa23" member_type: VOTER last_known_addr { host: "127.19.78.3" port: 32839 } } peers { permanent_uuid: "3967da77ac4e4147b771d192079518e2" member_type: NON_VOTER last_known_addr { host: "127.19.78.4" port: 38951 } attrs { promote: true } }
I20260710 11:00:25.176337 21629 ts_tablet_manager.cc:1434] T c45a95ca93d54fc5ae2b6dad3df84e2b P 3967da77ac4e4147b771d192079518e2: Time spent starting tablet: real 0.007s	user 0.004s	sys 0.005s
I20260710 11:00:25.177963 21032 tablet_copy_service.cc:342] P cabb5e77bdce41529d185cf5cd23fa23: Request end of tablet copy session 3967da77ac4e4147b771d192079518e2-c45a95ca93d54fc5ae2b6dad3df84e2b received from {username='slave'} at 127.0.0.1:37014
I20260710 11:00:25.178433 21032 tablet_copy_service.cc:434] P cabb5e77bdce41529d185cf5cd23fa23: ending tablet copy session 3967da77ac4e4147b771d192079518e2-c45a95ca93d54fc5ae2b6dad3df84e2b on tablet c45a95ca93d54fc5ae2b6dad3df84e2b with peer 3967da77ac4e4147b771d192079518e2
I20260710 11:00:25.195724 21629 ts_tablet_manager.cc:933] T 204ff79a56274412bcf1b812e4569620 P 3967da77ac4e4147b771d192079518e2: Initiating tablet copy from peer 6443901f3eb24c419f3969e9ded2b45d (127.19.78.2:40433)
I20260710 11:00:25.197155 21629 tablet_copy_client.cc:323] T 204ff79a56274412bcf1b812e4569620 P 3967da77ac4e4147b771d192079518e2: tablet copy: Beginning tablet copy session from remote peer at address 127.19.78.2:40433
I20260710 11:00:25.198912 20957 tablet_copy_service.cc:140] P 6443901f3eb24c419f3969e9ded2b45d: Received BeginTabletCopySession request for tablet 204ff79a56274412bcf1b812e4569620 from peer 3967da77ac4e4147b771d192079518e2 ({username='slave'} at 127.0.0.1:46022)
I20260710 11:00:25.199476 20957 tablet_copy_service.cc:161] P 6443901f3eb24c419f3969e9ded2b45d: Beginning new tablet copy session on tablet 204ff79a56274412bcf1b812e4569620 from peer 3967da77ac4e4147b771d192079518e2 at {username='slave'} at 127.0.0.1:46022: session id = 3967da77ac4e4147b771d192079518e2-204ff79a56274412bcf1b812e4569620
I20260710 11:00:25.206070 20957 tablet_copy_source_session.cc:215] T 204ff79a56274412bcf1b812e4569620 P 6443901f3eb24c419f3969e9ded2b45d: Tablet Copy: opened 0 blocks and 1 log segments
I20260710 11:00:25.209097 21629 data_dirs.cc:400] Could only allocate 1 dirs of requested 3 for tablet 204ff79a56274412bcf1b812e4569620. 1 dirs total, 0 dirs full, 0 dirs failed
I20260710 11:00:25.223016 21629 tablet_copy_client.cc:806] T 204ff79a56274412bcf1b812e4569620 P 3967da77ac4e4147b771d192079518e2: tablet copy: Starting download of 0 data blocks...
I20260710 11:00:25.223510 21629 tablet_copy_client.cc:670] T 204ff79a56274412bcf1b812e4569620 P 3967da77ac4e4147b771d192079518e2: tablet copy: Starting download of 1 WAL segments...
I20260710 11:00:25.226534 21629 tablet_copy_client.cc:538] T 204ff79a56274412bcf1b812e4569620 P 3967da77ac4e4147b771d192079518e2: tablet copy: Tablet Copy complete. Replacing tablet superblock.
I20260710 11:00:25.231937 21629 tablet_bootstrap.cc:492] T 204ff79a56274412bcf1b812e4569620 P 3967da77ac4e4147b771d192079518e2: Bootstrap starting.
I20260710 11:00:25.247331 21629 tablet_bootstrap.cc:492] T 204ff79a56274412bcf1b812e4569620 P 3967da77ac4e4147b771d192079518e2: Bootstrap replayed 1/1 log segments. Stats: ops{read=2 overwritten=0 applied=2 ignored=0} inserts{seen=0 ignored=0} mutations{seen=0 ignored=0} orphaned_commits=0. Pending: 0 replicates
I20260710 11:00:25.248188 21629 tablet_bootstrap.cc:492] T 204ff79a56274412bcf1b812e4569620 P 3967da77ac4e4147b771d192079518e2: Bootstrap complete.
I20260710 11:00:25.248809 21629 ts_tablet_manager.cc:1403] T 204ff79a56274412bcf1b812e4569620 P 3967da77ac4e4147b771d192079518e2: Time spent bootstrapping tablet: real 0.017s	user 0.008s	sys 0.009s
I20260710 11:00:25.251593 21629 raft_consensus.cc:359] T 204ff79a56274412bcf1b812e4569620 P 3967da77ac4e4147b771d192079518e2 [term 2 LEARNER]: Replica starting. Triggering 0 pending ops. Active config: opid_index: 2 OBSOLETE_local: false peers { permanent_uuid: "18f3f7009b5a4d798a63dff0b8c6ab7f" member_type: VOTER last_known_addr { host: "127.19.78.1" port: 38287 } } peers { permanent_uuid: "6443901f3eb24c419f3969e9ded2b45d" member_type: VOTER last_known_addr { host: "127.19.78.2" port: 40433 } } peers { permanent_uuid: "cabb5e77bdce41529d185cf5cd23fa23" member_type: VOTER last_known_addr { host: "127.19.78.3" port: 32839 } attrs { replace: true } } peers { permanent_uuid: "3967da77ac4e4147b771d192079518e2" member_type: NON_VOTER last_known_addr { host: "127.19.78.4" port: 38951 } attrs { promote: true } }
I20260710 11:00:25.252120 21629 raft_consensus.cc:740] T 204ff79a56274412bcf1b812e4569620 P 3967da77ac4e4147b771d192079518e2 [term 2 LEARNER]: Becoming Follower/Learner. State: Replica: 3967da77ac4e4147b771d192079518e2, State: Initialized, Role: LEARNER
I20260710 11:00:25.252586 21629 consensus_queue.cc:260] T 204ff79a56274412bcf1b812e4569620 P 3967da77ac4e4147b771d192079518e2 [NON_LEADER]: Queue going to NON_LEADER mode. State: All replicated index: 0, Majority replicated index: 0, Committed index: 2, Last appended: 2.2, Last appended by leader: 2, Current term: 0, Majority size: -1, State: 0, Mode: NON_LEADER, active raft config: opid_index: 2 OBSOLETE_local: false peers { permanent_uuid: "18f3f7009b5a4d798a63dff0b8c6ab7f" member_type: VOTER last_known_addr { host: "127.19.78.1" port: 38287 } } peers { permanent_uuid: "6443901f3eb24c419f3969e9ded2b45d" member_type: VOTER last_known_addr { host: "127.19.78.2" port: 40433 } } peers { permanent_uuid: "cabb5e77bdce41529d185cf5cd23fa23" member_type: VOTER last_known_addr { host: "127.19.78.3" port: 32839 } attrs { replace: true } } peers { permanent_uuid: "3967da77ac4e4147b771d192079518e2" member_type: NON_VOTER last_known_addr { host: "127.19.78.4" port: 38951 } attrs { promote: true } }
I20260710 11:00:25.254592 21629 ts_tablet_manager.cc:1434] T 204ff79a56274412bcf1b812e4569620 P 3967da77ac4e4147b771d192079518e2: Time spent starting tablet: real 0.005s	user 0.005s	sys 0.000s
I20260710 11:00:25.256150 20957 tablet_copy_service.cc:342] P 6443901f3eb24c419f3969e9ded2b45d: Request end of tablet copy session 3967da77ac4e4147b771d192079518e2-204ff79a56274412bcf1b812e4569620 received from {username='slave'} at 127.0.0.1:46022
I20260710 11:00:25.256567 20957 tablet_copy_service.cc:434] P 6443901f3eb24c419f3969e9ded2b45d: ending tablet copy session 3967da77ac4e4147b771d192079518e2-204ff79a56274412bcf1b812e4569620 on tablet 204ff79a56274412bcf1b812e4569620 with peer 3967da77ac4e4147b771d192079518e2
I20260710 11:00:25.606160 21286 raft_consensus.cc:1217] T c45a95ca93d54fc5ae2b6dad3df84e2b P 3967da77ac4e4147b771d192079518e2 [term 1 LEARNER]: Deduplicated request from leader. Original: 1.1->[1.2-1.2]   Dedup: 1.2->[]
I20260710 11:00:25.646915 21288 raft_consensus.cc:1217] T 204ff79a56274412bcf1b812e4569620 P 3967da77ac4e4147b771d192079518e2 [term 2 LEARNER]: Deduplicated request from leader. Original: 2.1->[2.2-2.2]   Dedup: 2.2->[]
I20260710 11:00:26.511504 21616 raft_consensus.cc:1064] T c45a95ca93d54fc5ae2b6dad3df84e2b P cabb5e77bdce41529d185cf5cd23fa23: attempting to promote NON_VOTER 3967da77ac4e4147b771d192079518e2 to VOTER
I20260710 11:00:26.551329 21639 raft_consensus.cc:1064] T 204ff79a56274412bcf1b812e4569620 P 6443901f3eb24c419f3969e9ded2b45d: attempting to promote NON_VOTER 3967da77ac4e4147b771d192079518e2 to VOTER
I20260710 11:00:26.554026 21639 consensus_queue.cc:237] T 204ff79a56274412bcf1b812e4569620 P 6443901f3eb24c419f3969e9ded2b45d [LEADER]: Queue going to LEADER mode. State: All replicated index: 0, Majority replicated index: 2, Committed index: 2, Last appended: 2.2, Last appended by leader: 0, Current term: 2, Majority size: 3, State: 0, Mode: LEADER, active raft config: opid_index: 3 OBSOLETE_local: false peers { permanent_uuid: "18f3f7009b5a4d798a63dff0b8c6ab7f" member_type: VOTER last_known_addr { host: "127.19.78.1" port: 38287 } } peers { permanent_uuid: "6443901f3eb24c419f3969e9ded2b45d" member_type: VOTER last_known_addr { host: "127.19.78.2" port: 40433 } } peers { permanent_uuid: "cabb5e77bdce41529d185cf5cd23fa23" member_type: VOTER last_known_addr { host: "127.19.78.3" port: 32839 } attrs { replace: true } } peers { permanent_uuid: "3967da77ac4e4147b771d192079518e2" member_type: VOTER last_known_addr { host: "127.19.78.4" port: 38951 } attrs { promote: false } }
I20260710 11:00:26.561831 21616 consensus_queue.cc:237] T c45a95ca93d54fc5ae2b6dad3df84e2b P cabb5e77bdce41529d185cf5cd23fa23 [LEADER]: Queue going to LEADER mode. State: All replicated index: 0, Majority replicated index: 2, Committed index: 2, Last appended: 1.2, Last appended by leader: 0, Current term: 1, Majority size: 3, State: 0, Mode: LEADER, active raft config: opid_index: 3 OBSOLETE_local: false peers { permanent_uuid: "18f3f7009b5a4d798a63dff0b8c6ab7f" member_type: VOTER last_known_addr { host: "127.19.78.1" port: 38287 } } peers { permanent_uuid: "6443901f3eb24c419f3969e9ded2b45d" member_type: VOTER last_known_addr { host: "127.19.78.2" port: 40433 } attrs { replace: true } } peers { permanent_uuid: "cabb5e77bdce41529d185cf5cd23fa23" member_type: VOTER last_known_addr { host: "127.19.78.3" port: 32839 } } peers { permanent_uuid: "3967da77ac4e4147b771d192079518e2" member_type: VOTER last_known_addr { host: "127.19.78.4" port: 38951 } attrs { promote: false } }
I20260710 11:00:26.571175 20871 raft_consensus.cc:1275] T c45a95ca93d54fc5ae2b6dad3df84e2b P 18f3f7009b5a4d798a63dff0b8c6ab7f [term 1 FOLLOWER]: Refusing update from remote peer cabb5e77bdce41529d185cf5cd23fa23: Log matching property violated. Preceding OpId in replica: term: 1 index: 2. Preceding OpId from leader: term: 1 index: 3. (index mismatch)
I20260710 11:00:26.571281 20948 raft_consensus.cc:1275] T c45a95ca93d54fc5ae2b6dad3df84e2b P 6443901f3eb24c419f3969e9ded2b45d [term 1 FOLLOWER]: Refusing update from remote peer cabb5e77bdce41529d185cf5cd23fa23: Log matching property violated. Preceding OpId in replica: term: 1 index: 2. Preceding OpId from leader: term: 1 index: 3. (index mismatch)
I20260710 11:00:26.573248 21647 consensus_queue.cc:1048] T c45a95ca93d54fc5ae2b6dad3df84e2b P cabb5e77bdce41529d185cf5cd23fa23 [LEADER]: Connected to new peer: Peer: permanent_uuid: "6443901f3eb24c419f3969e9ded2b45d" member_type: VOTER last_known_addr { host: "127.19.78.2" port: 40433 } attrs { replace: true }, Status: LMP_MISMATCH, Last received: 0.0, Next index: 3, Last known committed idx: 2, Time since last communication: 0.001s
I20260710 11:00:26.575186 21641 consensus_queue.cc:1048] T c45a95ca93d54fc5ae2b6dad3df84e2b P cabb5e77bdce41529d185cf5cd23fa23 [LEADER]: Connected to new peer: Peer: permanent_uuid: "18f3f7009b5a4d798a63dff0b8c6ab7f" member_type: VOTER last_known_addr { host: "127.19.78.1" port: 38287 }, Status: LMP_MISMATCH, Last received: 0.0, Next index: 3, Last known committed idx: 2, Time since last communication: 0.000s
I20260710 11:00:26.576823 21286 raft_consensus.cc:1275] T c45a95ca93d54fc5ae2b6dad3df84e2b P 3967da77ac4e4147b771d192079518e2 [term 1 LEARNER]: Refusing update from remote peer cabb5e77bdce41529d185cf5cd23fa23: Log matching property violated. Preceding OpId in replica: term: 1 index: 2. Preceding OpId from leader: term: 1 index: 3. (index mismatch)
I20260710 11:00:26.577960 21288 raft_consensus.cc:1275] T 204ff79a56274412bcf1b812e4569620 P 3967da77ac4e4147b771d192079518e2 [term 2 LEARNER]: Refusing update from remote peer 6443901f3eb24c419f3969e9ded2b45d: Log matching property violated. Preceding OpId in replica: term: 2 index: 2. Preceding OpId from leader: term: 2 index: 3. (index mismatch)
I20260710 11:00:26.580085 21642 consensus_queue.cc:1048] T 204ff79a56274412bcf1b812e4569620 P 6443901f3eb24c419f3969e9ded2b45d [LEADER]: Connected to new peer: Peer: permanent_uuid: "3967da77ac4e4147b771d192079518e2" member_type: VOTER last_known_addr { host: "127.19.78.4" port: 38951 } attrs { promote: false }, Status: LMP_MISMATCH, Last received: 0.0, Next index: 3, Last known committed idx: 2, Time since last communication: 0.001s
I20260710 11:00:26.578333 21647 consensus_queue.cc:1048] T c45a95ca93d54fc5ae2b6dad3df84e2b P cabb5e77bdce41529d185cf5cd23fa23 [LEADER]: Connected to new peer: Peer: permanent_uuid: "3967da77ac4e4147b771d192079518e2" member_type: VOTER last_known_addr { host: "127.19.78.4" port: 38951 } attrs { promote: false }, Status: LMP_MISMATCH, Last received: 0.0, Next index: 3, Last known committed idx: 2, Time since last communication: 0.000s
I20260710 11:00:26.583854 21022 raft_consensus.cc:1275] T 204ff79a56274412bcf1b812e4569620 P cabb5e77bdce41529d185cf5cd23fa23 [term 2 FOLLOWER]: Refusing update from remote peer 6443901f3eb24c419f3969e9ded2b45d: Log matching property violated. Preceding OpId in replica: term: 2 index: 2. Preceding OpId from leader: term: 2 index: 3. (index mismatch)
I20260710 11:00:26.585830 21642 consensus_queue.cc:1048] T 204ff79a56274412bcf1b812e4569620 P 6443901f3eb24c419f3969e9ded2b45d [LEADER]: Connected to new peer: Peer: permanent_uuid: "cabb5e77bdce41529d185cf5cd23fa23" member_type: VOTER last_known_addr { host: "127.19.78.3" port: 32839 } attrs { replace: true }, Status: LMP_MISMATCH, Last received: 0.0, Next index: 3, Last known committed idx: 2, Time since last communication: 0.000s
I20260710 11:00:26.597703 20870 raft_consensus.cc:1275] T 204ff79a56274412bcf1b812e4569620 P 18f3f7009b5a4d798a63dff0b8c6ab7f [term 2 FOLLOWER]: Refusing update from remote peer 6443901f3eb24c419f3969e9ded2b45d: Log matching property violated. Preceding OpId in replica: term: 2 index: 2. Preceding OpId from leader: term: 2 index: 3. (index mismatch)
I20260710 11:00:26.599288 21641 raft_consensus.cc:2955] T c45a95ca93d54fc5ae2b6dad3df84e2b P cabb5e77bdce41529d185cf5cd23fa23 [term 1 LEADER]: Committing config change with OpId 1.3: config changed from index 2 to 3, 3967da77ac4e4147b771d192079518e2 (127.19.78.4) changed from NON_VOTER to VOTER. New config: { opid_index: 3 OBSOLETE_local: false peers { permanent_uuid: "18f3f7009b5a4d798a63dff0b8c6ab7f" member_type: VOTER last_known_addr { host: "127.19.78.1" port: 38287 } } peers { permanent_uuid: "6443901f3eb24c419f3969e9ded2b45d" member_type: VOTER last_known_addr { host: "127.19.78.2" port: 40433 } attrs { replace: true } } peers { permanent_uuid: "cabb5e77bdce41529d185cf5cd23fa23" member_type: VOTER last_known_addr { host: "127.19.78.3" port: 32839 } } peers { permanent_uuid: "3967da77ac4e4147b771d192079518e2" member_type: VOTER last_known_addr { host: "127.19.78.4" port: 38951 } attrs { promote: false } } }
I20260710 11:00:26.603956 21638 consensus_queue.cc:1048] T 204ff79a56274412bcf1b812e4569620 P 6443901f3eb24c419f3969e9ded2b45d [LEADER]: Connected to new peer: Peer: permanent_uuid: "18f3f7009b5a4d798a63dff0b8c6ab7f" member_type: VOTER last_known_addr { host: "127.19.78.1" port: 38287 }, Status: LMP_MISMATCH, Last received: 0.0, Next index: 3, Last known committed idx: 2, Time since last communication: 0.001s
I20260710 11:00:26.605165 20948 raft_consensus.cc:2955] T c45a95ca93d54fc5ae2b6dad3df84e2b P 6443901f3eb24c419f3969e9ded2b45d [term 1 FOLLOWER]: Committing config change with OpId 1.3: config changed from index 2 to 3, 3967da77ac4e4147b771d192079518e2 (127.19.78.4) changed from NON_VOTER to VOTER. New config: { opid_index: 3 OBSOLETE_local: false peers { permanent_uuid: "18f3f7009b5a4d798a63dff0b8c6ab7f" member_type: VOTER last_known_addr { host: "127.19.78.1" port: 38287 } } peers { permanent_uuid: "6443901f3eb24c419f3969e9ded2b45d" member_type: VOTER last_known_addr { host: "127.19.78.2" port: 40433 } attrs { replace: true } } peers { permanent_uuid: "cabb5e77bdce41529d185cf5cd23fa23" member_type: VOTER last_known_addr { host: "127.19.78.3" port: 32839 } } peers { permanent_uuid: "3967da77ac4e4147b771d192079518e2" member_type: VOTER last_known_addr { host: "127.19.78.4" port: 38951 } attrs { promote: false } } }
