I20260710 11:01:57.407855 13904 catalog_manager.cc:5697] T 18cc0a9e0f194501b51e4e3143eb3c56 P 064b18220b6d48419a2994da347350d5 reported cstate change: term changed from 0 to 1, leader changed from <none> to 064b18220b6d48419a2994da347350d5 (127.13.5.194). New cstate: current_term: 1 leader_uuid: "064b18220b6d48419a2994da347350d5" committed_config { opid_index: -1 OBSOLETE_local: false peers { permanent_uuid: "fa4f0cedd075452b89848c748b7eaaa0" member_type: VOTER last_known_addr { host: "127.13.5.193" port: 43455 } health_report { overall_health: UNKNOWN } } peers { permanent_uuid: "064b18220b6d48419a2994da347350d5" member_type: VOTER last_known_addr { host: "127.13.5.194" port: 42349 } health_report { overall_health: HEALTHY } } peers { permanent_uuid: "b1a9576f107a4d93b310c4719867412d" member_type: VOTER last_known_addr { host: "127.13.5.195" port: 33063 } health_report { overall_health: UNKNOWN } } }
I20260710 11:01:57.416786 14218 raft_consensus.cc:2749] T 4bb98c0ee3a947e7b98b65691f407a76 P fa4f0cedd075452b89848c748b7eaaa0 [term 1 FOLLOWER]: Leader pre-election lost for term 1. Reason: could not achieve majority
I20260710 11:01:57.416968 14198 tablet_bootstrap.cc:654] T 746303be916a42f4b54d5d9771123676 P 064b18220b6d48419a2994da347350d5: Neither blocks nor log segments found. Creating new log.
I20260710 11:01:57.417583 14157 tablet_service.cc:1917] Received RequestConsensusVote() RPC: tablet_id: "746303be916a42f4b54d5d9771123676" candidate_uuid: "fa4f0cedd075452b89848c748b7eaaa0" candidate_term: 1 candidate_status { last_received { term: 0 index: 0 } } ignore_live_leader: false dest_uuid: "b1a9576f107a4d93b310c4719867412d"
I20260710 11:01:57.418390 14157 raft_consensus.cc:3060] T 746303be916a42f4b54d5d9771123676 P b1a9576f107a4d93b310c4719867412d [term 0 FOLLOWER]: Advancing to term 1
I20260710 11:01:57.421353 14198 tablet_bootstrap.cc:492] T 746303be916a42f4b54d5d9771123676 P 064b18220b6d48419a2994da347350d5: No bootstrap required, opened a new log
I20260710 11:01:57.422205 14198 ts_tablet_manager.cc:1403] T 746303be916a42f4b54d5d9771123676 P 064b18220b6d48419a2994da347350d5: Time spent bootstrapping tablet: real 0.012s	user 0.008s	sys 0.003s
I20260710 11:01:57.425143 14198 raft_consensus.cc:359] T 746303be916a42f4b54d5d9771123676 P 064b18220b6d48419a2994da347350d5 [term 0 FOLLOWER]: Replica starting. Triggering 0 pending ops. Active config: opid_index: -1 OBSOLETE_local: false peers { permanent_uuid: "fa4f0cedd075452b89848c748b7eaaa0" member_type: VOTER last_known_addr { host: "127.13.5.193" port: 43455 } } peers { permanent_uuid: "064b18220b6d48419a2994da347350d5" member_type: VOTER last_known_addr { host: "127.13.5.194" port: 42349 } } peers { permanent_uuid: "b1a9576f107a4d93b310c4719867412d" member_type: VOTER last_known_addr { host: "127.13.5.195" port: 33063 } }
I20260710 11:01:57.425787 14198 raft_consensus.cc:385] T 746303be916a42f4b54d5d9771123676 P 064b18220b6d48419a2994da347350d5 [term 0 FOLLOWER]: Consensus starting up: Expiring failure detector timer to make a prompt election more likely
I20260710 11:01:57.426151 14198 raft_consensus.cc:740] T 746303be916a42f4b54d5d9771123676 P 064b18220b6d48419a2994da347350d5 [term 0 FOLLOWER]: Becoming Follower/Learner. State: Replica: 064b18220b6d48419a2994da347350d5, State: Initialized, Role: FOLLOWER
I20260710 11:01:57.426190 14157 raft_consensus.cc:2468] T 746303be916a42f4b54d5d9771123676 P b1a9576f107a4d93b310c4719867412d [term 1 FOLLOWER]: Leader election vote request: Granting yes vote for candidate fa4f0cedd075452b89848c748b7eaaa0 in term 1.
I20260710 11:01:57.426816 14198 consensus_queue.cc:260] T 746303be916a42f4b54d5d9771123676 P 064b18220b6d48419a2994da347350d5 [NON_LEADER]: Queue going to NON_LEADER mode. State: All replicated index: 0, Majority replicated index: 0, Committed index: 0, Last appended: 0.0, Last appended by leader: 0, Current term: 0, Majority size: -1, State: 0, Mode: NON_LEADER, active raft config: opid_index: -1 OBSOLETE_local: false peers { permanent_uuid: "fa4f0cedd075452b89848c748b7eaaa0" member_type: VOTER last_known_addr { host: "127.13.5.193" port: 43455 } } peers { permanent_uuid: "064b18220b6d48419a2994da347350d5" member_type: VOTER last_known_addr { host: "127.13.5.194" port: 42349 } } peers { permanent_uuid: "b1a9576f107a4d93b310c4719867412d" member_type: VOTER last_known_addr { host: "127.13.5.195" port: 33063 } }
I20260710 11:01:57.428197 14198 ts_tablet_manager.cc:1434] T 746303be916a42f4b54d5d9771123676 P 064b18220b6d48419a2994da347350d5: Time spent starting tablet: real 0.006s	user 0.004s	sys 0.000s
I20260710 11:01:57.429037 14198 tablet_bootstrap.cc:492] T 1e74db60e2b141ce9460c154e3431556 P 064b18220b6d48419a2994da347350d5: Bootstrap starting.
I20260710 11:01:57.428833 13974 leader_election.cc:304] T 746303be916a42f4b54d5d9771123676 P fa4f0cedd075452b89848c748b7eaaa0 [CANDIDATE]: Term 1 election: Election decided. Result: candidate won. Election summary: received 3 responses out of 3 voters: 2 yes votes; 1 no votes. yes voters: b1a9576f107a4d93b310c4719867412d, fa4f0cedd075452b89848c748b7eaaa0; no voters: 064b18220b6d48419a2994da347350d5
I20260710 11:01:57.429675 14218 raft_consensus.cc:2804] T 746303be916a42f4b54d5d9771123676 P fa4f0cedd075452b89848c748b7eaaa0 [term 1 FOLLOWER]: Leader election won for term 1
I20260710 11:01:57.430140 14218 raft_consensus.cc:697] T 746303be916a42f4b54d5d9771123676 P fa4f0cedd075452b89848c748b7eaaa0 [term 1 LEADER]: Becoming Leader. State: Replica: fa4f0cedd075452b89848c748b7eaaa0, State: Running, Role: LEADER
I20260710 11:01:57.430912 14218 consensus_queue.cc:237] T 746303be916a42f4b54d5d9771123676 P fa4f0cedd075452b89848c748b7eaaa0 [LEADER]: Queue going to LEADER mode. State: All replicated index: 0, Majority replicated index: 0, Committed index: 0, Last appended: 0.0, Last appended by leader: 0, Current term: 1, Majority size: 2, State: 0, Mode: LEADER, active raft config: opid_index: -1 OBSOLETE_local: false peers { permanent_uuid: "fa4f0cedd075452b89848c748b7eaaa0" member_type: VOTER last_known_addr { host: "127.13.5.193" port: 43455 } } peers { permanent_uuid: "064b18220b6d48419a2994da347350d5" member_type: VOTER last_known_addr { host: "127.13.5.194" port: 42349 } } peers { permanent_uuid: "b1a9576f107a4d93b310c4719867412d" member_type: VOTER last_known_addr { host: "127.13.5.195" port: 33063 } }
I20260710 11:01:57.434949 14198 tablet_bootstrap.cc:654] T 1e74db60e2b141ce9460c154e3431556 P 064b18220b6d48419a2994da347350d5: Neither blocks nor log segments found. Creating new log.
I20260710 11:01:57.439708 14198 tablet_bootstrap.cc:492] T 1e74db60e2b141ce9460c154e3431556 P 064b18220b6d48419a2994da347350d5: No bootstrap required, opened a new log
I20260710 11:01:57.440201 14198 ts_tablet_manager.cc:1403] T 1e74db60e2b141ce9460c154e3431556 P 064b18220b6d48419a2994da347350d5: Time spent bootstrapping tablet: real 0.011s	user 0.004s	sys 0.004s
I20260710 11:01:57.439611 13907 catalog_manager.cc:5697] T 3257a978f69941769787427acb03c4cf P 064b18220b6d48419a2994da347350d5 reported cstate change: term changed from 0 to 1, leader changed from <none> to 064b18220b6d48419a2994da347350d5 (127.13.5.194). New cstate: current_term: 1 leader_uuid: "064b18220b6d48419a2994da347350d5" committed_config { opid_index: -1 OBSOLETE_local: false peers { permanent_uuid: "fa4f0cedd075452b89848c748b7eaaa0" member_type: VOTER last_known_addr { host: "127.13.5.193" port: 43455 } health_report { overall_health: UNKNOWN } } peers { permanent_uuid: "064b18220b6d48419a2994da347350d5" member_type: VOTER last_known_addr { host: "127.13.5.194" port: 42349 } health_report { overall_health: HEALTHY } } peers { permanent_uuid: "b1a9576f107a4d93b310c4719867412d" member_type: VOTER last_known_addr { host: "127.13.5.195" port: 33063 } health_report { overall_health: UNKNOWN } } }
I20260710 11:01:57.442004 14198 raft_consensus.cc:359] T 1e74db60e2b141ce9460c154e3431556 P 064b18220b6d48419a2994da347350d5 [term 0 FOLLOWER]: Replica starting. Triggering 0 pending ops. Active config: opid_index: -1 OBSOLETE_local: false peers { permanent_uuid: "fa4f0cedd075452b89848c748b7eaaa0" member_type: VOTER last_known_addr { host: "127.13.5.193" port: 43455 } } peers { permanent_uuid: "064b18220b6d48419a2994da347350d5" member_type: VOTER last_known_addr { host: "127.13.5.194" port: 42349 } } peers { permanent_uuid: "b1a9576f107a4d93b310c4719867412d" member_type: VOTER last_known_addr { host: "127.13.5.195" port: 33063 } }
I20260710 11:01:57.442576 14198 raft_consensus.cc:385] T 1e74db60e2b141ce9460c154e3431556 P 064b18220b6d48419a2994da347350d5 [term 0 FOLLOWER]: Consensus starting up: Expiring failure detector timer to make a prompt election more likely
I20260710 11:01:57.442812 14198 raft_consensus.cc:740] T 1e74db60e2b141ce9460c154e3431556 P 064b18220b6d48419a2994da347350d5 [term 0 FOLLOWER]: Becoming Follower/Learner. State: Replica: 064b18220b6d48419a2994da347350d5, State: Initialized, Role: FOLLOWER
I20260710 11:01:57.443394 14198 consensus_queue.cc:260] T 1e74db60e2b141ce9460c154e3431556 P 064b18220b6d48419a2994da347350d5 [NON_LEADER]: Queue going to NON_LEADER mode. State: All replicated index: 0, Majority replicated index: 0, Committed index: 0, Last appended: 0.0, Last appended by leader: 0, Current term: 0, Majority size: -1, State: 0, Mode: NON_LEADER, active raft config: opid_index: -1 OBSOLETE_local: false peers { permanent_uuid: "fa4f0cedd075452b89848c748b7eaaa0" member_type: VOTER last_known_addr { host: "127.13.5.193" port: 43455 } } peers { permanent_uuid: "064b18220b6d48419a2994da347350d5" member_type: VOTER last_known_addr { host: "127.13.5.194" port: 42349 } } peers { permanent_uuid: "b1a9576f107a4d93b310c4719867412d" member_type: VOTER last_known_addr { host: "127.13.5.195" port: 33063 } }
I20260710 11:01:57.444846 14198 ts_tablet_manager.cc:1434] T 1e74db60e2b141ce9460c154e3431556 P 064b18220b6d48419a2994da347350d5: Time spent starting tablet: real 0.004s	user 0.004s	sys 0.000s
I20260710 11:01:57.448561 13905 catalog_manager.cc:5697] T 746303be916a42f4b54d5d9771123676 P fa4f0cedd075452b89848c748b7eaaa0 reported cstate change: term changed from 0 to 1, leader changed from <none> to fa4f0cedd075452b89848c748b7eaaa0 (127.13.5.193). New cstate: current_term: 1 leader_uuid: "fa4f0cedd075452b89848c748b7eaaa0" committed_config { opid_index: -1 OBSOLETE_local: false peers { permanent_uuid: "fa4f0cedd075452b89848c748b7eaaa0" member_type: VOTER last_known_addr { host: "127.13.5.193" port: 43455 } health_report { overall_health: HEALTHY } } peers { permanent_uuid: "064b18220b6d48419a2994da347350d5" member_type: VOTER last_known_addr { host: "127.13.5.194" port: 42349 } health_report { overall_health: UNKNOWN } } peers { permanent_uuid: "b1a9576f107a4d93b310c4719867412d" member_type: VOTER last_known_addr { host: "127.13.5.195" port: 33063 } health_report { overall_health: UNKNOWN } } }
I20260710 11:01:57.453792 14224 raft_consensus.cc:493] T 4b4f685074654d5aa861522676ddc8ae P 064b18220b6d48419a2994da347350d5 [term 0 FOLLOWER]: Starting pre-election (no leader contacted us within the election timeout)
I20260710 11:01:57.454257 14224 raft_consensus.cc:515] T 4b4f685074654d5aa861522676ddc8ae P 064b18220b6d48419a2994da347350d5 [term 0 FOLLOWER]: Starting pre-election with config: opid_index: -1 OBSOLETE_local: false peers { permanent_uuid: "fa4f0cedd075452b89848c748b7eaaa0" member_type: VOTER last_known_addr { host: "127.13.5.193" port: 43455 } } peers { permanent_uuid: "064b18220b6d48419a2994da347350d5" member_type: VOTER last_known_addr { host: "127.13.5.194" port: 42349 } } peers { permanent_uuid: "b1a9576f107a4d93b310c4719867412d" member_type: VOTER last_known_addr { host: "127.13.5.195" port: 33063 } }
I20260710 11:01:57.456240 14224 leader_election.cc:290] T 4b4f685074654d5aa861522676ddc8ae P 064b18220b6d48419a2994da347350d5 [CANDIDATE]: Term 1 pre-election: Requested pre-vote from peers fa4f0cedd075452b89848c748b7eaaa0 (127.13.5.193:43455), b1a9576f107a4d93b310c4719867412d (127.13.5.195:33063)
I20260710 11:01:57.457878 14008 tablet_service.cc:1917] Received RequestConsensusVote() RPC: tablet_id: "4b4f685074654d5aa861522676ddc8ae" candidate_uuid: "064b18220b6d48419a2994da347350d5" candidate_term: 1 candidate_status { last_received { term: 0 index: 0 } } ignore_live_leader: false dest_uuid: "fa4f0cedd075452b89848c748b7eaaa0" is_pre_election: true
I20260710 11:01:57.458496 14008 raft_consensus.cc:2468] T 4b4f685074654d5aa861522676ddc8ae P fa4f0cedd075452b89848c748b7eaaa0 [term 0 FOLLOWER]: Leader pre-election vote request: Granting yes vote for candidate 064b18220b6d48419a2994da347350d5 in term 0.
I20260710 11:01:57.459501 14157 tablet_service.cc:1917] Received RequestConsensusVote() RPC: tablet_id: "4b4f685074654d5aa861522676ddc8ae" candidate_uuid: "064b18220b6d48419a2994da347350d5" candidate_term: 1 candidate_status { last_received { term: 0 index: 0 } } ignore_live_leader: false dest_uuid: "b1a9576f107a4d93b310c4719867412d" is_pre_election: true
I20260710 11:01:57.459652 14048 leader_election.cc:304] T 4b4f685074654d5aa861522676ddc8ae P 064b18220b6d48419a2994da347350d5 [CANDIDATE]: Term 1 pre-election: Election decided. Result: candidate won. Election summary: received 2 responses out of 3 voters: 2 yes votes; 0 no votes. yes voters: 064b18220b6d48419a2994da347350d5, fa4f0cedd075452b89848c748b7eaaa0; no voters: 
I20260710 11:01:57.460189 14157 raft_consensus.cc:2468] T 4b4f685074654d5aa861522676ddc8ae P b1a9576f107a4d93b310c4719867412d [term 0 FOLLOWER]: Leader pre-election vote request: Granting yes vote for candidate 064b18220b6d48419a2994da347350d5 in term 0.
I20260710 11:01:57.460434 14224 raft_consensus.cc:2804] T 4b4f685074654d5aa861522676ddc8ae P 064b18220b6d48419a2994da347350d5 [term 0 FOLLOWER]: Leader pre-election won for term 1
I20260710 11:01:57.460898 14224 raft_consensus.cc:493] T 4b4f685074654d5aa861522676ddc8ae P 064b18220b6d48419a2994da347350d5 [term 0 FOLLOWER]: Starting leader election (no leader contacted us within the election timeout)
I20260710 11:01:57.461231 14224 raft_consensus.cc:3060] T 4b4f685074654d5aa861522676ddc8ae P 064b18220b6d48419a2994da347350d5 [term 0 FOLLOWER]: Advancing to term 1
I20260710 11:01:57.466032 14224 raft_consensus.cc:515] T 4b4f685074654d5aa861522676ddc8ae P 064b18220b6d48419a2994da347350d5 [term 1 FOLLOWER]: Starting leader election with config: opid_index: -1 OBSOLETE_local: false peers { permanent_uuid: "fa4f0cedd075452b89848c748b7eaaa0" member_type: VOTER last_known_addr { host: "127.13.5.193" port: 43455 } } peers { permanent_uuid: "064b18220b6d48419a2994da347350d5" member_type: VOTER last_known_addr { host: "127.13.5.194" port: 42349 } } peers { permanent_uuid: "b1a9576f107a4d93b310c4719867412d" member_type: VOTER last_known_addr { host: "127.13.5.195" port: 33063 } }
I20260710 11:01:57.467672 14224 leader_election.cc:290] T 4b4f685074654d5aa861522676ddc8ae P 064b18220b6d48419a2994da347350d5 [CANDIDATE]: Term 1 election: Requested vote from peers fa4f0cedd075452b89848c748b7eaaa0 (127.13.5.193:43455), b1a9576f107a4d93b310c4719867412d (127.13.5.195:33063)
I20260710 11:01:57.468722 14008 tablet_service.cc:1917] Received RequestConsensusVote() RPC: tablet_id: "4b4f685074654d5aa861522676ddc8ae" candidate_uuid: "064b18220b6d48419a2994da347350d5" candidate_term: 1 candidate_status { last_received { term: 0 index: 0 } } ignore_live_leader: false dest_uuid: "fa4f0cedd075452b89848c748b7eaaa0"
I20260710 11:01:57.468722 14157 tablet_service.cc:1917] Received RequestConsensusVote() RPC: tablet_id: "4b4f685074654d5aa861522676ddc8ae" candidate_uuid: "064b18220b6d48419a2994da347350d5" candidate_term: 1 candidate_status { last_received { term: 0 index: 0 } } ignore_live_leader: false dest_uuid: "b1a9576f107a4d93b310c4719867412d"
I20260710 11:01:57.469692 14008 raft_consensus.cc:3060] T 4b4f685074654d5aa861522676ddc8ae P fa4f0cedd075452b89848c748b7eaaa0 [term 0 FOLLOWER]: Advancing to term 1
I20260710 11:01:57.469692 14157 raft_consensus.cc:3060] T 4b4f685074654d5aa861522676ddc8ae P b1a9576f107a4d93b310c4719867412d [term 0 FOLLOWER]: Advancing to term 1
I20260710 11:01:57.474710 14157 raft_consensus.cc:2468] T 4b4f685074654d5aa861522676ddc8ae P b1a9576f107a4d93b310c4719867412d [term 1 FOLLOWER]: Leader election vote request: Granting yes vote for candidate 064b18220b6d48419a2994da347350d5 in term 1.
I20260710 11:01:57.475355 14008 raft_consensus.cc:2468] T 4b4f685074654d5aa861522676ddc8ae P fa4f0cedd075452b89848c748b7eaaa0 [term 1 FOLLOWER]: Leader election vote request: Granting yes vote for candidate 064b18220b6d48419a2994da347350d5 in term 1.
I20260710 11:01:57.475785 14049 leader_election.cc:304] T 4b4f685074654d5aa861522676ddc8ae P 064b18220b6d48419a2994da347350d5 [CANDIDATE]: Term 1 election: Election decided. Result: candidate won. Election summary: received 2 responses out of 3 voters: 2 yes votes; 0 no votes. yes voters: 064b18220b6d48419a2994da347350d5, b1a9576f107a4d93b310c4719867412d; no voters: 
I20260710 11:01:57.476480 14224 raft_consensus.cc:2804] T 4b4f685074654d5aa861522676ddc8ae P 064b18220b6d48419a2994da347350d5 [term 1 FOLLOWER]: Leader election won for term 1
I20260710 11:01:57.476944 14224 raft_consensus.cc:697] T 4b4f685074654d5aa861522676ddc8ae P 064b18220b6d48419a2994da347350d5 [term 1 LEADER]: Becoming Leader. State: Replica: 064b18220b6d48419a2994da347350d5, State: Running, Role: LEADER
I20260710 11:01:57.477555 14224 consensus_queue.cc:237] T 4b4f685074654d5aa861522676ddc8ae P 064b18220b6d48419a2994da347350d5 [LEADER]: Queue going to LEADER mode. State: All replicated index: 0, Majority replicated index: 0, Committed index: 0, Last appended: 0.0, Last appended by leader: 0, Current term: 1, Majority size: 2, State: 0, Mode: LEADER, active raft config: opid_index: -1 OBSOLETE_local: false peers { permanent_uuid: "fa4f0cedd075452b89848c748b7eaaa0" member_type: VOTER last_known_addr { host: "127.13.5.193" port: 43455 } } peers { permanent_uuid: "064b18220b6d48419a2994da347350d5" member_type: VOTER last_known_addr { host: "127.13.5.194" port: 42349 } } peers { permanent_uuid: "b1a9576f107a4d93b310c4719867412d" member_type: VOTER last_known_addr { host: "127.13.5.195" port: 33063 } }
I20260710 11:01:57.482839 14224 raft_consensus.cc:493] T 746303be916a42f4b54d5d9771123676 P 064b18220b6d48419a2994da347350d5 [term 0 FOLLOWER]: Starting pre-election (no leader contacted us within the election timeout)
I20260710 11:01:57.483319 14224 raft_consensus.cc:515] T 746303be916a42f4b54d5d9771123676 P 064b18220b6d48419a2994da347350d5 [term 0 FOLLOWER]: Starting pre-election with config: opid_index: -1 OBSOLETE_local: false peers { permanent_uuid: "fa4f0cedd075452b89848c748b7eaaa0" member_type: VOTER last_known_addr { host: "127.13.5.193" port: 43455 } } peers { permanent_uuid: "064b18220b6d48419a2994da347350d5" member_type: VOTER last_known_addr { host: "127.13.5.194" port: 42349 } } peers { permanent_uuid: "b1a9576f107a4d93b310c4719867412d" member_type: VOTER last_known_addr { host: "127.13.5.195" port: 33063 } }
I20260710 11:01:57.486270 14224 leader_election.cc:290] T 746303be916a42f4b54d5d9771123676 P 064b18220b6d48419a2994da347350d5 [CANDIDATE]: Term 1 pre-election: Requested pre-vote from peers fa4f0cedd075452b89848c748b7eaaa0 (127.13.5.193:43455), b1a9576f107a4d93b310c4719867412d (127.13.5.195:33063)
I20260710 11:01:57.486209 14008 tablet_service.cc:1917] Received RequestConsensusVote() RPC: tablet_id: "746303be916a42f4b54d5d9771123676" candidate_uuid: "064b18220b6d48419a2994da347350d5" candidate_term: 1 candidate_status { last_received { term: 0 index: 0 } } ignore_live_leader: false dest_uuid: "fa4f0cedd075452b89848c748b7eaaa0" is_pre_election: true
I20260710 11:01:57.486747 14009 raft_consensus.cc:3060] T 3c44d5bb4cb24f38aa1ae6990ba85e8e P fa4f0cedd075452b89848c748b7eaaa0 [term 0 FOLLOWER]: Advancing to term 1
I20260710 11:01:57.486089 13905 catalog_manager.cc:5697] T 4b4f685074654d5aa861522676ddc8ae P 064b18220b6d48419a2994da347350d5 reported cstate change: term changed from 0 to 1, leader changed from <none> to 064b18220b6d48419a2994da347350d5 (127.13.5.194). New cstate: current_term: 1 leader_uuid: "064b18220b6d48419a2994da347350d5" committed_config { opid_index: -1 OBSOLETE_local: false peers { permanent_uuid: "fa4f0cedd075452b89848c748b7eaaa0" member_type: VOTER last_known_addr { host: "127.13.5.193" port: 43455 } health_report { overall_health: UNKNOWN } } peers { permanent_uuid: "064b18220b6d48419a2994da347350d5" member_type: VOTER last_known_addr { host: "127.13.5.194" port: 42349 } health_report { overall_health: HEALTHY } } peers { permanent_uuid: "b1a9576f107a4d93b310c4719867412d" member_type: VOTER last_known_addr { host: "127.13.5.195" port: 33063 } health_report { overall_health: UNKNOWN } } }
I20260710 11:01:57.487316 14157 tablet_service.cc:1917] Received RequestConsensusVote() RPC: tablet_id: "746303be916a42f4b54d5d9771123676" candidate_uuid: "064b18220b6d48419a2994da347350d5" candidate_term: 1 candidate_status { last_received { term: 0 index: 0 } } ignore_live_leader: false dest_uuid: "b1a9576f107a4d93b310c4719867412d" is_pre_election: true
I20260710 11:01:57.488169 14157 raft_consensus.cc:2393] T 746303be916a42f4b54d5d9771123676 P b1a9576f107a4d93b310c4719867412d [term 1 FOLLOWER]: Leader pre-election vote request: Denying vote to candidate 064b18220b6d48419a2994da347350d5 in current term 1: Already voted for candidate fa4f0cedd075452b89848c748b7eaaa0 in this term.
I20260710 11:01:57.489320 14049 leader_election.cc:304] T 746303be916a42f4b54d5d9771123676 P 064b18220b6d48419a2994da347350d5 [CANDIDATE]: Term 1 pre-election: Election decided. Result: candidate lost. Election summary: received 3 responses out of 3 voters: 1 yes votes; 2 no votes. yes voters: 064b18220b6d48419a2994da347350d5; no voters: b1a9576f107a4d93b310c4719867412d, fa4f0cedd075452b89848c748b7eaaa0
I20260710 11:01:57.490548 14224 raft_consensus.cc:3060] T 746303be916a42f4b54d5d9771123676 P 064b18220b6d48419a2994da347350d5 [term 0 FOLLOWER]: Advancing to term 1
I20260710 11:01:57.492780 14218 raft_consensus.cc:493] T 2643602359794a0cb11b2214265df54d P fa4f0cedd075452b89848c748b7eaaa0 [term 0 FOLLOWER]: Starting pre-election (no leader contacted us within the election timeout)
I20260710 11:01:57.493263 14218 raft_consensus.cc:515] T 2643602359794a0cb11b2214265df54d P fa4f0cedd075452b89848c748b7eaaa0 [term 0 FOLLOWER]: Starting pre-election with config: opid_index: -1 OBSOLETE_local: false peers { permanent_uuid: "fa4f0cedd075452b89848c748b7eaaa0" member_type: VOTER last_known_addr { host: "127.13.5.193" port: 43455 } } peers { permanent_uuid: "064b18220b6d48419a2994da347350d5" member_type: VOTER last_known_addr { host: "127.13.5.194" port: 42349 } } peers { permanent_uuid: "b1a9576f107a4d93b310c4719867412d" member_type: VOTER last_known_addr { host: "127.13.5.195" port: 33063 } }
I20260710 11:01:57.495383 14218 leader_election.cc:290] T 2643602359794a0cb11b2214265df54d P fa4f0cedd075452b89848c748b7eaaa0 [CANDIDATE]: Term 1 pre-election: Requested pre-vote from peers 064b18220b6d48419a2994da347350d5 (127.13.5.194:42349), b1a9576f107a4d93b310c4719867412d (127.13.5.195:33063)
I20260710 11:01:57.496347 14236 consensus_queue.cc:1048] T 3c44d5bb4cb24f38aa1ae6990ba85e8e P b1a9576f107a4d93b310c4719867412d [LEADER]: Connected to new peer: Peer: permanent_uuid: "064b18220b6d48419a2994da347350d5" member_type: VOTER last_known_addr { host: "127.13.5.194" port: 42349 }, Status: LMP_MISMATCH, Last received: 0.0, Next index: 1, Last known committed idx: 0, Time since last communication: 0.000s
I20260710 11:01:57.496533 14157 tablet_service.cc:1917] Received RequestConsensusVote() RPC: tablet_id: "2643602359794a0cb11b2214265df54d" candidate_uuid: "fa4f0cedd075452b89848c748b7eaaa0" candidate_term: 1 candidate_status { last_received { term: 0 index: 0 } } ignore_live_leader: false dest_uuid: "b1a9576f107a4d93b310c4719867412d" is_pre_election: true
I20260710 11:01:57.497119 14157 raft_consensus.cc:2468] T 2643602359794a0cb11b2214265df54d P b1a9576f107a4d93b310c4719867412d [term 0 FOLLOWER]: Leader pre-election vote request: Granting yes vote for candidate fa4f0cedd075452b89848c748b7eaaa0 in term 0.
I20260710 11:01:57.497671 14236 raft_consensus.cc:493] T 2643602359794a0cb11b2214265df54d P b1a9576f107a4d93b310c4719867412d [term 0 FOLLOWER]: Starting pre-election (no leader contacted us within the election timeout)
I20260710 11:01:57.498131 14236 raft_consensus.cc:515] T 2643602359794a0cb11b2214265df54d P b1a9576f107a4d93b310c4719867412d [term 0 FOLLOWER]: Starting pre-election with config: opid_index: -1 OBSOLETE_local: false peers { permanent_uuid: "fa4f0cedd075452b89848c748b7eaaa0" member_type: VOTER last_known_addr { host: "127.13.5.193" port: 43455 } } peers { permanent_uuid: "064b18220b6d48419a2994da347350d5" member_type: VOTER last_known_addr { host: "127.13.5.194" port: 42349 } } peers { permanent_uuid: "b1a9576f107a4d93b310c4719867412d" member_type: VOTER last_known_addr { host: "127.13.5.195" port: 33063 } }
I20260710 11:01:57.498304 13974 leader_election.cc:304] T 2643602359794a0cb11b2214265df54d P fa4f0cedd075452b89848c748b7eaaa0 [CANDIDATE]: Term 1 pre-election: Election decided. Result: candidate won. Election summary: received 2 responses out of 3 voters: 2 yes votes; 0 no votes. yes voters: b1a9576f107a4d93b310c4719867412d, fa4f0cedd075452b89848c748b7eaaa0; no voters: 
I20260710 11:01:57.499112 14218 raft_consensus.cc:2804] T 2643602359794a0cb11b2214265df54d P fa4f0cedd075452b89848c748b7eaaa0 [term 0 FOLLOWER]: Leader pre-election won for term 1
I20260710 11:01:57.499423 14218 raft_consensus.cc:493] T 2643602359794a0cb11b2214265df54d P fa4f0cedd075452b89848c748b7eaaa0 [term 0 FOLLOWER]: Starting leader election (no leader contacted us within the election timeout)
I20260710 11:01:57.499727 14218 raft_consensus.cc:3060] T 2643602359794a0cb11b2214265df54d P fa4f0cedd075452b89848c748b7eaaa0 [term 0 FOLLOWER]: Advancing to term 1
I20260710 11:01:57.499964 14224 raft_consensus.cc:2749] T 746303be916a42f4b54d5d9771123676 P 064b18220b6d48419a2994da347350d5 [term 1 FOLLOWER]: Leader pre-election lost for term 1. Reason: could not achieve majority
I20260710 11:01:57.500860 14008 tablet_service.cc:1917] Received RequestConsensusVote() RPC: tablet_id: "2643602359794a0cb11b2214265df54d" candidate_uuid: "b1a9576f107a4d93b310c4719867412d" candidate_term: 1 candidate_status { last_received { term: 0 index: 0 } } ignore_live_leader: false dest_uuid: "fa4f0cedd075452b89848c748b7eaaa0" is_pre_election: true
I20260710 11:01:57.501336 14236 leader_election.cc:290] T 2643602359794a0cb11b2214265df54d P b1a9576f107a4d93b310c4719867412d [CANDIDATE]: Term 1 pre-election: Requested pre-vote from peers fa4f0cedd075452b89848c748b7eaaa0 (127.13.5.193:43455), 064b18220b6d48419a2994da347350d5 (127.13.5.194:42349)
I20260710 11:01:57.502892 14084 tablet_service.cc:1917] Received RequestConsensusVote() RPC: tablet_id: "2643602359794a0cb11b2214265df54d" candidate_uuid: "fa4f0cedd075452b89848c748b7eaaa0" candidate_term: 1 candidate_status { last_received { term: 0 index: 0 } } ignore_live_leader: false dest_uuid: "064b18220b6d48419a2994da347350d5" is_pre_election: true
I20260710 11:01:57.503429 14083 tablet_service.cc:1917] Received RequestConsensusVote() RPC: tablet_id: "2643602359794a0cb11b2214265df54d" candidate_uuid: "b1a9576f107a4d93b310c4719867412d" candidate_term: 1 candidate_status { last_received { term: 0 index: 0 } } ignore_live_leader: false dest_uuid: "064b18220b6d48419a2994da347350d5" is_pre_election: true
I20260710 11:01:57.503571 14084 raft_consensus.cc:2468] T 2643602359794a0cb11b2214265df54d P 064b18220b6d48419a2994da347350d5 [term 0 FOLLOWER]: Leader pre-election vote request: Granting yes vote for candidate fa4f0cedd075452b89848c748b7eaaa0 in term 0.
I20260710 11:01:57.508744 14206 consensus_queue.cc:1048] T 3c44d5bb4cb24f38aa1ae6990ba85e8e P b1a9576f107a4d93b310c4719867412d [LEADER]: Connected to new peer: Peer: permanent_uuid: "fa4f0cedd075452b89848c748b7eaaa0" member_type: VOTER last_known_addr { host: "127.13.5.193" port: 43455 }, Status: LMP_MISMATCH, Last received: 0.0, Next index: 1, Last known committed idx: 0, Time since last communication: 0.001s
I20260710 11:01:57.509444 14218 raft_consensus.cc:515] T 2643602359794a0cb11b2214265df54d P fa4f0cedd075452b89848c748b7eaaa0 [term 1 FOLLOWER]: Starting leader election with config: opid_index: -1 OBSOLETE_local: false peers { permanent_uuid: "fa4f0cedd075452b89848c748b7eaaa0" member_type: VOTER last_known_addr { host: "127.13.5.193" port: 43455 } } peers { permanent_uuid: "064b18220b6d48419a2994da347350d5" member_type: VOTER last_known_addr { host: "127.13.5.194" port: 42349 } } peers { permanent_uuid: "b1a9576f107a4d93b310c4719867412d" member_type: VOTER last_known_addr { host: "127.13.5.195" port: 33063 } }
I20260710 11:01:57.511412 14008 raft_consensus.cc:2393] T 2643602359794a0cb11b2214265df54d P fa4f0cedd075452b89848c748b7eaaa0 [term 1 FOLLOWER]: Leader pre-election vote request: Denying vote to candidate b1a9576f107a4d93b310c4719867412d in current term 1: Already voted for candidate fa4f0cedd075452b89848c748b7eaaa0 in this term.
I20260710 11:01:57.511469 14218 leader_election.cc:290] T 2643602359794a0cb11b2214265df54d P fa4f0cedd075452b89848c748b7eaaa0 [CANDIDATE]: Term 1 election: Requested vote from peers 064b18220b6d48419a2994da347350d5 (127.13.5.194:42349), b1a9576f107a4d93b310c4719867412d (127.13.5.195:33063)
I20260710 11:01:57.512198 14082 tablet_service.cc:1917] Received RequestConsensusVote() RPC: tablet_id: "2643602359794a0cb11b2214265df54d" candidate_uuid: "fa4f0cedd075452b89848c748b7eaaa0" candidate_term: 1 candidate_status { last_received { term: 0 index: 0 } } ignore_live_leader: false dest_uuid: "064b18220b6d48419a2994da347350d5"
I20260710 11:01:57.512775 14082 raft_consensus.cc:3060] T 2643602359794a0cb11b2214265df54d P 064b18220b6d48419a2994da347350d5 [term 0 FOLLOWER]: Advancing to term 1
I20260710 11:01:57.512806 14157 tablet_service.cc:1917] Received RequestConsensusVote() RPC: tablet_id: "2643602359794a0cb11b2214265df54d" candidate_uuid: "fa4f0cedd075452b89848c748b7eaaa0" candidate_term: 1 candidate_status { last_received { term: 0 index: 0 } } ignore_live_leader: false dest_uuid: "b1a9576f107a4d93b310c4719867412d"
I20260710 11:01:57.513407 14157 raft_consensus.cc:3060] T 2643602359794a0cb11b2214265df54d P b1a9576f107a4d93b310c4719867412d [term 0 FOLLOWER]: Advancing to term 1
I20260710 11:01:57.522646 14157 raft_consensus.cc:2468] T 2643602359794a0cb11b2214265df54d P b1a9576f107a4d93b310c4719867412d [term 1 FOLLOWER]: Leader election vote request: Granting yes vote for candidate fa4f0cedd075452b89848c748b7eaaa0 in term 1.
I20260710 11:01:57.524595 13974 leader_election.cc:304] T 2643602359794a0cb11b2214265df54d P fa4f0cedd075452b89848c748b7eaaa0 [CANDIDATE]: Term 1 election: Election decided. Result: candidate won. Election summary: received 2 responses out of 3 voters: 2 yes votes; 0 no votes. yes voters: b1a9576f107a4d93b310c4719867412d, fa4f0cedd075452b89848c748b7eaaa0; no voters: 
I20260710 11:01:57.525847 14207 raft_consensus.cc:2804] T 2643602359794a0cb11b2214265df54d P fa4f0cedd075452b89848c748b7eaaa0 [term 1 FOLLOWER]: Leader election won for term 1
I20260710 11:01:57.526348 14207 raft_consensus.cc:697] T 2643602359794a0cb11b2214265df54d P fa4f0cedd075452b89848c748b7eaaa0 [term 1 LEADER]: Becoming Leader. State: Replica: fa4f0cedd075452b89848c748b7eaaa0, State: Running, Role: LEADER
I20260710 11:01:57.526733 14224 consensus_queue.cc:1048] T 7b8f238f82214a308204edc704caab6b P 064b18220b6d48419a2994da347350d5 [LEADER]: Connected to new peer: Peer: permanent_uuid: "b1a9576f107a4d93b310c4719867412d" member_type: VOTER last_known_addr { host: "127.13.5.195" port: 33063 }, Status: LMP_MISMATCH, Last received: 0.0, Next index: 1, Last known committed idx: 0, Time since last communication: 0.001s
I20260710 11:01:57.527323 14207 consensus_queue.cc:237] T 2643602359794a0cb11b2214265df54d P fa4f0cedd075452b89848c748b7eaaa0 [LEADER]: Queue going to LEADER mode. State: All replicated index: 0, Majority replicated index: 0, Committed index: 0, Last appended: 0.0, Last appended by leader: 0, Current term: 1, Majority size: 2, State: 0, Mode: LEADER, active raft config: opid_index: -1 OBSOLETE_local: false peers { permanent_uuid: "fa4f0cedd075452b89848c748b7eaaa0" member_type: VOTER last_known_addr { host: "127.13.5.193" port: 43455 } } peers { permanent_uuid: "064b18220b6d48419a2994da347350d5" member_type: VOTER last_known_addr { host: "127.13.5.194" port: 42349 } } peers { permanent_uuid: "b1a9576f107a4d93b310c4719867412d" member_type: VOTER last_known_addr { host: "127.13.5.195" port: 33063 } }
I20260710 11:01:57.527774 14122 leader_election.cc:304] T 2643602359794a0cb11b2214265df54d P b1a9576f107a4d93b310c4719867412d [CANDIDATE]: Term 1 pre-election: Election decided. Result: candidate lost. Election summary: received 3 responses out of 3 voters: 1 yes votes; 2 no votes. yes voters: b1a9576f107a4d93b310c4719867412d; no voters: 064b18220b6d48419a2994da347350d5, fa4f0cedd075452b89848c748b7eaaa0
I20260710 11:01:57.529954 14206 raft_consensus.cc:2749] T 2643602359794a0cb11b2214265df54d P b1a9576f107a4d93b310c4719867412d [term 1 FOLLOWER]: Leader pre-election lost for term 1. Reason: could not achieve majority
I20260710 11:01:57.545991 14082 raft_consensus.cc:2468] T 2643602359794a0cb11b2214265df54d P 064b18220b6d48419a2994da347350d5 [term 1 FOLLOWER]: Leader election vote request: Granting yes vote for candidate fa4f0cedd075452b89848c748b7eaaa0 in term 1.
I20260710 11:01:57.549908 14204 consensus_queue.cc:1048] T 7b8f238f82214a308204edc704caab6b P 064b18220b6d48419a2994da347350d5 [LEADER]: Connected to new peer: Peer: permanent_uuid: "fa4f0cedd075452b89848c748b7eaaa0" member_type: VOTER last_known_addr { host: "127.13.5.193" port: 43455 }, Status: LMP_MISMATCH, Last received: 0.0, Next index: 1, Last known committed idx: 0, Time since last communication: 0.001s
I20260710 11:01:57.551841 14204 raft_consensus.cc:493] T 1e74db60e2b141ce9460c154e3431556 P 064b18220b6d48419a2994da347350d5 [term 0 FOLLOWER]: Starting pre-election (no leader contacted us within the election timeout)
I20260710 11:01:57.552706 14204 raft_consensus.cc:515] T 1e74db60e2b141ce9460c154e3431556 P 064b18220b6d48419a2994da347350d5 [term 0 FOLLOWER]: Starting pre-election with config: opid_index: -1 OBSOLETE_local: false peers { permanent_uuid: "fa4f0cedd075452b89848c748b7eaaa0" member_type: VOTER last_known_addr { host: "127.13.5.193" port: 43455 } } peers { permanent_uuid: "064b18220b6d48419a2994da347350d5" member_type: VOTER last_known_addr { host: "127.13.5.194" port: 42349 } } peers { permanent_uuid: "b1a9576f107a4d93b310c4719867412d" member_type: VOTER last_known_addr { host: "127.13.5.195" port: 33063 } }
I20260710 11:01:57.561738 14204 leader_election.cc:290] T 1e74db60e2b141ce9460c154e3431556 P 064b18220b6d48419a2994da347350d5 [CANDIDATE]: Term 1 pre-election: Requested pre-vote from peers fa4f0cedd075452b89848c748b7eaaa0 (127.13.5.193:43455), b1a9576f107a4d93b310c4719867412d (127.13.5.195:33063)
I20260710 11:01:57.562631 14007 tablet_service.cc:1917] Received RequestConsensusVote() RPC: tablet_id: "1e74db60e2b141ce9460c154e3431556" candidate_uuid: "064b18220b6d48419a2994da347350d5" candidate_term: 1 candidate_status { last_received { term: 0 index: 0 } } ignore_live_leader: false dest_uuid: "fa4f0cedd075452b89848c748b7eaaa0" is_pre_election: true
I20260710 11:01:57.563571 14007 raft_consensus.cc:2468] T 1e74db60e2b141ce9460c154e3431556 P fa4f0cedd075452b89848c748b7eaaa0 [term 0 FOLLOWER]: Leader pre-election vote request: Granting yes vote for candidate 064b18220b6d48419a2994da347350d5 in term 0.
I20260710 11:01:57.566643 14048 leader_election.cc:304] T 1e74db60e2b141ce9460c154e3431556 P 064b18220b6d48419a2994da347350d5 [CANDIDATE]: Term 1 pre-election: Election decided. Result: candidate won. Election summary: received 2 responses out of 3 voters: 2 yes votes; 0 no votes. yes voters: 064b18220b6d48419a2994da347350d5, fa4f0cedd075452b89848c748b7eaaa0; no voters: 
I20260710 11:01:57.565862 14157 tablet_service.cc:1917] Received RequestConsensusVote() RPC: tablet_id: "1e74db60e2b141ce9460c154e3431556" candidate_uuid: "064b18220b6d48419a2994da347350d5" candidate_term: 1 candidate_status { last_received { term: 0 index: 0 } } ignore_live_leader: false dest_uuid: "b1a9576f107a4d93b310c4719867412d" is_pre_election: true
I20260710 11:01:57.567476 14157 raft_consensus.cc:2468] T 1e74db60e2b141ce9460c154e3431556 P b1a9576f107a4d93b310c4719867412d [term 0 FOLLOWER]: Leader pre-election vote request: Granting yes vote for candidate 064b18220b6d48419a2994da347350d5 in term 0.
I20260710 11:01:57.567557 14204 raft_consensus.cc:2804] T 1e74db60e2b141ce9460c154e3431556 P 064b18220b6d48419a2994da347350d5 [term 0 FOLLOWER]: Leader pre-election won for term 1
I20260710 11:01:57.568157 14204 raft_consensus.cc:493] T 1e74db60e2b141ce9460c154e3431556 P 064b18220b6d48419a2994da347350d5 [term 0 FOLLOWER]: Starting leader election (no leader contacted us within the election timeout)
I20260710 11:01:57.568499 14204 raft_consensus.cc:3060] T 1e74db60e2b141ce9460c154e3431556 P 064b18220b6d48419a2994da347350d5 [term 0 FOLLOWER]: Advancing to term 1
I20260710 11:01:57.577781 13903 catalog_manager.cc:5697] T 2643602359794a0cb11b2214265df54d P fa4f0cedd075452b89848c748b7eaaa0 reported cstate change: term changed from 0 to 1, leader changed from <none> to fa4f0cedd075452b89848c748b7eaaa0 (127.13.5.193). New cstate: current_term: 1 leader_uuid: "fa4f0cedd075452b89848c748b7eaaa0" committed_config { opid_index: -1 OBSOLETE_local: false peers { permanent_uuid: "fa4f0cedd075452b89848c748b7eaaa0" member_type: VOTER last_known_addr { host: "127.13.5.193" port: 43455 } health_report { overall_health: HEALTHY } } peers { permanent_uuid: "064b18220b6d48419a2994da347350d5" member_type: VOTER last_known_addr { host: "127.13.5.194" port: 42349 } health_report { overall_health: UNKNOWN } } peers { permanent_uuid: "b1a9576f107a4d93b310c4719867412d" member_type: VOTER last_known_addr { host: "127.13.5.195" port: 33063 } health_report { overall_health: UNKNOWN } } }
I20260710 11:01:57.579056 14204 raft_consensus.cc:515] T 1e74db60e2b141ce9460c154e3431556 P 064b18220b6d48419a2994da347350d5 [term 1 FOLLOWER]: Starting leader election with config: opid_index: -1 OBSOLETE_local: false peers { permanent_uuid: "fa4f0cedd075452b89848c748b7eaaa0" member_type: VOTER last_known_addr { host: "127.13.5.193" port: 43455 } } peers { permanent_uuid: "064b18220b6d48419a2994da347350d5" member_type: VOTER last_known_addr { host: "127.13.5.194" port: 42349 } } peers { permanent_uuid: "b1a9576f107a4d93b310c4719867412d" member_type: VOTER last_known_addr { host: "127.13.5.195" port: 33063 } }
I20260710 11:01:57.583444 14008 tablet_service.cc:1917] Received RequestConsensusVote() RPC: tablet_id: "1e74db60e2b141ce9460c154e3431556" candidate_uuid: "064b18220b6d48419a2994da347350d5" candidate_term: 1 candidate_status { last_received { term: 0 index: 0 } } ignore_live_leader: false dest_uuid: "fa4f0cedd075452b89848c748b7eaaa0"
I20260710 11:01:57.584164 14008 raft_consensus.cc:3060] T 1e74db60e2b141ce9460c154e3431556 P fa4f0cedd075452b89848c748b7eaaa0 [term 0 FOLLOWER]: Advancing to term 1
I20260710 11:01:57.584921 14204 leader_election.cc:290] T 1e74db60e2b141ce9460c154e3431556 P 064b18220b6d48419a2994da347350d5 [CANDIDATE]: Term 1 election: Requested vote from peers fa4f0cedd075452b89848c748b7eaaa0 (127.13.5.193:43455), b1a9576f107a4d93b310c4719867412d (127.13.5.195:33063)
I20260710 11:01:57.586091 14158 tablet_service.cc:1917] Received RequestConsensusVote() RPC: tablet_id: "1e74db60e2b141ce9460c154e3431556" candidate_uuid: "064b18220b6d48419a2994da347350d5" candidate_term: 1 candidate_status { last_received { term: 0 index: 0 } } ignore_live_leader: false dest_uuid: "b1a9576f107a4d93b310c4719867412d"
I20260710 11:01:57.586723 14158 raft_consensus.cc:3060] T 1e74db60e2b141ce9460c154e3431556 P b1a9576f107a4d93b310c4719867412d [term 0 FOLLOWER]: Advancing to term 1
I20260710 11:01:57.591928 14008 raft_consensus.cc:2468] T 1e74db60e2b141ce9460c154e3431556 P fa4f0cedd075452b89848c748b7eaaa0 [term 1 FOLLOWER]: Leader election vote request: Granting yes vote for candidate 064b18220b6d48419a2994da347350d5 in term 1.
I20260710 11:01:57.593107 14048 leader_election.cc:304] T 1e74db60e2b141ce9460c154e3431556 P 064b18220b6d48419a2994da347350d5 [CANDIDATE]: Term 1 election: Election decided. Result: candidate won. Election summary: received 2 responses out of 3 voters: 2 yes votes; 0 no votes. yes voters: 064b18220b6d48419a2994da347350d5, fa4f0cedd075452b89848c748b7eaaa0; no voters: 
I20260710 11:01:57.593920 14204 raft_consensus.cc:2804] T 1e74db60e2b141ce9460c154e3431556 P 064b18220b6d48419a2994da347350d5 [term 1 FOLLOWER]: Leader election won for term 1
I20260710 11:01:57.594090 14158 raft_consensus.cc:2468] T 1e74db60e2b141ce9460c154e3431556 P b1a9576f107a4d93b310c4719867412d [term 1 FOLLOWER]: Leader election vote request: Granting yes vote for candidate 064b18220b6d48419a2994da347350d5 in term 1.
I20260710 11:01:57.594471 14204 raft_consensus.cc:697] T 1e74db60e2b141ce9460c154e3431556 P 064b18220b6d48419a2994da347350d5 [term 1 LEADER]: Becoming Leader. State: Replica: 064b18220b6d48419a2994da347350d5, State: Running, Role: LEADER
I20260710 11:01:57.595628 14204 consensus_queue.cc:237] T 1e74db60e2b141ce9460c154e3431556 P 064b18220b6d48419a2994da347350d5 [LEADER]: Queue going to LEADER mode. State: All replicated index: 0, Majority replicated index: 0, Committed index: 0, Last appended: 0.0, Last appended by leader: 0, Current term: 1, Majority size: 2, State: 0, Mode: LEADER, active raft config: opid_index: -1 OBSOLETE_local: false peers { permanent_uuid: "fa4f0cedd075452b89848c748b7eaaa0" member_type: VOTER last_known_addr { host: "127.13.5.193" port: 43455 } } peers { permanent_uuid: "064b18220b6d48419a2994da347350d5" member_type: VOTER last_known_addr { host: "127.13.5.194" port: 42349 } } peers { permanent_uuid: "b1a9576f107a4d93b310c4719867412d" member_type: VOTER last_known_addr { host: "127.13.5.195" port: 33063 } }
I20260710 11:01:57.606613 13907 catalog_manager.cc:5697] T 1e74db60e2b141ce9460c154e3431556 P 064b18220b6d48419a2994da347350d5 reported cstate change: term changed from 0 to 1, leader changed from <none> to 064b18220b6d48419a2994da347350d5 (127.13.5.194). New cstate: current_term: 1 leader_uuid: "064b18220b6d48419a2994da347350d5" committed_config { opid_index: -1 OBSOLETE_local: false peers { permanent_uuid: "fa4f0cedd075452b89848c748b7eaaa0" member_type: VOTER last_known_addr { host: "127.13.5.193" port: 43455 } health_report { overall_health: UNKNOWN } } peers { permanent_uuid: "064b18220b6d48419a2994da347350d5" member_type: VOTER last_known_addr { host: "127.13.5.194" port: 42349 } health_report { overall_health: HEALTHY } } peers { permanent_uuid: "b1a9576f107a4d93b310c4719867412d" member_type: VOTER last_known_addr { host: "127.13.5.195" port: 33063 } health_report { overall_health: UNKNOWN } } }
I20260710 11:01:57.624593 14204 consensus_queue.cc:1048] T 4bb98c0ee3a947e7b98b65691f407a76 P 064b18220b6d48419a2994da347350d5 [LEADER]: Connected to new peer: Peer: permanent_uuid: "fa4f0cedd075452b89848c748b7eaaa0" member_type: VOTER last_known_addr { host: "127.13.5.193" port: 43455 }, Status: LMP_MISMATCH, Last received: 0.0, Next index: 1, Last known committed idx: 0, Time since last communication: 0.000s
I20260710 11:01:57.638643 14224 consensus_queue.cc:1048] T 4bb98c0ee3a947e7b98b65691f407a76 P 064b18220b6d48419a2994da347350d5 [LEADER]: Connected to new peer: Peer: permanent_uuid: "b1a9576f107a4d93b310c4719867412d" member_type: VOTER last_known_addr { host: "127.13.5.195" port: 33063 }, Status: LMP_MISMATCH, Last received: 0.0, Next index: 1, Last known committed idx: 0, Time since last communication: 0.001s
I20260710 11:01:57.729866 14236 consensus_queue.cc:1048] T c730c8eeb4e341b0ac63a9a532c1359e P b1a9576f107a4d93b310c4719867412d [LEADER]: Connected to new peer: Peer: permanent_uuid: "fa4f0cedd075452b89848c748b7eaaa0" member_type: VOTER last_known_addr { host: "127.13.5.193" port: 43455 }, Status: LMP_MISMATCH, Last received: 0.0, Next index: 1, Last known committed idx: 0, Time since last communication: 0.000s
I20260710 11:01:57.740200 14206 consensus_queue.cc:1048] T c730c8eeb4e341b0ac63a9a532c1359e P b1a9576f107a4d93b310c4719867412d [LEADER]: Connected to new peer: Peer: permanent_uuid: "064b18220b6d48419a2994da347350d5" member_type: VOTER last_known_addr { host: "127.13.5.194" port: 42349 }, Status: LMP_MISMATCH, Last received: 0.0, Next index: 1, Last known committed idx: 0, Time since last communication: 0.000s
I20260710 11:01:57.824731 14158 tablet_service.cc:2072] Received LeaderStepDown RPC: tablet_id: "3c44d5bb4cb24f38aa1ae6990ba85e8e"
dest_uuid: "b1a9576f107a4d93b310c4719867412d"
mode: GRACEFUL
new_leader_uuid: "fa4f0cedd075452b89848c748b7eaaa0"
 from {username='slave'} at 127.0.0.1:42174
I20260710 11:01:57.825266 14158 raft_consensus.cc:606] T 3c44d5bb4cb24f38aa1ae6990ba85e8e P b1a9576f107a4d93b310c4719867412d [term 1 LEADER]: Received request to transfer leadership to TS fa4f0cedd075452b89848c748b7eaaa0
I20260710 11:01:57.830372 14207 consensus_queue.cc:1048] T 746303be916a42f4b54d5d9771123676 P fa4f0cedd075452b89848c748b7eaaa0 [LEADER]: Connected to new peer: Peer: permanent_uuid: "b1a9576f107a4d93b310c4719867412d" member_type: VOTER last_known_addr { host: "127.13.5.195" port: 33063 }, Status: LMP_MISMATCH, Last received: 0.0, Next index: 1, Last known committed idx: 0, Time since last communication: 0.000s
I20260710 11:01:57.844548 14275 consensus_queue.cc:1048] T 746303be916a42f4b54d5d9771123676 P fa4f0cedd075452b89848c748b7eaaa0 [LEADER]: Connected to new peer: Peer: permanent_uuid: "064b18220b6d48419a2994da347350d5" member_type: VOTER last_known_addr { host: "127.13.5.194" port: 42349 }, Status: LMP_MISMATCH, Last received: 0.0, Next index: 1, Last known committed idx: 0, Time since last communication: 0.001s
I20260710 11:01:57.847467 14082 tablet_service.cc:2072] Received LeaderStepDown RPC: tablet_id: "7b8f238f82214a308204edc704caab6b"
dest_uuid: "064b18220b6d48419a2994da347350d5"
mode: GRACEFUL
new_leader_uuid: "fa4f0cedd075452b89848c748b7eaaa0"
 from {username='slave'} at 127.0.0.1:42724
I20260710 11:01:57.848130 14082 raft_consensus.cc:606] T 7b8f238f82214a308204edc704caab6b P 064b18220b6d48419a2994da347350d5 [term 1 LEADER]: Received request to transfer leadership to TS fa4f0cedd075452b89848c748b7eaaa0
I20260710 11:01:57.858767 14083 tablet_service.cc:2072] Received LeaderStepDown RPC: tablet_id: "4bb98c0ee3a947e7b98b65691f407a76"
dest_uuid: "064b18220b6d48419a2994da347350d5"
mode: GRACEFUL
new_leader_uuid: "fa4f0cedd075452b89848c748b7eaaa0"
 from {username='slave'} at 127.0.0.1:42724
I20260710 11:01:57.859289 14083 raft_consensus.cc:606] T 4bb98c0ee3a947e7b98b65691f407a76 P 064b18220b6d48419a2994da347350d5 [term 1 LEADER]: Received request to transfer leadership to TS fa4f0cedd075452b89848c748b7eaaa0
I20260710 11:01:57.865165 14158 tablet_service.cc:2072] Received LeaderStepDown RPC: tablet_id: "c730c8eeb4e341b0ac63a9a532c1359e"
dest_uuid: "b1a9576f107a4d93b310c4719867412d"
mode: GRACEFUL
new_leader_uuid: "fa4f0cedd075452b89848c748b7eaaa0"
 from {username='slave'} at 127.0.0.1:42174
I20260710 11:01:57.865821 14158 raft_consensus.cc:606] T c730c8eeb4e341b0ac63a9a532c1359e P b1a9576f107a4d93b310c4719867412d [term 1 LEADER]: Received request to transfer leadership to TS fa4f0cedd075452b89848c748b7eaaa0
I20260710 11:01:57.871551 14083 tablet_service.cc:2072] Received LeaderStepDown RPC: tablet_id: "3257a978f69941769787427acb03c4cf"
dest_uuid: "064b18220b6d48419a2994da347350d5"
mode: GRACEFUL
new_leader_uuid: "fa4f0cedd075452b89848c748b7eaaa0"
 from {username='slave'} at 127.0.0.1:42724
I20260710 11:01:57.872125 14083 raft_consensus.cc:606] T 3257a978f69941769787427acb03c4cf P 064b18220b6d48419a2994da347350d5 [term 1 LEADER]: Received request to transfer leadership to TS fa4f0cedd075452b89848c748b7eaaa0
I20260710 11:01:57.881744 14224 consensus_queue.cc:1048] T 3257a978f69941769787427acb03c4cf P 064b18220b6d48419a2994da347350d5 [LEADER]: Connected to new peer: Peer: permanent_uuid: "b1a9576f107a4d93b310c4719867412d" member_type: VOTER last_known_addr { host: "127.13.5.195" port: 33063 }, Status: LMP_MISMATCH, Last received: 0.0, Next index: 1, Last known committed idx: 0, Time since last communication: 0.000s
I20260710 11:01:57.886198 14224 consensus_queue.cc:1048] T 18cc0a9e0f194501b51e4e3143eb3c56 P 064b18220b6d48419a2994da347350d5 [LEADER]: Connected to new peer: Peer: permanent_uuid: "fa4f0cedd075452b89848c748b7eaaa0" member_type: VOTER last_known_addr { host: "127.13.5.193" port: 43455 }, Status: LMP_MISMATCH, Last received: 0.0, Next index: 1, Last known committed idx: 0, Time since last communication: 0.000s
I20260710 11:01:57.894644 14009 tablet_service.cc:2072] Received LeaderStepDown RPC: tablet_id: "2643602359794a0cb11b2214265df54d"
dest_uuid: "fa4f0cedd075452b89848c748b7eaaa0"
mode: GRACEFUL
new_leader_uuid: "064b18220b6d48419a2994da347350d5"
 from {username='slave'} at 127.0.0.1:41122
I20260710 11:01:57.895321 14009 raft_consensus.cc:606] T 2643602359794a0cb11b2214265df54d P fa4f0cedd075452b89848c748b7eaaa0 [term 1 LEADER]: Received request to transfer leadership to TS 064b18220b6d48419a2994da347350d5
I20260710 11:01:57.901006 14204 consensus_queue.cc:1048] T 3257a978f69941769787427acb03c4cf P 064b18220b6d48419a2994da347350d5 [LEADER]: Connected to new peer: Peer: permanent_uuid: "fa4f0cedd075452b89848c748b7eaaa0" member_type: VOTER last_known_addr { host: "127.13.5.193" port: 43455 }, Status: LMP_MISMATCH, Last received: 0.0, Next index: 1, Last known committed idx: 0, Time since last communication: 0.000s
