I20260710 11:02:21.245591 17930 raft_consensus.cc:2955] T 07d6d6fdb85741e897f3d2475316837b P b9bfaff6c877439abf7483a7b70887ce [term 1 FOLLOWER]: Committing config change with OpId 1.4: config changed from index 3 to 4, VOTER d7efb431e607407ebda9ba79b83bfd2d (127.15.251.130) evicted. New config: { opid_index: 4 OBSOLETE_local: false peers { permanent_uuid: "66a0854cae4c4ccaab01190451893058" member_type: VOTER last_known_addr { host: "127.15.251.129" port: 40093 } } peers { permanent_uuid: "b7f9015e9c25437ca1554314938f9d0e" member_type: VOTER last_known_addr { host: "127.15.251.131" port: 46765 } } peers { permanent_uuid: "b9bfaff6c877439abf7483a7b70887ce" member_type: VOTER last_known_addr { host: "127.15.251.132" port: 44887 } attrs { promote: false } } }
I20260710 11:02:21.251387 17666 raft_consensus.cc:2955] T 07d6d6fdb85741e897f3d2475316837b P b7f9015e9c25437ca1554314938f9d0e [term 1 FOLLOWER]: Committing config change with OpId 1.4: config changed from index 3 to 4, VOTER d7efb431e607407ebda9ba79b83bfd2d (127.15.251.130) evicted. New config: { opid_index: 4 OBSOLETE_local: false peers { permanent_uuid: "66a0854cae4c4ccaab01190451893058" member_type: VOTER last_known_addr { host: "127.15.251.129" port: 40093 } } peers { permanent_uuid: "b7f9015e9c25437ca1554314938f9d0e" member_type: VOTER last_known_addr { host: "127.15.251.131" port: 46765 } } peers { permanent_uuid: "b9bfaff6c877439abf7483a7b70887ce" member_type: VOTER last_known_addr { host: "127.15.251.132" port: 44887 } attrs { promote: false } } }
I20260710 11:02:21.261770 17927 raft_consensus.cc:2955] T f32f0d243ec844bca374c17ec4436753 P b9bfaff6c877439abf7483a7b70887ce [term 2 FOLLOWER]: Committing config change with OpId 2.4: config changed from index 3 to 4, VOTER b7f9015e9c25437ca1554314938f9d0e (127.15.251.131) evicted. New config: { opid_index: 4 OBSOLETE_local: false peers { permanent_uuid: "66a0854cae4c4ccaab01190451893058" member_type: VOTER last_known_addr { host: "127.15.251.129" port: 40093 } } peers { permanent_uuid: "d7efb431e607407ebda9ba79b83bfd2d" member_type: VOTER last_known_addr { host: "127.15.251.130" port: 43665 } } peers { permanent_uuid: "b9bfaff6c877439abf7483a7b70887ce" member_type: VOTER last_known_addr { host: "127.15.251.132" port: 44887 } attrs { promote: false } } }
I20260710 11:02:21.265264 17416 catalog_manager.cc:5697] T 07d6d6fdb85741e897f3d2475316837b P b9bfaff6c877439abf7483a7b70887ce reported cstate change: config changed from index 3 to 4, VOTER d7efb431e607407ebda9ba79b83bfd2d (127.15.251.130) evicted. New cstate: current_term: 1 leader_uuid: "66a0854cae4c4ccaab01190451893058" committed_config { opid_index: 4 OBSOLETE_local: false peers { permanent_uuid: "66a0854cae4c4ccaab01190451893058" member_type: VOTER last_known_addr { host: "127.15.251.129" port: 40093 } } peers { permanent_uuid: "b7f9015e9c25437ca1554314938f9d0e" member_type: VOTER last_known_addr { host: "127.15.251.131" port: 46765 } } peers { permanent_uuid: "b9bfaff6c877439abf7483a7b70887ce" member_type: VOTER last_known_addr { host: "127.15.251.132" port: 44887 } attrs { promote: false } } }
I20260710 11:02:21.268498 17518 raft_consensus.cc:2955] T f32f0d243ec844bca374c17ec4436753 P 66a0854cae4c4ccaab01190451893058 [term 2 FOLLOWER]: Committing config change with OpId 2.4: config changed from index 3 to 4, VOTER b7f9015e9c25437ca1554314938f9d0e (127.15.251.131) evicted. New config: { opid_index: 4 OBSOLETE_local: false peers { permanent_uuid: "66a0854cae4c4ccaab01190451893058" member_type: VOTER last_known_addr { host: "127.15.251.129" port: 40093 } } peers { permanent_uuid: "d7efb431e607407ebda9ba79b83bfd2d" member_type: VOTER last_known_addr { host: "127.15.251.130" port: 43665 } } peers { permanent_uuid: "b9bfaff6c877439abf7483a7b70887ce" member_type: VOTER last_known_addr { host: "127.15.251.132" port: 44887 } attrs { promote: false } } }
I20260710 11:02:21.283864 17576 tablet_service.cc:1558] Processing DeleteTablet for tablet 07d6d6fdb85741e897f3d2475316837b with delete_type TABLET_DATA_TOMBSTONED (TS d7efb431e607407ebda9ba79b83bfd2d not found in new config with opid_index 4) from {username='slave'} at 127.0.0.1:47700
I20260710 11:02:21.295222 17402 catalog_manager.cc:5210] ChangeConfig:REMOVE_PEER RPC for tablet 07d6d6fdb85741e897f3d2475316837b with cas_config_opid_index 3: ChangeConfig:REMOVE_PEER succeeded (attempt 1)
I20260710 11:02:21.299134 17414 catalog_manager.cc:5697] T f32f0d243ec844bca374c17ec4436753 P b9bfaff6c877439abf7483a7b70887ce reported cstate change: config changed from index 3 to 4, VOTER b7f9015e9c25437ca1554314938f9d0e (127.15.251.131) evicted. New cstate: current_term: 2 leader_uuid: "d7efb431e607407ebda9ba79b83bfd2d" committed_config { opid_index: 4 OBSOLETE_local: false peers { permanent_uuid: "66a0854cae4c4ccaab01190451893058" member_type: VOTER last_known_addr { host: "127.15.251.129" port: 40093 } } peers { permanent_uuid: "d7efb431e607407ebda9ba79b83bfd2d" member_type: VOTER last_known_addr { host: "127.15.251.130" port: 43665 } } peers { permanent_uuid: "b9bfaff6c877439abf7483a7b70887ce" member_type: VOTER last_known_addr { host: "127.15.251.132" port: 44887 } attrs { promote: false } } }
I20260710 11:02:21.319847 18236 tablet_replica.cc:333] T 07d6d6fdb85741e897f3d2475316837b P d7efb431e607407ebda9ba79b83bfd2d: stopping tablet replica
I20260710 11:02:21.321426 17400 catalog_manager.cc:5210] ChangeConfig:REMOVE_PEER RPC for tablet f32f0d243ec844bca374c17ec4436753 with cas_config_opid_index 3: ChangeConfig:REMOVE_PEER succeeded (attempt 1)
I20260710 11:02:21.323119 17648 tablet_service.cc:1558] Processing DeleteTablet for tablet f32f0d243ec844bca374c17ec4436753 with delete_type TABLET_DATA_TOMBSTONED (TS b7f9015e9c25437ca1554314938f9d0e not found in new config with opid_index 4) from {username='slave'} at 127.0.0.1:46498
I20260710 11:02:21.324219 18236 raft_consensus.cc:2243] T 07d6d6fdb85741e897f3d2475316837b P d7efb431e607407ebda9ba79b83bfd2d [term 1 FOLLOWER]: Raft consensus shutting down.
I20260710 11:02:21.326066 18236 raft_consensus.cc:2272] T 07d6d6fdb85741e897f3d2475316837b P d7efb431e607407ebda9ba79b83bfd2d [term 1 FOLLOWER]: Raft consensus is shut down!
I20260710 11:02:21.330353 18236 ts_tablet_manager.cc:1916] T 07d6d6fdb85741e897f3d2475316837b P d7efb431e607407ebda9ba79b83bfd2d: Deleting tablet data with delete state TABLET_DATA_TOMBSTONED
I20260710 11:02:21.337464 18237 tablet_replica.cc:333] T f32f0d243ec844bca374c17ec4436753 P b7f9015e9c25437ca1554314938f9d0e: stopping tablet replica
I20260710 11:02:21.338784 18237 raft_consensus.cc:2243] T f32f0d243ec844bca374c17ec4436753 P b7f9015e9c25437ca1554314938f9d0e [term 2 FOLLOWER]: Raft consensus shutting down.
I20260710 11:02:21.340464 18237 raft_consensus.cc:2272] T f32f0d243ec844bca374c17ec4436753 P b7f9015e9c25437ca1554314938f9d0e [term 2 FOLLOWER]: Raft consensus is shut down!
I20260710 11:02:21.345289 18237 ts_tablet_manager.cc:1916] T f32f0d243ec844bca374c17ec4436753 P b7f9015e9c25437ca1554314938f9d0e: Deleting tablet data with delete state TABLET_DATA_TOMBSTONED
I20260710 11:02:21.358903 18237 ts_tablet_manager.cc:1929] T f32f0d243ec844bca374c17ec4436753 P b7f9015e9c25437ca1554314938f9d0e: tablet deleted with delete type TABLET_DATA_TOMBSTONED: last-logged OpId 2.3
I20260710 11:02:21.358539 18236 ts_tablet_manager.cc:1929] T 07d6d6fdb85741e897f3d2475316837b P d7efb431e607407ebda9ba79b83bfd2d: tablet deleted with delete type TABLET_DATA_TOMBSTONED: last-logged OpId 1.3
I20260710 11:02:21.360136 18237 log.cc:1199] T f32f0d243ec844bca374c17ec4436753 P b7f9015e9c25437ca1554314938f9d0e: Deleting WAL directory at /tmp/dist-test-tasksS6bxN/test-tmp/auto_leader_rebalancer-test.0.LeaderRebalancerTest.AddTserver.1783681299067538-16366-0/minicluster-data/ts-2-root/wals/f32f0d243ec844bca374c17ec4436753
I20260710 11:02:21.360216 18236 log.cc:1199] T 07d6d6fdb85741e897f3d2475316837b P d7efb431e607407ebda9ba79b83bfd2d: Deleting WAL directory at /tmp/dist-test-tasksS6bxN/test-tmp/auto_leader_rebalancer-test.0.LeaderRebalancerTest.AddTserver.1783681299067538-16366-0/minicluster-data/ts-1-root/wals/07d6d6fdb85741e897f3d2475316837b
I20260710 11:02:21.362330 17401 catalog_manager.cc:5028] TS b7f9015e9c25437ca1554314938f9d0e (127.15.251.131:46765): tablet f32f0d243ec844bca374c17ec4436753 (table test-workload [id=028b541e349c40bcb6755f64977e7bdb]) successfully deleted
I20260710 11:02:21.362638 17400 catalog_manager.cc:5028] TS d7efb431e607407ebda9ba79b83bfd2d (127.15.251.130:43665): tablet 07d6d6fdb85741e897f3d2475316837b (table test-workload [id=028b541e349c40bcb6755f64977e7bdb]) successfully deleted
I20260710 11:02:22.358249 17590 consensus_queue.cc:237] T 4946cae8a8e843128373fd6166d0352a P d7efb431e607407ebda9ba79b83bfd2d [LEADER]: Queue going to LEADER mode. State: All replicated index: 0, Majority replicated index: 1, Committed index: 1, Last appended: 1.1, Last appended by leader: 0, Current term: 1, Majority size: 2, State: 0, Mode: LEADER, active raft config: opid_index: 2 OBSOLETE_local: false peers { permanent_uuid: "66a0854cae4c4ccaab01190451893058" member_type: VOTER last_known_addr { host: "127.15.251.129" port: 40093 } } peers { permanent_uuid: "d7efb431e607407ebda9ba79b83bfd2d" member_type: VOTER last_known_addr { host: "127.15.251.130" port: 43665 } } peers { permanent_uuid: "b7f9015e9c25437ca1554314938f9d0e" member_type: VOTER last_known_addr { host: "127.15.251.131" port: 46765 } attrs { replace: true } } peers { permanent_uuid: "b9bfaff6c877439abf7483a7b70887ce" member_type: NON_VOTER last_known_addr { host: "127.15.251.132" port: 44887 } attrs { promote: true } }
I20260710 11:02:22.364224 17666 raft_consensus.cc:1275] T 4946cae8a8e843128373fd6166d0352a P b7f9015e9c25437ca1554314938f9d0e [term 1 FOLLOWER]: Refusing update from remote peer d7efb431e607407ebda9ba79b83bfd2d: Log matching property violated. Preceding OpId in replica: term: 1 index: 1. Preceding OpId from leader: term: 1 index: 2. (index mismatch)
I20260710 11:02:22.365712 17518 raft_consensus.cc:1275] T 4946cae8a8e843128373fd6166d0352a P 66a0854cae4c4ccaab01190451893058 [term 1 FOLLOWER]: Refusing update from remote peer d7efb431e607407ebda9ba79b83bfd2d: Log matching property violated. Preceding OpId in replica: term: 1 index: 1. Preceding OpId from leader: term: 1 index: 2. (index mismatch)
W20260710 11:02:22.365849 17559 consensus_peers.cc:597] T 4946cae8a8e843128373fd6166d0352a P d7efb431e607407ebda9ba79b83bfd2d -> Peer b9bfaff6c877439abf7483a7b70887ce (127.15.251.132:44887): Couldn't send request to peer b9bfaff6c877439abf7483a7b70887ce. Error code: TABLET_NOT_FOUND (6). Status: Not found: Tablet not found: 4946cae8a8e843128373fd6166d0352a. This is attempt 1: this message will repeat every 5th retry.
I20260710 11:02:22.365845 18239 consensus_queue.cc:1048] T 4946cae8a8e843128373fd6166d0352a P d7efb431e607407ebda9ba79b83bfd2d [LEADER]: Connected to new peer: Peer: permanent_uuid: "b7f9015e9c25437ca1554314938f9d0e" member_type: VOTER last_known_addr { host: "127.15.251.131" port: 46765 } attrs { replace: true }, Status: LMP_MISMATCH, Last received: 0.0, Next index: 2, Last known committed idx: 1, Time since last communication: 0.001s
I20260710 11:02:22.367177 18158 consensus_queue.cc:1048] T 4946cae8a8e843128373fd6166d0352a P d7efb431e607407ebda9ba79b83bfd2d [LEADER]: Connected to new peer: Peer: permanent_uuid: "66a0854cae4c4ccaab01190451893058" member_type: VOTER last_known_addr { host: "127.15.251.129" port: 40093 }, Status: LMP_MISMATCH, Last received: 0.0, Next index: 2, Last known committed idx: 1, Time since last communication: 0.000s
I20260710 11:02:22.374764 18158 raft_consensus.cc:2955] T 4946cae8a8e843128373fd6166d0352a P d7efb431e607407ebda9ba79b83bfd2d [term 1 LEADER]: Committing config change with OpId 1.2: config changed from index -1 to 2, NON_VOTER b9bfaff6c877439abf7483a7b70887ce (127.15.251.132) added. New config: { opid_index: 2 OBSOLETE_local: false peers { permanent_uuid: "66a0854cae4c4ccaab01190451893058" member_type: VOTER last_known_addr { host: "127.15.251.129" port: 40093 } } peers { permanent_uuid: "d7efb431e607407ebda9ba79b83bfd2d" member_type: VOTER last_known_addr { host: "127.15.251.130" port: 43665 } } peers { permanent_uuid: "b7f9015e9c25437ca1554314938f9d0e" member_type: VOTER last_known_addr { host: "127.15.251.131" port: 46765 } attrs { replace: true } } peers { permanent_uuid: "b9bfaff6c877439abf7483a7b70887ce" member_type: NON_VOTER last_known_addr { host: "127.15.251.132" port: 44887 } attrs { promote: true } } }
I20260710 11:02:22.376418 17516 raft_consensus.cc:2955] T 4946cae8a8e843128373fd6166d0352a P 66a0854cae4c4ccaab01190451893058 [term 1 FOLLOWER]: Committing config change with OpId 1.2: config changed from index -1 to 2, NON_VOTER b9bfaff6c877439abf7483a7b70887ce (127.15.251.132) added. New config: { opid_index: 2 OBSOLETE_local: false peers { permanent_uuid: "66a0854cae4c4ccaab01190451893058" member_type: VOTER last_known_addr { host: "127.15.251.129" port: 40093 } } peers { permanent_uuid: "d7efb431e607407ebda9ba79b83bfd2d" member_type: VOTER last_known_addr { host: "127.15.251.130" port: 43665 } } peers { permanent_uuid: "b7f9015e9c25437ca1554314938f9d0e" member_type: VOTER last_known_addr { host: "127.15.251.131" port: 46765 } attrs { replace: true } } peers { permanent_uuid: "b9bfaff6c877439abf7483a7b70887ce" member_type: NON_VOTER last_known_addr { host: "127.15.251.132" port: 44887 } attrs { promote: true } } }
I20260710 11:02:22.377460 17666 raft_consensus.cc:2955] T 4946cae8a8e843128373fd6166d0352a P b7f9015e9c25437ca1554314938f9d0e [term 1 FOLLOWER]: Committing config change with OpId 1.2: config changed from index -1 to 2, NON_VOTER b9bfaff6c877439abf7483a7b70887ce (127.15.251.132) added. New config: { opid_index: 2 OBSOLETE_local: false peers { permanent_uuid: "66a0854cae4c4ccaab01190451893058" member_type: VOTER last_known_addr { host: "127.15.251.129" port: 40093 } } peers { permanent_uuid: "d7efb431e607407ebda9ba79b83bfd2d" member_type: VOTER last_known_addr { host: "127.15.251.130" port: 43665 } } peers { permanent_uuid: "b7f9015e9c25437ca1554314938f9d0e" member_type: VOTER last_known_addr { host: "127.15.251.131" port: 46765 } attrs { replace: true } } peers { permanent_uuid: "b9bfaff6c877439abf7483a7b70887ce" member_type: NON_VOTER last_known_addr { host: "127.15.251.132" port: 44887 } attrs { promote: true } } }
I20260710 11:02:22.392172 17416 catalog_manager.cc:5697] T 4946cae8a8e843128373fd6166d0352a P 66a0854cae4c4ccaab01190451893058 reported cstate change: config changed from index -1 to 2, NON_VOTER b9bfaff6c877439abf7483a7b70887ce (127.15.251.132) added. New cstate: current_term: 1 leader_uuid: "d7efb431e607407ebda9ba79b83bfd2d" committed_config { opid_index: 2 OBSOLETE_local: false peers { permanent_uuid: "66a0854cae4c4ccaab01190451893058" member_type: VOTER last_known_addr { host: "127.15.251.129" port: 40093 } } peers { permanent_uuid: "d7efb431e607407ebda9ba79b83bfd2d" member_type: VOTER last_known_addr { host: "127.15.251.130" port: 43665 } } peers { permanent_uuid: "b7f9015e9c25437ca1554314938f9d0e" member_type: VOTER last_known_addr { host: "127.15.251.131" port: 46765 } attrs { replace: true } } peers { permanent_uuid: "b9bfaff6c877439abf7483a7b70887ce" member_type: NON_VOTER last_known_addr { host: "127.15.251.132" port: 44887 } attrs { promote: true } } }
I20260710 11:02:22.392771 17666 consensus_queue.cc:237] T 76f5bcf87bd14b0b9389a666e3520098 P b7f9015e9c25437ca1554314938f9d0e [LEADER]: Queue going to LEADER mode. State: All replicated index: 0, Majority replicated index: 1, Committed index: 1, Last appended: 1.1, Last appended by leader: 0, Current term: 1, Majority size: 2, State: 0, Mode: LEADER, active raft config: opid_index: 2 OBSOLETE_local: false peers { permanent_uuid: "66a0854cae4c4ccaab01190451893058" member_type: VOTER last_known_addr { host: "127.15.251.129" port: 40093 } } peers { permanent_uuid: "d7efb431e607407ebda9ba79b83bfd2d" member_type: VOTER last_known_addr { host: "127.15.251.130" port: 43665 } attrs { replace: true } } peers { permanent_uuid: "b7f9015e9c25437ca1554314938f9d0e" member_type: VOTER last_known_addr { host: "127.15.251.131" port: 46765 } } peers { permanent_uuid: "b9bfaff6c877439abf7483a7b70887ce" member_type: NON_VOTER last_known_addr { host: "127.15.251.132" port: 44887 } attrs { promote: true } }
I20260710 11:02:22.401074 17590 raft_consensus.cc:1275] T 76f5bcf87bd14b0b9389a666e3520098 P d7efb431e607407ebda9ba79b83bfd2d [term 1 FOLLOWER]: Refusing update from remote peer b7f9015e9c25437ca1554314938f9d0e: Log matching property violated. Preceding OpId in replica: term: 1 index: 1. Preceding OpId from leader: term: 1 index: 2. (index mismatch)
I20260710 11:02:22.402997 18211 consensus_queue.cc:1048] T 76f5bcf87bd14b0b9389a666e3520098 P b7f9015e9c25437ca1554314938f9d0e [LEADER]: Connected to new peer: Peer: permanent_uuid: "d7efb431e607407ebda9ba79b83bfd2d" member_type: VOTER last_known_addr { host: "127.15.251.130" port: 43665 } attrs { replace: true }, Status: LMP_MISMATCH, Last received: 0.0, Next index: 2, Last known committed idx: 1, Time since last communication: 0.000s
I20260710 11:02:22.404179 17516 raft_consensus.cc:1275] T 76f5bcf87bd14b0b9389a666e3520098 P 66a0854cae4c4ccaab01190451893058 [term 1 FOLLOWER]: Refusing update from remote peer b7f9015e9c25437ca1554314938f9d0e: Log matching property violated. Preceding OpId in replica: term: 1 index: 1. Preceding OpId from leader: term: 1 index: 2. (index mismatch)
I20260710 11:02:22.408149 18211 consensus_queue.cc:1048] T 76f5bcf87bd14b0b9389a666e3520098 P b7f9015e9c25437ca1554314938f9d0e [LEADER]: Connected to new peer: Peer: permanent_uuid: "66a0854cae4c4ccaab01190451893058" member_type: VOTER last_known_addr { host: "127.15.251.129" port: 40093 }, Status: LMP_MISMATCH, Last received: 0.0, Next index: 2, Last known committed idx: 1, Time since last communication: 0.000s
W20260710 11:02:22.408340 17633 consensus_peers.cc:597] T 76f5bcf87bd14b0b9389a666e3520098 P b7f9015e9c25437ca1554314938f9d0e -> Peer b9bfaff6c877439abf7483a7b70887ce (127.15.251.132:44887): Couldn't send request to peer b9bfaff6c877439abf7483a7b70887ce. Error code: TABLET_NOT_FOUND (6). Status: Not found: Tablet not found: 76f5bcf87bd14b0b9389a666e3520098. This is attempt 1: this message will repeat every 5th retry.
I20260710 11:02:22.416606 18211 raft_consensus.cc:2955] T 76f5bcf87bd14b0b9389a666e3520098 P b7f9015e9c25437ca1554314938f9d0e [term 1 LEADER]: Committing config change with OpId 1.2: config changed from index -1 to 2, NON_VOTER b9bfaff6c877439abf7483a7b70887ce (127.15.251.132) added. New config: { opid_index: 2 OBSOLETE_local: false peers { permanent_uuid: "66a0854cae4c4ccaab01190451893058" member_type: VOTER last_known_addr { host: "127.15.251.129" port: 40093 } } peers { permanent_uuid: "d7efb431e607407ebda9ba79b83bfd2d" member_type: VOTER last_known_addr { host: "127.15.251.130" port: 43665 } attrs { replace: true } } peers { permanent_uuid: "b7f9015e9c25437ca1554314938f9d0e" member_type: VOTER last_known_addr { host: "127.15.251.131" port: 46765 } } peers { permanent_uuid: "b9bfaff6c877439abf7483a7b70887ce" member_type: NON_VOTER last_known_addr { host: "127.15.251.132" port: 44887 } attrs { promote: true } } }
I20260710 11:02:22.420701 17516 raft_consensus.cc:2955] T 76f5bcf87bd14b0b9389a666e3520098 P 66a0854cae4c4ccaab01190451893058 [term 1 FOLLOWER]: Committing config change with OpId 1.2: config changed from index -1 to 2, NON_VOTER b9bfaff6c877439abf7483a7b70887ce (127.15.251.132) added. New config: { opid_index: 2 OBSOLETE_local: false peers { permanent_uuid: "66a0854cae4c4ccaab01190451893058" member_type: VOTER last_known_addr { host: "127.15.251.129" port: 40093 } } peers { permanent_uuid: "d7efb431e607407ebda9ba79b83bfd2d" member_type: VOTER last_known_addr { host: "127.15.251.130" port: 43665 } attrs { replace: true } } peers { permanent_uuid: "b7f9015e9c25437ca1554314938f9d0e" member_type: VOTER last_known_addr { host: "127.15.251.131" port: 46765 } } peers { permanent_uuid: "b9bfaff6c877439abf7483a7b70887ce" member_type: NON_VOTER last_known_addr { host: "127.15.251.132" port: 44887 } attrs { promote: true } } }
I20260710 11:02:22.421057 17590 raft_consensus.cc:2955] T 76f5bcf87bd14b0b9389a666e3520098 P d7efb431e607407ebda9ba79b83bfd2d [term 1 FOLLOWER]: Committing config change with OpId 1.2: config changed from index -1 to 2, NON_VOTER b9bfaff6c877439abf7483a7b70887ce (127.15.251.132) added. New config: { opid_index: 2 OBSOLETE_local: false peers { permanent_uuid: "66a0854cae4c4ccaab01190451893058" member_type: VOTER last_known_addr { host: "127.15.251.129" port: 40093 } } peers { permanent_uuid: "d7efb431e607407ebda9ba79b83bfd2d" member_type: VOTER last_known_addr { host: "127.15.251.130" port: 43665 } attrs { replace: true } } peers { permanent_uuid: "b7f9015e9c25437ca1554314938f9d0e" member_type: VOTER last_known_addr { host: "127.15.251.131" port: 46765 } } peers { permanent_uuid: "b9bfaff6c877439abf7483a7b70887ce" member_type: NON_VOTER last_known_addr { host: "127.15.251.132" port: 44887 } attrs { promote: true } } }
I20260710 11:02:22.450176 17413 catalog_manager.cc:5697] T 76f5bcf87bd14b0b9389a666e3520098 P 66a0854cae4c4ccaab01190451893058 reported cstate change: config changed from index -1 to 2, NON_VOTER b9bfaff6c877439abf7483a7b70887ce (127.15.251.132) added. New cstate: current_term: 1 leader_uuid: "b7f9015e9c25437ca1554314938f9d0e" committed_config { opid_index: 2 OBSOLETE_local: false peers { permanent_uuid: "66a0854cae4c4ccaab01190451893058" member_type: VOTER last_known_addr { host: "127.15.251.129" port: 40093 } } peers { permanent_uuid: "d7efb431e607407ebda9ba79b83bfd2d" member_type: VOTER last_known_addr { host: "127.15.251.130" port: 43665 } attrs { replace: true } } peers { permanent_uuid: "b7f9015e9c25437ca1554314938f9d0e" member_type: VOTER last_known_addr { host: "127.15.251.131" port: 46765 } } peers { permanent_uuid: "b9bfaff6c877439abf7483a7b70887ce" member_type: NON_VOTER last_known_addr { host: "127.15.251.132" port: 44887 } attrs { promote: true } } }
I20260710 11:02:22.942142 18251 ts_tablet_manager.cc:933] T 4946cae8a8e843128373fd6166d0352a P b9bfaff6c877439abf7483a7b70887ce: Initiating tablet copy from peer d7efb431e607407ebda9ba79b83bfd2d (127.15.251.130:43665)
I20260710 11:02:22.944859 18251 tablet_copy_client.cc:323] T 4946cae8a8e843128373fd6166d0352a P b9bfaff6c877439abf7483a7b70887ce: tablet copy: Beginning tablet copy session from remote peer at address 127.15.251.130:43665
I20260710 11:02:22.946295 17603 tablet_copy_service.cc:140] P d7efb431e607407ebda9ba79b83bfd2d: Received BeginTabletCopySession request for tablet 4946cae8a8e843128373fd6166d0352a from peer b9bfaff6c877439abf7483a7b70887ce ({username='slave'} at 127.0.0.1:49028)
I20260710 11:02:22.946898 17603 tablet_copy_service.cc:161] P d7efb431e607407ebda9ba79b83bfd2d: Beginning new tablet copy session on tablet 4946cae8a8e843128373fd6166d0352a from peer b9bfaff6c877439abf7483a7b70887ce at {username='slave'} at 127.0.0.1:49028: session id = b9bfaff6c877439abf7483a7b70887ce-4946cae8a8e843128373fd6166d0352a
I20260710 11:02:22.952575 17603 tablet_copy_source_session.cc:215] T 4946cae8a8e843128373fd6166d0352a P d7efb431e607407ebda9ba79b83bfd2d: Tablet Copy: opened 0 blocks and 1 log segments
I20260710 11:02:22.955827 18251 data_dirs.cc:400] Could only allocate 1 dirs of requested 3 for tablet 4946cae8a8e843128373fd6166d0352a. 1 dirs total, 0 dirs full, 0 dirs failed
I20260710 11:02:22.956882 18253 ts_tablet_manager.cc:933] T 76f5bcf87bd14b0b9389a666e3520098 P b9bfaff6c877439abf7483a7b70887ce: Initiating tablet copy from peer b7f9015e9c25437ca1554314938f9d0e (127.15.251.131:46765)
I20260710 11:02:22.959739 18253 tablet_copy_client.cc:323] T 76f5bcf87bd14b0b9389a666e3520098 P b9bfaff6c877439abf7483a7b70887ce: tablet copy: Beginning tablet copy session from remote peer at address 127.15.251.131:46765
I20260710 11:02:22.961637 17677 tablet_copy_service.cc:140] P b7f9015e9c25437ca1554314938f9d0e: Received BeginTabletCopySession request for tablet 76f5bcf87bd14b0b9389a666e3520098 from peer b9bfaff6c877439abf7483a7b70887ce ({username='slave'} at 127.0.0.1:46536)
I20260710 11:02:22.962167 17677 tablet_copy_service.cc:161] P b7f9015e9c25437ca1554314938f9d0e: Beginning new tablet copy session on tablet 76f5bcf87bd14b0b9389a666e3520098 from peer b9bfaff6c877439abf7483a7b70887ce at {username='slave'} at 127.0.0.1:46536: session id = b9bfaff6c877439abf7483a7b70887ce-76f5bcf87bd14b0b9389a666e3520098
I20260710 11:02:22.978813 17677 tablet_copy_source_session.cc:215] T 76f5bcf87bd14b0b9389a666e3520098 P b7f9015e9c25437ca1554314938f9d0e: Tablet Copy: opened 0 blocks and 1 log segments
I20260710 11:02:22.979033 18251 tablet_copy_client.cc:806] T 4946cae8a8e843128373fd6166d0352a P b9bfaff6c877439abf7483a7b70887ce: tablet copy: Starting download of 0 data blocks...
I20260710 11:02:22.979717 18251 tablet_copy_client.cc:670] T 4946cae8a8e843128373fd6166d0352a P b9bfaff6c877439abf7483a7b70887ce: tablet copy: Starting download of 1 WAL segments...
I20260710 11:02:22.982774 18253 data_dirs.cc:400] Could only allocate 1 dirs of requested 3 for tablet 76f5bcf87bd14b0b9389a666e3520098. 1 dirs total, 0 dirs full, 0 dirs failed
I20260710 11:02:22.985143 18251 tablet_copy_client.cc:538] T 4946cae8a8e843128373fd6166d0352a P b9bfaff6c877439abf7483a7b70887ce: tablet copy: Tablet Copy complete. Replacing tablet superblock.
I20260710 11:02:22.998013 18253 tablet_copy_client.cc:806] T 76f5bcf87bd14b0b9389a666e3520098 P b9bfaff6c877439abf7483a7b70887ce: tablet copy: Starting download of 0 data blocks...
I20260710 11:02:22.998703 18253 tablet_copy_client.cc:670] T 76f5bcf87bd14b0b9389a666e3520098 P b9bfaff6c877439abf7483a7b70887ce: tablet copy: Starting download of 1 WAL segments...
I20260710 11:02:22.999668 18251 tablet_bootstrap.cc:492] T 4946cae8a8e843128373fd6166d0352a P b9bfaff6c877439abf7483a7b70887ce: Bootstrap starting.
I20260710 11:02:23.004969 18253 tablet_copy_client.cc:538] T 76f5bcf87bd14b0b9389a666e3520098 P b9bfaff6c877439abf7483a7b70887ce: tablet copy: Tablet Copy complete. Replacing tablet superblock.
I20260710 11:02:23.011677 18253 tablet_bootstrap.cc:492] T 76f5bcf87bd14b0b9389a666e3520098 P b9bfaff6c877439abf7483a7b70887ce: Bootstrap starting.
I20260710 11:02:23.022140 18251 tablet_bootstrap.cc:492] T 4946cae8a8e843128373fd6166d0352a P b9bfaff6c877439abf7483a7b70887ce: Bootstrap replayed 1/1 log segments. Stats: ops{read=2 overwritten=0 applied=2 ignored=0} inserts{seen=0 ignored=0} mutations{seen=0 ignored=0} orphaned_commits=0. Pending: 0 replicates
I20260710 11:02:23.023059 18251 tablet_bootstrap.cc:492] T 4946cae8a8e843128373fd6166d0352a P b9bfaff6c877439abf7483a7b70887ce: Bootstrap complete.
I20260710 11:02:23.023789 18251 ts_tablet_manager.cc:1403] T 4946cae8a8e843128373fd6166d0352a P b9bfaff6c877439abf7483a7b70887ce: Time spent bootstrapping tablet: real 0.024s	user 0.019s	sys 0.004s
I20260710 11:02:23.026850 18251 raft_consensus.cc:359] T 4946cae8a8e843128373fd6166d0352a P b9bfaff6c877439abf7483a7b70887ce [term 1 LEARNER]: Replica starting. Triggering 0 pending ops. Active config: opid_index: 2 OBSOLETE_local: false peers { permanent_uuid: "66a0854cae4c4ccaab01190451893058" member_type: VOTER last_known_addr { host: "127.15.251.129" port: 40093 } } peers { permanent_uuid: "d7efb431e607407ebda9ba79b83bfd2d" member_type: VOTER last_known_addr { host: "127.15.251.130" port: 43665 } } peers { permanent_uuid: "b7f9015e9c25437ca1554314938f9d0e" member_type: VOTER last_known_addr { host: "127.15.251.131" port: 46765 } attrs { replace: true } } peers { permanent_uuid: "b9bfaff6c877439abf7483a7b70887ce" member_type: NON_VOTER last_known_addr { host: "127.15.251.132" port: 44887 } attrs { promote: true } }
I20260710 11:02:23.027753 18251 raft_consensus.cc:740] T 4946cae8a8e843128373fd6166d0352a P b9bfaff6c877439abf7483a7b70887ce [term 1 LEARNER]: Becoming Follower/Learner. State: Replica: b9bfaff6c877439abf7483a7b70887ce, State: Initialized, Role: LEARNER
I20260710 11:02:23.028730 18253 tablet_bootstrap.cc:492] T 76f5bcf87bd14b0b9389a666e3520098 P b9bfaff6c877439abf7483a7b70887ce: Bootstrap replayed 1/1 log segments. Stats: ops{read=2 overwritten=0 applied=2 ignored=0} inserts{seen=0 ignored=0} mutations{seen=0 ignored=0} orphaned_commits=0. Pending: 0 replicates
I20260710 11:02:23.028376 18251 consensus_queue.cc:260] T 4946cae8a8e843128373fd6166d0352a P b9bfaff6c877439abf7483a7b70887ce [NON_LEADER]: Queue going to NON_LEADER mode. State: All replicated index: 0, Majority replicated index: 0, Committed index: 2, Last appended: 1.2, Last appended by leader: 2, Current term: 0, Majority size: -1, State: 0, Mode: NON_LEADER, active raft config: opid_index: 2 OBSOLETE_local: false peers { permanent_uuid: "66a0854cae4c4ccaab01190451893058" member_type: VOTER last_known_addr { host: "127.15.251.129" port: 40093 } } peers { permanent_uuid: "d7efb431e607407ebda9ba79b83bfd2d" member_type: VOTER last_known_addr { host: "127.15.251.130" port: 43665 } } peers { permanent_uuid: "b7f9015e9c25437ca1554314938f9d0e" member_type: VOTER last_known_addr { host: "127.15.251.131" port: 46765 } attrs { replace: true } } peers { permanent_uuid: "b9bfaff6c877439abf7483a7b70887ce" member_type: NON_VOTER last_known_addr { host: "127.15.251.132" port: 44887 } attrs { promote: true } }
I20260710 11:02:23.029575 18253 tablet_bootstrap.cc:492] T 76f5bcf87bd14b0b9389a666e3520098 P b9bfaff6c877439abf7483a7b70887ce: Bootstrap complete.
I20260710 11:02:23.030274 18253 ts_tablet_manager.cc:1403] T 76f5bcf87bd14b0b9389a666e3520098 P b9bfaff6c877439abf7483a7b70887ce: Time spent bootstrapping tablet: real 0.019s	user 0.014s	sys 0.003s
I20260710 11:02:23.031651 18251 ts_tablet_manager.cc:1434] T 4946cae8a8e843128373fd6166d0352a P b9bfaff6c877439abf7483a7b70887ce: Time spent starting tablet: real 0.008s	user 0.007s	sys 0.000s
I20260710 11:02:23.033419 17603 tablet_copy_service.cc:342] P d7efb431e607407ebda9ba79b83bfd2d: Request end of tablet copy session b9bfaff6c877439abf7483a7b70887ce-4946cae8a8e843128373fd6166d0352a received from {username='slave'} at 127.0.0.1:49028
I20260710 11:02:23.033824 17603 tablet_copy_service.cc:434] P d7efb431e607407ebda9ba79b83bfd2d: ending tablet copy session b9bfaff6c877439abf7483a7b70887ce-4946cae8a8e843128373fd6166d0352a on tablet 4946cae8a8e843128373fd6166d0352a with peer b9bfaff6c877439abf7483a7b70887ce
I20260710 11:02:23.035354 18253 raft_consensus.cc:359] T 76f5bcf87bd14b0b9389a666e3520098 P b9bfaff6c877439abf7483a7b70887ce [term 1 LEARNER]: Replica starting. Triggering 0 pending ops. Active config: opid_index: 2 OBSOLETE_local: false peers { permanent_uuid: "66a0854cae4c4ccaab01190451893058" member_type: VOTER last_known_addr { host: "127.15.251.129" port: 40093 } } peers { permanent_uuid: "d7efb431e607407ebda9ba79b83bfd2d" member_type: VOTER last_known_addr { host: "127.15.251.130" port: 43665 } attrs { replace: true } } peers { permanent_uuid: "b7f9015e9c25437ca1554314938f9d0e" member_type: VOTER last_known_addr { host: "127.15.251.131" port: 46765 } } peers { permanent_uuid: "b9bfaff6c877439abf7483a7b70887ce" member_type: NON_VOTER last_known_addr { host: "127.15.251.132" port: 44887 } attrs { promote: true } }
I20260710 11:02:23.036670 18253 raft_consensus.cc:740] T 76f5bcf87bd14b0b9389a666e3520098 P b9bfaff6c877439abf7483a7b70887ce [term 1 LEARNER]: Becoming Follower/Learner. State: Replica: b9bfaff6c877439abf7483a7b70887ce, State: Initialized, Role: LEARNER
I20260710 11:02:23.037374 18253 consensus_queue.cc:260] T 76f5bcf87bd14b0b9389a666e3520098 P b9bfaff6c877439abf7483a7b70887ce [NON_LEADER]: Queue going to NON_LEADER mode. State: All replicated index: 0, Majority replicated index: 0, Committed index: 2, Last appended: 1.2, Last appended by leader: 2, Current term: 0, Majority size: -1, State: 0, Mode: NON_LEADER, active raft config: opid_index: 2 OBSOLETE_local: false peers { permanent_uuid: "66a0854cae4c4ccaab01190451893058" member_type: VOTER last_known_addr { host: "127.15.251.129" port: 40093 } } peers { permanent_uuid: "d7efb431e607407ebda9ba79b83bfd2d" member_type: VOTER last_known_addr { host: "127.15.251.130" port: 43665 } attrs { replace: true } } peers { permanent_uuid: "b7f9015e9c25437ca1554314938f9d0e" member_type: VOTER last_known_addr { host: "127.15.251.131" port: 46765 } } peers { permanent_uuid: "b9bfaff6c877439abf7483a7b70887ce" member_type: NON_VOTER last_known_addr { host: "127.15.251.132" port: 44887 } attrs { promote: true } }
I20260710 11:02:23.041288 18253 ts_tablet_manager.cc:1434] T 76f5bcf87bd14b0b9389a666e3520098 P b9bfaff6c877439abf7483a7b70887ce: Time spent starting tablet: real 0.009s	user 0.005s	sys 0.000s
I20260710 11:02:23.042735 17677 tablet_copy_service.cc:342] P b7f9015e9c25437ca1554314938f9d0e: Request end of tablet copy session b9bfaff6c877439abf7483a7b70887ce-76f5bcf87bd14b0b9389a666e3520098 received from {username='slave'} at 127.0.0.1:46536
I20260710 11:02:23.043118 17677 tablet_copy_service.cc:434] P b7f9015e9c25437ca1554314938f9d0e: ending tablet copy session b9bfaff6c877439abf7483a7b70887ce-76f5bcf87bd14b0b9389a666e3520098 on tablet 76f5bcf87bd14b0b9389a666e3520098 with peer b9bfaff6c877439abf7483a7b70887ce
I20260710 11:02:23.320155 17927 raft_consensus.cc:1217] T 4946cae8a8e843128373fd6166d0352a P b9bfaff6c877439abf7483a7b70887ce [term 1 LEARNER]: Deduplicated request from leader. Original: 1.1->[1.2-1.2]   Dedup: 1.2->[]
I20260710 11:02:23.465188 17930 raft_consensus.cc:1217] T 76f5bcf87bd14b0b9389a666e3520098 P b9bfaff6c877439abf7483a7b70887ce [term 1 LEARNER]: Deduplicated request from leader. Original: 1.1->[1.2-1.2]   Dedup: 1.2->[]
I20260710 11:02:23.869011 18261 raft_consensus.cc:1064] T 4946cae8a8e843128373fd6166d0352a P d7efb431e607407ebda9ba79b83bfd2d: attempting to promote NON_VOTER b9bfaff6c877439abf7483a7b70887ce to VOTER
I20260710 11:02:23.871587 18261 consensus_queue.cc:237] T 4946cae8a8e843128373fd6166d0352a P d7efb431e607407ebda9ba79b83bfd2d [LEADER]: Queue going to LEADER mode. State: All replicated index: 0, Majority replicated index: 2, Committed index: 2, Last appended: 1.2, Last appended by leader: 0, Current term: 1, Majority size: 3, State: 0, Mode: LEADER, active raft config: opid_index: 3 OBSOLETE_local: false peers { permanent_uuid: "66a0854cae4c4ccaab01190451893058" member_type: VOTER last_known_addr { host: "127.15.251.129" port: 40093 } } peers { permanent_uuid: "d7efb431e607407ebda9ba79b83bfd2d" member_type: VOTER last_known_addr { host: "127.15.251.130" port: 43665 } } peers { permanent_uuid: "b7f9015e9c25437ca1554314938f9d0e" member_type: VOTER last_known_addr { host: "127.15.251.131" port: 46765 } attrs { replace: true } } peers { permanent_uuid: "b9bfaff6c877439abf7483a7b70887ce" member_type: VOTER last_known_addr { host: "127.15.251.132" port: 44887 } attrs { promote: false } }
I20260710 11:02:23.879931 17666 raft_consensus.cc:1275] T 4946cae8a8e843128373fd6166d0352a P b7f9015e9c25437ca1554314938f9d0e [term 1 FOLLOWER]: Refusing update from remote peer d7efb431e607407ebda9ba79b83bfd2d: Log matching property violated. Preceding OpId in replica: term: 1 index: 2. Preceding OpId from leader: term: 1 index: 3. (index mismatch)
I20260710 11:02:23.881933 18262 consensus_queue.cc:1048] T 4946cae8a8e843128373fd6166d0352a P d7efb431e607407ebda9ba79b83bfd2d [LEADER]: Connected to new peer: Peer: permanent_uuid: "b7f9015e9c25437ca1554314938f9d0e" member_type: VOTER last_known_addr { host: "127.15.251.131" port: 46765 } attrs { replace: true }, Status: LMP_MISMATCH, Last received: 0.0, Next index: 3, Last known committed idx: 2, Time since last communication: 0.000s
I20260710 11:02:23.889287 17930 raft_consensus.cc:1275] T 4946cae8a8e843128373fd6166d0352a P b9bfaff6c877439abf7483a7b70887ce [term 1 LEARNER]: Refusing update from remote peer d7efb431e607407ebda9ba79b83bfd2d: Log matching property violated. Preceding OpId in replica: term: 1 index: 2. Preceding OpId from leader: term: 1 index: 3. (index mismatch)
I20260710 11:02:23.889916 18256 raft_consensus.cc:1064] T 76f5bcf87bd14b0b9389a666e3520098 P b7f9015e9c25437ca1554314938f9d0e: attempting to promote NON_VOTER b9bfaff6c877439abf7483a7b70887ce to VOTER
I20260710 11:02:23.891884 18262 consensus_queue.cc:1048] T 4946cae8a8e843128373fd6166d0352a P d7efb431e607407ebda9ba79b83bfd2d [LEADER]: Connected to new peer: Peer: permanent_uuid: "b9bfaff6c877439abf7483a7b70887ce" member_type: VOTER last_known_addr { host: "127.15.251.132" port: 44887 } attrs { promote: false }, Status: LMP_MISMATCH, Last received: 0.0, Next index: 3, Last known committed idx: 2, Time since last communication: 0.000s
I20260710 11:02:23.892493 18256 consensus_queue.cc:237] T 76f5bcf87bd14b0b9389a666e3520098 P b7f9015e9c25437ca1554314938f9d0e [LEADER]: Queue going to LEADER mode. State: All replicated index: 0, Majority replicated index: 2, Committed index: 2, Last appended: 1.2, Last appended by leader: 0, Current term: 1, Majority size: 3, State: 0, Mode: LEADER, active raft config: opid_index: 3 OBSOLETE_local: false peers { permanent_uuid: "66a0854cae4c4ccaab01190451893058" member_type: VOTER last_known_addr { host: "127.15.251.129" port: 40093 } } peers { permanent_uuid: "d7efb431e607407ebda9ba79b83bfd2d" member_type: VOTER last_known_addr { host: "127.15.251.130" port: 43665 } attrs { replace: true } } peers { permanent_uuid: "b7f9015e9c25437ca1554314938f9d0e" member_type: VOTER last_known_addr { host: "127.15.251.131" port: 46765 } } peers { permanent_uuid: "b9bfaff6c877439abf7483a7b70887ce" member_type: VOTER last_known_addr { host: "127.15.251.132" port: 44887 } attrs { promote: false } }
I20260710 11:02:23.904526 17590 raft_consensus.cc:1275] T 76f5bcf87bd14b0b9389a666e3520098 P d7efb431e607407ebda9ba79b83bfd2d [term 1 FOLLOWER]: Refusing update from remote peer b7f9015e9c25437ca1554314938f9d0e: Log matching property violated. Preceding OpId in replica: term: 1 index: 2. Preceding OpId from leader: term: 1 index: 3. (index mismatch)
I20260710 11:02:23.905514 17927 raft_consensus.cc:1275] T 76f5bcf87bd14b0b9389a666e3520098 P b9bfaff6c877439abf7483a7b70887ce [term 1 LEARNER]: Refusing update from remote peer b7f9015e9c25437ca1554314938f9d0e: Log matching property violated. Preceding OpId in replica: term: 1 index: 2. Preceding OpId from leader: term: 1 index: 3. (index mismatch)
I20260710 11:02:23.906641 17516 raft_consensus.cc:1275] T 76f5bcf87bd14b0b9389a666e3520098 P 66a0854cae4c4ccaab01190451893058 [term 1 FOLLOWER]: Refusing update from remote peer b7f9015e9c25437ca1554314938f9d0e: Log matching property violated. Preceding OpId in replica: term: 1 index: 2. Preceding OpId from leader: term: 1 index: 3. (index mismatch)
I20260710 11:02:23.906787 18256 consensus_queue.cc:1048] T 76f5bcf87bd14b0b9389a666e3520098 P b7f9015e9c25437ca1554314938f9d0e [LEADER]: Connected to new peer: Peer: permanent_uuid: "b9bfaff6c877439abf7483a7b70887ce" member_type: VOTER last_known_addr { host: "127.15.251.132" port: 44887 } attrs { promote: false }, Status: LMP_MISMATCH, Last received: 0.0, Next index: 3, Last known committed idx: 2, Time since last communication: 0.001s
I20260710 11:02:23.908201 18255 consensus_queue.cc:1048] T 76f5bcf87bd14b0b9389a666e3520098 P b7f9015e9c25437ca1554314938f9d0e [LEADER]: Connected to new peer: Peer: permanent_uuid: "66a0854cae4c4ccaab01190451893058" member_type: VOTER last_known_addr { host: "127.15.251.129" port: 40093 }, Status: LMP_MISMATCH, Last received: 0.0, Next index: 3, Last known committed idx: 2, Time since last communication: 0.000s
I20260710 11:02:23.909934 18211 consensus_queue.cc:1048] T 76f5bcf87bd14b0b9389a666e3520098 P b7f9015e9c25437ca1554314938f9d0e [LEADER]: Connected to new peer: Peer: permanent_uuid: "d7efb431e607407ebda9ba79b83bfd2d" member_type: VOTER last_known_addr { host: "127.15.251.130" port: 43665 } attrs { replace: true }, Status: LMP_MISMATCH, Last received: 0.0, Next index: 3, Last known committed idx: 2, Time since last communication: 0.000s
I20260710 11:02:23.917516 17518 raft_consensus.cc:1275] T 4946cae8a8e843128373fd6166d0352a P 66a0854cae4c4ccaab01190451893058 [term 1 FOLLOWER]: Refusing update from remote peer d7efb431e607407ebda9ba79b83bfd2d: Log matching property violated. Preceding OpId in replica: term: 1 index: 2. Preceding OpId from leader: term: 1 index: 3. (index mismatch)
I20260710 11:02:23.923771 18261 raft_consensus.cc:2955] T 4946cae8a8e843128373fd6166d0352a P d7efb431e607407ebda9ba79b83bfd2d [term 1 LEADER]: Committing config change with OpId 1.3: config changed from index 2 to 3, b9bfaff6c877439abf7483a7b70887ce (127.15.251.132) changed from NON_VOTER to VOTER. New config: { opid_index: 3 OBSOLETE_local: false peers { permanent_uuid: "66a0854cae4c4ccaab01190451893058" member_type: VOTER last_known_addr { host: "127.15.251.129" port: 40093 } } peers { permanent_uuid: "d7efb431e607407ebda9ba79b83bfd2d" member_type: VOTER last_known_addr { host: "127.15.251.130" port: 43665 } } peers { permanent_uuid: "b7f9015e9c25437ca1554314938f9d0e" member_type: VOTER last_known_addr { host: "127.15.251.131" port: 46765 } attrs { replace: true } } peers { permanent_uuid: "b9bfaff6c877439abf7483a7b70887ce" member_type: VOTER last_known_addr { host: "127.15.251.132" port: 44887 } attrs { promote: false } } }
I20260710 11:02:23.930869 18264 consensus_queue.cc:1048] T 4946cae8a8e843128373fd6166d0352a P d7efb431e607407ebda9ba79b83bfd2d [LEADER]: Connected to new peer: Peer: permanent_uuid: "66a0854cae4c4ccaab01190451893058" member_type: VOTER last_known_addr { host: "127.15.251.129" port: 40093 }, Status: LMP_MISMATCH, Last received: 0.0, Next index: 3, Last known committed idx: 2, Time since last communication: 0.002s
I20260710 11:02:23.943035 17930 raft_consensus.cc:2955] T 4946cae8a8e843128373fd6166d0352a P b9bfaff6c877439abf7483a7b70887ce [term 1 FOLLOWER]: Committing config change with OpId 1.3: config changed from index 2 to 3, b9bfaff6c877439abf7483a7b70887ce (127.15.251.132) changed from NON_VOTER to VOTER. New config: { opid_index: 3 OBSOLETE_local: false peers { permanent_uuid: "66a0854cae4c4ccaab01190451893058" member_type: VOTER last_known_addr { host: "127.15.251.129" port: 40093 } } peers { permanent_uuid: "d7efb431e607407ebda9ba79b83bfd2d" member_type: VOTER last_known_addr { host: "127.15.251.130" port: 43665 } } peers { permanent_uuid: "b7f9015e9c25437ca1554314938f9d0e" member_type: VOTER last_known_addr { host: "127.15.251.131" port: 46765 } attrs { replace: true } } peers { permanent_uuid: "b9bfaff6c877439abf7483a7b70887ce" member_type: VOTER last_known_addr { host: "127.15.251.132" port: 44887 } attrs { promote: false } } }
I20260710 11:02:23.965632 17415 catalog_manager.cc:5697] T 4946cae8a8e843128373fd6166d0352a P b9bfaff6c877439abf7483a7b70887ce reported cstate change: config changed from index 2 to 3, b9bfaff6c877439abf7483a7b70887ce (127.15.251.132) changed from NON_VOTER to VOTER. New cstate: current_term: 1 leader_uuid: "d7efb431e607407ebda9ba79b83bfd2d" committed_config { opid_index: 3 OBSOLETE_local: false peers { permanent_uuid: "66a0854cae4c4ccaab01190451893058" member_type: VOTER last_known_addr { host: "127.15.251.129" port: 40093 } } peers { permanent_uuid: "d7efb431e607407ebda9ba79b83bfd2d" member_type: VOTER last_known_addr { host: "127.15.251.130" port: 43665 } } peers { permanent_uuid: "b7f9015e9c25437ca1554314938f9d0e" member_type: VOTER last_known_addr { host: "127.15.251.131" port: 46765 } attrs { replace: true } } peers { permanent_uuid: "b9bfaff6c877439abf7483a7b70887ce" member_type: VOTER last_known_addr { host: "127.15.251.132" port: 44887 } attrs { promote: false } } }
I20260710 11:02:23.967087 17666 raft_consensus.cc:2955] T 4946cae8a8e843128373fd6166d0352a P b7f9015e9c25437ca1554314938f9d0e [term 1 FOLLOWER]: Committing config change with OpId 1.3: config changed from index 2 to 3, b9bfaff6c877439abf7483a7b70887ce (127.15.251.132) changed from NON_VOTER to VOTER. New config: { opid_index: 3 OBSOLETE_local: false peers { permanent_uuid: "66a0854cae4c4ccaab01190451893058" member_type: VOTER last_known_addr { host: "127.15.251.129" port: 40093 } } peers { permanent_uuid: "d7efb431e607407ebda9ba79b83bfd2d" member_type: VOTER last_known_addr { host: "127.15.251.130" port: 43665 } } peers { permanent_uuid: "b7f9015e9c25437ca1554314938f9d0e" member_type: VOTER last_known_addr { host: "127.15.251.131" port: 46765 } attrs { replace: true } } peers { permanent_uuid: "b9bfaff6c877439abf7483a7b70887ce" member_type: VOTER last_known_addr { host: "127.15.251.132" port: 44887 } attrs { promote: false } } }
I20260710 11:02:23.969327 18211 raft_consensus.cc:2955] T 76f5bcf87bd14b0b9389a666e3520098 P b7f9015e9c25437ca1554314938f9d0e [term 1 LEADER]: Committing config change with OpId 1.3: config changed from index 2 to 3, b9bfaff6c877439abf7483a7b70887ce (127.15.251.132) changed from NON_VOTER to VOTER. New config: { opid_index: 3 OBSOLETE_local: false peers { permanent_uuid: "66a0854cae4c4ccaab01190451893058" member_type: VOTER last_known_addr { host: "127.15.251.129" port: 40093 } } peers { permanent_uuid: "d7efb431e607407ebda9ba79b83bfd2d" member_type: VOTER last_known_addr { host: "127.15.251.130" port: 43665 } attrs { replace: true } } peers { permanent_uuid: "b7f9015e9c25437ca1554314938f9d0e" member_type: VOTER last_known_addr { host: "127.15.251.131" port: 46765 } } peers { permanent_uuid: "b9bfaff6c877439abf7483a7b70887ce" member_type: VOTER last_known_addr { host: "127.15.251.132" port: 44887 } attrs { promote: false } } }
I20260710 11:02:23.978885 17590 raft_consensus.cc:2955] T 76f5bcf87bd14b0b9389a666e3520098 P d7efb431e607407ebda9ba79b83bfd2d [term 1 FOLLOWER]: Committing config change with OpId 1.3: config changed from index 2 to 3, b9bfaff6c877439abf7483a7b70887ce (127.15.251.132) changed from NON_VOTER to VOTER. New config: { opid_index: 3 OBSOLETE_local: false peers { permanent_uuid: "66a0854cae4c4ccaab01190451893058" member_type: VOTER last_known_addr { host: "127.15.251.129" port: 40093 } } peers { permanent_uuid: "d7efb431e607407ebda9ba79b83bfd2d" member_type: VOTER last_known_addr { host: "127.15.251.130" port: 43665 } attrs { replace: true } } peers { permanent_uuid: "b7f9015e9c25437ca1554314938f9d0e" member_type: VOTER last_known_addr { host: "127.15.251.131" port: 46765 } } peers { permanent_uuid: "b9bfaff6c877439abf7483a7b70887ce" member_type: VOTER last_known_addr { host: "127.15.251.132" port: 44887 } attrs { promote: false } } }
I20260710 11:02:23.983664 17516 raft_consensus.cc:2955] T 76f5bcf87bd14b0b9389a666e3520098 P 66a0854cae4c4ccaab01190451893058 [term 1 FOLLOWER]: Committing config change with OpId 1.3: config changed from index 2 to 3, b9bfaff6c877439abf7483a7b70887ce (127.15.251.132) changed from NON_VOTER to VOTER. New config: { opid_index: 3 OBSOLETE_local: false peers { permanent_uuid: "66a0854cae4c4ccaab01190451893058" member_type: VOTER last_known_addr { host: "127.15.251.129" port: 40093 } } peers { permanent_uuid: "d7efb431e607407ebda9ba79b83bfd2d" member_type: VOTER last_known_addr { host: "127.15.251.130" port: 43665 } attrs { replace: true } } peers { permanent_uuid: "b7f9015e9c25437ca1554314938f9d0e" member_type: VOTER last_known_addr { host: "127.15.251.131" port: 46765 } } peers { permanent_uuid: "b9bfaff6c877439abf7483a7b70887ce" member_type: VOTER last_known_addr { host: "127.15.251.132" port: 44887 } attrs { promote: false } } }
I20260710 11:02:23.986945 17927 raft_consensus.cc:2955] T 76f5bcf87bd14b0b9389a666e3520098 P b9bfaff6c877439abf7483a7b70887ce [term 1 FOLLOWER]: Committing config change with OpId 1.3: config changed from index 2 to 3, b9bfaff6c877439abf7483a7b70887ce (127.15.251.132) changed from NON_VOTER to VOTER. New config: { opid_index: 3 OBSOLETE_local: false peers { permanent_uuid: "66a0854cae4c4ccaab01190451893058" member_type: VOTER last_known_addr { host: "127.15.251.129" port: 40093 } } peers { permanent_uuid: "d7efb431e607407ebda9ba79b83bfd2d" member_type: VOTER last_known_addr { host: "127.15.251.130" port: 43665 } attrs { replace: true } } peers { permanent_uuid: "b7f9015e9c25437ca1554314938f9d0e" member_type: VOTER last_known_addr { host: "127.15.251.131" port: 46765 } } peers { permanent_uuid: "b9bfaff6c877439abf7483a7b70887ce" member_type: VOTER last_known_addr { host: "127.15.251.132" port: 44887 } attrs { promote: false } } }
I20260710 11:02:23.991694 17518 raft_consensus.cc:2955] T 4946cae8a8e843128373fd6166d0352a P 66a0854cae4c4ccaab01190451893058 [term 1 FOLLOWER]: Committing config change with OpId 1.3: config changed from index 2 to 3, b9bfaff6c877439abf7483a7b70887ce (127.15.251.132) changed from NON_VOTER to VOTER. New config: { opid_index: 3 OBSOLETE_local: false peers { permanent_uuid: "66a0854cae4c4ccaab01190451893058" member_type: VOTER last_known_addr { host: "127.15.251.129" port: 40093 } } peers { permanent_uuid: "d7efb431e607407ebda9ba79b83bfd2d" member_type: VOTER last_known_addr { host: "127.15.251.130" port: 43665 } } peers { permanent_uuid: "b7f9015e9c25437ca1554314938f9d0e" member_type: VOTER last_known_addr { host: "127.15.251.131" port: 46765 } attrs { replace: true } } peers { permanent_uuid: "b9bfaff6c877439abf7483a7b70887ce" member_type: VOTER last_known_addr { host: "127.15.251.132" port: 44887 } attrs { promote: false } } }
