I20260710 11:01:53.524719 14338 catalog_manager.cc:5697] T 98e4b26e48ac4fa5a2d569f839a4f973 P 123c5c3ee34f4feaaf47bca39d3f3de9 reported cstate change: term changed from 1 to 2, leader changed from a735e24a3b6d41bb8b6505cffa940cc1 (127.13.125.131) to 123c5c3ee34f4feaaf47bca39d3f3de9 (127.13.125.129). New cstate: current_term: 2 leader_uuid: "123c5c3ee34f4feaaf47bca39d3f3de9" committed_config { opid_index: -1 OBSOLETE_local: false peers { permanent_uuid: "123c5c3ee34f4feaaf47bca39d3f3de9" member_type: VOTER last_known_addr { host: "127.13.125.129" port: 37381 } health_report { overall_health: HEALTHY } } peers { permanent_uuid: "4c09041cdfe4427e856e2f1e748a69e3" member_type: VOTER last_known_addr { host: "127.13.125.130" port: 42767 } health_report { overall_health: UNKNOWN } } peers { permanent_uuid: "a735e24a3b6d41bb8b6505cffa940cc1" member_type: VOTER last_known_addr { host: "127.13.125.131" port: 45487 } health_report { overall_health: UNKNOWN } } }
I20260710 11:01:53.526391 14667 raft_consensus.cc:2804] T 48a97c87fb6a43ccb16e8f265de3b892 P 123c5c3ee34f4feaaf47bca39d3f3de9 [term 2 FOLLOWER]: Leader election won for term 2
I20260710 11:01:53.527325 14667 raft_consensus.cc:697] T 48a97c87fb6a43ccb16e8f265de3b892 P 123c5c3ee34f4feaaf47bca39d3f3de9 [term 2 LEADER]: Becoming Leader. State: Replica: 123c5c3ee34f4feaaf47bca39d3f3de9, State: Running, Role: LEADER
I20260710 11:01:53.528095 14667 consensus_queue.cc:237] T 48a97c87fb6a43ccb16e8f265de3b892 P 123c5c3ee34f4feaaf47bca39d3f3de9 [LEADER]: Queue going to LEADER mode. State: All replicated index: 0, Majority replicated index: 1, Committed index: 1, Last appended: 1.1, Last appended by leader: 1, Current term: 2, Majority size: 2, State: 0, Mode: LEADER, active raft config: opid_index: -1 OBSOLETE_local: false peers { permanent_uuid: "123c5c3ee34f4feaaf47bca39d3f3de9" member_type: VOTER last_known_addr { host: "127.13.125.129" port: 37381 } } peers { permanent_uuid: "4c09041cdfe4427e856e2f1e748a69e3" member_type: VOTER last_known_addr { host: "127.13.125.130" port: 42767 } } peers { permanent_uuid: "a735e24a3b6d41bb8b6505cffa940cc1" member_type: VOTER last_known_addr { host: "127.13.125.131" port: 45487 } }
I20260710 11:01:53.532757 14439 tablet_service.cc:2072] Received LeaderStepDown RPC: tablet_id: "0cfe94a78b85424c808f5589330e27c9"
dest_uuid: "123c5c3ee34f4feaaf47bca39d3f3de9"
mode: GRACEFUL
new_leader_uuid: "a735e24a3b6d41bb8b6505cffa940cc1"
 from {username='slave'} at 127.0.0.1:59264
I20260710 11:01:53.533299 14439 raft_consensus.cc:606] T 0cfe94a78b85424c808f5589330e27c9 P 123c5c3ee34f4feaaf47bca39d3f3de9 [term 1 LEADER]: Received request to transfer leadership to TS a735e24a3b6d41bb8b6505cffa940cc1
I20260710 11:01:53.534391 14667 consensus_queue.cc:1048] T 0cfe94a78b85424c808f5589330e27c9 P 123c5c3ee34f4feaaf47bca39d3f3de9 [LEADER]: Connected to new peer: Peer: permanent_uuid: "4c09041cdfe4427e856e2f1e748a69e3" member_type: VOTER last_known_addr { host: "127.13.125.130" port: 42767 }, Status: LMP_MISMATCH, Last received: 0.0, Next index: 1, Last known committed idx: 0, Time since last communication: 0.000s
I20260710 11:01:53.543808 14681 raft_consensus.cc:993] T a9d3015e1c1644f886c6afed994d5a4f P a735e24a3b6d41bb8b6505cffa940cc1: : Instructing follower 4c09041cdfe4427e856e2f1e748a69e3 to start an election
I20260710 11:01:53.544250 14681 raft_consensus.cc:1081] T a9d3015e1c1644f886c6afed994d5a4f P a735e24a3b6d41bb8b6505cffa940cc1 [term 1 LEADER]: Signalling peer 4c09041cdfe4427e856e2f1e748a69e3 to start an election
I20260710 11:01:53.546428 14650 consensus_queue.cc:1048] T 0cfe94a78b85424c808f5589330e27c9 P 123c5c3ee34f4feaaf47bca39d3f3de9 [LEADER]: Connected to new peer: Peer: permanent_uuid: "a735e24a3b6d41bb8b6505cffa940cc1" member_type: VOTER last_known_addr { host: "127.13.125.131" port: 45487 }, Status: LMP_MISMATCH, Last received: 0.0, Next index: 1, Last known committed idx: 0, Time since last communication: 0.000s
I20260710 11:01:53.556407 14517 tablet_service.cc:2044] Received Run Leader Election RPC: tablet_id: "a9d3015e1c1644f886c6afed994d5a4f"
dest_uuid: "4c09041cdfe4427e856e2f1e748a69e3"
 from {username='slave'} at 127.0.0.1:34834
I20260710 11:01:53.557036 14517 raft_consensus.cc:493] T a9d3015e1c1644f886c6afed994d5a4f P 4c09041cdfe4427e856e2f1e748a69e3 [term 1 FOLLOWER]: Starting forced leader election (received explicit request)
I20260710 11:01:53.557483 14517 raft_consensus.cc:3060] T a9d3015e1c1644f886c6afed994d5a4f P 4c09041cdfe4427e856e2f1e748a69e3 [term 1 FOLLOWER]: Advancing to term 2
I20260710 11:01:53.559249 14340 catalog_manager.cc:5697] T 48a97c87fb6a43ccb16e8f265de3b892 P 123c5c3ee34f4feaaf47bca39d3f3de9 reported cstate change: term changed from 1 to 2, leader changed from 4c09041cdfe4427e856e2f1e748a69e3 (127.13.125.130) to 123c5c3ee34f4feaaf47bca39d3f3de9 (127.13.125.129). New cstate: current_term: 2 leader_uuid: "123c5c3ee34f4feaaf47bca39d3f3de9" committed_config { opid_index: -1 OBSOLETE_local: false peers { permanent_uuid: "123c5c3ee34f4feaaf47bca39d3f3de9" member_type: VOTER last_known_addr { host: "127.13.125.129" port: 37381 } health_report { overall_health: HEALTHY } } peers { permanent_uuid: "4c09041cdfe4427e856e2f1e748a69e3" member_type: VOTER last_known_addr { host: "127.13.125.130" port: 42767 } health_report { overall_health: UNKNOWN } } peers { permanent_uuid: "a735e24a3b6d41bb8b6505cffa940cc1" member_type: VOTER last_known_addr { host: "127.13.125.131" port: 45487 } health_report { overall_health: UNKNOWN } } }
I20260710 11:01:53.562692 14650 raft_consensus.cc:993] T 0cfe94a78b85424c808f5589330e27c9 P 123c5c3ee34f4feaaf47bca39d3f3de9: : Instructing follower a735e24a3b6d41bb8b6505cffa940cc1 to start an election
I20260710 11:01:53.563122 14650 raft_consensus.cc:1081] T 0cfe94a78b85424c808f5589330e27c9 P 123c5c3ee34f4feaaf47bca39d3f3de9 [term 1 LEADER]: Signalling peer a735e24a3b6d41bb8b6505cffa940cc1 to start an election
I20260710 11:01:53.564302 14517 raft_consensus.cc:515] T a9d3015e1c1644f886c6afed994d5a4f P 4c09041cdfe4427e856e2f1e748a69e3 [term 2 FOLLOWER]: Starting forced leader election with config: opid_index: -1 OBSOLETE_local: false peers { permanent_uuid: "123c5c3ee34f4feaaf47bca39d3f3de9" member_type: VOTER last_known_addr { host: "127.13.125.129" port: 37381 } } peers { permanent_uuid: "4c09041cdfe4427e856e2f1e748a69e3" member_type: VOTER last_known_addr { host: "127.13.125.130" port: 42767 } } peers { permanent_uuid: "a735e24a3b6d41bb8b6505cffa940cc1" member_type: VOTER last_known_addr { host: "127.13.125.131" port: 45487 } }
I20260710 11:01:53.565019 14591 tablet_service.cc:2044] Received Run Leader Election RPC: tablet_id: "0cfe94a78b85424c808f5589330e27c9"
dest_uuid: "a735e24a3b6d41bb8b6505cffa940cc1"
 from {username='slave'} at 127.0.0.1:46854
I20260710 11:01:53.565586 14591 raft_consensus.cc:493] T 0cfe94a78b85424c808f5589330e27c9 P a735e24a3b6d41bb8b6505cffa940cc1 [term 1 FOLLOWER]: Starting forced leader election (received explicit request)
I20260710 11:01:53.566365 14591 raft_consensus.cc:3060] T 0cfe94a78b85424c808f5589330e27c9 P a735e24a3b6d41bb8b6505cffa940cc1 [term 1 FOLLOWER]: Advancing to term 2
I20260710 11:01:53.566926 14517 leader_election.cc:290] T a9d3015e1c1644f886c6afed994d5a4f P 4c09041cdfe4427e856e2f1e748a69e3 [CANDIDATE]: Term 2 election: Requested vote from peers 123c5c3ee34f4feaaf47bca39d3f3de9 (127.13.125.129:37381), a735e24a3b6d41bb8b6505cffa940cc1 (127.13.125.131:45487)
I20260710 11:01:53.567301 14588 tablet_service.cc:1917] Received RequestConsensusVote() RPC: tablet_id: "a9d3015e1c1644f886c6afed994d5a4f" candidate_uuid: "4c09041cdfe4427e856e2f1e748a69e3" candidate_term: 2 candidate_status { last_received { term: 1 index: 1 } } ignore_live_leader: true dest_uuid: "a735e24a3b6d41bb8b6505cffa940cc1"
I20260710 11:01:53.567873 14588 raft_consensus.cc:3055] T a9d3015e1c1644f886c6afed994d5a4f P a735e24a3b6d41bb8b6505cffa940cc1 [term 1 LEADER]: Stepping down as leader of term 1
I20260710 11:01:53.568192 14588 raft_consensus.cc:740] T a9d3015e1c1644f886c6afed994d5a4f P a735e24a3b6d41bb8b6505cffa940cc1 [term 1 LEADER]: Becoming Follower/Learner. State: Replica: a735e24a3b6d41bb8b6505cffa940cc1, State: Running, Role: LEADER
I20260710 11:01:53.568928 14588 consensus_queue.cc:260] T a9d3015e1c1644f886c6afed994d5a4f P a735e24a3b6d41bb8b6505cffa940cc1 [NON_LEADER]: Queue going to NON_LEADER mode. State: All replicated index: 0, Majority replicated index: 1, Committed index: 1, Last appended: 1.1, Last appended by leader: 1, Current term: 1, Majority size: -1, State: 0, Mode: NON_LEADER, active raft config: opid_index: -1 OBSOLETE_local: false peers { permanent_uuid: "123c5c3ee34f4feaaf47bca39d3f3de9" member_type: VOTER last_known_addr { host: "127.13.125.129" port: 37381 } } peers { permanent_uuid: "4c09041cdfe4427e856e2f1e748a69e3" member_type: VOTER last_known_addr { host: "127.13.125.130" port: 42767 } } peers { permanent_uuid: "a735e24a3b6d41bb8b6505cffa940cc1" member_type: VOTER last_known_addr { host: "127.13.125.131" port: 45487 } }
I20260710 11:01:53.570103 14588 raft_consensus.cc:3060] T a9d3015e1c1644f886c6afed994d5a4f P a735e24a3b6d41bb8b6505cffa940cc1 [term 1 FOLLOWER]: Advancing to term 2
I20260710 11:01:53.572165 14440 tablet_service.cc:1917] Received RequestConsensusVote() RPC: tablet_id: "a9d3015e1c1644f886c6afed994d5a4f" candidate_uuid: "4c09041cdfe4427e856e2f1e748a69e3" candidate_term: 2 candidate_status { last_received { term: 1 index: 1 } } ignore_live_leader: true dest_uuid: "123c5c3ee34f4feaaf47bca39d3f3de9"
I20260710 11:01:53.572779 14440 raft_consensus.cc:3060] T a9d3015e1c1644f886c6afed994d5a4f P 123c5c3ee34f4feaaf47bca39d3f3de9 [term 1 FOLLOWER]: Advancing to term 2
I20260710 11:01:53.575125 14591 raft_consensus.cc:515] T 0cfe94a78b85424c808f5589330e27c9 P a735e24a3b6d41bb8b6505cffa940cc1 [term 2 FOLLOWER]: Starting forced leader election with config: opid_index: -1 OBSOLETE_local: false peers { permanent_uuid: "123c5c3ee34f4feaaf47bca39d3f3de9" member_type: VOTER last_known_addr { host: "127.13.125.129" port: 37381 } } peers { permanent_uuid: "4c09041cdfe4427e856e2f1e748a69e3" member_type: VOTER last_known_addr { host: "127.13.125.130" port: 42767 } } peers { permanent_uuid: "a735e24a3b6d41bb8b6505cffa940cc1" member_type: VOTER last_known_addr { host: "127.13.125.131" port: 45487 } }
I20260710 11:01:53.577976 14439 tablet_service.cc:1917] Received RequestConsensusVote() RPC: tablet_id: "0cfe94a78b85424c808f5589330e27c9" candidate_uuid: "a735e24a3b6d41bb8b6505cffa940cc1" candidate_term: 2 candidate_status { last_received { term: 1 index: 1 } } ignore_live_leader: true dest_uuid: "123c5c3ee34f4feaaf47bca39d3f3de9"
I20260710 11:01:53.578536 14439 raft_consensus.cc:3055] T 0cfe94a78b85424c808f5589330e27c9 P 123c5c3ee34f4feaaf47bca39d3f3de9 [term 1 LEADER]: Stepping down as leader of term 1
I20260710 11:01:53.578838 14439 raft_consensus.cc:740] T 0cfe94a78b85424c808f5589330e27c9 P 123c5c3ee34f4feaaf47bca39d3f3de9 [term 1 LEADER]: Becoming Follower/Learner. State: Replica: 123c5c3ee34f4feaaf47bca39d3f3de9, State: Running, Role: LEADER
I20260710 11:01:53.579579 14439 consensus_queue.cc:260] T 0cfe94a78b85424c808f5589330e27c9 P 123c5c3ee34f4feaaf47bca39d3f3de9 [NON_LEADER]: Queue going to NON_LEADER mode. State: All replicated index: 0, Majority replicated index: 1, Committed index: 1, Last appended: 1.1, Last appended by leader: 1, Current term: 1, Majority size: -1, State: 0, Mode: NON_LEADER, active raft config: opid_index: -1 OBSOLETE_local: false peers { permanent_uuid: "123c5c3ee34f4feaaf47bca39d3f3de9" member_type: VOTER last_known_addr { host: "127.13.125.129" port: 37381 } } peers { permanent_uuid: "4c09041cdfe4427e856e2f1e748a69e3" member_type: VOTER last_known_addr { host: "127.13.125.130" port: 42767 } } peers { permanent_uuid: "a735e24a3b6d41bb8b6505cffa940cc1" member_type: VOTER last_known_addr { host: "127.13.125.131" port: 45487 } }
I20260710 11:01:53.581126 14439 raft_consensus.cc:3060] T 0cfe94a78b85424c808f5589330e27c9 P 123c5c3ee34f4feaaf47bca39d3f3de9 [term 1 FOLLOWER]: Advancing to term 2
I20260710 11:01:53.583456 14517 tablet_service.cc:1917] Received RequestConsensusVote() RPC: tablet_id: "0cfe94a78b85424c808f5589330e27c9" candidate_uuid: "a735e24a3b6d41bb8b6505cffa940cc1" candidate_term: 2 candidate_status { last_received { term: 1 index: 1 } } ignore_live_leader: true dest_uuid: "4c09041cdfe4427e856e2f1e748a69e3"
I20260710 11:01:53.584021 14517 raft_consensus.cc:3060] T 0cfe94a78b85424c808f5589330e27c9 P 4c09041cdfe4427e856e2f1e748a69e3 [term 1 FOLLOWER]: Advancing to term 2
I20260710 11:01:53.584501 14591 leader_election.cc:290] T 0cfe94a78b85424c808f5589330e27c9 P a735e24a3b6d41bb8b6505cffa940cc1 [CANDIDATE]: Term 2 election: Requested vote from peers 123c5c3ee34f4feaaf47bca39d3f3de9 (127.13.125.129:37381), 4c09041cdfe4427e856e2f1e748a69e3 (127.13.125.130:42767)
I20260710 11:01:53.583997 14440 raft_consensus.cc:2468] T a9d3015e1c1644f886c6afed994d5a4f P 123c5c3ee34f4feaaf47bca39d3f3de9 [term 2 FOLLOWER]: Leader election vote request: Granting yes vote for candidate 4c09041cdfe4427e856e2f1e748a69e3 in term 2.
I20260710 11:01:53.586158 14481 leader_election.cc:304] T a9d3015e1c1644f886c6afed994d5a4f P 4c09041cdfe4427e856e2f1e748a69e3 [CANDIDATE]: Term 2 election: Election decided. Result: candidate won. Election summary: received 2 responses out of 3 voters: 2 yes votes; 0 no votes. yes voters: 123c5c3ee34f4feaaf47bca39d3f3de9, 4c09041cdfe4427e856e2f1e748a69e3; no voters: 
I20260710 11:01:53.587435 14661 raft_consensus.cc:2804] T a9d3015e1c1644f886c6afed994d5a4f P 4c09041cdfe4427e856e2f1e748a69e3 [term 2 FOLLOWER]: Leader election won for term 2
I20260710 11:01:53.587884 14661 raft_consensus.cc:697] T a9d3015e1c1644f886c6afed994d5a4f P 4c09041cdfe4427e856e2f1e748a69e3 [term 2 LEADER]: Becoming Leader. State: Replica: 4c09041cdfe4427e856e2f1e748a69e3, State: Running, Role: LEADER
I20260710 11:01:53.588687 14661 consensus_queue.cc:237] T a9d3015e1c1644f886c6afed994d5a4f P 4c09041cdfe4427e856e2f1e748a69e3 [LEADER]: Queue going to LEADER mode. State: All replicated index: 0, Majority replicated index: 1, Committed index: 1, Last appended: 1.1, Last appended by leader: 1, Current term: 2, Majority size: 2, State: 0, Mode: LEADER, active raft config: opid_index: -1 OBSOLETE_local: false peers { permanent_uuid: "123c5c3ee34f4feaaf47bca39d3f3de9" member_type: VOTER last_known_addr { host: "127.13.125.129" port: 37381 } } peers { permanent_uuid: "4c09041cdfe4427e856e2f1e748a69e3" member_type: VOTER last_known_addr { host: "127.13.125.130" port: 42767 } } peers { permanent_uuid: "a735e24a3b6d41bb8b6505cffa940cc1" member_type: VOTER last_known_addr { host: "127.13.125.131" port: 45487 } }
I20260710 11:01:53.590821 14517 raft_consensus.cc:2468] T 0cfe94a78b85424c808f5589330e27c9 P 4c09041cdfe4427e856e2f1e748a69e3 [term 2 FOLLOWER]: Leader election vote request: Granting yes vote for candidate a735e24a3b6d41bb8b6505cffa940cc1 in term 2.
I20260710 11:01:53.591538 14439 raft_consensus.cc:2468] T 0cfe94a78b85424c808f5589330e27c9 P 123c5c3ee34f4feaaf47bca39d3f3de9 [term 2 FOLLOWER]: Leader election vote request: Granting yes vote for candidate a735e24a3b6d41bb8b6505cffa940cc1 in term 2.
I20260710 11:01:53.591974 14556 leader_election.cc:304] T 0cfe94a78b85424c808f5589330e27c9 P a735e24a3b6d41bb8b6505cffa940cc1 [CANDIDATE]: Term 2 election: Election decided. Result: candidate won. Election summary: received 2 responses out of 3 voters: 2 yes votes; 0 no votes. yes voters: 4c09041cdfe4427e856e2f1e748a69e3, a735e24a3b6d41bb8b6505cffa940cc1; no voters: 
I20260710 11:01:53.592799 14681 raft_consensus.cc:2804] T 0cfe94a78b85424c808f5589330e27c9 P a735e24a3b6d41bb8b6505cffa940cc1 [term 2 FOLLOWER]: Leader election won for term 2
I20260710 11:01:53.593240 14681 raft_consensus.cc:697] T 0cfe94a78b85424c808f5589330e27c9 P a735e24a3b6d41bb8b6505cffa940cc1 [term 2 LEADER]: Becoming Leader. State: Replica: a735e24a3b6d41bb8b6505cffa940cc1, State: Running, Role: LEADER
I20260710 11:01:53.593998 14681 consensus_queue.cc:237] T 0cfe94a78b85424c808f5589330e27c9 P a735e24a3b6d41bb8b6505cffa940cc1 [LEADER]: Queue going to LEADER mode. State: All replicated index: 0, Majority replicated index: 1, Committed index: 1, Last appended: 1.1, Last appended by leader: 1, Current term: 2, Majority size: 2, State: 0, Mode: LEADER, active raft config: opid_index: -1 OBSOLETE_local: false peers { permanent_uuid: "123c5c3ee34f4feaaf47bca39d3f3de9" member_type: VOTER last_known_addr { host: "127.13.125.129" port: 37381 } } peers { permanent_uuid: "4c09041cdfe4427e856e2f1e748a69e3" member_type: VOTER last_known_addr { host: "127.13.125.130" port: 42767 } } peers { permanent_uuid: "a735e24a3b6d41bb8b6505cffa940cc1" member_type: VOTER last_known_addr { host: "127.13.125.131" port: 45487 } }
I20260710 11:01:53.594889 14588 raft_consensus.cc:2468] T a9d3015e1c1644f886c6afed994d5a4f P a735e24a3b6d41bb8b6505cffa940cc1 [term 2 FOLLOWER]: Leader election vote request: Granting yes vote for candidate 4c09041cdfe4427e856e2f1e748a69e3 in term 2.
I20260710 11:01:53.596524 14337 catalog_manager.cc:5697] T a9d3015e1c1644f886c6afed994d5a4f P 4c09041cdfe4427e856e2f1e748a69e3 reported cstate change: term changed from 1 to 2, leader changed from a735e24a3b6d41bb8b6505cffa940cc1 (127.13.125.131) to 4c09041cdfe4427e856e2f1e748a69e3 (127.13.125.130). New cstate: current_term: 2 leader_uuid: "4c09041cdfe4427e856e2f1e748a69e3" committed_config { opid_index: -1 OBSOLETE_local: false peers { permanent_uuid: "123c5c3ee34f4feaaf47bca39d3f3de9" member_type: VOTER last_known_addr { host: "127.13.125.129" port: 37381 } health_report { overall_health: UNKNOWN } } peers { permanent_uuid: "4c09041cdfe4427e856e2f1e748a69e3" member_type: VOTER last_known_addr { host: "127.13.125.130" port: 42767 } health_report { overall_health: HEALTHY } } peers { permanent_uuid: "a735e24a3b6d41bb8b6505cffa940cc1" member_type: VOTER last_known_addr { host: "127.13.125.131" port: 45487 } health_report { overall_health: UNKNOWN } } }
I20260710 11:01:53.599922 14636 consensus_queue.cc:1048] T 1aa5fb29f7b04c0db675fe4c010a46a6 P 4c09041cdfe4427e856e2f1e748a69e3 [LEADER]: Connected to new peer: Peer: permanent_uuid: "a735e24a3b6d41bb8b6505cffa940cc1" member_type: VOTER last_known_addr { host: "127.13.125.131" port: 45487 }, Status: LMP_MISMATCH, Last received: 0.0, Next index: 1, Last known committed idx: 0, Time since last communication: 0.000s
I20260710 11:01:53.601158 14338 catalog_manager.cc:5697] T 0cfe94a78b85424c808f5589330e27c9 P a735e24a3b6d41bb8b6505cffa940cc1 reported cstate change: term changed from 1 to 2, leader changed from 123c5c3ee34f4feaaf47bca39d3f3de9 (127.13.125.129) to a735e24a3b6d41bb8b6505cffa940cc1 (127.13.125.131). New cstate: current_term: 2 leader_uuid: "a735e24a3b6d41bb8b6505cffa940cc1" committed_config { opid_index: -1 OBSOLETE_local: false peers { permanent_uuid: "123c5c3ee34f4feaaf47bca39d3f3de9" member_type: VOTER last_known_addr { host: "127.13.125.129" port: 37381 } health_report { overall_health: UNKNOWN } } peers { permanent_uuid: "4c09041cdfe4427e856e2f1e748a69e3" member_type: VOTER last_known_addr { host: "127.13.125.130" port: 42767 } health_report { overall_health: UNKNOWN } } peers { permanent_uuid: "a735e24a3b6d41bb8b6505cffa940cc1" member_type: VOTER last_known_addr { host: "127.13.125.131" port: 45487 } health_report { overall_health: HEALTHY } } }
I20260710 11:01:53.605898 14636 consensus_queue.cc:1048] T 1aa5fb29f7b04c0db675fe4c010a46a6 P 4c09041cdfe4427e856e2f1e748a69e3 [LEADER]: Connected to new peer: Peer: permanent_uuid: "123c5c3ee34f4feaaf47bca39d3f3de9" member_type: VOTER last_known_addr { host: "127.13.125.129" port: 37381 }, Status: LMP_MISMATCH, Last received: 0.0, Next index: 1, Last known committed idx: 0, Time since last communication: 0.000s
I20260710 11:01:53.644764 14667 consensus_queue.cc:1048] T 1e0aa86f81a9414b8603205f9cb0bf1f P 123c5c3ee34f4feaaf47bca39d3f3de9 [LEADER]: Connected to new peer: Peer: permanent_uuid: "a735e24a3b6d41bb8b6505cffa940cc1" member_type: VOTER last_known_addr { host: "127.13.125.131" port: 45487 }, Status: LMP_MISMATCH, Last received: 0.0, Next index: 1, Last known committed idx: 0, Time since last communication: 0.000s
I20260710 11:01:53.654579 14667 consensus_queue.cc:1048] T 1e0aa86f81a9414b8603205f9cb0bf1f P 123c5c3ee34f4feaaf47bca39d3f3de9 [LEADER]: Connected to new peer: Peer: permanent_uuid: "4c09041cdfe4427e856e2f1e748a69e3" member_type: VOTER last_known_addr { host: "127.13.125.130" port: 42767 }, Status: LMP_MISMATCH, Last received: 0.0, Next index: 1, Last known committed idx: 0, Time since last communication: 0.000s
I20260710 11:01:53.660995 14650 raft_consensus.cc:993] T 1e0aa86f81a9414b8603205f9cb0bf1f P 123c5c3ee34f4feaaf47bca39d3f3de9: : Instructing follower 4c09041cdfe4427e856e2f1e748a69e3 to start an election
I20260710 11:01:53.661427 14650 raft_consensus.cc:1081] T 1e0aa86f81a9414b8603205f9cb0bf1f P 123c5c3ee34f4feaaf47bca39d3f3de9 [term 1 LEADER]: Signalling peer 4c09041cdfe4427e856e2f1e748a69e3 to start an election
I20260710 11:01:53.662799 14517 tablet_service.cc:2044] Received Run Leader Election RPC: tablet_id: "1e0aa86f81a9414b8603205f9cb0bf1f"
dest_uuid: "4c09041cdfe4427e856e2f1e748a69e3"
 from {username='slave'} at 127.0.0.1:34828
I20260710 11:01:53.663326 14517 raft_consensus.cc:493] T 1e0aa86f81a9414b8603205f9cb0bf1f P 4c09041cdfe4427e856e2f1e748a69e3 [term 1 FOLLOWER]: Starting forced leader election (received explicit request)
I20260710 11:01:53.663688 14517 raft_consensus.cc:3060] T 1e0aa86f81a9414b8603205f9cb0bf1f P 4c09041cdfe4427e856e2f1e748a69e3 [term 1 FOLLOWER]: Advancing to term 2
I20260710 11:01:53.668677 14661 raft_consensus.cc:993] T 6dd0b44b9aae45ef8c057eec32e688b2 P 4c09041cdfe4427e856e2f1e748a69e3: : Instructing follower 123c5c3ee34f4feaaf47bca39d3f3de9 to start an election
I20260710 11:01:53.669339 14636 raft_consensus.cc:1081] T 6dd0b44b9aae45ef8c057eec32e688b2 P 4c09041cdfe4427e856e2f1e748a69e3 [term 1 LEADER]: Signalling peer 123c5c3ee34f4feaaf47bca39d3f3de9 to start an election
I20260710 11:01:53.671157 14439 tablet_service.cc:2044] Received Run Leader Election RPC: tablet_id: "6dd0b44b9aae45ef8c057eec32e688b2"
dest_uuid: "123c5c3ee34f4feaaf47bca39d3f3de9"
 from {username='slave'} at 127.0.0.1:46134
I20260710 11:01:53.671859 14439 raft_consensus.cc:493] T 6dd0b44b9aae45ef8c057eec32e688b2 P 123c5c3ee34f4feaaf47bca39d3f3de9 [term 1 FOLLOWER]: Starting forced leader election (received explicit request)
I20260710 11:01:53.671864 14517 raft_consensus.cc:515] T 1e0aa86f81a9414b8603205f9cb0bf1f P 4c09041cdfe4427e856e2f1e748a69e3 [term 2 FOLLOWER]: Starting forced leader election with config: opid_index: -1 OBSOLETE_local: false peers { permanent_uuid: "123c5c3ee34f4feaaf47bca39d3f3de9" member_type: VOTER last_known_addr { host: "127.13.125.129" port: 37381 } } peers { permanent_uuid: "4c09041cdfe4427e856e2f1e748a69e3" member_type: VOTER last_known_addr { host: "127.13.125.130" port: 42767 } } peers { permanent_uuid: "a735e24a3b6d41bb8b6505cffa940cc1" member_type: VOTER last_known_addr { host: "127.13.125.131" port: 45487 } }
I20260710 11:01:53.672559 14439 raft_consensus.cc:3060] T 6dd0b44b9aae45ef8c057eec32e688b2 P 123c5c3ee34f4feaaf47bca39d3f3de9 [term 1 FOLLOWER]: Advancing to term 2
I20260710 11:01:53.674659 14517 leader_election.cc:290] T 1e0aa86f81a9414b8603205f9cb0bf1f P 4c09041cdfe4427e856e2f1e748a69e3 [CANDIDATE]: Term 2 election: Requested vote from peers 123c5c3ee34f4feaaf47bca39d3f3de9 (127.13.125.129:37381), a735e24a3b6d41bb8b6505cffa940cc1 (127.13.125.131:45487)
I20260710 11:01:53.675729 14440 tablet_service.cc:1917] Received RequestConsensusVote() RPC: tablet_id: "1e0aa86f81a9414b8603205f9cb0bf1f" candidate_uuid: "4c09041cdfe4427e856e2f1e748a69e3" candidate_term: 2 candidate_status { last_received { term: 1 index: 1 } } ignore_live_leader: true dest_uuid: "123c5c3ee34f4feaaf47bca39d3f3de9"
I20260710 11:01:53.676370 14440 raft_consensus.cc:3055] T 1e0aa86f81a9414b8603205f9cb0bf1f P 123c5c3ee34f4feaaf47bca39d3f3de9 [term 1 LEADER]: Stepping down as leader of term 1
I20260710 11:01:53.676646 14440 raft_consensus.cc:740] T 1e0aa86f81a9414b8603205f9cb0bf1f P 123c5c3ee34f4feaaf47bca39d3f3de9 [term 1 LEADER]: Becoming Follower/Learner. State: Replica: 123c5c3ee34f4feaaf47bca39d3f3de9, State: Running, Role: LEADER
I20260710 11:01:53.677330 14440 consensus_queue.cc:260] T 1e0aa86f81a9414b8603205f9cb0bf1f P 123c5c3ee34f4feaaf47bca39d3f3de9 [NON_LEADER]: Queue going to NON_LEADER mode. State: All replicated index: 0, Majority replicated index: 1, Committed index: 1, Last appended: 1.1, Last appended by leader: 1, Current term: 1, Majority size: -1, State: 0, Mode: NON_LEADER, active raft config: opid_index: -1 OBSOLETE_local: false peers { permanent_uuid: "123c5c3ee34f4feaaf47bca39d3f3de9" member_type: VOTER last_known_addr { host: "127.13.125.129" port: 37381 } } peers { permanent_uuid: "4c09041cdfe4427e856e2f1e748a69e3" member_type: VOTER last_known_addr { host: "127.13.125.130" port: 42767 } } peers { permanent_uuid: "a735e24a3b6d41bb8b6505cffa940cc1" member_type: VOTER last_known_addr { host: "127.13.125.131" port: 45487 } }
I20260710 11:01:53.678210 14440 raft_consensus.cc:3060] T 1e0aa86f81a9414b8603205f9cb0bf1f P 123c5c3ee34f4feaaf47bca39d3f3de9 [term 1 FOLLOWER]: Advancing to term 2
I20260710 11:01:53.680694 14588 tablet_service.cc:1917] Received RequestConsensusVote() RPC: tablet_id: "1e0aa86f81a9414b8603205f9cb0bf1f" candidate_uuid: "4c09041cdfe4427e856e2f1e748a69e3" candidate_term: 2 candidate_status { last_received { term: 1 index: 1 } } ignore_live_leader: true dest_uuid: "a735e24a3b6d41bb8b6505cffa940cc1"
I20260710 11:01:53.681001 14439 raft_consensus.cc:515] T 6dd0b44b9aae45ef8c057eec32e688b2 P 123c5c3ee34f4feaaf47bca39d3f3de9 [term 2 FOLLOWER]: Starting forced leader election with config: opid_index: -1 OBSOLETE_local: false peers { permanent_uuid: "123c5c3ee34f4feaaf47bca39d3f3de9" member_type: VOTER last_known_addr { host: "127.13.125.129" port: 37381 } } peers { permanent_uuid: "a735e24a3b6d41bb8b6505cffa940cc1" member_type: VOTER last_known_addr { host: "127.13.125.131" port: 45487 } } peers { permanent_uuid: "4c09041cdfe4427e856e2f1e748a69e3" member_type: VOTER last_known_addr { host: "127.13.125.130" port: 42767 } }
I20260710 11:01:53.681403 14588 raft_consensus.cc:3060] T 1e0aa86f81a9414b8603205f9cb0bf1f P a735e24a3b6d41bb8b6505cffa940cc1 [term 1 FOLLOWER]: Advancing to term 2
I20260710 11:01:53.683279 14439 leader_election.cc:290] T 6dd0b44b9aae45ef8c057eec32e688b2 P 123c5c3ee34f4feaaf47bca39d3f3de9 [CANDIDATE]: Term 2 election: Requested vote from peers a735e24a3b6d41bb8b6505cffa940cc1 (127.13.125.131:45487), 4c09041cdfe4427e856e2f1e748a69e3 (127.13.125.130:42767)
I20260710 11:01:53.684540 14591 tablet_service.cc:1917] Received RequestConsensusVote() RPC: tablet_id: "6dd0b44b9aae45ef8c057eec32e688b2" candidate_uuid: "123c5c3ee34f4feaaf47bca39d3f3de9" candidate_term: 2 candidate_status { last_received { term: 1 index: 1 } } ignore_live_leader: true dest_uuid: "a735e24a3b6d41bb8b6505cffa940cc1"
I20260710 11:01:53.684985 14517 tablet_service.cc:1917] Received RequestConsensusVote() RPC: tablet_id: "6dd0b44b9aae45ef8c057eec32e688b2" candidate_uuid: "123c5c3ee34f4feaaf47bca39d3f3de9" candidate_term: 2 candidate_status { last_received { term: 1 index: 1 } } ignore_live_leader: true dest_uuid: "4c09041cdfe4427e856e2f1e748a69e3"
I20260710 11:01:53.685184 14591 raft_consensus.cc:3060] T 6dd0b44b9aae45ef8c057eec32e688b2 P a735e24a3b6d41bb8b6505cffa940cc1 [term 1 FOLLOWER]: Advancing to term 2
I20260710 11:01:53.685619 14517 raft_consensus.cc:3055] T 6dd0b44b9aae45ef8c057eec32e688b2 P 4c09041cdfe4427e856e2f1e748a69e3 [term 1 LEADER]: Stepping down as leader of term 1
I20260710 11:01:53.686017 14517 raft_consensus.cc:740] T 6dd0b44b9aae45ef8c057eec32e688b2 P 4c09041cdfe4427e856e2f1e748a69e3 [term 1 LEADER]: Becoming Follower/Learner. State: Replica: 4c09041cdfe4427e856e2f1e748a69e3, State: Running, Role: LEADER
I20260710 11:01:53.686441 14440 raft_consensus.cc:2468] T 1e0aa86f81a9414b8603205f9cb0bf1f P 123c5c3ee34f4feaaf47bca39d3f3de9 [term 2 FOLLOWER]: Leader election vote request: Granting yes vote for candidate 4c09041cdfe4427e856e2f1e748a69e3 in term 2.
I20260710 11:01:53.686825 14517 consensus_queue.cc:260] T 6dd0b44b9aae45ef8c057eec32e688b2 P 4c09041cdfe4427e856e2f1e748a69e3 [NON_LEADER]: Queue going to NON_LEADER mode. State: All replicated index: 0, Majority replicated index: 1, Committed index: 1, Last appended: 1.1, Last appended by leader: 1, Current term: 1, Majority size: -1, State: 0, Mode: NON_LEADER, active raft config: opid_index: -1 OBSOLETE_local: false peers { permanent_uuid: "123c5c3ee34f4feaaf47bca39d3f3de9" member_type: VOTER last_known_addr { host: "127.13.125.129" port: 37381 } } peers { permanent_uuid: "a735e24a3b6d41bb8b6505cffa940cc1" member_type: VOTER last_known_addr { host: "127.13.125.131" port: 45487 } } peers { permanent_uuid: "4c09041cdfe4427e856e2f1e748a69e3" member_type: VOTER last_known_addr { host: "127.13.125.130" port: 42767 } }
I20260710 11:01:53.688112 14517 raft_consensus.cc:3060] T 6dd0b44b9aae45ef8c057eec32e688b2 P 4c09041cdfe4427e856e2f1e748a69e3 [term 1 FOLLOWER]: Advancing to term 2
I20260710 11:01:53.688124 14481 leader_election.cc:304] T 1e0aa86f81a9414b8603205f9cb0bf1f P 4c09041cdfe4427e856e2f1e748a69e3 [CANDIDATE]: Term 2 election: Election decided. Result: candidate won. Election summary: received 2 responses out of 3 voters: 2 yes votes; 0 no votes. yes voters: 123c5c3ee34f4feaaf47bca39d3f3de9, 4c09041cdfe4427e856e2f1e748a69e3; no voters: 
I20260710 11:01:53.692590 14591 raft_consensus.cc:2468] T 6dd0b44b9aae45ef8c057eec32e688b2 P a735e24a3b6d41bb8b6505cffa940cc1 [term 2 FOLLOWER]: Leader election vote request: Granting yes vote for candidate 123c5c3ee34f4feaaf47bca39d3f3de9 in term 2.
I20260710 11:01:53.692682 14588 raft_consensus.cc:2468] T 1e0aa86f81a9414b8603205f9cb0bf1f P a735e24a3b6d41bb8b6505cffa940cc1 [term 2 FOLLOWER]: Leader election vote request: Granting yes vote for candidate 4c09041cdfe4427e856e2f1e748a69e3 in term 2.
I20260710 11:01:53.692867 14636 raft_consensus.cc:2804] T 1e0aa86f81a9414b8603205f9cb0bf1f P 4c09041cdfe4427e856e2f1e748a69e3 [term 2 FOLLOWER]: Leader election won for term 2
I20260710 11:01:53.693737 14636 raft_consensus.cc:697] T 1e0aa86f81a9414b8603205f9cb0bf1f P 4c09041cdfe4427e856e2f1e748a69e3 [term 2 LEADER]: Becoming Leader. State: Replica: 4c09041cdfe4427e856e2f1e748a69e3, State: Running, Role: LEADER
I20260710 11:01:53.694008 14407 leader_election.cc:304] T 6dd0b44b9aae45ef8c057eec32e688b2 P 123c5c3ee34f4feaaf47bca39d3f3de9 [CANDIDATE]: Term 2 election: Election decided. Result: candidate won. Election summary: received 2 responses out of 3 voters: 2 yes votes; 0 no votes. yes voters: 123c5c3ee34f4feaaf47bca39d3f3de9, a735e24a3b6d41bb8b6505cffa940cc1; no voters: 
I20260710 11:01:53.694768 14667 raft_consensus.cc:2804] T 6dd0b44b9aae45ef8c057eec32e688b2 P 123c5c3ee34f4feaaf47bca39d3f3de9 [term 2 FOLLOWER]: Leader election won for term 2
I20260710 11:01:53.694519 14636 consensus_queue.cc:237] T 1e0aa86f81a9414b8603205f9cb0bf1f P 4c09041cdfe4427e856e2f1e748a69e3 [LEADER]: Queue going to LEADER mode. State: All replicated index: 0, Majority replicated index: 1, Committed index: 1, Last appended: 1.1, Last appended by leader: 1, Current term: 2, Majority size: 2, State: 0, Mode: LEADER, active raft config: opid_index: -1 OBSOLETE_local: false peers { permanent_uuid: "123c5c3ee34f4feaaf47bca39d3f3de9" member_type: VOTER last_known_addr { host: "127.13.125.129" port: 37381 } } peers { permanent_uuid: "4c09041cdfe4427e856e2f1e748a69e3" member_type: VOTER last_known_addr { host: "127.13.125.130" port: 42767 } } peers { permanent_uuid: "a735e24a3b6d41bb8b6505cffa940cc1" member_type: VOTER last_known_addr { host: "127.13.125.131" port: 45487 } }
I20260710 11:01:53.694969 14517 raft_consensus.cc:2468] T 6dd0b44b9aae45ef8c057eec32e688b2 P 4c09041cdfe4427e856e2f1e748a69e3 [term 2 FOLLOWER]: Leader election vote request: Granting yes vote for candidate 123c5c3ee34f4feaaf47bca39d3f3de9 in term 2.
I20260710 11:01:53.695204 14667 raft_consensus.cc:697] T 6dd0b44b9aae45ef8c057eec32e688b2 P 123c5c3ee34f4feaaf47bca39d3f3de9 [term 2 LEADER]: Becoming Leader. State: Replica: 123c5c3ee34f4feaaf47bca39d3f3de9, State: Running, Role: LEADER
I20260710 11:01:53.696051 14667 consensus_queue.cc:237] T 6dd0b44b9aae45ef8c057eec32e688b2 P 123c5c3ee34f4feaaf47bca39d3f3de9 [LEADER]: Queue going to LEADER mode. State: All replicated index: 0, Majority replicated index: 1, Committed index: 1, Last appended: 1.1, Last appended by leader: 1, Current term: 2, Majority size: 2, State: 0, Mode: LEADER, active raft config: opid_index: -1 OBSOLETE_local: false peers { permanent_uuid: "123c5c3ee34f4feaaf47bca39d3f3de9" member_type: VOTER last_known_addr { host: "127.13.125.129" port: 37381 } } peers { permanent_uuid: "a735e24a3b6d41bb8b6505cffa940cc1" member_type: VOTER last_known_addr { host: "127.13.125.131" port: 45487 } } peers { permanent_uuid: "4c09041cdfe4427e856e2f1e748a69e3" member_type: VOTER last_known_addr { host: "127.13.125.130" port: 42767 } }
I20260710 11:01:53.703524 14338 catalog_manager.cc:5697] T 1e0aa86f81a9414b8603205f9cb0bf1f P 4c09041cdfe4427e856e2f1e748a69e3 reported cstate change: term changed from 1 to 2, leader changed from 123c5c3ee34f4feaaf47bca39d3f3de9 (127.13.125.129) to 4c09041cdfe4427e856e2f1e748a69e3 (127.13.125.130). New cstate: current_term: 2 leader_uuid: "4c09041cdfe4427e856e2f1e748a69e3" committed_config { opid_index: -1 OBSOLETE_local: false peers { permanent_uuid: "123c5c3ee34f4feaaf47bca39d3f3de9" member_type: VOTER last_known_addr { host: "127.13.125.129" port: 37381 } health_report { overall_health: UNKNOWN } } peers { permanent_uuid: "4c09041cdfe4427e856e2f1e748a69e3" member_type: VOTER last_known_addr { host: "127.13.125.130" port: 42767 } health_report { overall_health: HEALTHY } } peers { permanent_uuid: "a735e24a3b6d41bb8b6505cffa940cc1" member_type: VOTER last_known_addr { host: "127.13.125.131" port: 45487 } health_report { overall_health: UNKNOWN } } }
I20260710 11:01:53.704252 14337 catalog_manager.cc:5697] T 6dd0b44b9aae45ef8c057eec32e688b2 P 123c5c3ee34f4feaaf47bca39d3f3de9 reported cstate change: term changed from 1 to 2, leader changed from 4c09041cdfe4427e856e2f1e748a69e3 (127.13.125.130) to 123c5c3ee34f4feaaf47bca39d3f3de9 (127.13.125.129). New cstate: current_term: 2 leader_uuid: "123c5c3ee34f4feaaf47bca39d3f3de9" committed_config { opid_index: -1 OBSOLETE_local: false peers { permanent_uuid: "123c5c3ee34f4feaaf47bca39d3f3de9" member_type: VOTER last_known_addr { host: "127.13.125.129" port: 37381 } health_report { overall_health: HEALTHY } } peers { permanent_uuid: "a735e24a3b6d41bb8b6505cffa940cc1" member_type: VOTER last_known_addr { host: "127.13.125.131" port: 45487 } health_report { overall_health: UNKNOWN } } peers { permanent_uuid: "4c09041cdfe4427e856e2f1e748a69e3" member_type: VOTER last_known_addr { host: "127.13.125.130" port: 42767 } health_report { overall_health: UNKNOWN } } }
I20260710 11:01:53.961901 14517 raft_consensus.cc:1275] T 48a97c87fb6a43ccb16e8f265de3b892 P 4c09041cdfe4427e856e2f1e748a69e3 [term 2 FOLLOWER]: Refusing update from remote peer 123c5c3ee34f4feaaf47bca39d3f3de9: Log matching property violated. Preceding OpId in replica: term: 1 index: 1. Preceding OpId from leader: term: 2 index: 2. (index mismatch)
I20260710 11:01:53.963023 14667 consensus_queue.cc:1048] T 48a97c87fb6a43ccb16e8f265de3b892 P 123c5c3ee34f4feaaf47bca39d3f3de9 [LEADER]: Connected to new peer: Peer: permanent_uuid: "4c09041cdfe4427e856e2f1e748a69e3" member_type: VOTER last_known_addr { host: "127.13.125.130" port: 42767 }, Status: LMP_MISMATCH, Last received: 0.0, Next index: 2, Last known committed idx: 1, Time since last communication: 0.000s
I20260710 11:01:53.969744 14591 raft_consensus.cc:3060] T 48a97c87fb6a43ccb16e8f265de3b892 P a735e24a3b6d41bb8b6505cffa940cc1 [term 1 FOLLOWER]: Advancing to term 2
I20260710 11:01:53.976502 14591 raft_consensus.cc:1275] T 48a97c87fb6a43ccb16e8f265de3b892 P a735e24a3b6d41bb8b6505cffa940cc1 [term 2 FOLLOWER]: Refusing update from remote peer 123c5c3ee34f4feaaf47bca39d3f3de9: Log matching property violated. Preceding OpId in replica: term: 1 index: 1. Preceding OpId from leader: term: 2 index: 2. (index mismatch)
I20260710 11:01:53.977650 14639 consensus_queue.cc:1048] T 48a97c87fb6a43ccb16e8f265de3b892 P 123c5c3ee34f4feaaf47bca39d3f3de9 [LEADER]: Connected to new peer: Peer: permanent_uuid: "a735e24a3b6d41bb8b6505cffa940cc1" member_type: VOTER last_known_addr { host: "127.13.125.131" port: 45487 }, Status: LMP_MISMATCH, Last received: 0.0, Next index: 2, Last known committed idx: 1, Time since last communication: 0.000s
I20260710 11:01:54.001899 14591 raft_consensus.cc:1275] T 98e4b26e48ac4fa5a2d569f839a4f973 P a735e24a3b6d41bb8b6505cffa940cc1 [term 2 FOLLOWER]: Refusing update from remote peer 123c5c3ee34f4feaaf47bca39d3f3de9: Log matching property violated. Preceding OpId in replica: term: 1 index: 1. Preceding OpId from leader: term: 2 index: 2. (index mismatch)
I20260710 11:01:54.003304 14639 consensus_queue.cc:1048] T 98e4b26e48ac4fa5a2d569f839a4f973 P 123c5c3ee34f4feaaf47bca39d3f3de9 [LEADER]: Connected to new peer: Peer: permanent_uuid: "a735e24a3b6d41bb8b6505cffa940cc1" member_type: VOTER last_known_addr { host: "127.13.125.131" port: 45487 }, Status: LMP_MISMATCH, Last received: 0.0, Next index: 2, Last known committed idx: 1, Time since last communication: 0.000s
I20260710 11:01:54.010461 14517 raft_consensus.cc:1275] T 98e4b26e48ac4fa5a2d569f839a4f973 P 4c09041cdfe4427e856e2f1e748a69e3 [term 2 FOLLOWER]: Refusing update from remote peer 123c5c3ee34f4feaaf47bca39d3f3de9: Log matching property violated. Preceding OpId in replica: term: 1 index: 1. Preceding OpId from leader: term: 2 index: 2. (index mismatch)
I20260710 11:01:54.011782 14650 consensus_queue.cc:1048] T 98e4b26e48ac4fa5a2d569f839a4f973 P 123c5c3ee34f4feaaf47bca39d3f3de9 [LEADER]: Connected to new peer: Peer: permanent_uuid: "4c09041cdfe4427e856e2f1e748a69e3" member_type: VOTER last_known_addr { host: "127.13.125.130" port: 42767 }, Status: LMP_MISMATCH, Last received: 0.0, Next index: 2, Last known committed idx: 1, Time since last communication: 0.000s
I20260710 11:01:54.072726 14440 raft_consensus.cc:1275] T a9d3015e1c1644f886c6afed994d5a4f P 123c5c3ee34f4feaaf47bca39d3f3de9 [term 2 FOLLOWER]: Refusing update from remote peer 4c09041cdfe4427e856e2f1e748a69e3: Log matching property violated. Preceding OpId in replica: term: 1 index: 1. Preceding OpId from leader: term: 2 index: 2. (index mismatch)
I20260710 11:01:54.073961 14636 consensus_queue.cc:1048] T a9d3015e1c1644f886c6afed994d5a4f P 4c09041cdfe4427e856e2f1e748a69e3 [LEADER]: Connected to new peer: Peer: permanent_uuid: "123c5c3ee34f4feaaf47bca39d3f3de9" member_type: VOTER last_known_addr { host: "127.13.125.129" port: 37381 }, Status: LMP_MISMATCH, Last received: 0.0, Next index: 2, Last known committed idx: 1, Time since last communication: 0.000s
I20260710 11:01:54.081175 14591 raft_consensus.cc:1275] T a9d3015e1c1644f886c6afed994d5a4f P a735e24a3b6d41bb8b6505cffa940cc1 [term 2 FOLLOWER]: Refusing update from remote peer 4c09041cdfe4427e856e2f1e748a69e3: Log matching property violated. Preceding OpId in replica: term: 1 index: 1. Preceding OpId from leader: term: 2 index: 2. (index mismatch)
I20260710 11:01:54.082523 14661 consensus_queue.cc:1048] T a9d3015e1c1644f886c6afed994d5a4f P 4c09041cdfe4427e856e2f1e748a69e3 [LEADER]: Connected to new peer: Peer: permanent_uuid: "a735e24a3b6d41bb8b6505cffa940cc1" member_type: VOTER last_known_addr { host: "127.13.125.131" port: 45487 }, Status: LMP_MISMATCH, Last received: 0.0, Next index: 2, Last known committed idx: 1, Time since last communication: 0.000s
I20260710 11:01:54.103992 14517 raft_consensus.cc:1275] T 0cfe94a78b85424c808f5589330e27c9 P 4c09041cdfe4427e856e2f1e748a69e3 [term 2 FOLLOWER]: Refusing update from remote peer a735e24a3b6d41bb8b6505cffa940cc1: Log matching property violated. Preceding OpId in replica: term: 1 index: 1. Preceding OpId from leader: term: 2 index: 2. (index mismatch)
I20260710 11:01:54.105065 14681 consensus_queue.cc:1048] T 0cfe94a78b85424c808f5589330e27c9 P a735e24a3b6d41bb8b6505cffa940cc1 [LEADER]: Connected to new peer: Peer: permanent_uuid: "4c09041cdfe4427e856e2f1e748a69e3" member_type: VOTER last_known_addr { host: "127.13.125.130" port: 42767 }, Status: LMP_MISMATCH, Last received: 0.0, Next index: 2, Last known committed idx: 1, Time since last communication: 0.000s
I20260710 11:01:54.114933 14440 raft_consensus.cc:1275] T 0cfe94a78b85424c808f5589330e27c9 P 123c5c3ee34f4feaaf47bca39d3f3de9 [term 2 FOLLOWER]: Refusing update from remote peer a735e24a3b6d41bb8b6505cffa940cc1: Log matching property violated. Preceding OpId in replica: term: 1 index: 1. Preceding OpId from leader: term: 2 index: 2. (index mismatch)
I20260710 11:01:54.116202 14724 consensus_queue.cc:1048] T 0cfe94a78b85424c808f5589330e27c9 P a735e24a3b6d41bb8b6505cffa940cc1 [LEADER]: Connected to new peer: Peer: permanent_uuid: "123c5c3ee34f4feaaf47bca39d3f3de9" member_type: VOTER last_known_addr { host: "127.13.125.129" port: 37381 }, Status: LMP_MISMATCH, Last received: 0.0, Next index: 2, Last known committed idx: 1, Time since last communication: 0.000s
I20260710 11:01:54.143996 14591 raft_consensus.cc:1275] T 1e0aa86f81a9414b8603205f9cb0bf1f P a735e24a3b6d41bb8b6505cffa940cc1 [term 2 FOLLOWER]: Refusing update from remote peer 4c09041cdfe4427e856e2f1e748a69e3: Log matching property violated. Preceding OpId in replica: term: 1 index: 1. Preceding OpId from leader: term: 2 index: 2. (index mismatch)
I20260710 11:01:54.145326 14661 consensus_queue.cc:1048] T 1e0aa86f81a9414b8603205f9cb0bf1f P 4c09041cdfe4427e856e2f1e748a69e3 [LEADER]: Connected to new peer: Peer: permanent_uuid: "a735e24a3b6d41bb8b6505cffa940cc1" member_type: VOTER last_known_addr { host: "127.13.125.131" port: 45487 }, Status: LMP_MISMATCH, Last received: 0.0, Next index: 2, Last known committed idx: 1, Time since last communication: 0.000s
I20260710 11:01:54.146061 14440 raft_consensus.cc:1275] T 1e0aa86f81a9414b8603205f9cb0bf1f P 123c5c3ee34f4feaaf47bca39d3f3de9 [term 2 FOLLOWER]: Refusing update from remote peer 4c09041cdfe4427e856e2f1e748a69e3: Log matching property violated. Preceding OpId in replica: term: 1 index: 1. Preceding OpId from leader: term: 2 index: 2. (index mismatch)
I20260710 11:01:54.147246 14661 consensus_queue.cc:1048] T 1e0aa86f81a9414b8603205f9cb0bf1f P 4c09041cdfe4427e856e2f1e748a69e3 [LEADER]: Connected to new peer: Peer: permanent_uuid: "123c5c3ee34f4feaaf47bca39d3f3de9" member_type: VOTER last_known_addr { host: "127.13.125.129" port: 37381 }, Status: LMP_MISMATCH, Last received: 0.0, Next index: 2, Last known committed idx: 1, Time since last communication: 0.000s
I20260710 11:01:54.178784 14517 raft_consensus.cc:1275] T 6dd0b44b9aae45ef8c057eec32e688b2 P 4c09041cdfe4427e856e2f1e748a69e3 [term 2 FOLLOWER]: Refusing update from remote peer 123c5c3ee34f4feaaf47bca39d3f3de9: Log matching property violated. Preceding OpId in replica: term: 1 index: 1. Preceding OpId from leader: term: 2 index: 2. (index mismatch)
I20260710 11:01:54.180209 14650 consensus_queue.cc:1048] T 6dd0b44b9aae45ef8c057eec32e688b2 P 123c5c3ee34f4feaaf47bca39d3f3de9 [LEADER]: Connected to new peer: Peer: permanent_uuid: "4c09041cdfe4427e856e2f1e748a69e3" member_type: VOTER last_known_addr { host: "127.13.125.130" port: 42767 }, Status: LMP_MISMATCH, Last received: 0.0, Next index: 2, Last known committed idx: 1, Time since last communication: 0.000s
I20260710 11:01:54.188136 14591 raft_consensus.cc:1275] T 6dd0b44b9aae45ef8c057eec32e688b2 P a735e24a3b6d41bb8b6505cffa940cc1 [term 2 FOLLOWER]: Refusing update from remote peer 123c5c3ee34f4feaaf47bca39d3f3de9: Log matching property violated. Preceding OpId in replica: term: 1 index: 1. Preceding OpId from leader: term: 2 index: 2. (index mismatch)
I20260710 11:01:54.189637 14671 consensus_queue.cc:1048] T 6dd0b44b9aae45ef8c057eec32e688b2 P 123c5c3ee34f4feaaf47bca39d3f3de9 [LEADER]: Connected to new peer: Peer: permanent_uuid: "a735e24a3b6d41bb8b6505cffa940cc1" member_type: VOTER last_known_addr { host: "127.13.125.131" port: 45487 }, Status: LMP_MISMATCH, Last received: 0.0, Next index: 2, Last known committed idx: 1, Time since last communication: 0.000s
I20260710 11:01:56.565762 13814 auto_leader_rebalancer-test.cc:348] The leader distribution is 
I20260710 11:01:56.566562 13814 auto_leader_rebalancer.cc:141] leader rebalance for table test-workload
I20260710 11:01:56.580735 14439 tablet_service.cc:2072] Received LeaderStepDown RPC: tablet_id: "98e4b26e48ac4fa5a2d569f839a4f973"
dest_uuid: "123c5c3ee34f4feaaf47bca39d3f3de9"
mode: GRACEFUL
new_leader_uuid: "a735e24a3b6d41bb8b6505cffa940cc1"
 from {username='slave'} at 127.0.0.1:59272
I20260710 11:01:56.581161 14439 raft_consensus.cc:606] T 98e4b26e48ac4fa5a2d569f839a4f973 P 123c5c3ee34f4feaaf47bca39d3f3de9 [term 2 LEADER]: Received request to transfer leadership to TS a735e24a3b6d41bb8b6505cffa940cc1
I20260710 11:01:56.583418 14439 tablet_service.cc:2072] Received LeaderStepDown RPC: tablet_id: "f2646f4b1b4844f291ce6ea050583be0"
dest_uuid: "123c5c3ee34f4feaaf47bca39d3f3de9"
mode: GRACEFUL
new_leader_uuid: "a735e24a3b6d41bb8b6505cffa940cc1"
 from {username='slave'} at 127.0.0.1:59272
I20260710 11:01:56.583899 14439 raft_consensus.cc:606] T f2646f4b1b4844f291ce6ea050583be0 P 123c5c3ee34f4feaaf47bca39d3f3de9 [term 1 LEADER]: Received request to transfer leadership to TS a735e24a3b6d41bb8b6505cffa940cc1
I20260710 11:01:56.584818 13814 auto_leader_rebalancer.cc:452] table: test-workload, leader rebalance finish, leader transfer count: 2
I20260710 11:01:56.585166 13814 auto_leader_rebalancer.cc:527] All tables' leader rebalancing finished this round
I20260710 11:01:56.704058 14639 raft_consensus.cc:993] T f2646f4b1b4844f291ce6ea050583be0 P 123c5c3ee34f4feaaf47bca39d3f3de9: : Instructing follower a735e24a3b6d41bb8b6505cffa940cc1 to start an election
I20260710 11:01:56.704599 14728 raft_consensus.cc:1081] T f2646f4b1b4844f291ce6ea050583be0 P 123c5c3ee34f4feaaf47bca39d3f3de9 [term 1 LEADER]: Signalling peer a735e24a3b6d41bb8b6505cffa940cc1 to start an election
I20260710 11:01:56.706744 14591 tablet_service.cc:2044] Received Run Leader Election RPC: tablet_id: "f2646f4b1b4844f291ce6ea050583be0"
dest_uuid: "a735e24a3b6d41bb8b6505cffa940cc1"
 from {username='slave'} at 127.0.0.1:46854
I20260710 11:01:56.707379 14591 raft_consensus.cc:493] T f2646f4b1b4844f291ce6ea050583be0 P a735e24a3b6d41bb8b6505cffa940cc1 [term 1 FOLLOWER]: Starting forced leader election (received explicit request)
I20260710 11:01:56.707780 14591 raft_consensus.cc:3060] T f2646f4b1b4844f291ce6ea050583be0 P a735e24a3b6d41bb8b6505cffa940cc1 [term 1 FOLLOWER]: Advancing to term 2
I20260710 11:01:56.711822 14591 raft_consensus.cc:515] T f2646f4b1b4844f291ce6ea050583be0 P a735e24a3b6d41bb8b6505cffa940cc1 [term 2 FOLLOWER]: Starting forced leader election with config: opid_index: -1 OBSOLETE_local: false peers { permanent_uuid: "123c5c3ee34f4feaaf47bca39d3f3de9" member_type: VOTER last_known_addr { host: "127.13.125.129" port: 37381 } } peers { permanent_uuid: "4c09041cdfe4427e856e2f1e748a69e3" member_type: VOTER last_known_addr { host: "127.13.125.130" port: 42767 } } peers { permanent_uuid: "a735e24a3b6d41bb8b6505cffa940cc1" member_type: VOTER last_known_addr { host: "127.13.125.131" port: 45487 } }
I20260710 11:01:56.713227 14591 leader_election.cc:290] T f2646f4b1b4844f291ce6ea050583be0 P a735e24a3b6d41bb8b6505cffa940cc1 [CANDIDATE]: Term 2 election: Requested vote from peers 123c5c3ee34f4feaaf47bca39d3f3de9 (127.13.125.129:37381), 4c09041cdfe4427e856e2f1e748a69e3 (127.13.125.130:42767)
I20260710 11:01:56.714157 14439 tablet_service.cc:1917] Received RequestConsensusVote() RPC: tablet_id: "f2646f4b1b4844f291ce6ea050583be0" candidate_uuid: "a735e24a3b6d41bb8b6505cffa940cc1" candidate_term: 2 candidate_status { last_received { term: 1 index: 1 } } ignore_live_leader: true dest_uuid: "123c5c3ee34f4feaaf47bca39d3f3de9"
I20260710 11:01:56.714555 14517 tablet_service.cc:1917] Received RequestConsensusVote() RPC: tablet_id: "f2646f4b1b4844f291ce6ea050583be0" candidate_uuid: "a735e24a3b6d41bb8b6505cffa940cc1" candidate_term: 2 candidate_status { last_received { term: 1 index: 1 } } ignore_live_leader: true dest_uuid: "4c09041cdfe4427e856e2f1e748a69e3"
I20260710 11:01:56.714689 14439 raft_consensus.cc:3055] T f2646f4b1b4844f291ce6ea050583be0 P 123c5c3ee34f4feaaf47bca39d3f3de9 [term 1 LEADER]: Stepping down as leader of term 1
I20260710 11:01:56.715045 14517 raft_consensus.cc:3060] T f2646f4b1b4844f291ce6ea050583be0 P 4c09041cdfe4427e856e2f1e748a69e3 [term 1 FOLLOWER]: Advancing to term 2
I20260710 11:01:56.715050 14439 raft_consensus.cc:740] T f2646f4b1b4844f291ce6ea050583be0 P 123c5c3ee34f4feaaf47bca39d3f3de9 [term 1 LEADER]: Becoming Follower/Learner. State: Replica: 123c5c3ee34f4feaaf47bca39d3f3de9, State: Running, Role: LEADER
