I20260710 11:02:04.696561 15921 raft_consensus.cc:515] T 1dbbc45bb0e7402f9f83aab937316723 P e334d82a7ccf4f71a3b3af1157d57da8 [term 1 FOLLOWER]: Starting leader election with config: opid_index: -1 OBSOLETE_local: false peers { permanent_uuid: "1180c28dba8c4e38875ae4241315046b" member_type: VOTER last_known_addr { host: "127.14.64.129" port: 46067 } } peers { permanent_uuid: "86ef465025a6460bb5b3639f11f502d5" member_type: VOTER last_known_addr { host: "127.14.64.130" port: 33341 } } peers { permanent_uuid: "e334d82a7ccf4f71a3b3af1157d57da8" member_type: VOTER last_known_addr { host: "127.14.64.131" port: 38873 } }
I20260710 11:02:04.699556 15719 tablet_service.cc:1917] Received RequestConsensusVote() RPC: tablet_id: "847bb7d4c7f248e7b068819b262cef4d" candidate_uuid: "86ef465025a6460bb5b3639f11f502d5" candidate_term: 1 candidate_status { last_received { term: 0 index: 0 } } ignore_live_leader: false dest_uuid: "1180c28dba8c4e38875ae4241315046b"
W20260710 11:02:04.701152 15760 leader_election.cc:343] T f0d379a7ad9e425685c51a4c71b4eeb7 P 86ef465025a6460bb5b3639f11f502d5 [CANDIDATE]: Term 1 pre-election: Tablet error from VoteRequest() call to peer 1180c28dba8c4e38875ae4241315046b (127.14.64.129:46067): Illegal state: must be running to vote when last-logged opid is not known
I20260710 11:02:04.701231 15795 tablet_service.cc:1917] Received RequestConsensusVote() RPC: tablet_id: "705afff822564c72b79696cbd99ab172" candidate_uuid: "e334d82a7ccf4f71a3b3af1157d57da8" candidate_term: 1 candidate_status { last_received { term: 0 index: 0 } } ignore_live_leader: false dest_uuid: "86ef465025a6460bb5b3639f11f502d5" is_pre_election: true
I20260710 11:02:04.699393 15910 raft_consensus.cc:359] T 5350b9bc16ff44e08648a0250a91b1ec P 86ef465025a6460bb5b3639f11f502d5 [term 0 FOLLOWER]: Replica starting. Triggering 0 pending ops. Active config: opid_index: -1 OBSOLETE_local: false peers { permanent_uuid: "1180c28dba8c4e38875ae4241315046b" member_type: VOTER last_known_addr { host: "127.14.64.129" port: 46067 } } peers { permanent_uuid: "86ef465025a6460bb5b3639f11f502d5" member_type: VOTER last_known_addr { host: "127.14.64.130" port: 33341 } } peers { permanent_uuid: "e334d82a7ccf4f71a3b3af1157d57da8" member_type: VOTER last_known_addr { host: "127.14.64.131" port: 38873 } }
I20260710 11:02:04.701859 15719 tablet_service.cc:1917] Received RequestConsensusVote() RPC: tablet_id: "1dbbc45bb0e7402f9f83aab937316723" candidate_uuid: "e334d82a7ccf4f71a3b3af1157d57da8" candidate_term: 1 candidate_status { last_received { term: 0 index: 0 } } ignore_live_leader: false dest_uuid: "1180c28dba8c4e38875ae4241315046b"
I20260710 11:02:04.702046 15910 raft_consensus.cc:385] T 5350b9bc16ff44e08648a0250a91b1ec P 86ef465025a6460bb5b3639f11f502d5 [term 0 FOLLOWER]: Consensus starting up: Expiring failure detector timer to make a prompt election more likely
I20260710 11:02:04.702708 15910 raft_consensus.cc:740] T 5350b9bc16ff44e08648a0250a91b1ec P 86ef465025a6460bb5b3639f11f502d5 [term 0 FOLLOWER]: Becoming Follower/Learner. State: Replica: 86ef465025a6460bb5b3639f11f502d5, State: Initialized, Role: FOLLOWER
I20260710 11:02:04.702801 15719 raft_consensus.cc:3060] T 1dbbc45bb0e7402f9f83aab937316723 P 1180c28dba8c4e38875ae4241315046b [term 0 FOLLOWER]: Advancing to term 1
I20260710 11:02:04.703387 15910 consensus_queue.cc:260] T 5350b9bc16ff44e08648a0250a91b1ec P 86ef465025a6460bb5b3639f11f502d5 [NON_LEADER]: Queue going to NON_LEADER mode. State: All replicated index: 0, Majority replicated index: 0, Committed index: 0, Last appended: 0.0, Last appended by leader: 0, Current term: 0, Majority size: -1, State: 0, Mode: NON_LEADER, active raft config: opid_index: -1 OBSOLETE_local: false peers { permanent_uuid: "1180c28dba8c4e38875ae4241315046b" member_type: VOTER last_known_addr { host: "127.14.64.129" port: 46067 } } peers { permanent_uuid: "86ef465025a6460bb5b3639f11f502d5" member_type: VOTER last_known_addr { host: "127.14.64.130" port: 33341 } } peers { permanent_uuid: "e334d82a7ccf4f71a3b3af1157d57da8" member_type: VOTER last_known_addr { host: "127.14.64.131" port: 38873 } }
I20260710 11:02:04.702030 15795 raft_consensus.cc:2468] T 705afff822564c72b79696cbd99ab172 P 86ef465025a6460bb5b3639f11f502d5 [term 0 FOLLOWER]: Leader pre-election vote request: Granting yes vote for candidate e334d82a7ccf4f71a3b3af1157d57da8 in term 0.
W20260710 11:02:04.701900 15760 leader_election.cc:343] T 847bb7d4c7f248e7b068819b262cef4d P 86ef465025a6460bb5b3639f11f502d5 [CANDIDATE]: Term 1 election: Tablet error from VoteRequest() call to peer 1180c28dba8c4e38875ae4241315046b (127.14.64.129:46067): Illegal state: must be running to vote when last-logged opid is not known
I20260710 11:02:04.708178 15910 ts_tablet_manager.cc:1434] T 5350b9bc16ff44e08648a0250a91b1ec P 86ef465025a6460bb5b3639f11f502d5: Time spent starting tablet: real 0.016s	user 0.006s	sys 0.001s
I20260710 11:02:04.704916 15921 leader_election.cc:290] T 1dbbc45bb0e7402f9f83aab937316723 P e334d82a7ccf4f71a3b3af1157d57da8 [CANDIDATE]: Term 1 election: Requested vote from peers 1180c28dba8c4e38875ae4241315046b (127.14.64.129:46067), 86ef465025a6460bb5b3639f11f502d5 (127.14.64.130:33341)
I20260710 11:02:04.704008 15794 tablet_service.cc:1917] Received RequestConsensusVote() RPC: tablet_id: "1dbbc45bb0e7402f9f83aab937316723" candidate_uuid: "e334d82a7ccf4f71a3b3af1157d57da8" candidate_term: 1 candidate_status { last_received { term: 0 index: 0 } } ignore_live_leader: false dest_uuid: "86ef465025a6460bb5b3639f11f502d5"
I20260710 11:02:04.701857 15953 leader_election.cc:290] T 705afff822564c72b79696cbd99ab172 P e334d82a7ccf4f71a3b3af1157d57da8 [CANDIDATE]: Term 1 pre-election: Requested pre-vote from peers 1180c28dba8c4e38875ae4241315046b (127.14.64.129:46067), 86ef465025a6460bb5b3639f11f502d5 (127.14.64.130:33341)
I20260710 11:02:04.709717 15910 tablet_bootstrap.cc:492] T 18856aded2764426bd075fc4ab395817 P 86ef465025a6460bb5b3639f11f502d5: Bootstrap starting.
I20260710 11:02:04.713177 15794 raft_consensus.cc:3060] T 1dbbc45bb0e7402f9f83aab937316723 P 86ef465025a6460bb5b3639f11f502d5 [term 0 FOLLOWER]: Advancing to term 1
I20260710 11:02:04.714740 15919 leader_election.cc:290] T 847bb7d4c7f248e7b068819b262cef4d P 86ef465025a6460bb5b3639f11f502d5 [CANDIDATE]: Term 1 election: Requested vote from peers 1180c28dba8c4e38875ae4241315046b (127.14.64.129:46067), e334d82a7ccf4f71a3b3af1157d57da8 (127.14.64.131:38873)
I20260710 11:02:04.717923 15868 tablet_service.cc:1917] Received RequestConsensusVote() RPC: tablet_id: "f0d379a7ad9e425685c51a4c71b4eeb7" candidate_uuid: "86ef465025a6460bb5b3639f11f502d5" candidate_term: 1 candidate_status { last_received { term: 0 index: 0 } } ignore_live_leader: false dest_uuid: "e334d82a7ccf4f71a3b3af1157d57da8" is_pre_election: true
I20260710 11:02:04.718909 15868 raft_consensus.cc:2468] T f0d379a7ad9e425685c51a4c71b4eeb7 P e334d82a7ccf4f71a3b3af1157d57da8 [term 0 FOLLOWER]: Leader pre-election vote request: Granting yes vote for candidate 86ef465025a6460bb5b3639f11f502d5 in term 0.
I20260710 11:02:04.719002 15913 raft_consensus.cc:515] T dc5ef347afa04bc7a7f954c8a6cb35ba P 1180c28dba8c4e38875ae4241315046b [term 1 FOLLOWER]: Starting leader election with config: opid_index: -1 OBSOLETE_local: false peers { permanent_uuid: "1180c28dba8c4e38875ae4241315046b" member_type: VOTER last_known_addr { host: "127.14.64.129" port: 46067 } } peers { permanent_uuid: "86ef465025a6460bb5b3639f11f502d5" member_type: VOTER last_known_addr { host: "127.14.64.130" port: 33341 } } peers { permanent_uuid: "e334d82a7ccf4f71a3b3af1157d57da8" member_type: VOTER last_known_addr { host: "127.14.64.131" port: 38873 } }
I20260710 11:02:04.720368 15869 tablet_service.cc:1917] Received RequestConsensusVote() RPC: tablet_id: "847bb7d4c7f248e7b068819b262cef4d" candidate_uuid: "86ef465025a6460bb5b3639f11f502d5" candidate_term: 1 candidate_status { last_received { term: 0 index: 0 } } ignore_live_leader: false dest_uuid: "e334d82a7ccf4f71a3b3af1157d57da8"
I20260710 11:02:04.720953 15869 raft_consensus.cc:3060] T 847bb7d4c7f248e7b068819b262cef4d P e334d82a7ccf4f71a3b3af1157d57da8 [term 0 FOLLOWER]: Advancing to term 1
I20260710 11:02:04.722160 15910 tablet_bootstrap.cc:654] T 18856aded2764426bd075fc4ab395817 P 86ef465025a6460bb5b3639f11f502d5: Neither blocks nor log segments found. Creating new log.
I20260710 11:02:04.722013 15795 tablet_service.cc:1917] Received RequestConsensusVote() RPC: tablet_id: "dc5ef347afa04bc7a7f954c8a6cb35ba" candidate_uuid: "1180c28dba8c4e38875ae4241315046b" candidate_term: 1 candidate_status { last_received { term: 0 index: 0 } } ignore_live_leader: false dest_uuid: "86ef465025a6460bb5b3639f11f502d5"
I20260710 11:02:04.722702 15795 raft_consensus.cc:3060] T dc5ef347afa04bc7a7f954c8a6cb35ba P 86ef465025a6460bb5b3639f11f502d5 [term 0 FOLLOWER]: Advancing to term 1
I20260710 11:02:04.723495 15954 raft_consensus.cc:2804] T 705afff822564c72b79696cbd99ab172 P e334d82a7ccf4f71a3b3af1157d57da8 [term 0 FOLLOWER]: Leader pre-election won for term 1
I20260710 11:02:04.723909 15954 raft_consensus.cc:493] T 705afff822564c72b79696cbd99ab172 P e334d82a7ccf4f71a3b3af1157d57da8 [term 0 FOLLOWER]: Starting leader election (no leader contacted us within the election timeout)
I20260710 11:02:04.724262 15954 raft_consensus.cc:3060] T 705afff822564c72b79696cbd99ab172 P e334d82a7ccf4f71a3b3af1157d57da8 [term 0 FOLLOWER]: Advancing to term 1
I20260710 11:02:04.730525 15795 raft_consensus.cc:2468] T dc5ef347afa04bc7a7f954c8a6cb35ba P 86ef465025a6460bb5b3639f11f502d5 [term 1 FOLLOWER]: Leader election vote request: Granting yes vote for candidate 1180c28dba8c4e38875ae4241315046b in term 1.
I20260710 11:02:04.732045 15913 leader_election.cc:290] T dc5ef347afa04bc7a7f954c8a6cb35ba P 1180c28dba8c4e38875ae4241315046b [CANDIDATE]: Term 1 election: Requested vote from peers 86ef465025a6460bb5b3639f11f502d5 (127.14.64.130:33341), e334d82a7ccf4f71a3b3af1157d57da8 (127.14.64.131:38873)
I20260710 11:02:04.732204 15719 raft_consensus.cc:2468] T 1dbbc45bb0e7402f9f83aab937316723 P 1180c28dba8c4e38875ae4241315046b [term 1 FOLLOWER]: Leader election vote request: Granting yes vote for candidate e334d82a7ccf4f71a3b3af1157d57da8 in term 1.
I20260710 11:02:04.732874 15948 raft_consensus.cc:515] T 34faf770b6474581b87c06c1698139af P 86ef465025a6460bb5b3639f11f502d5 [term 1 FOLLOWER]: Starting leader election with config: opid_index: -1 OBSOLETE_local: false peers { permanent_uuid: "1180c28dba8c4e38875ae4241315046b" member_type: VOTER last_known_addr { host: "127.14.64.129" port: 46067 } } peers { permanent_uuid: "86ef465025a6460bb5b3639f11f502d5" member_type: VOTER last_known_addr { host: "127.14.64.130" port: 33341 } } peers { permanent_uuid: "e334d82a7ccf4f71a3b3af1157d57da8" member_type: VOTER last_known_addr { host: "127.14.64.131" port: 38873 } }
I20260710 11:02:04.733157 15686 leader_election.cc:304] T dc5ef347afa04bc7a7f954c8a6cb35ba P 1180c28dba8c4e38875ae4241315046b [CANDIDATE]: Term 1 election: Election decided. Result: candidate won. Election summary: received 2 responses out of 3 voters: 2 yes votes; 0 no votes. yes voters: 1180c28dba8c4e38875ae4241315046b, 86ef465025a6460bb5b3639f11f502d5; no voters: 
I20260710 11:02:04.715346 15909 ts_tablet_manager.cc:1434] T ed99e188889e4cda9ee16086a08de031 P 1180c28dba8c4e38875ae4241315046b: Time spent starting tablet: real 0.138s	user 0.011s	sys 0.016s
I20260710 11:02:04.738382 15948 leader_election.cc:290] T 34faf770b6474581b87c06c1698139af P 86ef465025a6460bb5b3639f11f502d5 [CANDIDATE]: Term 1 election: Requested vote from peers 1180c28dba8c4e38875ae4241315046b (127.14.64.129:46067), e334d82a7ccf4f71a3b3af1157d57da8 (127.14.64.131:38873)
I20260710 11:02:04.739846 15868 tablet_service.cc:1917] Received RequestConsensusVote() RPC: tablet_id: "dc5ef347afa04bc7a7f954c8a6cb35ba" candidate_uuid: "1180c28dba8c4e38875ae4241315046b" candidate_term: 1 candidate_status { last_received { term: 0 index: 0 } } ignore_live_leader: false dest_uuid: "e334d82a7ccf4f71a3b3af1157d57da8"
I20260710 11:02:04.740048 15913 raft_consensus.cc:2804] T dc5ef347afa04bc7a7f954c8a6cb35ba P 1180c28dba8c4e38875ae4241315046b [term 1 FOLLOWER]: Leader election won for term 1
I20260710 11:02:04.740661 15868 raft_consensus.cc:3060] T dc5ef347afa04bc7a7f954c8a6cb35ba P e334d82a7ccf4f71a3b3af1157d57da8 [term 0 FOLLOWER]: Advancing to term 1
I20260710 11:02:04.741128 15913 raft_consensus.cc:697] T dc5ef347afa04bc7a7f954c8a6cb35ba P 1180c28dba8c4e38875ae4241315046b [term 1 LEADER]: Becoming Leader. State: Replica: 1180c28dba8c4e38875ae4241315046b, State: Running, Role: LEADER
I20260710 11:02:04.741878 15913 consensus_queue.cc:237] T dc5ef347afa04bc7a7f954c8a6cb35ba P 1180c28dba8c4e38875ae4241315046b [LEADER]: Queue going to LEADER mode. State: All replicated index: 0, Majority replicated index: 0, Committed index: 0, Last appended: 0.0, Last appended by leader: 0, Current term: 1, Majority size: 2, State: 0, Mode: LEADER, active raft config: opid_index: -1 OBSOLETE_local: false peers { permanent_uuid: "1180c28dba8c4e38875ae4241315046b" member_type: VOTER last_known_addr { host: "127.14.64.129" port: 46067 } } peers { permanent_uuid: "86ef465025a6460bb5b3639f11f502d5" member_type: VOTER last_known_addr { host: "127.14.64.130" port: 33341 } } peers { permanent_uuid: "e334d82a7ccf4f71a3b3af1157d57da8" member_type: VOTER last_known_addr { host: "127.14.64.131" port: 38873 } }
I20260710 11:02:04.740104 15912 tablet_bootstrap.cc:492] T 66225ea708e34ecca1e46163253fa6fe P e334d82a7ccf4f71a3b3af1157d57da8: No bootstrap required, opened a new log
I20260710 11:02:04.738750 15834 leader_election.cc:304] T 1dbbc45bb0e7402f9f83aab937316723 P e334d82a7ccf4f71a3b3af1157d57da8 [CANDIDATE]: Term 1 election: Election decided. Result: candidate won. Election summary: received 2 responses out of 3 voters: 2 yes votes; 0 no votes. yes voters: 1180c28dba8c4e38875ae4241315046b, e334d82a7ccf4f71a3b3af1157d57da8; no voters: 
I20260710 11:02:04.745779 15759 leader_election.cc:304] T f0d379a7ad9e425685c51a4c71b4eeb7 P 86ef465025a6460bb5b3639f11f502d5 [CANDIDATE]: Term 1 pre-election: Election decided. Result: candidate won. Election summary: received 3 responses out of 3 voters: 2 yes votes; 1 no votes. yes voters: 86ef465025a6460bb5b3639f11f502d5, e334d82a7ccf4f71a3b3af1157d57da8; no voters: 1180c28dba8c4e38875ae4241315046b
I20260710 11:02:04.746331 15921 raft_consensus.cc:2804] T 1dbbc45bb0e7402f9f83aab937316723 P e334d82a7ccf4f71a3b3af1157d57da8 [term 1 FOLLOWER]: Leader election won for term 1
I20260710 11:02:04.746984 15921 raft_consensus.cc:697] T 1dbbc45bb0e7402f9f83aab937316723 P e334d82a7ccf4f71a3b3af1157d57da8 [term 1 LEADER]: Becoming Leader. State: Replica: e334d82a7ccf4f71a3b3af1157d57da8, State: Running, Role: LEADER
I20260710 11:02:04.748072 15921 consensus_queue.cc:237] T 1dbbc45bb0e7402f9f83aab937316723 P e334d82a7ccf4f71a3b3af1157d57da8 [LEADER]: Queue going to LEADER mode. State: All replicated index: 0, Majority replicated index: 0, Committed index: 0, Last appended: 0.0, Last appended by leader: 0, Current term: 1, Majority size: 2, State: 0, Mode: LEADER, active raft config: opid_index: -1 OBSOLETE_local: false peers { permanent_uuid: "1180c28dba8c4e38875ae4241315046b" member_type: VOTER last_known_addr { host: "127.14.64.129" port: 46067 } } peers { permanent_uuid: "86ef465025a6460bb5b3639f11f502d5" member_type: VOTER last_known_addr { host: "127.14.64.130" port: 33341 } } peers { permanent_uuid: "e334d82a7ccf4f71a3b3af1157d57da8" member_type: VOTER last_known_addr { host: "127.14.64.131" port: 38873 } }
I20260710 11:02:04.749238 15948 raft_consensus.cc:2804] T f0d379a7ad9e425685c51a4c71b4eeb7 P 86ef465025a6460bb5b3639f11f502d5 [term 0 FOLLOWER]: Leader pre-election won for term 1
I20260710 11:02:04.749653 15948 raft_consensus.cc:493] T f0d379a7ad9e425685c51a4c71b4eeb7 P 86ef465025a6460bb5b3639f11f502d5 [term 0 FOLLOWER]: Starting leader election (no leader contacted us within the election timeout)
I20260710 11:02:04.749974 15948 raft_consensus.cc:3060] T f0d379a7ad9e425685c51a4c71b4eeb7 P 86ef465025a6460bb5b3639f11f502d5 [term 0 FOLLOWER]: Advancing to term 1
I20260710 11:02:04.753739 15912 ts_tablet_manager.cc:1403] T 66225ea708e34ecca1e46163253fa6fe P e334d82a7ccf4f71a3b3af1157d57da8: Time spent bootstrapping tablet: real 0.163s	user 0.025s	sys 0.041s
I20260710 11:02:04.736547 15618 catalog_manager.cc:5697] T 35e8d59530f94b59b623ae156898e7ca P 86ef465025a6460bb5b3639f11f502d5 reported cstate change: term changed from 0 to 1, leader changed from <none> to 86ef465025a6460bb5b3639f11f502d5 (127.14.64.130). New cstate: current_term: 1 leader_uuid: "86ef465025a6460bb5b3639f11f502d5" committed_config { opid_index: -1 OBSOLETE_local: false peers { permanent_uuid: "1180c28dba8c4e38875ae4241315046b" member_type: VOTER last_known_addr { host: "127.14.64.129" port: 46067 } health_report { overall_health: UNKNOWN } } peers { permanent_uuid: "e334d82a7ccf4f71a3b3af1157d57da8" member_type: VOTER last_known_addr { host: "127.14.64.131" port: 38873 } health_report { overall_health: UNKNOWN } } peers { permanent_uuid: "86ef465025a6460bb5b3639f11f502d5" member_type: VOTER last_known_addr { host: "127.14.64.130" port: 33341 } health_report { overall_health: HEALTHY } } }
I20260710 11:02:04.760936 15955 raft_consensus.cc:493] T 71c9a017709e494eb246538297445fca P 1180c28dba8c4e38875ae4241315046b [term 0 FOLLOWER]: Starting pre-election (no leader contacted us within the election timeout)
I20260710 11:02:04.761284 15954 raft_consensus.cc:515] T 705afff822564c72b79696cbd99ab172 P e334d82a7ccf4f71a3b3af1157d57da8 [term 1 FOLLOWER]: Starting leader election with config: opid_index: -1 OBSOLETE_local: false peers { permanent_uuid: "1180c28dba8c4e38875ae4241315046b" member_type: VOTER last_known_addr { host: "127.14.64.129" port: 46067 } } peers { permanent_uuid: "86ef465025a6460bb5b3639f11f502d5" member_type: VOTER last_known_addr { host: "127.14.64.130" port: 33341 } } peers { permanent_uuid: "e334d82a7ccf4f71a3b3af1157d57da8" member_type: VOTER last_known_addr { host: "127.14.64.131" port: 38873 } }
I20260710 11:02:04.765156 15869 raft_consensus.cc:2468] T 847bb7d4c7f248e7b068819b262cef4d P e334d82a7ccf4f71a3b3af1157d57da8 [term 1 FOLLOWER]: Leader election vote request: Granting yes vote for candidate 86ef465025a6460bb5b3639f11f502d5 in term 1.
I20260710 11:02:04.770495 15719 tablet_service.cc:1917] Received RequestConsensusVote() RPC: tablet_id: "34faf770b6474581b87c06c1698139af" candidate_uuid: "86ef465025a6460bb5b3639f11f502d5" candidate_term: 1 candidate_status { last_received { term: 0 index: 0 } } ignore_live_leader: false dest_uuid: "1180c28dba8c4e38875ae4241315046b"
I20260710 11:02:04.771039 15719 raft_consensus.cc:3060] T 34faf770b6474581b87c06c1698139af P 1180c28dba8c4e38875ae4241315046b [term 0 FOLLOWER]: Advancing to term 1
I20260710 11:02:04.761603 15955 raft_consensus.cc:515] T 71c9a017709e494eb246538297445fca P 1180c28dba8c4e38875ae4241315046b [term 0 FOLLOWER]: Starting pre-election with config: opid_index: -1 OBSOLETE_local: false peers { permanent_uuid: "1180c28dba8c4e38875ae4241315046b" member_type: VOTER last_known_addr { host: "127.14.64.129" port: 46067 } } peers { permanent_uuid: "86ef465025a6460bb5b3639f11f502d5" member_type: VOTER last_known_addr { host: "127.14.64.130" port: 33341 } } peers { permanent_uuid: "e334d82a7ccf4f71a3b3af1157d57da8" member_type: VOTER last_known_addr { host: "127.14.64.131" port: 38873 } }
I20260710 11:02:04.776649 15955 leader_election.cc:290] T 71c9a017709e494eb246538297445fca P 1180c28dba8c4e38875ae4241315046b [CANDIDATE]: Term 1 pre-election: Requested pre-vote from peers 86ef465025a6460bb5b3639f11f502d5 (127.14.64.130:33341), e334d82a7ccf4f71a3b3af1157d57da8 (127.14.64.131:38873)
I20260710 11:02:04.777269 15912 raft_consensus.cc:359] T 66225ea708e34ecca1e46163253fa6fe P e334d82a7ccf4f71a3b3af1157d57da8 [term 0 FOLLOWER]: Replica starting. Triggering 0 pending ops. Active config: opid_index: -1 OBSOLETE_local: false peers { permanent_uuid: "1180c28dba8c4e38875ae4241315046b" member_type: VOTER last_known_addr { host: "127.14.64.129" port: 46067 } } peers { permanent_uuid: "86ef465025a6460bb5b3639f11f502d5" member_type: VOTER last_known_addr { host: "127.14.64.130" port: 33341 } } peers { permanent_uuid: "e334d82a7ccf4f71a3b3af1157d57da8" member_type: VOTER last_known_addr { host: "127.14.64.131" port: 38873 } }
I20260710 11:02:04.778330 15912 raft_consensus.cc:385] T 66225ea708e34ecca1e46163253fa6fe P e334d82a7ccf4f71a3b3af1157d57da8 [term 0 FOLLOWER]: Consensus starting up: Expiring failure detector timer to make a prompt election more likely
I20260710 11:02:04.778378 15948 raft_consensus.cc:515] T f0d379a7ad9e425685c51a4c71b4eeb7 P 86ef465025a6460bb5b3639f11f502d5 [term 1 FOLLOWER]: Starting leader election with config: opid_index: -1 OBSOLETE_local: false peers { permanent_uuid: "1180c28dba8c4e38875ae4241315046b" member_type: VOTER last_known_addr { host: "127.14.64.129" port: 46067 } } peers { permanent_uuid: "86ef465025a6460bb5b3639f11f502d5" member_type: VOTER last_known_addr { host: "127.14.64.130" port: 33341 } } peers { permanent_uuid: "e334d82a7ccf4f71a3b3af1157d57da8" member_type: VOTER last_known_addr { host: "127.14.64.131" port: 38873 } }
I20260710 11:02:04.778905 15912 raft_consensus.cc:740] T 66225ea708e34ecca1e46163253fa6fe P e334d82a7ccf4f71a3b3af1157d57da8 [term 0 FOLLOWER]: Becoming Follower/Learner. State: Replica: e334d82a7ccf4f71a3b3af1157d57da8, State: Initialized, Role: FOLLOWER
I20260710 11:02:04.780174 15912 consensus_queue.cc:260] T 66225ea708e34ecca1e46163253fa6fe P e334d82a7ccf4f71a3b3af1157d57da8 [NON_LEADER]: Queue going to NON_LEADER mode. State: All replicated index: 0, Majority replicated index: 0, Committed index: 0, Last appended: 0.0, Last appended by leader: 0, Current term: 0, Majority size: -1, State: 0, Mode: NON_LEADER, active raft config: opid_index: -1 OBSOLETE_local: false peers { permanent_uuid: "1180c28dba8c4e38875ae4241315046b" member_type: VOTER last_known_addr { host: "127.14.64.129" port: 46067 } } peers { permanent_uuid: "86ef465025a6460bb5b3639f11f502d5" member_type: VOTER last_known_addr { host: "127.14.64.130" port: 33341 } } peers { permanent_uuid: "e334d82a7ccf4f71a3b3af1157d57da8" member_type: VOTER last_known_addr { host: "127.14.64.131" port: 38873 } }
I20260710 11:02:04.781244 15948 leader_election.cc:290] T f0d379a7ad9e425685c51a4c71b4eeb7 P 86ef465025a6460bb5b3639f11f502d5 [CANDIDATE]: Term 1 election: Requested vote from peers 1180c28dba8c4e38875ae4241315046b (127.14.64.129:46067), e334d82a7ccf4f71a3b3af1157d57da8 (127.14.64.131:38873)
I20260710 11:02:04.783634 15912 ts_tablet_manager.cc:1434] T 66225ea708e34ecca1e46163253fa6fe P e334d82a7ccf4f71a3b3af1157d57da8: Time spent starting tablet: real 0.029s	user 0.005s	sys 0.003s
I20260710 11:02:04.789374 15759 leader_election.cc:304] T 847bb7d4c7f248e7b068819b262cef4d P 86ef465025a6460bb5b3639f11f502d5 [CANDIDATE]: Term 1 election: Election decided. Result: candidate won. Election summary: received 3 responses out of 3 voters: 2 yes votes; 1 no votes. yes voters: 86ef465025a6460bb5b3639f11f502d5, e334d82a7ccf4f71a3b3af1157d57da8; no voters: 1180c28dba8c4e38875ae4241315046b
I20260710 11:02:04.790619 15948 raft_consensus.cc:2804] T 847bb7d4c7f248e7b068819b262cef4d P 86ef465025a6460bb5b3639f11f502d5 [term 1 FOLLOWER]: Leader election won for term 1
I20260710 11:02:04.774438 15909 tablet_bootstrap.cc:492] T 66225ea708e34ecca1e46163253fa6fe P 1180c28dba8c4e38875ae4241315046b: Bootstrap starting.
I20260710 11:02:04.792342 15912 tablet_bootstrap.cc:492] T 95c90ea0c94a4dbca8fa8804fe4a0b41 P e334d82a7ccf4f71a3b3af1157d57da8: Bootstrap starting.
I20260710 11:02:04.791338 15948 raft_consensus.cc:697] T 847bb7d4c7f248e7b068819b262cef4d P 86ef465025a6460bb5b3639f11f502d5 [term 1 LEADER]: Becoming Leader. State: Replica: 86ef465025a6460bb5b3639f11f502d5, State: Running, Role: LEADER
I20260710 11:02:04.795398 15869 tablet_service.cc:1917] Received RequestConsensusVote() RPC: tablet_id: "71c9a017709e494eb246538297445fca" candidate_uuid: "1180c28dba8c4e38875ae4241315046b" candidate_term: 1 candidate_status { last_received { term: 0 index: 0 } } ignore_live_leader: false dest_uuid: "e334d82a7ccf4f71a3b3af1157d57da8" is_pre_election: true
I20260710 11:02:04.795671 15866 tablet_service.cc:1917] Received RequestConsensusVote() RPC: tablet_id: "f0d379a7ad9e425685c51a4c71b4eeb7" candidate_uuid: "86ef465025a6460bb5b3639f11f502d5" candidate_term: 1 candidate_status { last_received { term: 0 index: 0 } } ignore_live_leader: false dest_uuid: "e334d82a7ccf4f71a3b3af1157d57da8"
I20260710 11:02:04.796455 15866 raft_consensus.cc:3060] T f0d379a7ad9e425685c51a4c71b4eeb7 P e334d82a7ccf4f71a3b3af1157d57da8 [term 0 FOLLOWER]: Advancing to term 1
W20260710 11:02:04.797106 15684 leader_election.cc:343] T 71c9a017709e494eb246538297445fca P 1180c28dba8c4e38875ae4241315046b [CANDIDATE]: Term 1 pre-election: Tablet error from VoteRequest() call to peer e334d82a7ccf4f71a3b3af1157d57da8 (127.14.64.131:38873): Illegal state: must be running to vote when last-logged opid is not known
I20260710 11:02:04.797948 15954 leader_election.cc:290] T 705afff822564c72b79696cbd99ab172 P e334d82a7ccf4f71a3b3af1157d57da8 [CANDIDATE]: Term 1 election: Requested vote from peers 1180c28dba8c4e38875ae4241315046b (127.14.64.129:46067), 86ef465025a6460bb5b3639f11f502d5 (127.14.64.130:33341)
I20260710 11:02:04.798467 15954 raft_consensus.cc:493] T 70549d2fa52049bda7f6a0ce22b0ad1b P e334d82a7ccf4f71a3b3af1157d57da8 [term 0 FOLLOWER]: Starting pre-election (no leader contacted us within the election timeout)
I20260710 11:02:04.798869 15954 raft_consensus.cc:515] T 70549d2fa52049bda7f6a0ce22b0ad1b P e334d82a7ccf4f71a3b3af1157d57da8 [term 0 FOLLOWER]: Starting pre-election with config: opid_index: -1 OBSOLETE_local: false peers { permanent_uuid: "1180c28dba8c4e38875ae4241315046b" member_type: VOTER last_known_addr { host: "127.14.64.129" port: 46067 } } peers { permanent_uuid: "86ef465025a6460bb5b3639f11f502d5" member_type: VOTER last_known_addr { host: "127.14.64.130" port: 33341 } } peers { permanent_uuid: "e334d82a7ccf4f71a3b3af1157d57da8" member_type: VOTER last_known_addr { host: "127.14.64.131" port: 38873 } }
I20260710 11:02:04.799711 15912 tablet_bootstrap.cc:654] T 95c90ea0c94a4dbca8fa8804fe4a0b41 P e334d82a7ccf4f71a3b3af1157d57da8: Neither blocks nor log segments found. Creating new log.
I20260710 11:02:04.800637 15720 tablet_service.cc:1917] Received RequestConsensusVote() RPC: tablet_id: "705afff822564c72b79696cbd99ab172" candidate_uuid: "e334d82a7ccf4f71a3b3af1157d57da8" candidate_term: 1 candidate_status { last_received { term: 0 index: 0 } } ignore_live_leader: false dest_uuid: "1180c28dba8c4e38875ae4241315046b"
I20260710 11:02:04.801513 15720 raft_consensus.cc:3060] T 705afff822564c72b79696cbd99ab172 P 1180c28dba8c4e38875ae4241315046b [term 0 FOLLOWER]: Advancing to term 1
I20260710 11:02:04.802413 15718 tablet_service.cc:1917] Received RequestConsensusVote() RPC: tablet_id: "70549d2fa52049bda7f6a0ce22b0ad1b" candidate_uuid: "e334d82a7ccf4f71a3b3af1157d57da8" candidate_term: 1 candidate_status { last_received { term: 0 index: 0 } } ignore_live_leader: false dest_uuid: "1180c28dba8c4e38875ae4241315046b" is_pre_election: true
I20260710 11:02:04.802650 15954 leader_election.cc:290] T 70549d2fa52049bda7f6a0ce22b0ad1b P e334d82a7ccf4f71a3b3af1157d57da8 [CANDIDATE]: Term 1 pre-election: Requested pre-vote from peers 1180c28dba8c4e38875ae4241315046b (127.14.64.129:46067), 86ef465025a6460bb5b3639f11f502d5 (127.14.64.130:33341)
I20260710 11:02:04.791877 15794 raft_consensus.cc:2468] T 1dbbc45bb0e7402f9f83aab937316723 P 86ef465025a6460bb5b3639f11f502d5 [term 1 FOLLOWER]: Leader election vote request: Granting yes vote for candidate e334d82a7ccf4f71a3b3af1157d57da8 in term 1.
I20260710 11:02:04.793116 15868 raft_consensus.cc:2468] T dc5ef347afa04bc7a7f954c8a6cb35ba P e334d82a7ccf4f71a3b3af1157d57da8 [term 1 FOLLOWER]: Leader election vote request: Granting yes vote for candidate 1180c28dba8c4e38875ae4241315046b in term 1.
W20260710 11:02:04.803954 15834 leader_election.cc:343] T 70549d2fa52049bda7f6a0ce22b0ad1b P e334d82a7ccf4f71a3b3af1157d57da8 [CANDIDATE]: Term 1 pre-election: Tablet error from VoteRequest() call to peer 1180c28dba8c4e38875ae4241315046b (127.14.64.129:46067): Illegal state: must be running to vote when last-logged opid is not known
I20260710 11:02:04.814429 15948 consensus_queue.cc:237] T 847bb7d4c7f248e7b068819b262cef4d P 86ef465025a6460bb5b3639f11f502d5 [LEADER]: Queue going to LEADER mode. State: All replicated index: 0, Majority replicated index: 0, Committed index: 0, Last appended: 0.0, Last appended by leader: 0, Current term: 1, Majority size: 2, State: 0, Mode: LEADER, active raft config: opid_index: -1 OBSOLETE_local: false peers { permanent_uuid: "1180c28dba8c4e38875ae4241315046b" member_type: VOTER last_known_addr { host: "127.14.64.129" port: 46067 } } peers { permanent_uuid: "86ef465025a6460bb5b3639f11f502d5" member_type: VOTER last_known_addr { host: "127.14.64.130" port: 33341 } } peers { permanent_uuid: "e334d82a7ccf4f71a3b3af1157d57da8" member_type: VOTER last_known_addr { host: "127.14.64.131" port: 38873 } }
I20260710 11:02:04.813676 15795 tablet_service.cc:1917] Received RequestConsensusVote() RPC: tablet_id: "705afff822564c72b79696cbd99ab172" candidate_uuid: "e334d82a7ccf4f71a3b3af1157d57da8" candidate_term: 1 candidate_status { last_received { term: 0 index: 0 } } ignore_live_leader: false dest_uuid: "86ef465025a6460bb5b3639f11f502d5"
I20260710 11:02:04.816891 15795 raft_consensus.cc:3060] T 705afff822564c72b79696cbd99ab172 P 86ef465025a6460bb5b3639f11f502d5 [term 0 FOLLOWER]: Advancing to term 1
I20260710 11:02:04.820292 15720 raft_consensus.cc:2468] T 705afff822564c72b79696cbd99ab172 P 1180c28dba8c4e38875ae4241315046b [term 1 FOLLOWER]: Leader election vote request: Granting yes vote for candidate e334d82a7ccf4f71a3b3af1157d57da8 in term 1.
I20260710 11:02:04.820693 15719 raft_consensus.cc:2468] T 34faf770b6474581b87c06c1698139af P 1180c28dba8c4e38875ae4241315046b [term 1 FOLLOWER]: Leader election vote request: Granting yes vote for candidate 86ef465025a6460bb5b3639f11f502d5 in term 1.
I20260710 11:02:04.810633 15867 tablet_service.cc:1917] Received RequestConsensusVote() RPC: tablet_id: "34faf770b6474581b87c06c1698139af" candidate_uuid: "86ef465025a6460bb5b3639f11f502d5" candidate_term: 1 candidate_status { last_received { term: 0 index: 0 } } ignore_live_leader: false dest_uuid: "e334d82a7ccf4f71a3b3af1157d57da8"
I20260710 11:02:04.822288 15867 raft_consensus.cc:3060] T 34faf770b6474581b87c06c1698139af P e334d82a7ccf4f71a3b3af1157d57da8 [term 0 FOLLOWER]: Advancing to term 1
I20260710 11:02:04.822860 15834 leader_election.cc:304] T 705afff822564c72b79696cbd99ab172 P e334d82a7ccf4f71a3b3af1157d57da8 [CANDIDATE]: Term 1 election: Election decided. Result: candidate won. Election summary: received 2 responses out of 3 voters: 2 yes votes; 0 no votes. yes voters: 1180c28dba8c4e38875ae4241315046b, e334d82a7ccf4f71a3b3af1157d57da8; no voters: 
I20260710 11:02:04.823648 15760 leader_election.cc:304] T 34faf770b6474581b87c06c1698139af P 86ef465025a6460bb5b3639f11f502d5 [CANDIDATE]: Term 1 election: Election decided. Result: candidate won. Election summary: received 2 responses out of 3 voters: 2 yes votes; 0 no votes. yes voters: 1180c28dba8c4e38875ae4241315046b, 86ef465025a6460bb5b3639f11f502d5; no voters: 
I20260710 11:02:04.823827 15921 raft_consensus.cc:2804] T 705afff822564c72b79696cbd99ab172 P e334d82a7ccf4f71a3b3af1157d57da8 [term 1 FOLLOWER]: Leader election won for term 1
I20260710 11:02:04.825137 15956 raft_consensus.cc:2804] T 34faf770b6474581b87c06c1698139af P 86ef465025a6460bb5b3639f11f502d5 [term 1 FOLLOWER]: Leader election won for term 1
I20260710 11:02:04.824324 15921 raft_consensus.cc:697] T 705afff822564c72b79696cbd99ab172 P e334d82a7ccf4f71a3b3af1157d57da8 [term 1 LEADER]: Becoming Leader. State: Replica: e334d82a7ccf4f71a3b3af1157d57da8, State: Running, Role: LEADER
I20260710 11:02:04.814504 15793 tablet_service.cc:1917] Received RequestConsensusVote() RPC: tablet_id: "71c9a017709e494eb246538297445fca" candidate_uuid: "1180c28dba8c4e38875ae4241315046b" candidate_term: 1 candidate_status { last_received { term: 0 index: 0 } } ignore_live_leader: false dest_uuid: "86ef465025a6460bb5b3639f11f502d5" is_pre_election: true
I20260710 11:02:04.826489 15956 raft_consensus.cc:697] T 34faf770b6474581b87c06c1698139af P 86ef465025a6460bb5b3639f11f502d5 [term 1 LEADER]: Becoming Leader. State: Replica: 86ef465025a6460bb5b3639f11f502d5, State: Running, Role: LEADER
I20260710 11:02:04.827050 15718 tablet_service.cc:1917] Received RequestConsensusVote() RPC: tablet_id: "f0d379a7ad9e425685c51a4c71b4eeb7" candidate_uuid: "86ef465025a6460bb5b3639f11f502d5" candidate_term: 1 candidate_status { last_received { term: 0 index: 0 } } ignore_live_leader: false dest_uuid: "1180c28dba8c4e38875ae4241315046b"
I20260710 11:02:04.803810 15615 catalog_manager.cc:5697] T dc5ef347afa04bc7a7f954c8a6cb35ba P 1180c28dba8c4e38875ae4241315046b reported cstate change: term changed from 0 to 1, leader changed from <none> to 1180c28dba8c4e38875ae4241315046b (127.14.64.129). New cstate: current_term: 1 leader_uuid: "1180c28dba8c4e38875ae4241315046b" committed_config { opid_index: -1 OBSOLETE_local: false peers { permanent_uuid: "1180c28dba8c4e38875ae4241315046b" member_type: VOTER last_known_addr { host: "127.14.64.129" port: 46067 } health_report { overall_health: HEALTHY } } peers { permanent_uuid: "86ef465025a6460bb5b3639f11f502d5" member_type: VOTER last_known_addr { host: "127.14.64.130" port: 33341 } health_report { overall_health: UNKNOWN } } peers { permanent_uuid: "e334d82a7ccf4f71a3b3af1157d57da8" member_type: VOTER last_known_addr { host: "127.14.64.131" port: 38873 } health_report { overall_health: UNKNOWN } } }
I20260710 11:02:04.829427 15910 tablet_bootstrap.cc:492] T 18856aded2764426bd075fc4ab395817 P 86ef465025a6460bb5b3639f11f502d5: No bootstrap required, opened a new log
I20260710 11:02:04.833789 15910 ts_tablet_manager.cc:1403] T 18856aded2764426bd075fc4ab395817 P 86ef465025a6460bb5b3639f11f502d5: Time spent bootstrapping tablet: real 0.124s	user 0.027s	sys 0.019s
I20260710 11:02:04.831328 15793 raft_consensus.cc:2468] T 71c9a017709e494eb246538297445fca P 86ef465025a6460bb5b3639f11f502d5 [term 0 FOLLOWER]: Leader pre-election vote request: Granting yes vote for candidate 1180c28dba8c4e38875ae4241315046b in term 0.
I20260710 11:02:04.831275 15616 catalog_manager.cc:5697] T 1dbbc45bb0e7402f9f83aab937316723 P e334d82a7ccf4f71a3b3af1157d57da8 reported cstate change: term changed from 0 to 1, leader changed from <none> to e334d82a7ccf4f71a3b3af1157d57da8 (127.14.64.131). New cstate: current_term: 1 leader_uuid: "e334d82a7ccf4f71a3b3af1157d57da8" committed_config { opid_index: -1 OBSOLETE_local: false peers { permanent_uuid: "1180c28dba8c4e38875ae4241315046b" member_type: VOTER last_known_addr { host: "127.14.64.129" port: 46067 } health_report { overall_health: UNKNOWN } } peers { permanent_uuid: "86ef465025a6460bb5b3639f11f502d5" member_type: VOTER last_known_addr { host: "127.14.64.130" port: 33341 } health_report { overall_health: UNKNOWN } } peers { permanent_uuid: "e334d82a7ccf4f71a3b3af1157d57da8" member_type: VOTER last_known_addr { host: "127.14.64.131" port: 38873 } health_report { overall_health: HEALTHY } } }
I20260710 11:02:04.834987 15956 consensus_queue.cc:237] T 34faf770b6474581b87c06c1698139af P 86ef465025a6460bb5b3639f11f502d5 [LEADER]: Queue going to LEADER mode. State: All replicated index: 0, Majority replicated index: 0, Committed index: 0, Last appended: 0.0, Last appended by leader: 0, Current term: 1, Majority size: 2, State: 0, Mode: LEADER, active raft config: opid_index: -1 OBSOLETE_local: false peers { permanent_uuid: "1180c28dba8c4e38875ae4241315046b" member_type: VOTER last_known_addr { host: "127.14.64.129" port: 46067 } } peers { permanent_uuid: "86ef465025a6460bb5b3639f11f502d5" member_type: VOTER last_known_addr { host: "127.14.64.130" port: 33341 } } peers { permanent_uuid: "e334d82a7ccf4f71a3b3af1157d57da8" member_type: VOTER last_known_addr { host: "127.14.64.131" port: 38873 } }
W20260710 11:02:04.840009 15760 leader_election.cc:343] T f0d379a7ad9e425685c51a4c71b4eeb7 P 86ef465025a6460bb5b3639f11f502d5 [CANDIDATE]: Term 1 election: Tablet error from VoteRequest() call to peer 1180c28dba8c4e38875ae4241315046b (127.14.64.129:46067): Illegal state: must be running to vote when last-logged opid is not known
I20260710 11:02:04.838872 15921 consensus_queue.cc:237] T 705afff822564c72b79696cbd99ab172 P e334d82a7ccf4f71a3b3af1157d57da8 [LEADER]: Queue going to LEADER mode. State: All replicated index: 0, Majority replicated index: 0, Committed index: 0, Last appended: 0.0, Last appended by leader: 0, Current term: 1, Majority size: 2, State: 0, Mode: LEADER, active raft config: opid_index: -1 OBSOLETE_local: false peers { permanent_uuid: "1180c28dba8c4e38875ae4241315046b" member_type: VOTER last_known_addr { host: "127.14.64.129" port: 46067 } } peers { permanent_uuid: "86ef465025a6460bb5b3639f11f502d5" member_type: VOTER last_known_addr { host: "127.14.64.130" port: 33341 } } peers { permanent_uuid: "e334d82a7ccf4f71a3b3af1157d57da8" member_type: VOTER last_known_addr { host: "127.14.64.131" port: 38873 } }
I20260710 11:02:04.843271 15686 leader_election.cc:304] T 71c9a017709e494eb246538297445fca P 1180c28dba8c4e38875ae4241315046b [CANDIDATE]: Term 1 pre-election: Election decided. Result: candidate won. Election summary: received 3 responses out of 3 voters: 2 yes votes; 1 no votes. yes voters: 1180c28dba8c4e38875ae4241315046b, 86ef465025a6460bb5b3639f11f502d5; no voters: e334d82a7ccf4f71a3b3af1157d57da8
I20260710 11:02:04.843528 15910 raft_consensus.cc:359] T 18856aded2764426bd075fc4ab395817 P 86ef465025a6460bb5b3639f11f502d5 [term 0 FOLLOWER]: Replica starting. Triggering 0 pending ops. Active config: opid_index: -1 OBSOLETE_local: false peers { permanent_uuid: "1180c28dba8c4e38875ae4241315046b" member_type: VOTER last_known_addr { host: "127.14.64.129" port: 46067 } } peers { permanent_uuid: "86ef465025a6460bb5b3639f11f502d5" member_type: VOTER last_known_addr { host: "127.14.64.130" port: 33341 } } peers { permanent_uuid: "e334d82a7ccf4f71a3b3af1157d57da8" member_type: VOTER last_known_addr { host: "127.14.64.131" port: 38873 } }
I20260710 11:02:04.844269 15910 raft_consensus.cc:385] T 18856aded2764426bd075fc4ab395817 P 86ef465025a6460bb5b3639f11f502d5 [term 0 FOLLOWER]: Consensus starting up: Expiring failure detector timer to make a prompt election more likely
I20260710 11:02:04.844529 15910 raft_consensus.cc:740] T 18856aded2764426bd075fc4ab395817 P 86ef465025a6460bb5b3639f11f502d5 [term 0 FOLLOWER]: Becoming Follower/Learner. State: Replica: 86ef465025a6460bb5b3639f11f502d5, State: Initialized, Role: FOLLOWER
I20260710 11:02:04.844563 15955 raft_consensus.cc:2804] T 71c9a017709e494eb246538297445fca P 1180c28dba8c4e38875ae4241315046b [term 0 FOLLOWER]: Leader pre-election won for term 1
I20260710 11:02:04.845141 15955 raft_consensus.cc:493] T 71c9a017709e494eb246538297445fca P 1180c28dba8c4e38875ae4241315046b [term 0 FOLLOWER]: Starting leader election (no leader contacted us within the election timeout)
I20260710 11:02:04.845238 15910 consensus_queue.cc:260] T 18856aded2764426bd075fc4ab395817 P 86ef465025a6460bb5b3639f11f502d5 [NON_LEADER]: Queue going to NON_LEADER mode. State: All replicated index: 0, Majority replicated index: 0, Committed index: 0, Last appended: 0.0, Last appended by leader: 0, Current term: 0, Majority size: -1, State: 0, Mode: NON_LEADER, active raft config: opid_index: -1 OBSOLETE_local: false peers { permanent_uuid: "1180c28dba8c4e38875ae4241315046b" member_type: VOTER last_known_addr { host: "127.14.64.129" port: 46067 } } peers { permanent_uuid: "86ef465025a6460bb5b3639f11f502d5" member_type: VOTER last_known_addr { host: "127.14.64.130" port: 33341 } } peers { permanent_uuid: "e334d82a7ccf4f71a3b3af1157d57da8" member_type: VOTER last_known_addr { host: "127.14.64.131" port: 38873 } }
I20260710 11:02:04.836467 15794 tablet_service.cc:1917] Received RequestConsensusVote() RPC: tablet_id: "70549d2fa52049bda7f6a0ce22b0ad1b" candidate_uuid: "e334d82a7ccf4f71a3b3af1157d57da8" candidate_term: 1 candidate_status { last_received { term: 0 index: 0 } } ignore_live_leader: false dest_uuid: "86ef465025a6460bb5b3639f11f502d5" is_pre_election: true
I20260710 11:02:04.848857 15955 raft_consensus.cc:3060] T 71c9a017709e494eb246538297445fca P 1180c28dba8c4e38875ae4241315046b [term 0 FOLLOWER]: Advancing to term 1
W20260710 11:02:04.850176 15835 leader_election.cc:343] T 70549d2fa52049bda7f6a0ce22b0ad1b P e334d82a7ccf4f71a3b3af1157d57da8 [CANDIDATE]: Term 1 pre-election: Tablet error from VoteRequest() call to peer 86ef465025a6460bb5b3639f11f502d5 (127.14.64.130:33341): Illegal state: must be running to vote when last-logged opid is not known
I20260710 11:02:04.849296 15866 raft_consensus.cc:2468] T f0d379a7ad9e425685c51a4c71b4eeb7 P e334d82a7ccf4f71a3b3af1157d57da8 [term 1 FOLLOWER]: Leader election vote request: Granting yes vote for candidate 86ef465025a6460bb5b3639f11f502d5 in term 1.
I20260710 11:02:04.852317 15835 leader_election.cc:304] T 70549d2fa52049bda7f6a0ce22b0ad1b P e334d82a7ccf4f71a3b3af1157d57da8 [CANDIDATE]: Term 1 pre-election: Election decided. Result: candidate lost. Election summary: received 3 responses out of 3 voters: 1 yes votes; 2 no votes. yes voters: e334d82a7ccf4f71a3b3af1157d57da8; no voters: 1180c28dba8c4e38875ae4241315046b, 86ef465025a6460bb5b3639f11f502d5
I20260710 11:02:04.855275 15759 leader_election.cc:304] T f0d379a7ad9e425685c51a4c71b4eeb7 P 86ef465025a6460bb5b3639f11f502d5 [CANDIDATE]: Term 1 election: Election decided. Result: candidate won. Election summary: received 3 responses out of 3 voters: 2 yes votes; 1 no votes. yes voters: 86ef465025a6460bb5b3639f11f502d5, e334d82a7ccf4f71a3b3af1157d57da8; no voters: 1180c28dba8c4e38875ae4241315046b
I20260710 11:02:04.858527 15948 raft_consensus.cc:493] T e56a33c5277b48b99fa46d99035885db P 86ef465025a6460bb5b3639f11f502d5 [term 0 FOLLOWER]: Starting pre-election (no leader contacted us within the election timeout)
I20260710 11:02:04.857795 15954 raft_consensus.cc:2749] T 70549d2fa52049bda7f6a0ce22b0ad1b P e334d82a7ccf4f71a3b3af1157d57da8 [term 0 FOLLOWER]: Leader pre-election lost for term 1. Reason: could not achieve majority
I20260710 11:02:04.859740 15948 raft_consensus.cc:515] T e56a33c5277b48b99fa46d99035885db P 86ef465025a6460bb5b3639f11f502d5 [term 0 FOLLOWER]: Starting pre-election with config: opid_index: -1 OBSOLETE_local: false peers { permanent_uuid: "1180c28dba8c4e38875ae4241315046b" member_type: VOTER last_known_addr { host: "127.14.64.129" port: 46067 } } peers { permanent_uuid: "86ef465025a6460bb5b3639f11f502d5" member_type: VOTER last_known_addr { host: "127.14.64.130" port: 33341 } } peers { permanent_uuid: "e334d82a7ccf4f71a3b3af1157d57da8" member_type: VOTER last_known_addr { host: "127.14.64.131" port: 38873 } }
I20260710 11:02:04.861126 15910 ts_tablet_manager.cc:1434] T 18856aded2764426bd075fc4ab395817 P 86ef465025a6460bb5b3639f11f502d5: Time spent starting tablet: real 0.027s	user 0.007s	sys 0.000s
I20260710 11:02:04.861519 15912 tablet_bootstrap.cc:492] T 95c90ea0c94a4dbca8fa8804fe4a0b41 P e334d82a7ccf4f71a3b3af1157d57da8: No bootstrap required, opened a new log
I20260710 11:02:04.861945 15912 ts_tablet_manager.cc:1403] T 95c90ea0c94a4dbca8fa8804fe4a0b41 P e334d82a7ccf4f71a3b3af1157d57da8: Time spent bootstrapping tablet: real 0.070s	user 0.005s	sys 0.012s
I20260710 11:02:04.862112 15910 tablet_bootstrap.cc:492] T fdf6e73b80ed48b1a83809d52cb07b00 P 86ef465025a6460bb5b3639f11f502d5: Bootstrap starting.
I20260710 11:02:04.862988 15718 tablet_service.cc:1917] Received RequestConsensusVote() RPC: tablet_id: "e56a33c5277b48b99fa46d99035885db" candidate_uuid: "86ef465025a6460bb5b3639f11f502d5" candidate_term: 1 candidate_status { last_received { term: 0 index: 0 } } ignore_live_leader: false dest_uuid: "1180c28dba8c4e38875ae4241315046b" is_pre_election: true
I20260710 11:02:04.863859 15866 tablet_service.cc:1917] Received RequestConsensusVote() RPC: tablet_id: "e56a33c5277b48b99fa46d99035885db" candidate_uuid: "86ef465025a6460bb5b3639f11f502d5" candidate_term: 1 candidate_status { last_received { term: 0 index: 0 } } ignore_live_leader: false dest_uuid: "e334d82a7ccf4f71a3b3af1157d57da8" is_pre_election: true
I20260710 11:02:04.864477 15912 raft_consensus.cc:359] T 95c90ea0c94a4dbca8fa8804fe4a0b41 P e334d82a7ccf4f71a3b3af1157d57da8 [term 0 FOLLOWER]: Replica starting. Triggering 0 pending ops. Active config: opid_index: -1 OBSOLETE_local: false peers { permanent_uuid: "1180c28dba8c4e38875ae4241315046b" member_type: VOTER last_known_addr { host: "127.14.64.129" port: 46067 } } peers { permanent_uuid: "86ef465025a6460bb5b3639f11f502d5" member_type: VOTER last_known_addr { host: "127.14.64.130" port: 33341 } } peers { permanent_uuid: "e334d82a7ccf4f71a3b3af1157d57da8" member_type: VOTER last_known_addr { host: "127.14.64.131" port: 38873 } }
I20260710 11:02:04.866184 15912 raft_consensus.cc:385] T 95c90ea0c94a4dbca8fa8804fe4a0b41 P e334d82a7ccf4f71a3b3af1157d57da8 [term 0 FOLLOWER]: Consensus starting up: Expiring failure detector timer to make a prompt election more likely
I20260710 11:02:04.866560 15912 raft_consensus.cc:740] T 95c90ea0c94a4dbca8fa8804fe4a0b41 P e334d82a7ccf4f71a3b3af1157d57da8 [term 0 FOLLOWER]: Becoming Follower/Learner. State: Replica: e334d82a7ccf4f71a3b3af1157d57da8, State: Initialized, Role: FOLLOWER
W20260710 11:02:04.869102 15963 log.cc:927] Time spent T 1dbbc45bb0e7402f9f83aab937316723 P e334d82a7ccf4f71a3b3af1157d57da8: Append to log took a long time: real 0.089s	user 0.001s	sys 0.000s
I20260710 11:02:04.871058 15912 consensus_queue.cc:260] T 95c90ea0c94a4dbca8fa8804fe4a0b41 P e334d82a7ccf4f71a3b3af1157d57da8 [NON_LEADER]: Queue going to NON_LEADER mode. State: All replicated index: 0, Majority replicated index: 0, Committed index: 0, Last appended: 0.0, Last appended by leader: 0, Current term: 0, Majority size: -1, State: 0, Mode: NON_LEADER, active raft config: opid_index: -1 OBSOLETE_local: false peers { permanent_uuid: "1180c28dba8c4e38875ae4241315046b" member_type: VOTER last_known_addr { host: "127.14.64.129" port: 46067 } } peers { permanent_uuid: "86ef465025a6460bb5b3639f11f502d5" member_type: VOTER last_known_addr { host: "127.14.64.130" port: 33341 } } peers { permanent_uuid: "e334d82a7ccf4f71a3b3af1157d57da8" member_type: VOTER last_known_addr { host: "127.14.64.131" port: 38873 } }
I20260710 11:02:04.865686 15948 leader_election.cc:290] T e56a33c5277b48b99fa46d99035885db P 86ef465025a6460bb5b3639f11f502d5 [CANDIDATE]: Term 1 pre-election: Requested pre-vote from peers 1180c28dba8c4e38875ae4241315046b (127.14.64.129:46067), e334d82a7ccf4f71a3b3af1157d57da8 (127.14.64.131:38873)
I20260710 11:02:04.873978 15912 ts_tablet_manager.cc:1434] T 95c90ea0c94a4dbca8fa8804fe4a0b41 P e334d82a7ccf4f71a3b3af1157d57da8: Time spent starting tablet: real 0.012s	user 0.006s	sys 0.001s
I20260710 11:02:04.874704 15912 tablet_bootstrap.cc:492] T b996e8d822c149b3a64c9e06fd3050e9 P e334d82a7ccf4f71a3b3af1157d57da8: Bootstrap starting.
I20260710 11:02:04.864696 15956 raft_consensus.cc:2804] T f0d379a7ad9e425685c51a4c71b4eeb7 P 86ef465025a6460bb5b3639f11f502d5 [term 1 FOLLOWER]: Leader election won for term 1
I20260710 11:02:04.865844 15795 raft_consensus.cc:2468] T 705afff822564c72b79696cbd99ab172 P 86ef465025a6460bb5b3639f11f502d5 [term 1 FOLLOWER]: Leader election vote request: Granting yes vote for candidate e334d82a7ccf4f71a3b3af1157d57da8 in term 1.
W20260710 11:02:04.875895 15760 leader_election.cc:343] T e56a33c5277b48b99fa46d99035885db P 86ef465025a6460bb5b3639f11f502d5 [CANDIDATE]: Term 1 pre-election: Tablet error from VoteRequest() call to peer 1180c28dba8c4e38875ae4241315046b (127.14.64.129:46067): Illegal state: must be running to vote when last-logged opid is not known
W20260710 11:02:04.879236 15759 leader_election.cc:343] T e56a33c5277b48b99fa46d99035885db P 86ef465025a6460bb5b3639f11f502d5 [CANDIDATE]: Term 1 pre-election: Tablet error from VoteRequest() call to peer e334d82a7ccf4f71a3b3af1157d57da8 (127.14.64.131:38873): Illegal state: must be running to vote when last-logged opid is not known
I20260710 11:02:04.879675 15759 leader_election.cc:304] T e56a33c5277b48b99fa46d99035885db P 86ef465025a6460bb5b3639f11f502d5 [CANDIDATE]: Term 1 pre-election: Election decided. Result: candidate lost. Election summary: received 3 responses out of 3 voters: 1 yes votes; 2 no votes. yes voters: 86ef465025a6460bb5b3639f11f502d5; no voters: 1180c28dba8c4e38875ae4241315046b, e334d82a7ccf4f71a3b3af1157d57da8
I20260710 11:02:04.880165 15956 raft_consensus.cc:697] T f0d379a7ad9e425685c51a4c71b4eeb7 P 86ef465025a6460bb5b3639f11f502d5 [term 1 LEADER]: Becoming Leader. State: Replica: 86ef465025a6460bb5b3639f11f502d5, State: Running, Role: LEADER
I20260710 11:02:04.880492 15948 raft_consensus.cc:2749] T e56a33c5277b48b99fa46d99035885db P 86ef465025a6460bb5b3639f11f502d5 [term 0 FOLLOWER]: Leader pre-election lost for term 1. Reason: could not achieve majority
