I20260710 11:02:05.803966 18720 raft_consensus.cc:385] T 80eb3789e1084da4a79a53f049b1e59e P 9fb705b5607742bba779f05b65bb9927 [term 0 FOLLOWER]: Consensus starting up: Expiring failure detector timer to make a prompt election more likely
I20260710 11:02:05.804194 18720 raft_consensus.cc:740] T 80eb3789e1084da4a79a53f049b1e59e P 9fb705b5607742bba779f05b65bb9927 [term 0 FOLLOWER]: Becoming Follower/Learner. State: Replica: 9fb705b5607742bba779f05b65bb9927, State: Initialized, Role: FOLLOWER
I20260710 11:02:05.807387 18722 ts_tablet_manager.cc:1434] T 100abab5540446279ddc8bd73095a88a P f39deea060b04df0b1a49426f5fafb9d: Time spent starting tablet: real 0.018s	user 0.009s	sys 0.000s
I20260710 11:02:05.808822 18722 tablet_bootstrap.cc:492] T 20da887e6dfe496da651fcc6c63ae7f4 P f39deea060b04df0b1a49426f5fafb9d: Bootstrap starting.
I20260710 11:02:05.816380 18721 ts_tablet_manager.cc:1434] T 0e6adb2f678a410597287e90e4855d48 P c4ec6fcc25a941349f51e99a6646da70: Time spent starting tablet: real 0.066s	user 0.009s	sys 0.012s
I20260710 11:02:05.817361 18721 tablet_bootstrap.cc:492] T 100abab5540446279ddc8bd73095a88a P c4ec6fcc25a941349f51e99a6646da70: Bootstrap starting.
I20260710 11:02:05.806733 18726 raft_consensus.cc:3060] T 5518f395cf3643eb88d9301963fdf2c9 P c4ec6fcc25a941349f51e99a6646da70 [term 1 FOLLOWER]: Advancing to term 2
I20260710 11:02:05.825644 18720 consensus_queue.cc:260] T 80eb3789e1084da4a79a53f049b1e59e P 9fb705b5607742bba779f05b65bb9927 [NON_LEADER]: Queue going to NON_LEADER mode. State: All replicated index: 0, Majority replicated index: 0, Committed index: 0, Last appended: 0.0, Last appended by leader: 0, Current term: 0, Majority size: -1, State: 0, Mode: NON_LEADER, active raft config: opid_index: -1 OBSOLETE_local: false peers { permanent_uuid: "f39deea060b04df0b1a49426f5fafb9d" member_type: VOTER last_known_addr { host: "127.17.1.65" port: 45899 } } peers { permanent_uuid: "9fb705b5607742bba779f05b65bb9927" member_type: VOTER last_known_addr { host: "127.17.1.66" port: 34351 } } peers { permanent_uuid: "c4ec6fcc25a941349f51e99a6646da70" member_type: VOTER last_known_addr { host: "127.17.1.67" port: 42025 } }
W20260710 11:02:05.829849 18569 consensus_peers.cc:597] T 20da887e6dfe496da651fcc6c63ae7f4 P 9fb705b5607742bba779f05b65bb9927 -> Peer f39deea060b04df0b1a49426f5fafb9d (127.17.1.65:45899): Couldn't send request to peer f39deea060b04df0b1a49426f5fafb9d. Error code: TABLET_NOT_RUNNING (12). Status: Illegal state: Tablet not RUNNING: INITIALIZED. This is attempt 1: this message will repeat every 5th retry.
I20260710 11:02:05.831772 18720 ts_tablet_manager.cc:1434] T 80eb3789e1084da4a79a53f049b1e59e P 9fb705b5607742bba779f05b65bb9927: Time spent starting tablet: real 0.051s	user 0.007s	sys 0.002s
I20260710 11:02:05.832993 18720 tablet_bootstrap.cc:492] T dcb4dcc8b33b4c46a85bab5bc43f6b75 P 9fb705b5607742bba779f05b65bb9927: Bootstrap starting.
I20260710 11:02:05.824003 18754 raft_consensus.cc:493] T 100abab5540446279ddc8bd73095a88a P f39deea060b04df0b1a49426f5fafb9d [term 0 FOLLOWER]: Starting pre-election (no leader contacted us within the election timeout)
I20260710 11:02:05.836100 18754 raft_consensus.cc:515] T 100abab5540446279ddc8bd73095a88a P f39deea060b04df0b1a49426f5fafb9d [term 0 FOLLOWER]: Starting pre-election with config: opid_index: -1 OBSOLETE_local: false peers { permanent_uuid: "f39deea060b04df0b1a49426f5fafb9d" member_type: VOTER last_known_addr { host: "127.17.1.65" port: 45899 } } peers { permanent_uuid: "9fb705b5607742bba779f05b65bb9927" member_type: VOTER last_known_addr { host: "127.17.1.66" port: 34351 } } peers { permanent_uuid: "c4ec6fcc25a941349f51e99a6646da70" member_type: VOTER last_known_addr { host: "127.17.1.67" port: 42025 } }
I20260710 11:02:05.842619 18754 leader_election.cc:290] T 100abab5540446279ddc8bd73095a88a P f39deea060b04df0b1a49426f5fafb9d [CANDIDATE]: Term 1 pre-election: Requested pre-vote from peers 9fb705b5607742bba779f05b65bb9927 (127.17.1.66:34351), c4ec6fcc25a941349f51e99a6646da70 (127.17.1.67:42025)
I20260710 11:02:05.843211 18727 consensus_queue.cc:1048] T a076aa6ddb364309b1fd538f04ed6923 P c4ec6fcc25a941349f51e99a6646da70 [LEADER]: Connected to new peer: Peer: permanent_uuid: "f39deea060b04df0b1a49426f5fafb9d" member_type: VOTER last_known_addr { host: "127.17.1.65" port: 45899 }, Status: LMP_MISMATCH, Last received: 0.0, Next index: 1, Last known committed idx: 0, Time since last communication: 0.000s
I20260710 11:02:05.843796 18680 tablet_service.cc:1917] Received RequestConsensusVote() RPC: tablet_id: "100abab5540446279ddc8bd73095a88a" candidate_uuid: "f39deea060b04df0b1a49426f5fafb9d" candidate_term: 1 candidate_status { last_received { term: 0 index: 0 } } ignore_live_leader: false dest_uuid: "c4ec6fcc25a941349f51e99a6646da70" is_pre_election: true
I20260710 11:02:05.843758 18606 tablet_service.cc:1917] Received RequestConsensusVote() RPC: tablet_id: "100abab5540446279ddc8bd73095a88a" candidate_uuid: "f39deea060b04df0b1a49426f5fafb9d" candidate_term: 1 candidate_status { last_received { term: 0 index: 0 } } ignore_live_leader: false dest_uuid: "9fb705b5607742bba779f05b65bb9927" is_pre_election: true
I20260710 11:02:05.846800 18606 raft_consensus.cc:2468] T 100abab5540446279ddc8bd73095a88a P 9fb705b5607742bba779f05b65bb9927 [term 0 FOLLOWER]: Leader pre-election vote request: Granting yes vote for candidate f39deea060b04df0b1a49426f5fafb9d in term 0.
I20260710 11:02:05.852072 18497 leader_election.cc:304] T 100abab5540446279ddc8bd73095a88a P f39deea060b04df0b1a49426f5fafb9d [CANDIDATE]: Term 1 pre-election: Election decided. Result: candidate won. Election summary: received 2 responses out of 3 voters: 2 yes votes; 0 no votes. yes voters: 9fb705b5607742bba779f05b65bb9927, f39deea060b04df0b1a49426f5fafb9d; no voters: 
W20260710 11:02:05.853384 18494 leader_election.cc:343] T 100abab5540446279ddc8bd73095a88a P f39deea060b04df0b1a49426f5fafb9d [CANDIDATE]: Term 1 pre-election: Tablet error from VoteRequest() call to peer c4ec6fcc25a941349f51e99a6646da70 (127.17.1.67:42025): Illegal state: must be running to vote when last-logged opid is not known
I20260710 11:02:05.853010 18779 raft_consensus.cc:515] T bcec4a8c0a5047d79f53ead8694a2555 P f39deea060b04df0b1a49426f5fafb9d [term 1 FOLLOWER]: Starting leader election with config: opid_index: -1 OBSOLETE_local: false peers { permanent_uuid: "f39deea060b04df0b1a49426f5fafb9d" member_type: VOTER last_known_addr { host: "127.17.1.65" port: 45899 } } peers { permanent_uuid: "9fb705b5607742bba779f05b65bb9927" member_type: VOTER last_known_addr { host: "127.17.1.66" port: 34351 } } peers { permanent_uuid: "c4ec6fcc25a941349f51e99a6646da70" member_type: VOTER last_known_addr { host: "127.17.1.67" port: 42025 } }
I20260710 11:02:05.855607 18779 leader_election.cc:290] T bcec4a8c0a5047d79f53ead8694a2555 P f39deea060b04df0b1a49426f5fafb9d [CANDIDATE]: Term 1 election: Requested vote from peers 9fb705b5607742bba779f05b65bb9927 (127.17.1.66:34351), c4ec6fcc25a941349f51e99a6646da70 (127.17.1.67:42025)
I20260710 11:02:05.856976 18754 raft_consensus.cc:2804] T 100abab5540446279ddc8bd73095a88a P f39deea060b04df0b1a49426f5fafb9d [term 0 FOLLOWER]: Leader pre-election won for term 1
I20260710 11:02:05.857553 18754 raft_consensus.cc:493] T 100abab5540446279ddc8bd73095a88a P f39deea060b04df0b1a49426f5fafb9d [term 0 FOLLOWER]: Starting leader election (no leader contacted us within the election timeout)
I20260710 11:02:05.858726 18680 tablet_service.cc:1917] Received RequestConsensusVote() RPC: tablet_id: "bcec4a8c0a5047d79f53ead8694a2555" candidate_uuid: "f39deea060b04df0b1a49426f5fafb9d" candidate_term: 1 candidate_status { last_received { term: 0 index: 0 } } ignore_live_leader: false dest_uuid: "c4ec6fcc25a941349f51e99a6646da70"
I20260710 11:02:05.859484 18680 raft_consensus.cc:3060] T bcec4a8c0a5047d79f53ead8694a2555 P c4ec6fcc25a941349f51e99a6646da70 [term 0 FOLLOWER]: Advancing to term 1
I20260710 11:02:05.858021 18754 raft_consensus.cc:3060] T 100abab5540446279ddc8bd73095a88a P f39deea060b04df0b1a49426f5fafb9d [term 0 FOLLOWER]: Advancing to term 1
I20260710 11:02:05.877426 18721 tablet_bootstrap.cc:654] T 100abab5540446279ddc8bd73095a88a P c4ec6fcc25a941349f51e99a6646da70: Neither blocks nor log segments found. Creating new log.
I20260710 11:02:05.880998 18725 raft_consensus.cc:493] T 80eb3789e1084da4a79a53f049b1e59e P 9fb705b5607742bba779f05b65bb9927 [term 0 FOLLOWER]: Starting pre-election (no leader contacted us within the election timeout)
I20260710 11:02:05.881832 18725 raft_consensus.cc:515] T 80eb3789e1084da4a79a53f049b1e59e P 9fb705b5607742bba779f05b65bb9927 [term 0 FOLLOWER]: Starting pre-election with config: opid_index: -1 OBSOLETE_local: false peers { permanent_uuid: "f39deea060b04df0b1a49426f5fafb9d" member_type: VOTER last_known_addr { host: "127.17.1.65" port: 45899 } } peers { permanent_uuid: "9fb705b5607742bba779f05b65bb9927" member_type: VOTER last_known_addr { host: "127.17.1.66" port: 34351 } } peers { permanent_uuid: "c4ec6fcc25a941349f51e99a6646da70" member_type: VOTER last_known_addr { host: "127.17.1.67" port: 42025 } }
I20260710 11:02:05.884039 18680 raft_consensus.cc:2468] T bcec4a8c0a5047d79f53ead8694a2555 P c4ec6fcc25a941349f51e99a6646da70 [term 1 FOLLOWER]: Leader election vote request: Granting yes vote for candidate f39deea060b04df0b1a49426f5fafb9d in term 1.
I20260710 11:02:05.886741 18494 leader_election.cc:304] T bcec4a8c0a5047d79f53ead8694a2555 P f39deea060b04df0b1a49426f5fafb9d [CANDIDATE]: Term 1 election: Election decided. Result: candidate won. Election summary: received 2 responses out of 3 voters: 2 yes votes; 0 no votes. yes voters: c4ec6fcc25a941349f51e99a6646da70, f39deea060b04df0b1a49426f5fafb9d; no voters: 
I20260710 11:02:05.887252 18605 tablet_service.cc:1917] Received RequestConsensusVote() RPC: tablet_id: "bcec4a8c0a5047d79f53ead8694a2555" candidate_uuid: "f39deea060b04df0b1a49426f5fafb9d" candidate_term: 1 candidate_status { last_received { term: 0 index: 0 } } ignore_live_leader: false dest_uuid: "9fb705b5607742bba779f05b65bb9927"
I20260710 11:02:05.877426 18720 tablet_bootstrap.cc:654] T dcb4dcc8b33b4c46a85bab5bc43f6b75 P 9fb705b5607742bba779f05b65bb9927: Neither blocks nor log segments found. Creating new log.
I20260710 11:02:05.888132 18605 raft_consensus.cc:3060] T bcec4a8c0a5047d79f53ead8694a2555 P 9fb705b5607742bba779f05b65bb9927 [term 0 FOLLOWER]: Advancing to term 1
I20260710 11:02:05.892975 18779 raft_consensus.cc:2804] T bcec4a8c0a5047d79f53ead8694a2555 P f39deea060b04df0b1a49426f5fafb9d [term 1 FOLLOWER]: Leader election won for term 1
I20260710 11:02:05.902814 18725 leader_election.cc:290] T 80eb3789e1084da4a79a53f049b1e59e P 9fb705b5607742bba779f05b65bb9927 [CANDIDATE]: Term 1 pre-election: Requested pre-vote from peers f39deea060b04df0b1a49426f5fafb9d (127.17.1.65:45899), c4ec6fcc25a941349f51e99a6646da70 (127.17.1.67:42025)
I20260710 11:02:05.911551 18531 tablet_service.cc:1917] Received RequestConsensusVote() RPC: tablet_id: "80eb3789e1084da4a79a53f049b1e59e" candidate_uuid: "9fb705b5607742bba779f05b65bb9927" candidate_term: 1 candidate_status { last_received { term: 0 index: 0 } } ignore_live_leader: false dest_uuid: "f39deea060b04df0b1a49426f5fafb9d" is_pre_election: true
I20260710 11:02:05.915319 18679 tablet_service.cc:1917] Received RequestConsensusVote() RPC: tablet_id: "80eb3789e1084da4a79a53f049b1e59e" candidate_uuid: "9fb705b5607742bba779f05b65bb9927" candidate_term: 1 candidate_status { last_received { term: 0 index: 0 } } ignore_live_leader: false dest_uuid: "c4ec6fcc25a941349f51e99a6646da70" is_pre_election: true
W20260710 11:02:05.913837 18569 leader_election.cc:343] T 80eb3789e1084da4a79a53f049b1e59e P 9fb705b5607742bba779f05b65bb9927 [CANDIDATE]: Term 1 pre-election: Tablet error from VoteRequest() call to peer f39deea060b04df0b1a49426f5fafb9d (127.17.1.65:45899): Illegal state: must be running to vote when last-logged opid is not known
I20260710 11:02:05.907533 18779 raft_consensus.cc:697] T bcec4a8c0a5047d79f53ead8694a2555 P f39deea060b04df0b1a49426f5fafb9d [term 1 LEADER]: Becoming Leader. State: Replica: f39deea060b04df0b1a49426f5fafb9d, State: Running, Role: LEADER
W20260710 11:02:05.918332 18569 leader_election.cc:343] T 80eb3789e1084da4a79a53f049b1e59e P 9fb705b5607742bba779f05b65bb9927 [CANDIDATE]: Term 1 pre-election: Tablet error from VoteRequest() call to peer c4ec6fcc25a941349f51e99a6646da70 (127.17.1.67:42025): Illegal state: must be running to vote when last-logged opid is not known
I20260710 11:02:05.918264 18799 consensus_queue.cc:1048] T 20da887e6dfe496da651fcc6c63ae7f4 P 9fb705b5607742bba779f05b65bb9927 [LEADER]: Connected to new peer: Peer: permanent_uuid: "c4ec6fcc25a941349f51e99a6646da70" member_type: VOTER last_known_addr { host: "127.17.1.67" port: 42025 }, Status: LMP_MISMATCH, Last received: 0.0, Next index: 1, Last known committed idx: 0, Time since last communication: 0.001s
I20260710 11:02:05.912626 18426 catalog_manager.cc:5697] T 56baac09443a4e32960d723adb758d9f P 9fb705b5607742bba779f05b65bb9927 reported cstate change: term changed from 0 to 1, leader changed from <none> to 9fb705b5607742bba779f05b65bb9927 (127.17.1.66). New cstate: current_term: 1 leader_uuid: "9fb705b5607742bba779f05b65bb9927" committed_config { opid_index: -1 OBSOLETE_local: false peers { permanent_uuid: "c4ec6fcc25a941349f51e99a6646da70" member_type: VOTER last_known_addr { host: "127.17.1.67" port: 42025 } health_report { overall_health: UNKNOWN } } peers { permanent_uuid: "9fb705b5607742bba779f05b65bb9927" member_type: VOTER last_known_addr { host: "127.17.1.66" port: 34351 } health_report { overall_health: HEALTHY } } peers { permanent_uuid: "f39deea060b04df0b1a49426f5fafb9d" member_type: VOTER last_known_addr { host: "127.17.1.65" port: 45899 } health_report { overall_health: UNKNOWN } } }
I20260710 11:02:05.921101 18569 leader_election.cc:304] T 80eb3789e1084da4a79a53f049b1e59e P 9fb705b5607742bba779f05b65bb9927 [CANDIDATE]: Term 1 pre-election: Election decided. Result: candidate lost. Election summary: received 3 responses out of 3 voters: 1 yes votes; 2 no votes. yes voters: 9fb705b5607742bba779f05b65bb9927; no voters: c4ec6fcc25a941349f51e99a6646da70, f39deea060b04df0b1a49426f5fafb9d
I20260710 11:02:05.923112 18753 raft_consensus.cc:2749] T 80eb3789e1084da4a79a53f049b1e59e P 9fb705b5607742bba779f05b65bb9927 [term 0 FOLLOWER]: Leader pre-election lost for term 1. Reason: could not achieve majority
I20260710 11:02:05.926909 18722 tablet_bootstrap.cc:654] T 20da887e6dfe496da651fcc6c63ae7f4 P f39deea060b04df0b1a49426f5fafb9d: Neither blocks nor log segments found. Creating new log.
I20260710 11:02:05.932483 18779 consensus_queue.cc:237] T bcec4a8c0a5047d79f53ead8694a2555 P f39deea060b04df0b1a49426f5fafb9d [LEADER]: Queue going to LEADER mode. State: All replicated index: 0, Majority replicated index: 0, Committed index: 0, Last appended: 0.0, Last appended by leader: 0, Current term: 1, Majority size: 2, State: 0, Mode: LEADER, active raft config: opid_index: -1 OBSOLETE_local: false peers { permanent_uuid: "f39deea060b04df0b1a49426f5fafb9d" member_type: VOTER last_known_addr { host: "127.17.1.65" port: 45899 } } peers { permanent_uuid: "9fb705b5607742bba779f05b65bb9927" member_type: VOTER last_known_addr { host: "127.17.1.66" port: 34351 } } peers { permanent_uuid: "c4ec6fcc25a941349f51e99a6646da70" member_type: VOTER last_known_addr { host: "127.17.1.67" port: 42025 } }
I20260710 11:02:05.939726 18720 tablet_bootstrap.cc:492] T dcb4dcc8b33b4c46a85bab5bc43f6b75 P 9fb705b5607742bba779f05b65bb9927: No bootstrap required, opened a new log
I20260710 11:02:05.940258 18720 ts_tablet_manager.cc:1403] T dcb4dcc8b33b4c46a85bab5bc43f6b75 P 9fb705b5607742bba779f05b65bb9927: Time spent bootstrapping tablet: real 0.108s	user 0.015s	sys 0.012s
I20260710 11:02:05.944818 18753 consensus_queue.cc:1048] T 89060f5290994b4f93c10db225c0af9a P 9fb705b5607742bba779f05b65bb9927 [LEADER]: Connected to new peer: Peer: permanent_uuid: "f39deea060b04df0b1a49426f5fafb9d" member_type: VOTER last_known_addr { host: "127.17.1.65" port: 45899 }, Status: LMP_MISMATCH, Last received: 0.0, Next index: 1, Last known committed idx: 0, Time since last communication: 0.001s
I20260710 11:02:05.948277 18720 raft_consensus.cc:359] T dcb4dcc8b33b4c46a85bab5bc43f6b75 P 9fb705b5607742bba779f05b65bb9927 [term 0 FOLLOWER]: Replica starting. Triggering 0 pending ops. Active config: opid_index: -1 OBSOLETE_local: false peers { permanent_uuid: "f39deea060b04df0b1a49426f5fafb9d" member_type: VOTER last_known_addr { host: "127.17.1.65" port: 45899 } } peers { permanent_uuid: "9fb705b5607742bba779f05b65bb9927" member_type: VOTER last_known_addr { host: "127.17.1.66" port: 34351 } } peers { permanent_uuid: "c4ec6fcc25a941349f51e99a6646da70" member_type: VOTER last_known_addr { host: "127.17.1.67" port: 42025 } }
I20260710 11:02:05.949256 18720 raft_consensus.cc:385] T dcb4dcc8b33b4c46a85bab5bc43f6b75 P 9fb705b5607742bba779f05b65bb9927 [term 0 FOLLOWER]: Consensus starting up: Expiring failure detector timer to make a prompt election more likely
I20260710 11:02:05.949612 18720 raft_consensus.cc:740] T dcb4dcc8b33b4c46a85bab5bc43f6b75 P 9fb705b5607742bba779f05b65bb9927 [term 0 FOLLOWER]: Becoming Follower/Learner. State: Replica: 9fb705b5607742bba779f05b65bb9927, State: Initialized, Role: FOLLOWER
I20260710 11:02:05.950244 18605 raft_consensus.cc:2468] T bcec4a8c0a5047d79f53ead8694a2555 P 9fb705b5607742bba779f05b65bb9927 [term 1 FOLLOWER]: Leader election vote request: Granting yes vote for candidate f39deea060b04df0b1a49426f5fafb9d in term 1.
I20260710 11:02:05.950541 18720 consensus_queue.cc:260] T dcb4dcc8b33b4c46a85bab5bc43f6b75 P 9fb705b5607742bba779f05b65bb9927 [NON_LEADER]: Queue going to NON_LEADER mode. State: All replicated index: 0, Majority replicated index: 0, Committed index: 0, Last appended: 0.0, Last appended by leader: 0, Current term: 0, Majority size: -1, State: 0, Mode: NON_LEADER, active raft config: opid_index: -1 OBSOLETE_local: false peers { permanent_uuid: "f39deea060b04df0b1a49426f5fafb9d" member_type: VOTER last_known_addr { host: "127.17.1.65" port: 45899 } } peers { permanent_uuid: "9fb705b5607742bba779f05b65bb9927" member_type: VOTER last_known_addr { host: "127.17.1.66" port: 34351 } } peers { permanent_uuid: "c4ec6fcc25a941349f51e99a6646da70" member_type: VOTER last_known_addr { host: "127.17.1.67" port: 42025 } }
I20260710 11:02:05.952873 18720 ts_tablet_manager.cc:1434] T dcb4dcc8b33b4c46a85bab5bc43f6b75 P 9fb705b5607742bba779f05b65bb9927: Time spent starting tablet: real 0.012s	user 0.006s	sys 0.001s
I20260710 11:02:05.953890 18721 tablet_bootstrap.cc:492] T 100abab5540446279ddc8bd73095a88a P c4ec6fcc25a941349f51e99a6646da70: No bootstrap required, opened a new log
I20260710 11:02:05.954429 18721 ts_tablet_manager.cc:1403] T 100abab5540446279ddc8bd73095a88a P c4ec6fcc25a941349f51e99a6646da70: Time spent bootstrapping tablet: real 0.137s	user 0.012s	sys 0.012s
I20260710 11:02:05.957528 18721 raft_consensus.cc:359] T 100abab5540446279ddc8bd73095a88a P c4ec6fcc25a941349f51e99a6646da70 [term 0 FOLLOWER]: Replica starting. Triggering 0 pending ops. Active config: opid_index: -1 OBSOLETE_local: false peers { permanent_uuid: "f39deea060b04df0b1a49426f5fafb9d" member_type: VOTER last_known_addr { host: "127.17.1.65" port: 45899 } } peers { permanent_uuid: "9fb705b5607742bba779f05b65bb9927" member_type: VOTER last_known_addr { host: "127.17.1.66" port: 34351 } } peers { permanent_uuid: "c4ec6fcc25a941349f51e99a6646da70" member_type: VOTER last_known_addr { host: "127.17.1.67" port: 42025 } }
I20260710 11:02:05.958315 18721 raft_consensus.cc:385] T 100abab5540446279ddc8bd73095a88a P c4ec6fcc25a941349f51e99a6646da70 [term 0 FOLLOWER]: Consensus starting up: Expiring failure detector timer to make a prompt election more likely
I20260710 11:02:05.958648 18721 raft_consensus.cc:740] T 100abab5540446279ddc8bd73095a88a P c4ec6fcc25a941349f51e99a6646da70 [term 0 FOLLOWER]: Becoming Follower/Learner. State: Replica: c4ec6fcc25a941349f51e99a6646da70, State: Initialized, Role: FOLLOWER
I20260710 11:02:05.959389 18721 consensus_queue.cc:260] T 100abab5540446279ddc8bd73095a88a P c4ec6fcc25a941349f51e99a6646da70 [NON_LEADER]: Queue going to NON_LEADER mode. State: All replicated index: 0, Majority replicated index: 0, Committed index: 0, Last appended: 0.0, Last appended by leader: 0, Current term: 0, Majority size: -1, State: 0, Mode: NON_LEADER, active raft config: opid_index: -1 OBSOLETE_local: false peers { permanent_uuid: "f39deea060b04df0b1a49426f5fafb9d" member_type: VOTER last_known_addr { host: "127.17.1.65" port: 45899 } } peers { permanent_uuid: "9fb705b5607742bba779f05b65bb9927" member_type: VOTER last_known_addr { host: "127.17.1.66" port: 34351 } } peers { permanent_uuid: "c4ec6fcc25a941349f51e99a6646da70" member_type: VOTER last_known_addr { host: "127.17.1.67" port: 42025 } }
I20260710 11:02:05.961602 18721 ts_tablet_manager.cc:1434] T 100abab5540446279ddc8bd73095a88a P c4ec6fcc25a941349f51e99a6646da70: Time spent starting tablet: real 0.007s	user 0.003s	sys 0.003s
I20260710 11:02:05.962610 18721 tablet_bootstrap.cc:492] T ec5771a9894e4100a6e3d66967390d4f P c4ec6fcc25a941349f51e99a6646da70: Bootstrap starting.
I20260710 11:02:05.948850 18754 raft_consensus.cc:515] T 100abab5540446279ddc8bd73095a88a P f39deea060b04df0b1a49426f5fafb9d [term 1 FOLLOWER]: Starting leader election with config: opid_index: -1 OBSOLETE_local: false peers { permanent_uuid: "f39deea060b04df0b1a49426f5fafb9d" member_type: VOTER last_known_addr { host: "127.17.1.65" port: 45899 } } peers { permanent_uuid: "9fb705b5607742bba779f05b65bb9927" member_type: VOTER last_known_addr { host: "127.17.1.66" port: 34351 } } peers { permanent_uuid: "c4ec6fcc25a941349f51e99a6646da70" member_type: VOTER last_known_addr { host: "127.17.1.67" port: 42025 } }
I20260710 11:02:05.964900 18754 leader_election.cc:290] T 100abab5540446279ddc8bd73095a88a P f39deea060b04df0b1a49426f5fafb9d [CANDIDATE]: Term 1 election: Requested vote from peers 9fb705b5607742bba779f05b65bb9927 (127.17.1.66:34351), c4ec6fcc25a941349f51e99a6646da70 (127.17.1.67:42025)
I20260710 11:02:05.971182 18679 tablet_service.cc:1917] Received RequestConsensusVote() RPC: tablet_id: "100abab5540446279ddc8bd73095a88a" candidate_uuid: "f39deea060b04df0b1a49426f5fafb9d" candidate_term: 1 candidate_status { last_received { term: 0 index: 0 } } ignore_live_leader: false dest_uuid: "c4ec6fcc25a941349f51e99a6646da70"
I20260710 11:02:05.971886 18721 tablet_bootstrap.cc:654] T ec5771a9894e4100a6e3d66967390d4f P c4ec6fcc25a941349f51e99a6646da70: Neither blocks nor log segments found. Creating new log.
I20260710 11:02:05.953889 18720 tablet_bootstrap.cc:492] T 212018a17e9b47458bc4f8625fdea203 P 9fb705b5607742bba779f05b65bb9927: Bootstrap starting.
I20260710 11:02:05.971933 18679 raft_consensus.cc:3060] T 100abab5540446279ddc8bd73095a88a P c4ec6fcc25a941349f51e99a6646da70 [term 0 FOLLOWER]: Advancing to term 1
I20260710 11:02:05.979240 18799 consensus_queue.cc:1048] T 89060f5290994b4f93c10db225c0af9a P 9fb705b5607742bba779f05b65bb9927 [LEADER]: Connected to new peer: Peer: permanent_uuid: "c4ec6fcc25a941349f51e99a6646da70" member_type: VOTER last_known_addr { host: "127.17.1.67" port: 42025 }, Status: LMP_MISMATCH, Last received: 0.0, Next index: 1, Last known committed idx: 0, Time since last communication: 0.001s
I20260710 11:02:05.979933 18779 consensus_queue.cc:1048] T 3865f63a17aa4174bba9a8b0c5dfba95 P f39deea060b04df0b1a49426f5fafb9d [LEADER]: Connected to new peer: Peer: permanent_uuid: "9fb705b5607742bba779f05b65bb9927" member_type: VOTER last_known_addr { host: "127.17.1.66" port: 34351 }, Status: LMP_MISMATCH, Last received: 0.0, Next index: 1, Last known committed idx: 0, Time since last communication: 0.000s
I20260710 11:02:05.987460 18720 tablet_bootstrap.cc:654] T 212018a17e9b47458bc4f8625fdea203 P 9fb705b5607742bba779f05b65bb9927: Neither blocks nor log segments found. Creating new log.
I20260710 11:02:05.991540 18679 raft_consensus.cc:2468] T 100abab5540446279ddc8bd73095a88a P c4ec6fcc25a941349f51e99a6646da70 [term 1 FOLLOWER]: Leader election vote request: Granting yes vote for candidate f39deea060b04df0b1a49426f5fafb9d in term 1.
I20260710 11:02:05.982026 18605 tablet_service.cc:1917] Received RequestConsensusVote() RPC: tablet_id: "100abab5540446279ddc8bd73095a88a" candidate_uuid: "f39deea060b04df0b1a49426f5fafb9d" candidate_term: 1 candidate_status { last_received { term: 0 index: 0 } } ignore_live_leader: false dest_uuid: "9fb705b5607742bba779f05b65bb9927"
I20260710 11:02:05.992957 18494 leader_election.cc:304] T 100abab5540446279ddc8bd73095a88a P f39deea060b04df0b1a49426f5fafb9d [CANDIDATE]: Term 1 election: Election decided. Result: candidate won. Election summary: received 2 responses out of 3 voters: 2 yes votes; 0 no votes. yes voters: c4ec6fcc25a941349f51e99a6646da70, f39deea060b04df0b1a49426f5fafb9d; no voters: 
I20260710 11:02:05.994792 18605 raft_consensus.cc:3060] T 100abab5540446279ddc8bd73095a88a P 9fb705b5607742bba779f05b65bb9927 [term 0 FOLLOWER]: Advancing to term 1
I20260710 11:02:05.993494 18722 tablet_bootstrap.cc:492] T 20da887e6dfe496da651fcc6c63ae7f4 P f39deea060b04df0b1a49426f5fafb9d: No bootstrap required, opened a new log
I20260710 11:02:05.992779 18427 catalog_manager.cc:5697] T bcec4a8c0a5047d79f53ead8694a2555 P f39deea060b04df0b1a49426f5fafb9d reported cstate change: term changed from 0 to 1, leader changed from <none> to f39deea060b04df0b1a49426f5fafb9d (127.17.1.65). New cstate: current_term: 1 leader_uuid: "f39deea060b04df0b1a49426f5fafb9d" committed_config { opid_index: -1 OBSOLETE_local: false peers { permanent_uuid: "f39deea060b04df0b1a49426f5fafb9d" member_type: VOTER last_known_addr { host: "127.17.1.65" port: 45899 } health_report { overall_health: HEALTHY } } peers { permanent_uuid: "9fb705b5607742bba779f05b65bb9927" member_type: VOTER last_known_addr { host: "127.17.1.66" port: 34351 } health_report { overall_health: UNKNOWN } } peers { permanent_uuid: "c4ec6fcc25a941349f51e99a6646da70" member_type: VOTER last_known_addr { host: "127.17.1.67" port: 42025 } health_report { overall_health: UNKNOWN } } }
I20260710 11:02:05.998055 18779 raft_consensus.cc:2804] T 100abab5540446279ddc8bd73095a88a P f39deea060b04df0b1a49426f5fafb9d [term 1 FOLLOWER]: Leader election won for term 1
I20260710 11:02:05.997363 18722 ts_tablet_manager.cc:1403] T 20da887e6dfe496da651fcc6c63ae7f4 P f39deea060b04df0b1a49426f5fafb9d: Time spent bootstrapping tablet: real 0.189s	user 0.013s	sys 0.008s
I20260710 11:02:06.003121 18779 raft_consensus.cc:697] T 100abab5540446279ddc8bd73095a88a P f39deea060b04df0b1a49426f5fafb9d [term 1 LEADER]: Becoming Leader. State: Replica: f39deea060b04df0b1a49426f5fafb9d, State: Running, Role: LEADER
I20260710 11:02:06.004390 18779 consensus_queue.cc:237] T 100abab5540446279ddc8bd73095a88a P f39deea060b04df0b1a49426f5fafb9d [LEADER]: Queue going to LEADER mode. State: All replicated index: 0, Majority replicated index: 0, Committed index: 0, Last appended: 0.0, Last appended by leader: 0, Current term: 1, Majority size: 2, State: 0, Mode: LEADER, active raft config: opid_index: -1 OBSOLETE_local: false peers { permanent_uuid: "f39deea060b04df0b1a49426f5fafb9d" member_type: VOTER last_known_addr { host: "127.17.1.65" port: 45899 } } peers { permanent_uuid: "9fb705b5607742bba779f05b65bb9927" member_type: VOTER last_known_addr { host: "127.17.1.66" port: 34351 } } peers { permanent_uuid: "c4ec6fcc25a941349f51e99a6646da70" member_type: VOTER last_known_addr { host: "127.17.1.67" port: 42025 } }
I20260710 11:02:06.008771 18427 catalog_manager.cc:5697] T 6b8a7287f4ad488c82701086f89cbeb6 P f39deea060b04df0b1a49426f5fafb9d reported cstate change: term changed from 0 to 1, leader changed from <none> to f39deea060b04df0b1a49426f5fafb9d (127.17.1.65). New cstate: current_term: 1 leader_uuid: "f39deea060b04df0b1a49426f5fafb9d" committed_config { opid_index: -1 OBSOLETE_local: false peers { permanent_uuid: "f39deea060b04df0b1a49426f5fafb9d" member_type: VOTER last_known_addr { host: "127.17.1.65" port: 45899 } health_report { overall_health: HEALTHY } } peers { permanent_uuid: "9fb705b5607742bba779f05b65bb9927" member_type: VOTER last_known_addr { host: "127.17.1.66" port: 34351 } health_report { overall_health: UNKNOWN } } peers { permanent_uuid: "c4ec6fcc25a941349f51e99a6646da70" member_type: VOTER last_known_addr { host: "127.17.1.67" port: 42025 } health_report { overall_health: UNKNOWN } } }
I20260710 11:02:06.012864 18730 consensus_queue.cc:1048] T 3865f63a17aa4174bba9a8b0c5dfba95 P f39deea060b04df0b1a49426f5fafb9d [LEADER]: Connected to new peer: Peer: permanent_uuid: "c4ec6fcc25a941349f51e99a6646da70" member_type: VOTER last_known_addr { host: "127.17.1.67" port: 42025 }, Status: LMP_MISMATCH, Last received: 0.0, Next index: 1, Last known committed idx: 0, Time since last communication: 0.001s
I20260710 11:02:06.002604 18722 raft_consensus.cc:359] T 20da887e6dfe496da651fcc6c63ae7f4 P f39deea060b04df0b1a49426f5fafb9d [term 0 FOLLOWER]: Replica starting. Triggering 0 pending ops. Active config: opid_index: -1 OBSOLETE_local: false peers { permanent_uuid: "f39deea060b04df0b1a49426f5fafb9d" member_type: VOTER last_known_addr { host: "127.17.1.65" port: 45899 } } peers { permanent_uuid: "9fb705b5607742bba779f05b65bb9927" member_type: VOTER last_known_addr { host: "127.17.1.66" port: 34351 } } peers { permanent_uuid: "c4ec6fcc25a941349f51e99a6646da70" member_type: VOTER last_known_addr { host: "127.17.1.67" port: 42025 } }
I20260710 11:02:06.016654 18722 raft_consensus.cc:385] T 20da887e6dfe496da651fcc6c63ae7f4 P f39deea060b04df0b1a49426f5fafb9d [term 0 FOLLOWER]: Consensus starting up: Expiring failure detector timer to make a prompt election more likely
I20260710 11:02:06.017117 18722 raft_consensus.cc:740] T 20da887e6dfe496da651fcc6c63ae7f4 P f39deea060b04df0b1a49426f5fafb9d [term 0 FOLLOWER]: Becoming Follower/Learner. State: Replica: f39deea060b04df0b1a49426f5fafb9d, State: Initialized, Role: FOLLOWER
I20260710 11:02:06.019027 18722 consensus_queue.cc:260] T 20da887e6dfe496da651fcc6c63ae7f4 P f39deea060b04df0b1a49426f5fafb9d [NON_LEADER]: Queue going to NON_LEADER mode. State: All replicated index: 0, Majority replicated index: 0, Committed index: 0, Last appended: 0.0, Last appended by leader: 0, Current term: 0, Majority size: -1, State: 0, Mode: NON_LEADER, active raft config: opid_index: -1 OBSOLETE_local: false peers { permanent_uuid: "f39deea060b04df0b1a49426f5fafb9d" member_type: VOTER last_known_addr { host: "127.17.1.65" port: 45899 } } peers { permanent_uuid: "9fb705b5607742bba779f05b65bb9927" member_type: VOTER last_known_addr { host: "127.17.1.66" port: 34351 } } peers { permanent_uuid: "c4ec6fcc25a941349f51e99a6646da70" member_type: VOTER last_known_addr { host: "127.17.1.67" port: 42025 } }
I20260710 11:02:06.016455 18427 catalog_manager.cc:5697] T 5518f395cf3643eb88d9301963fdf2c9 P f39deea060b04df0b1a49426f5fafb9d reported cstate change: term changed from 1 to 2, leader changed from c4ec6fcc25a941349f51e99a6646da70 (127.17.1.67) to f39deea060b04df0b1a49426f5fafb9d (127.17.1.65). New cstate: current_term: 2 leader_uuid: "f39deea060b04df0b1a49426f5fafb9d" committed_config { opid_index: -1 OBSOLETE_local: false peers { permanent_uuid: "f39deea060b04df0b1a49426f5fafb9d" member_type: VOTER last_known_addr { host: "127.17.1.65" port: 45899 } health_report { overall_health: HEALTHY } } peers { permanent_uuid: "9fb705b5607742bba779f05b65bb9927" member_type: VOTER last_known_addr { host: "127.17.1.66" port: 34351 } health_report { overall_health: UNKNOWN } } peers { permanent_uuid: "c4ec6fcc25a941349f51e99a6646da70" member_type: VOTER last_known_addr { host: "127.17.1.67" port: 42025 } health_report { overall_health: UNKNOWN } } }
I20260710 11:02:06.027525 18722 ts_tablet_manager.cc:1434] T 20da887e6dfe496da651fcc6c63ae7f4 P f39deea060b04df0b1a49426f5fafb9d: Time spent starting tablet: real 0.028s	user 0.008s	sys 0.000s
I20260710 11:02:06.028577 18722 tablet_bootstrap.cc:492] T dcb4dcc8b33b4c46a85bab5bc43f6b75 P f39deea060b04df0b1a49426f5fafb9d: Bootstrap starting.
I20260710 11:02:06.029116 18605 raft_consensus.cc:2468] T 100abab5540446279ddc8bd73095a88a P 9fb705b5607742bba779f05b65bb9927 [term 1 FOLLOWER]: Leader election vote request: Granting yes vote for candidate f39deea060b04df0b1a49426f5fafb9d in term 1.
I20260710 11:02:06.058990 18730 consensus_queue.cc:1048] T 6b8a7287f4ad488c82701086f89cbeb6 P f39deea060b04df0b1a49426f5fafb9d [LEADER]: Connected to new peer: Peer: permanent_uuid: "9fb705b5607742bba779f05b65bb9927" member_type: VOTER last_known_addr { host: "127.17.1.66" port: 34351 }, Status: LMP_MISMATCH, Last received: 0.0, Next index: 1, Last known committed idx: 0, Time since last communication: 0.001s
I20260710 11:02:06.070086 18720 tablet_bootstrap.cc:492] T 212018a17e9b47458bc4f8625fdea203 P 9fb705b5607742bba779f05b65bb9927: No bootstrap required, opened a new log
I20260710 11:02:06.070336 18721 tablet_bootstrap.cc:492] T ec5771a9894e4100a6e3d66967390d4f P c4ec6fcc25a941349f51e99a6646da70: No bootstrap required, opened a new log
I20260710 11:02:06.075572 18720 ts_tablet_manager.cc:1403] T 212018a17e9b47458bc4f8625fdea203 P 9fb705b5607742bba779f05b65bb9927: Time spent bootstrapping tablet: real 0.122s	user 0.019s	sys 0.031s
I20260710 11:02:06.075465 18730 consensus_queue.cc:1048] T 6b8a7287f4ad488c82701086f89cbeb6 P f39deea060b04df0b1a49426f5fafb9d [LEADER]: Connected to new peer: Peer: permanent_uuid: "c4ec6fcc25a941349f51e99a6646da70" member_type: VOTER last_known_addr { host: "127.17.1.67" port: 42025 }, Status: LMP_MISMATCH, Last received: 0.0, Next index: 1, Last known committed idx: 0, Time since last communication: 0.001s
I20260710 11:02:06.074150 18722 tablet_bootstrap.cc:654] T dcb4dcc8b33b4c46a85bab5bc43f6b75 P f39deea060b04df0b1a49426f5fafb9d: Neither blocks nor log segments found. Creating new log.
I20260710 11:02:06.075742 18721 ts_tablet_manager.cc:1403] T ec5771a9894e4100a6e3d66967390d4f P c4ec6fcc25a941349f51e99a6646da70: Time spent bootstrapping tablet: real 0.113s	user 0.028s	sys 0.020s
I20260710 11:02:06.078857 18720 raft_consensus.cc:359] T 212018a17e9b47458bc4f8625fdea203 P 9fb705b5607742bba779f05b65bb9927 [term 0 FOLLOWER]: Replica starting. Triggering 0 pending ops. Active config: opid_index: -1 OBSOLETE_local: false peers { permanent_uuid: "f39deea060b04df0b1a49426f5fafb9d" member_type: VOTER last_known_addr { host: "127.17.1.65" port: 45899 } } peers { permanent_uuid: "9fb705b5607742bba779f05b65bb9927" member_type: VOTER last_known_addr { host: "127.17.1.66" port: 34351 } } peers { permanent_uuid: "c4ec6fcc25a941349f51e99a6646da70" member_type: VOTER last_known_addr { host: "127.17.1.67" port: 42025 } }
I20260710 11:02:06.079130 18721 raft_consensus.cc:359] T ec5771a9894e4100a6e3d66967390d4f P c4ec6fcc25a941349f51e99a6646da70 [term 0 FOLLOWER]: Replica starting. Triggering 0 pending ops. Active config: opid_index: -1 OBSOLETE_local: false peers { permanent_uuid: "f39deea060b04df0b1a49426f5fafb9d" member_type: VOTER last_known_addr { host: "127.17.1.65" port: 45899 } } peers { permanent_uuid: "9fb705b5607742bba779f05b65bb9927" member_type: VOTER last_known_addr { host: "127.17.1.66" port: 34351 } } peers { permanent_uuid: "c4ec6fcc25a941349f51e99a6646da70" member_type: VOTER last_known_addr { host: "127.17.1.67" port: 42025 } }
I20260710 11:02:06.073911 18426 catalog_manager.cc:5697] T 100abab5540446279ddc8bd73095a88a P f39deea060b04df0b1a49426f5fafb9d reported cstate change: term changed from 0 to 1, leader changed from <none> to f39deea060b04df0b1a49426f5fafb9d (127.17.1.65). New cstate: current_term: 1 leader_uuid: "f39deea060b04df0b1a49426f5fafb9d" committed_config { opid_index: -1 OBSOLETE_local: false peers { permanent_uuid: "f39deea060b04df0b1a49426f5fafb9d" member_type: VOTER last_known_addr { host: "127.17.1.65" port: 45899 } health_report { overall_health: HEALTHY } } peers { permanent_uuid: "9fb705b5607742bba779f05b65bb9927" member_type: VOTER last_known_addr { host: "127.17.1.66" port: 34351 } health_report { overall_health: UNKNOWN } } peers { permanent_uuid: "c4ec6fcc25a941349f51e99a6646da70" member_type: VOTER last_known_addr { host: "127.17.1.67" port: 42025 } health_report { overall_health: UNKNOWN } } }
I20260710 11:02:06.079798 18721 raft_consensus.cc:385] T ec5771a9894e4100a6e3d66967390d4f P c4ec6fcc25a941349f51e99a6646da70 [term 0 FOLLOWER]: Consensus starting up: Expiring failure detector timer to make a prompt election more likely
I20260710 11:02:06.080107 18721 raft_consensus.cc:740] T ec5771a9894e4100a6e3d66967390d4f P c4ec6fcc25a941349f51e99a6646da70 [term 0 FOLLOWER]: Becoming Follower/Learner. State: Replica: c4ec6fcc25a941349f51e99a6646da70, State: Initialized, Role: FOLLOWER
I20260710 11:02:06.080806 18721 consensus_queue.cc:260] T ec5771a9894e4100a6e3d66967390d4f P c4ec6fcc25a941349f51e99a6646da70 [NON_LEADER]: Queue going to NON_LEADER mode. State: All replicated index: 0, Majority replicated index: 0, Committed index: 0, Last appended: 0.0, Last appended by leader: 0, Current term: 0, Majority size: -1, State: 0, Mode: NON_LEADER, active raft config: opid_index: -1 OBSOLETE_local: false peers { permanent_uuid: "f39deea060b04df0b1a49426f5fafb9d" member_type: VOTER last_known_addr { host: "127.17.1.65" port: 45899 } } peers { permanent_uuid: "9fb705b5607742bba779f05b65bb9927" member_type: VOTER last_known_addr { host: "127.17.1.66" port: 34351 } } peers { permanent_uuid: "c4ec6fcc25a941349f51e99a6646da70" member_type: VOTER last_known_addr { host: "127.17.1.67" port: 42025 } }
I20260710 11:02:06.081614 18720 raft_consensus.cc:385] T 212018a17e9b47458bc4f8625fdea203 P 9fb705b5607742bba779f05b65bb9927 [term 0 FOLLOWER]: Consensus starting up: Expiring failure detector timer to make a prompt election more likely
I20260710 11:02:06.081993 18720 raft_consensus.cc:740] T 212018a17e9b47458bc4f8625fdea203 P 9fb705b5607742bba779f05b65bb9927 [term 0 FOLLOWER]: Becoming Follower/Learner. State: Replica: 9fb705b5607742bba779f05b65bb9927, State: Initialized, Role: FOLLOWER
I20260710 11:02:06.082995 18721 ts_tablet_manager.cc:1434] T ec5771a9894e4100a6e3d66967390d4f P c4ec6fcc25a941349f51e99a6646da70: Time spent starting tablet: real 0.006s	user 0.002s	sys 0.000s
I20260710 11:02:06.084056 18721 tablet_bootstrap.cc:492] T d51bedd19c0c495db175b1d5b030d642 P c4ec6fcc25a941349f51e99a6646da70: Bootstrap starting.
I20260710 11:02:06.083719 18720 consensus_queue.cc:260] T 212018a17e9b47458bc4f8625fdea203 P 9fb705b5607742bba779f05b65bb9927 [NON_LEADER]: Queue going to NON_LEADER mode. State: All replicated index: 0, Majority replicated index: 0, Committed index: 0, Last appended: 0.0, Last appended by leader: 0, Current term: 0, Majority size: -1, State: 0, Mode: NON_LEADER, active raft config: opid_index: -1 OBSOLETE_local: false peers { permanent_uuid: "f39deea060b04df0b1a49426f5fafb9d" member_type: VOTER last_known_addr { host: "127.17.1.65" port: 45899 } } peers { permanent_uuid: "9fb705b5607742bba779f05b65bb9927" member_type: VOTER last_known_addr { host: "127.17.1.66" port: 34351 } } peers { permanent_uuid: "c4ec6fcc25a941349f51e99a6646da70" member_type: VOTER last_known_addr { host: "127.17.1.67" port: 42025 } }
I20260710 11:02:06.089733 18720 ts_tablet_manager.cc:1434] T 212018a17e9b47458bc4f8625fdea203 P 9fb705b5607742bba779f05b65bb9927: Time spent starting tablet: real 0.014s	user 0.005s	sys 0.001s
I20260710 11:02:06.090996 18720 tablet_bootstrap.cc:492] T ec5771a9894e4100a6e3d66967390d4f P 9fb705b5607742bba779f05b65bb9927: Bootstrap starting.
I20260710 11:02:06.095881 18721 tablet_bootstrap.cc:654] T d51bedd19c0c495db175b1d5b030d642 P c4ec6fcc25a941349f51e99a6646da70: Neither blocks nor log segments found. Creating new log.
I20260710 11:02:06.107108 18720 tablet_bootstrap.cc:654] T ec5771a9894e4100a6e3d66967390d4f P 9fb705b5607742bba779f05b65bb9927: Neither blocks nor log segments found. Creating new log.
I20260710 11:02:06.108520 18721 tablet_bootstrap.cc:492] T d51bedd19c0c495db175b1d5b030d642 P c4ec6fcc25a941349f51e99a6646da70: No bootstrap required, opened a new log
I20260710 11:02:06.109056 18721 ts_tablet_manager.cc:1403] T d51bedd19c0c495db175b1d5b030d642 P c4ec6fcc25a941349f51e99a6646da70: Time spent bootstrapping tablet: real 0.025s	user 0.009s	sys 0.009s
I20260710 11:02:06.112334 18721 raft_consensus.cc:359] T d51bedd19c0c495db175b1d5b030d642 P c4ec6fcc25a941349f51e99a6646da70 [term 0 FOLLOWER]: Replica starting. Triggering 0 pending ops. Active config: opid_index: -1 OBSOLETE_local: false peers { permanent_uuid: "f39deea060b04df0b1a49426f5fafb9d" member_type: VOTER last_known_addr { host: "127.17.1.65" port: 45899 } } peers { permanent_uuid: "9fb705b5607742bba779f05b65bb9927" member_type: VOTER last_known_addr { host: "127.17.1.66" port: 34351 } } peers { permanent_uuid: "c4ec6fcc25a941349f51e99a6646da70" member_type: VOTER last_known_addr { host: "127.17.1.67" port: 42025 } }
I20260710 11:02:06.113057 18721 raft_consensus.cc:385] T d51bedd19c0c495db175b1d5b030d642 P c4ec6fcc25a941349f51e99a6646da70 [term 0 FOLLOWER]: Consensus starting up: Expiring failure detector timer to make a prompt election more likely
I20260710 11:02:06.113344 18721 raft_consensus.cc:740] T d51bedd19c0c495db175b1d5b030d642 P c4ec6fcc25a941349f51e99a6646da70 [term 0 FOLLOWER]: Becoming Follower/Learner. State: Replica: c4ec6fcc25a941349f51e99a6646da70, State: Initialized, Role: FOLLOWER
I20260710 11:02:06.114879 18722 tablet_bootstrap.cc:492] T dcb4dcc8b33b4c46a85bab5bc43f6b75 P f39deea060b04df0b1a49426f5fafb9d: No bootstrap required, opened a new log
I20260710 11:02:06.115480 18722 ts_tablet_manager.cc:1403] T dcb4dcc8b33b4c46a85bab5bc43f6b75 P f39deea060b04df0b1a49426f5fafb9d: Time spent bootstrapping tablet: real 0.087s	user 0.017s	sys 0.014s
I20260710 11:02:06.114408 18721 consensus_queue.cc:260] T d51bedd19c0c495db175b1d5b030d642 P c4ec6fcc25a941349f51e99a6646da70 [NON_LEADER]: Queue going to NON_LEADER mode. State: All replicated index: 0, Majority replicated index: 0, Committed index: 0, Last appended: 0.0, Last appended by leader: 0, Current term: 0, Majority size: -1, State: 0, Mode: NON_LEADER, active raft config: opid_index: -1 OBSOLETE_local: false peers { permanent_uuid: "f39deea060b04df0b1a49426f5fafb9d" member_type: VOTER last_known_addr { host: "127.17.1.65" port: 45899 } } peers { permanent_uuid: "9fb705b5607742bba779f05b65bb9927" member_type: VOTER last_known_addr { host: "127.17.1.66" port: 34351 } } peers { permanent_uuid: "c4ec6fcc25a941349f51e99a6646da70" member_type: VOTER last_known_addr { host: "127.17.1.67" port: 42025 } }
I20260710 11:02:06.117975 18720 tablet_bootstrap.cc:492] T ec5771a9894e4100a6e3d66967390d4f P 9fb705b5607742bba779f05b65bb9927: No bootstrap required, opened a new log
I20260710 11:02:06.118471 18720 ts_tablet_manager.cc:1403] T ec5771a9894e4100a6e3d66967390d4f P 9fb705b5607742bba779f05b65bb9927: Time spent bootstrapping tablet: real 0.028s	user 0.011s	sys 0.000s
I20260710 11:02:06.119112 18721 ts_tablet_manager.cc:1434] T d51bedd19c0c495db175b1d5b030d642 P c4ec6fcc25a941349f51e99a6646da70: Time spent starting tablet: real 0.010s	user 0.008s	sys 0.002s
I20260710 11:02:06.121165 18720 raft_consensus.cc:359] T ec5771a9894e4100a6e3d66967390d4f P 9fb705b5607742bba779f05b65bb9927 [term 0 FOLLOWER]: Replica starting. Triggering 0 pending ops. Active config: opid_index: -1 OBSOLETE_local: false peers { permanent_uuid: "f39deea060b04df0b1a49426f5fafb9d" member_type: VOTER last_known_addr { host: "127.17.1.65" port: 45899 } } peers { permanent_uuid: "9fb705b5607742bba779f05b65bb9927" member_type: VOTER last_known_addr { host: "127.17.1.66" port: 34351 } } peers { permanent_uuid: "c4ec6fcc25a941349f51e99a6646da70" member_type: VOTER last_known_addr { host: "127.17.1.67" port: 42025 } }
I20260710 11:02:06.121852 18720 raft_consensus.cc:385] T ec5771a9894e4100a6e3d66967390d4f P 9fb705b5607742bba779f05b65bb9927 [term 0 FOLLOWER]: Consensus starting up: Expiring failure detector timer to make a prompt election more likely
I20260710 11:02:06.122026 18721 tablet_bootstrap.cc:492] T 6867d3d74c134f168061e765edf4b2e6 P c4ec6fcc25a941349f51e99a6646da70: Bootstrap starting.
I20260710 11:02:06.120877 18722 raft_consensus.cc:359] T dcb4dcc8b33b4c46a85bab5bc43f6b75 P f39deea060b04df0b1a49426f5fafb9d [term 0 FOLLOWER]: Replica starting. Triggering 0 pending ops. Active config: opid_index: -1 OBSOLETE_local: false peers { permanent_uuid: "f39deea060b04df0b1a49426f5fafb9d" member_type: VOTER last_known_addr { host: "127.17.1.65" port: 45899 } } peers { permanent_uuid: "9fb705b5607742bba779f05b65bb9927" member_type: VOTER last_known_addr { host: "127.17.1.66" port: 34351 } } peers { permanent_uuid: "c4ec6fcc25a941349f51e99a6646da70" member_type: VOTER last_known_addr { host: "127.17.1.67" port: 42025 } }
I20260710 11:02:06.122437 18730 raft_consensus.cc:493] T 20da887e6dfe496da651fcc6c63ae7f4 P f39deea060b04df0b1a49426f5fafb9d [term 0 FOLLOWER]: Starting pre-election (no leader contacted us within the election timeout)
I20260710 11:02:06.122748 18722 raft_consensus.cc:385] T dcb4dcc8b33b4c46a85bab5bc43f6b75 P f39deea060b04df0b1a49426f5fafb9d [term 0 FOLLOWER]: Consensus starting up: Expiring failure detector timer to make a prompt election more likely
I20260710 11:02:06.123129 18722 raft_consensus.cc:740] T dcb4dcc8b33b4c46a85bab5bc43f6b75 P f39deea060b04df0b1a49426f5fafb9d [term 0 FOLLOWER]: Becoming Follower/Learner. State: Replica: f39deea060b04df0b1a49426f5fafb9d, State: Initialized, Role: FOLLOWER
I20260710 11:02:06.123008 18730 raft_consensus.cc:515] T 20da887e6dfe496da651fcc6c63ae7f4 P f39deea060b04df0b1a49426f5fafb9d [term 0 FOLLOWER]: Starting pre-election with config: opid_index: -1 OBSOLETE_local: false peers { permanent_uuid: "f39deea060b04df0b1a49426f5fafb9d" member_type: VOTER last_known_addr { host: "127.17.1.65" port: 45899 } } peers { permanent_uuid: "9fb705b5607742bba779f05b65bb9927" member_type: VOTER last_known_addr { host: "127.17.1.66" port: 34351 } } peers { permanent_uuid: "c4ec6fcc25a941349f51e99a6646da70" member_type: VOTER last_known_addr { host: "127.17.1.67" port: 42025 } }
I20260710 11:02:06.122124 18720 raft_consensus.cc:740] T ec5771a9894e4100a6e3d66967390d4f P 9fb705b5607742bba779f05b65bb9927 [term 0 FOLLOWER]: Becoming Follower/Learner. State: Replica: 9fb705b5607742bba779f05b65bb9927, State: Initialized, Role: FOLLOWER
I20260710 11:02:06.125106 18720 consensus_queue.cc:260] T ec5771a9894e4100a6e3d66967390d4f P 9fb705b5607742bba779f05b65bb9927 [NON_LEADER]: Queue going to NON_LEADER mode. State: All replicated index: 0, Majority replicated index: 0, Committed index: 0, Last appended: 0.0, Last appended by leader: 0, Current term: 0, Majority size: -1, State: 0, Mode: NON_LEADER, active raft config: opid_index: -1 OBSOLETE_local: false peers { permanent_uuid: "f39deea060b04df0b1a49426f5fafb9d" member_type: VOTER last_known_addr { host: "127.17.1.65" port: 45899 } } peers { permanent_uuid: "9fb705b5607742bba779f05b65bb9927" member_type: VOTER last_known_addr { host: "127.17.1.66" port: 34351 } } peers { permanent_uuid: "c4ec6fcc25a941349f51e99a6646da70" member_type: VOTER last_known_addr { host: "127.17.1.67" port: 42025 } }
I20260710 11:02:06.126039 18722 consensus_queue.cc:260] T dcb4dcc8b33b4c46a85bab5bc43f6b75 P f39deea060b04df0b1a49426f5fafb9d [NON_LEADER]: Queue going to NON_LEADER mode. State: All replicated index: 0, Majority replicated index: 0, Committed index: 0, Last appended: 0.0, Last appended by leader: 0, Current term: 0, Majority size: -1, State: 0, Mode: NON_LEADER, active raft config: opid_index: -1 OBSOLETE_local: false peers { permanent_uuid: "f39deea060b04df0b1a49426f5fafb9d" member_type: VOTER last_known_addr { host: "127.17.1.65" port: 45899 } } peers { permanent_uuid: "9fb705b5607742bba779f05b65bb9927" member_type: VOTER last_known_addr { host: "127.17.1.66" port: 34351 } } peers { permanent_uuid: "c4ec6fcc25a941349f51e99a6646da70" member_type: VOTER last_known_addr { host: "127.17.1.67" port: 42025 } }
I20260710 11:02:06.128357 18722 ts_tablet_manager.cc:1434] T dcb4dcc8b33b4c46a85bab5bc43f6b75 P f39deea060b04df0b1a49426f5fafb9d: Time spent starting tablet: real 0.012s	user 0.006s	sys 0.000s
I20260710 11:02:06.128778 18605 tablet_service.cc:1917] Received RequestConsensusVote() RPC: tablet_id: "20da887e6dfe496da651fcc6c63ae7f4" candidate_uuid: "f39deea060b04df0b1a49426f5fafb9d" candidate_term: 1 candidate_status { last_received { term: 0 index: 0 } } ignore_live_leader: false dest_uuid: "9fb705b5607742bba779f05b65bb9927" is_pre_election: true
I20260710 11:02:06.129328 18722 tablet_bootstrap.cc:492] T 67950c9bf05845fc852555975399c719 P f39deea060b04df0b1a49426f5fafb9d: Bootstrap starting.
I20260710 11:02:06.129799 18721 tablet_bootstrap.cc:654] T 6867d3d74c134f168061e765edf4b2e6 P c4ec6fcc25a941349f51e99a6646da70: Neither blocks nor log segments found. Creating new log.
I20260710 11:02:06.133620 18730 leader_election.cc:290] T 20da887e6dfe496da651fcc6c63ae7f4 P f39deea060b04df0b1a49426f5fafb9d [CANDIDATE]: Term 1 pre-election: Requested pre-vote from peers 9fb705b5607742bba779f05b65bb9927 (127.17.1.66:34351), c4ec6fcc25a941349f51e99a6646da70 (127.17.1.67:42025)
I20260710 11:02:06.134532 18680 tablet_service.cc:1917] Received RequestConsensusVote() RPC: tablet_id: "20da887e6dfe496da651fcc6c63ae7f4" candidate_uuid: "f39deea060b04df0b1a49426f5fafb9d" candidate_term: 1 candidate_status { last_received { term: 0 index: 0 } } ignore_live_leader: false dest_uuid: "c4ec6fcc25a941349f51e99a6646da70" is_pre_election: true
I20260710 11:02:06.137519 18720 ts_tablet_manager.cc:1434] T ec5771a9894e4100a6e3d66967390d4f P 9fb705b5607742bba779f05b65bb9927: Time spent starting tablet: real 0.019s	user 0.004s	sys 0.003s
