I20260710 11:02:03.785280 22962 consensus_queue.cc:260] T 1179bb5749ec43958520d6318c293cd7 P 71a92dd4bb4a4e8fbebad45ffa5c1996 [NON_LEADER]: Queue going to NON_LEADER mode. State: All replicated index: 0, Majority replicated index: 0, Committed index: 0, Last appended: 0.0, Last appended by leader: 0, Current term: 0, Majority size: -1, State: 0, Mode: NON_LEADER, active raft config: opid_index: -1 OBSOLETE_local: false peers { permanent_uuid: "d59e748d174049309b694f28f693b451" member_type: VOTER last_known_addr { host: "127.21.35.193" port: 41157 } } peers { permanent_uuid: "08bf3dd6cc85441aa34dde8a2690cc36" member_type: VOTER last_known_addr { host: "127.21.35.194" port: 45753 } } peers { permanent_uuid: "71a92dd4bb4a4e8fbebad45ffa5c1996" member_type: VOTER last_known_addr { host: "127.21.35.195" port: 45987 } }
I20260710 11:02:03.786899 22961 tablet_bootstrap.cc:492] T 354dfcb9f2fd40a9933a4869b31b3e9e P d59e748d174049309b694f28f693b451: No bootstrap required, opened a new log
I20260710 11:02:03.786908 22959 tablet_bootstrap.cc:492] T 11a3347b499d422ba914cee846c1e981 P 08bf3dd6cc85441aa34dde8a2690cc36: No bootstrap required, opened a new log
I20260710 11:02:03.787300 22962 ts_tablet_manager.cc:1434] T 1179bb5749ec43958520d6318c293cd7 P 71a92dd4bb4a4e8fbebad45ffa5c1996: Time spent starting tablet: real 0.008s	user 0.003s	sys 0.004s
I20260710 11:02:03.787602 22961 ts_tablet_manager.cc:1403] T 354dfcb9f2fd40a9933a4869b31b3e9e P d59e748d174049309b694f28f693b451: Time spent bootstrapping tablet: real 0.023s	user 0.006s	sys 0.007s
I20260710 11:02:03.787707 22959 ts_tablet_manager.cc:1403] T 11a3347b499d422ba914cee846c1e981 P 08bf3dd6cc85441aa34dde8a2690cc36: Time spent bootstrapping tablet: real 0.034s	user 0.014s	sys 0.008s
I20260710 11:02:03.788332 22962 tablet_bootstrap.cc:492] T 40c5720263524706894f74317926113a P 71a92dd4bb4a4e8fbebad45ffa5c1996: Bootstrap starting.
I20260710 11:02:03.791237 22959 raft_consensus.cc:359] T 11a3347b499d422ba914cee846c1e981 P 08bf3dd6cc85441aa34dde8a2690cc36 [term 0 FOLLOWER]: Replica starting. Triggering 0 pending ops. Active config: opid_index: -1 OBSOLETE_local: false peers { permanent_uuid: "d59e748d174049309b694f28f693b451" member_type: VOTER last_known_addr { host: "127.21.35.193" port: 41157 } } peers { permanent_uuid: "08bf3dd6cc85441aa34dde8a2690cc36" member_type: VOTER last_known_addr { host: "127.21.35.194" port: 45753 } } peers { permanent_uuid: "71a92dd4bb4a4e8fbebad45ffa5c1996" member_type: VOTER last_known_addr { host: "127.21.35.195" port: 45987 } }
I20260710 11:02:03.791385 22961 raft_consensus.cc:359] T 354dfcb9f2fd40a9933a4869b31b3e9e P d59e748d174049309b694f28f693b451 [term 0 FOLLOWER]: Replica starting. Triggering 0 pending ops. Active config: opid_index: -1 OBSOLETE_local: false peers { permanent_uuid: "d59e748d174049309b694f28f693b451" member_type: VOTER last_known_addr { host: "127.21.35.193" port: 41157 } } peers { permanent_uuid: "08bf3dd6cc85441aa34dde8a2690cc36" member_type: VOTER last_known_addr { host: "127.21.35.194" port: 45753 } } peers { permanent_uuid: "71a92dd4bb4a4e8fbebad45ffa5c1996" member_type: VOTER last_known_addr { host: "127.21.35.195" port: 45987 } }
I20260710 11:02:03.792315 22961 raft_consensus.cc:385] T 354dfcb9f2fd40a9933a4869b31b3e9e P d59e748d174049309b694f28f693b451 [term 0 FOLLOWER]: Consensus starting up: Expiring failure detector timer to make a prompt election more likely
I20260710 11:02:03.792315 22959 raft_consensus.cc:385] T 11a3347b499d422ba914cee846c1e981 P 08bf3dd6cc85441aa34dde8a2690cc36 [term 0 FOLLOWER]: Consensus starting up: Expiring failure detector timer to make a prompt election more likely
I20260710 11:02:03.792830 22961 raft_consensus.cc:740] T 354dfcb9f2fd40a9933a4869b31b3e9e P d59e748d174049309b694f28f693b451 [term 0 FOLLOWER]: Becoming Follower/Learner. State: Replica: d59e748d174049309b694f28f693b451, State: Initialized, Role: FOLLOWER
I20260710 11:02:03.792949 22959 raft_consensus.cc:740] T 11a3347b499d422ba914cee846c1e981 P 08bf3dd6cc85441aa34dde8a2690cc36 [term 0 FOLLOWER]: Becoming Follower/Learner. State: Replica: 08bf3dd6cc85441aa34dde8a2690cc36, State: Initialized, Role: FOLLOWER
I20260710 11:02:03.794075 22959 consensus_queue.cc:260] T 11a3347b499d422ba914cee846c1e981 P 08bf3dd6cc85441aa34dde8a2690cc36 [NON_LEADER]: Queue going to NON_LEADER mode. State: All replicated index: 0, Majority replicated index: 0, Committed index: 0, Last appended: 0.0, Last appended by leader: 0, Current term: 0, Majority size: -1, State: 0, Mode: NON_LEADER, active raft config: opid_index: -1 OBSOLETE_local: false peers { permanent_uuid: "d59e748d174049309b694f28f693b451" member_type: VOTER last_known_addr { host: "127.21.35.193" port: 41157 } } peers { permanent_uuid: "08bf3dd6cc85441aa34dde8a2690cc36" member_type: VOTER last_known_addr { host: "127.21.35.194" port: 45753 } } peers { permanent_uuid: "71a92dd4bb4a4e8fbebad45ffa5c1996" member_type: VOTER last_known_addr { host: "127.21.35.195" port: 45987 } }
I20260710 11:02:03.794030 22961 consensus_queue.cc:260] T 354dfcb9f2fd40a9933a4869b31b3e9e P d59e748d174049309b694f28f693b451 [NON_LEADER]: Queue going to NON_LEADER mode. State: All replicated index: 0, Majority replicated index: 0, Committed index: 0, Last appended: 0.0, Last appended by leader: 0, Current term: 0, Majority size: -1, State: 0, Mode: NON_LEADER, active raft config: opid_index: -1 OBSOLETE_local: false peers { permanent_uuid: "d59e748d174049309b694f28f693b451" member_type: VOTER last_known_addr { host: "127.21.35.193" port: 41157 } } peers { permanent_uuid: "08bf3dd6cc85441aa34dde8a2690cc36" member_type: VOTER last_known_addr { host: "127.21.35.194" port: 45753 } } peers { permanent_uuid: "71a92dd4bb4a4e8fbebad45ffa5c1996" member_type: VOTER last_known_addr { host: "127.21.35.195" port: 45987 } }
I20260710 11:02:03.795383 22964 raft_consensus.cc:493] T 11a3347b499d422ba914cee846c1e981 P 08bf3dd6cc85441aa34dde8a2690cc36 [term 0 FOLLOWER]: Starting pre-election (no leader contacted us within the election timeout)
I20260710 11:02:03.795826 22964 raft_consensus.cc:515] T 11a3347b499d422ba914cee846c1e981 P 08bf3dd6cc85441aa34dde8a2690cc36 [term 0 FOLLOWER]: Starting pre-election with config: opid_index: -1 OBSOLETE_local: false peers { permanent_uuid: "d59e748d174049309b694f28f693b451" member_type: VOTER last_known_addr { host: "127.21.35.193" port: 41157 } } peers { permanent_uuid: "08bf3dd6cc85441aa34dde8a2690cc36" member_type: VOTER last_known_addr { host: "127.21.35.194" port: 45753 } } peers { permanent_uuid: "71a92dd4bb4a4e8fbebad45ffa5c1996" member_type: VOTER last_known_addr { host: "127.21.35.195" port: 45987 } }
I20260710 11:02:03.796845 22962 tablet_bootstrap.cc:654] T 40c5720263524706894f74317926113a P 71a92dd4bb4a4e8fbebad45ffa5c1996: Neither blocks nor log segments found. Creating new log.
I20260710 11:02:03.798018 22964 leader_election.cc:290] T 11a3347b499d422ba914cee846c1e981 P 08bf3dd6cc85441aa34dde8a2690cc36 [CANDIDATE]: Term 1 pre-election: Requested pre-vote from peers d59e748d174049309b694f28f693b451 (127.21.35.193:41157), 71a92dd4bb4a4e8fbebad45ffa5c1996 (127.21.35.195:45987)
I20260710 11:02:03.800850 22770 tablet_service.cc:1917] Received RequestConsensusVote() RPC: tablet_id: "11a3347b499d422ba914cee846c1e981" candidate_uuid: "08bf3dd6cc85441aa34dde8a2690cc36" candidate_term: 1 candidate_status { last_received { term: 0 index: 0 } } ignore_live_leader: false dest_uuid: "d59e748d174049309b694f28f693b451" is_pre_election: true
I20260710 11:02:03.802337 22961 ts_tablet_manager.cc:1434] T 354dfcb9f2fd40a9933a4869b31b3e9e P d59e748d174049309b694f28f693b451: Time spent starting tablet: real 0.014s	user 0.000s	sys 0.007s
I20260710 11:02:03.802423 22919 tablet_service.cc:1917] Received RequestConsensusVote() RPC: tablet_id: "11a3347b499d422ba914cee846c1e981" candidate_uuid: "08bf3dd6cc85441aa34dde8a2690cc36" candidate_term: 1 candidate_status { last_received { term: 0 index: 0 } } ignore_live_leader: false dest_uuid: "71a92dd4bb4a4e8fbebad45ffa5c1996" is_pre_election: true
I20260710 11:02:03.803421 22919 raft_consensus.cc:2468] T 11a3347b499d422ba914cee846c1e981 P 71a92dd4bb4a4e8fbebad45ffa5c1996 [term 0 FOLLOWER]: Leader pre-election vote request: Granting yes vote for candidate 08bf3dd6cc85441aa34dde8a2690cc36 in term 0.
I20260710 11:02:03.804281 22961 tablet_bootstrap.cc:492] T b622d322610f4b358c99476a5fed09dd P d59e748d174049309b694f28f693b451: Bootstrap starting.
I20260710 11:02:03.805155 22812 leader_election.cc:304] T 11a3347b499d422ba914cee846c1e981 P 08bf3dd6cc85441aa34dde8a2690cc36 [CANDIDATE]: Term 1 pre-election: Election decided. Result: candidate won. Election summary: received 2 responses out of 3 voters: 2 yes votes; 0 no votes. yes voters: 08bf3dd6cc85441aa34dde8a2690cc36, 71a92dd4bb4a4e8fbebad45ffa5c1996; no voters: 
W20260710 11:02:03.806722 22810 leader_election.cc:343] T 11a3347b499d422ba914cee846c1e981 P 08bf3dd6cc85441aa34dde8a2690cc36 [CANDIDATE]: Term 1 pre-election: Tablet error from VoteRequest() call to peer d59e748d174049309b694f28f693b451 (127.21.35.193:41157): Illegal state: must be running to vote when last-logged opid is not known
I20260710 11:02:03.808583 22962 tablet_bootstrap.cc:492] T 40c5720263524706894f74317926113a P 71a92dd4bb4a4e8fbebad45ffa5c1996: No bootstrap required, opened a new log
I20260710 11:02:03.809080 22962 ts_tablet_manager.cc:1403] T 40c5720263524706894f74317926113a P 71a92dd4bb4a4e8fbebad45ffa5c1996: Time spent bootstrapping tablet: real 0.021s	user 0.012s	sys 0.005s
I20260710 11:02:03.812237 22962 raft_consensus.cc:359] T 40c5720263524706894f74317926113a P 71a92dd4bb4a4e8fbebad45ffa5c1996 [term 0 FOLLOWER]: Replica starting. Triggering 0 pending ops. Active config: opid_index: -1 OBSOLETE_local: false peers { permanent_uuid: "08bf3dd6cc85441aa34dde8a2690cc36" member_type: VOTER last_known_addr { host: "127.21.35.194" port: 45753 } } peers { permanent_uuid: "d59e748d174049309b694f28f693b451" member_type: VOTER last_known_addr { host: "127.21.35.193" port: 41157 } } peers { permanent_uuid: "71a92dd4bb4a4e8fbebad45ffa5c1996" member_type: VOTER last_known_addr { host: "127.21.35.195" port: 45987 } }
I20260710 11:02:03.813021 22962 raft_consensus.cc:385] T 40c5720263524706894f74317926113a P 71a92dd4bb4a4e8fbebad45ffa5c1996 [term 0 FOLLOWER]: Consensus starting up: Expiring failure detector timer to make a prompt election more likely
I20260710 11:02:03.813321 22962 raft_consensus.cc:740] T 40c5720263524706894f74317926113a P 71a92dd4bb4a4e8fbebad45ffa5c1996 [term 0 FOLLOWER]: Becoming Follower/Learner. State: Replica: 71a92dd4bb4a4e8fbebad45ffa5c1996, State: Initialized, Role: FOLLOWER
I20260710 11:02:03.814181 22962 consensus_queue.cc:260] T 40c5720263524706894f74317926113a P 71a92dd4bb4a4e8fbebad45ffa5c1996 [NON_LEADER]: Queue going to NON_LEADER mode. State: All replicated index: 0, Majority replicated index: 0, Committed index: 0, Last appended: 0.0, Last appended by leader: 0, Current term: 0, Majority size: -1, State: 0, Mode: NON_LEADER, active raft config: opid_index: -1 OBSOLETE_local: false peers { permanent_uuid: "08bf3dd6cc85441aa34dde8a2690cc36" member_type: VOTER last_known_addr { host: "127.21.35.194" port: 45753 } } peers { permanent_uuid: "d59e748d174049309b694f28f693b451" member_type: VOTER last_known_addr { host: "127.21.35.193" port: 41157 } } peers { permanent_uuid: "71a92dd4bb4a4e8fbebad45ffa5c1996" member_type: VOTER last_known_addr { host: "127.21.35.195" port: 45987 } }
I20260710 11:02:03.816737 22962 ts_tablet_manager.cc:1434] T 40c5720263524706894f74317926113a P 71a92dd4bb4a4e8fbebad45ffa5c1996: Time spent starting tablet: real 0.007s	user 0.008s	sys 0.000s
I20260710 11:02:03.817559 22964 raft_consensus.cc:2804] T 11a3347b499d422ba914cee846c1e981 P 08bf3dd6cc85441aa34dde8a2690cc36 [term 0 FOLLOWER]: Leader pre-election won for term 1
I20260710 11:02:03.817927 22964 raft_consensus.cc:493] T 11a3347b499d422ba914cee846c1e981 P 08bf3dd6cc85441aa34dde8a2690cc36 [term 0 FOLLOWER]: Starting leader election (no leader contacted us within the election timeout)
I20260710 11:02:03.818259 22964 raft_consensus.cc:3060] T 11a3347b499d422ba914cee846c1e981 P 08bf3dd6cc85441aa34dde8a2690cc36 [term 0 FOLLOWER]: Advancing to term 1
I20260710 11:02:03.821914 22961 tablet_bootstrap.cc:654] T b622d322610f4b358c99476a5fed09dd P d59e748d174049309b694f28f693b451: Neither blocks nor log segments found. Creating new log.
I20260710 11:02:03.824936 22962 tablet_bootstrap.cc:492] T c562a06061ad489b96bc538ee04b7cd3 P 71a92dd4bb4a4e8fbebad45ffa5c1996: Bootstrap starting.
I20260710 11:02:03.832266 22967 raft_consensus.cc:493] T 1179bb5749ec43958520d6318c293cd7 P 71a92dd4bb4a4e8fbebad45ffa5c1996 [term 0 FOLLOWER]: Starting pre-election (no leader contacted us within the election timeout)
I20260710 11:02:03.832768 22967 raft_consensus.cc:515] T 1179bb5749ec43958520d6318c293cd7 P 71a92dd4bb4a4e8fbebad45ffa5c1996 [term 0 FOLLOWER]: Starting pre-election with config: opid_index: -1 OBSOLETE_local: false peers { permanent_uuid: "d59e748d174049309b694f28f693b451" member_type: VOTER last_known_addr { host: "127.21.35.193" port: 41157 } } peers { permanent_uuid: "08bf3dd6cc85441aa34dde8a2690cc36" member_type: VOTER last_known_addr { host: "127.21.35.194" port: 45753 } } peers { permanent_uuid: "71a92dd4bb4a4e8fbebad45ffa5c1996" member_type: VOTER last_known_addr { host: "127.21.35.195" port: 45987 } }
I20260710 11:02:03.834856 22967 leader_election.cc:290] T 1179bb5749ec43958520d6318c293cd7 P 71a92dd4bb4a4e8fbebad45ffa5c1996 [CANDIDATE]: Term 1 pre-election: Requested pre-vote from peers d59e748d174049309b694f28f693b451 (127.21.35.193:41157), 08bf3dd6cc85441aa34dde8a2690cc36 (127.21.35.194:45753)
I20260710 11:02:03.831919 22962 tablet_bootstrap.cc:654] T c562a06061ad489b96bc538ee04b7cd3 P 71a92dd4bb4a4e8fbebad45ffa5c1996: Neither blocks nor log segments found. Creating new log.
I20260710 11:02:03.835979 22961 tablet_bootstrap.cc:492] T b622d322610f4b358c99476a5fed09dd P d59e748d174049309b694f28f693b451: No bootstrap required, opened a new log
I20260710 11:02:03.835861 22770 tablet_service.cc:1917] Received RequestConsensusVote() RPC: tablet_id: "1179bb5749ec43958520d6318c293cd7" candidate_uuid: "71a92dd4bb4a4e8fbebad45ffa5c1996" candidate_term: 1 candidate_status { last_received { term: 0 index: 0 } } ignore_live_leader: false dest_uuid: "d59e748d174049309b694f28f693b451" is_pre_election: true
I20260710 11:02:03.836828 22770 raft_consensus.cc:2468] T 1179bb5749ec43958520d6318c293cd7 P d59e748d174049309b694f28f693b451 [term 0 FOLLOWER]: Leader pre-election vote request: Granting yes vote for candidate 71a92dd4bb4a4e8fbebad45ffa5c1996 in term 0.
I20260710 11:02:03.837103 22846 tablet_service.cc:1917] Received RequestConsensusVote() RPC: tablet_id: "1179bb5749ec43958520d6318c293cd7" candidate_uuid: "71a92dd4bb4a4e8fbebad45ffa5c1996" candidate_term: 1 candidate_status { last_received { term: 0 index: 0 } } ignore_live_leader: false dest_uuid: "08bf3dd6cc85441aa34dde8a2690cc36" is_pre_election: true
I20260710 11:02:03.837710 22846 raft_consensus.cc:2468] T 1179bb5749ec43958520d6318c293cd7 P 08bf3dd6cc85441aa34dde8a2690cc36 [term 0 FOLLOWER]: Leader pre-election vote request: Granting yes vote for candidate 71a92dd4bb4a4e8fbebad45ffa5c1996 in term 0.
I20260710 11:02:03.838611 22961 ts_tablet_manager.cc:1403] T b622d322610f4b358c99476a5fed09dd P d59e748d174049309b694f28f693b451: Time spent bootstrapping tablet: real 0.035s	user 0.014s	sys 0.010s
I20260710 11:02:03.838946 22884 leader_election.cc:304] T 1179bb5749ec43958520d6318c293cd7 P 71a92dd4bb4a4e8fbebad45ffa5c1996 [CANDIDATE]: Term 1 pre-election: Election decided. Result: candidate won. Election summary: received 2 responses out of 3 voters: 2 yes votes; 0 no votes. yes voters: 71a92dd4bb4a4e8fbebad45ffa5c1996, d59e748d174049309b694f28f693b451; no voters: 
I20260710 11:02:03.840095 22967 raft_consensus.cc:2804] T 1179bb5749ec43958520d6318c293cd7 P 71a92dd4bb4a4e8fbebad45ffa5c1996 [term 0 FOLLOWER]: Leader pre-election won for term 1
I20260710 11:02:03.840572 22967 raft_consensus.cc:493] T 1179bb5749ec43958520d6318c293cd7 P 71a92dd4bb4a4e8fbebad45ffa5c1996 [term 0 FOLLOWER]: Starting leader election (no leader contacted us within the election timeout)
I20260710 11:02:03.841012 22967 raft_consensus.cc:3060] T 1179bb5749ec43958520d6318c293cd7 P 71a92dd4bb4a4e8fbebad45ffa5c1996 [term 0 FOLLOWER]: Advancing to term 1
I20260710 11:02:03.843523 22961 raft_consensus.cc:359] T b622d322610f4b358c99476a5fed09dd P d59e748d174049309b694f28f693b451 [term 0 FOLLOWER]: Replica starting. Triggering 0 pending ops. Active config: opid_index: -1 OBSOLETE_local: false peers { permanent_uuid: "d59e748d174049309b694f28f693b451" member_type: VOTER last_known_addr { host: "127.21.35.193" port: 41157 } } peers { permanent_uuid: "08bf3dd6cc85441aa34dde8a2690cc36" member_type: VOTER last_known_addr { host: "127.21.35.194" port: 45753 } } peers { permanent_uuid: "71a92dd4bb4a4e8fbebad45ffa5c1996" member_type: VOTER last_known_addr { host: "127.21.35.195" port: 45987 } }
I20260710 11:02:03.844729 22961 raft_consensus.cc:385] T b622d322610f4b358c99476a5fed09dd P d59e748d174049309b694f28f693b451 [term 0 FOLLOWER]: Consensus starting up: Expiring failure detector timer to make a prompt election more likely
I20260710 11:02:03.845206 22961 raft_consensus.cc:740] T b622d322610f4b358c99476a5fed09dd P d59e748d174049309b694f28f693b451 [term 0 FOLLOWER]: Becoming Follower/Learner. State: Replica: d59e748d174049309b694f28f693b451, State: Initialized, Role: FOLLOWER
I20260710 11:02:03.846396 22961 consensus_queue.cc:260] T b622d322610f4b358c99476a5fed09dd P d59e748d174049309b694f28f693b451 [NON_LEADER]: Queue going to NON_LEADER mode. State: All replicated index: 0, Majority replicated index: 0, Committed index: 0, Last appended: 0.0, Last appended by leader: 0, Current term: 0, Majority size: -1, State: 0, Mode: NON_LEADER, active raft config: opid_index: -1 OBSOLETE_local: false peers { permanent_uuid: "d59e748d174049309b694f28f693b451" member_type: VOTER last_known_addr { host: "127.21.35.193" port: 41157 } } peers { permanent_uuid: "08bf3dd6cc85441aa34dde8a2690cc36" member_type: VOTER last_known_addr { host: "127.21.35.194" port: 45753 } } peers { permanent_uuid: "71a92dd4bb4a4e8fbebad45ffa5c1996" member_type: VOTER last_known_addr { host: "127.21.35.195" port: 45987 } }
I20260710 11:02:03.854071 22961 ts_tablet_manager.cc:1434] T b622d322610f4b358c99476a5fed09dd P d59e748d174049309b694f28f693b451: Time spent starting tablet: real 0.015s	user 0.008s	sys 0.000s
I20260710 11:02:03.855775 22961 tablet_bootstrap.cc:492] T 40c5720263524706894f74317926113a P d59e748d174049309b694f28f693b451: Bootstrap starting.
I20260710 11:02:03.864256 22964 raft_consensus.cc:515] T 11a3347b499d422ba914cee846c1e981 P 08bf3dd6cc85441aa34dde8a2690cc36 [term 1 FOLLOWER]: Starting leader election with config: opid_index: -1 OBSOLETE_local: false peers { permanent_uuid: "d59e748d174049309b694f28f693b451" member_type: VOTER last_known_addr { host: "127.21.35.193" port: 41157 } } peers { permanent_uuid: "08bf3dd6cc85441aa34dde8a2690cc36" member_type: VOTER last_known_addr { host: "127.21.35.194" port: 45753 } } peers { permanent_uuid: "71a92dd4bb4a4e8fbebad45ffa5c1996" member_type: VOTER last_known_addr { host: "127.21.35.195" port: 45987 } }
I20260710 11:02:03.868275 22770 tablet_service.cc:1917] Received RequestConsensusVote() RPC: tablet_id: "11a3347b499d422ba914cee846c1e981" candidate_uuid: "08bf3dd6cc85441aa34dde8a2690cc36" candidate_term: 1 candidate_status { last_received { term: 0 index: 0 } } ignore_live_leader: false dest_uuid: "d59e748d174049309b694f28f693b451"
I20260710 11:02:03.870499 22966 raft_consensus.cc:493] T 1add224fc9684f55a67e0eb330e40c5c P d59e748d174049309b694f28f693b451 [term 0 FOLLOWER]: Starting pre-election (no leader contacted us within the election timeout)
I20260710 11:02:03.871044 22981 raft_consensus.cc:493] T 77ca4d8452d346e89b50399af8b647ee P d59e748d174049309b694f28f693b451 [term 0 FOLLOWER]: Starting pre-election (no leader contacted us within the election timeout)
I20260710 11:02:03.871162 22966 raft_consensus.cc:515] T 1add224fc9684f55a67e0eb330e40c5c P d59e748d174049309b694f28f693b451 [term 0 FOLLOWER]: Starting pre-election with config: opid_index: -1 OBSOLETE_local: false peers { permanent_uuid: "d59e748d174049309b694f28f693b451" member_type: VOTER last_known_addr { host: "127.21.35.193" port: 41157 } } peers { permanent_uuid: "08bf3dd6cc85441aa34dde8a2690cc36" member_type: VOTER last_known_addr { host: "127.21.35.194" port: 45753 } } peers { permanent_uuid: "71a92dd4bb4a4e8fbebad45ffa5c1996" member_type: VOTER last_known_addr { host: "127.21.35.195" port: 45987 } }
W20260710 11:02:03.872287 22810 leader_election.cc:343] T 11a3347b499d422ba914cee846c1e981 P 08bf3dd6cc85441aa34dde8a2690cc36 [CANDIDATE]: Term 1 election: Tablet error from VoteRequest() call to peer d59e748d174049309b694f28f693b451 (127.21.35.193:41157): Illegal state: must be running to vote when last-logged opid is not known
I20260710 11:02:03.871796 22981 raft_consensus.cc:515] T 77ca4d8452d346e89b50399af8b647ee P d59e748d174049309b694f28f693b451 [term 0 FOLLOWER]: Starting pre-election with config: opid_index: -1 OBSOLETE_local: false peers { permanent_uuid: "d59e748d174049309b694f28f693b451" member_type: VOTER last_known_addr { host: "127.21.35.193" port: 41157 } } peers { permanent_uuid: "08bf3dd6cc85441aa34dde8a2690cc36" member_type: VOTER last_known_addr { host: "127.21.35.194" port: 45753 } } peers { permanent_uuid: "71a92dd4bb4a4e8fbebad45ffa5c1996" member_type: VOTER last_known_addr { host: "127.21.35.195" port: 45987 } }
I20260710 11:02:03.874305 22966 leader_election.cc:290] T 1add224fc9684f55a67e0eb330e40c5c P d59e748d174049309b694f28f693b451 [CANDIDATE]: Term 1 pre-election: Requested pre-vote from peers 08bf3dd6cc85441aa34dde8a2690cc36 (127.21.35.194:45753), 71a92dd4bb4a4e8fbebad45ffa5c1996 (127.21.35.195:45987)
I20260710 11:02:03.877789 22846 tablet_service.cc:1917] Received RequestConsensusVote() RPC: tablet_id: "1add224fc9684f55a67e0eb330e40c5c" candidate_uuid: "d59e748d174049309b694f28f693b451" candidate_term: 1 candidate_status { last_received { term: 0 index: 0 } } ignore_live_leader: false dest_uuid: "08bf3dd6cc85441aa34dde8a2690cc36" is_pre_election: true
I20260710 11:02:03.879268 22920 tablet_service.cc:1917] Received RequestConsensusVote() RPC: tablet_id: "77ca4d8452d346e89b50399af8b647ee" candidate_uuid: "d59e748d174049309b694f28f693b451" candidate_term: 1 candidate_status { last_received { term: 0 index: 0 } } ignore_live_leader: false dest_uuid: "71a92dd4bb4a4e8fbebad45ffa5c1996" is_pre_election: true
I20260710 11:02:03.883154 22920 raft_consensus.cc:2468] T 77ca4d8452d346e89b50399af8b647ee P 71a92dd4bb4a4e8fbebad45ffa5c1996 [term 0 FOLLOWER]: Leader pre-election vote request: Granting yes vote for candidate d59e748d174049309b694f28f693b451 in term 0.
I20260710 11:02:03.879655 22919 tablet_service.cc:1917] Received RequestConsensusVote() RPC: tablet_id: "1add224fc9684f55a67e0eb330e40c5c" candidate_uuid: "d59e748d174049309b694f28f693b451" candidate_term: 1 candidate_status { last_received { term: 0 index: 0 } } ignore_live_leader: false dest_uuid: "71a92dd4bb4a4e8fbebad45ffa5c1996" is_pre_election: true
I20260710 11:02:03.884748 22961 tablet_bootstrap.cc:654] T 40c5720263524706894f74317926113a P d59e748d174049309b694f28f693b451: Neither blocks nor log segments found. Creating new log.
I20260710 11:02:03.884907 22919 raft_consensus.cc:2468] T 1add224fc9684f55a67e0eb330e40c5c P 71a92dd4bb4a4e8fbebad45ffa5c1996 [term 0 FOLLOWER]: Leader pre-election vote request: Granting yes vote for candidate d59e748d174049309b694f28f693b451 in term 0.
I20260710 11:02:03.881062 22845 tablet_service.cc:1917] Received RequestConsensusVote() RPC: tablet_id: "77ca4d8452d346e89b50399af8b647ee" candidate_uuid: "d59e748d174049309b694f28f693b451" candidate_term: 1 candidate_status { last_received { term: 0 index: 0 } } ignore_live_leader: false dest_uuid: "08bf3dd6cc85441aa34dde8a2690cc36" is_pre_election: true
I20260710 11:02:03.875860 22981 leader_election.cc:290] T 77ca4d8452d346e89b50399af8b647ee P d59e748d174049309b694f28f693b451 [CANDIDATE]: Term 1 pre-election: Requested pre-vote from peers 08bf3dd6cc85441aa34dde8a2690cc36 (127.21.35.194:45753), 71a92dd4bb4a4e8fbebad45ffa5c1996 (127.21.35.195:45987)
W20260710 11:02:03.888671 22735 leader_election.cc:343] T 1add224fc9684f55a67e0eb330e40c5c P d59e748d174049309b694f28f693b451 [CANDIDATE]: Term 1 pre-election: Tablet error from VoteRequest() call to peer 08bf3dd6cc85441aa34dde8a2690cc36 (127.21.35.194:45753): Illegal state: must be running to vote when last-logged opid is not known
W20260710 11:02:03.889585 22735 leader_election.cc:343] T 77ca4d8452d346e89b50399af8b647ee P d59e748d174049309b694f28f693b451 [CANDIDATE]: Term 1 pre-election: Tablet error from VoteRequest() call to peer 08bf3dd6cc85441aa34dde8a2690cc36 (127.21.35.194:45753): Illegal state: must be running to vote when last-logged opid is not known
I20260710 11:02:03.891253 22737 leader_election.cc:304] T 77ca4d8452d346e89b50399af8b647ee P d59e748d174049309b694f28f693b451 [CANDIDATE]: Term 1 pre-election: Election decided. Result: candidate won. Election summary: received 3 responses out of 3 voters: 2 yes votes; 1 no votes. yes voters: 71a92dd4bb4a4e8fbebad45ffa5c1996, d59e748d174049309b694f28f693b451; no voters: 08bf3dd6cc85441aa34dde8a2690cc36
I20260710 11:02:03.893371 22737 leader_election.cc:304] T 1add224fc9684f55a67e0eb330e40c5c P d59e748d174049309b694f28f693b451 [CANDIDATE]: Term 1 pre-election: Election decided. Result: candidate won. Election summary: received 3 responses out of 3 voters: 2 yes votes; 1 no votes. yes voters: 71a92dd4bb4a4e8fbebad45ffa5c1996, d59e748d174049309b694f28f693b451; no voters: 08bf3dd6cc85441aa34dde8a2690cc36
I20260710 11:02:03.894546 22966 raft_consensus.cc:2804] T 77ca4d8452d346e89b50399af8b647ee P d59e748d174049309b694f28f693b451 [term 0 FOLLOWER]: Leader pre-election won for term 1
I20260710 11:02:03.895076 22966 raft_consensus.cc:493] T 77ca4d8452d346e89b50399af8b647ee P d59e748d174049309b694f28f693b451 [term 0 FOLLOWER]: Starting leader election (no leader contacted us within the election timeout)
I20260710 11:02:03.895546 22966 raft_consensus.cc:3060] T 77ca4d8452d346e89b50399af8b647ee P d59e748d174049309b694f28f693b451 [term 0 FOLLOWER]: Advancing to term 1
I20260710 11:02:03.900336 22961 tablet_bootstrap.cc:492] T 40c5720263524706894f74317926113a P d59e748d174049309b694f28f693b451: No bootstrap required, opened a new log
I20260710 11:02:03.900806 22981 raft_consensus.cc:2804] T 1add224fc9684f55a67e0eb330e40c5c P d59e748d174049309b694f28f693b451 [term 0 FOLLOWER]: Leader pre-election won for term 1
I20260710 11:02:03.901147 22961 ts_tablet_manager.cc:1403] T 40c5720263524706894f74317926113a P d59e748d174049309b694f28f693b451: Time spent bootstrapping tablet: real 0.046s	user 0.013s	sys 0.010s
I20260710 11:02:03.901401 22981 raft_consensus.cc:493] T 1add224fc9684f55a67e0eb330e40c5c P d59e748d174049309b694f28f693b451 [term 0 FOLLOWER]: Starting leader election (no leader contacted us within the election timeout)
I20260710 11:02:03.902007 22981 raft_consensus.cc:3060] T 1add224fc9684f55a67e0eb330e40c5c P d59e748d174049309b694f28f693b451 [term 0 FOLLOWER]: Advancing to term 1
I20260710 11:02:03.916524 22961 raft_consensus.cc:359] T 40c5720263524706894f74317926113a P d59e748d174049309b694f28f693b451 [term 0 FOLLOWER]: Replica starting. Triggering 0 pending ops. Active config: opid_index: -1 OBSOLETE_local: false peers { permanent_uuid: "08bf3dd6cc85441aa34dde8a2690cc36" member_type: VOTER last_known_addr { host: "127.21.35.194" port: 45753 } } peers { permanent_uuid: "d59e748d174049309b694f28f693b451" member_type: VOTER last_known_addr { host: "127.21.35.193" port: 41157 } } peers { permanent_uuid: "71a92dd4bb4a4e8fbebad45ffa5c1996" member_type: VOTER last_known_addr { host: "127.21.35.195" port: 45987 } }
I20260710 11:02:03.923015 22961 raft_consensus.cc:385] T 40c5720263524706894f74317926113a P d59e748d174049309b694f28f693b451 [term 0 FOLLOWER]: Consensus starting up: Expiring failure detector timer to make a prompt election more likely
I20260710 11:02:03.923635 22961 raft_consensus.cc:740] T 40c5720263524706894f74317926113a P d59e748d174049309b694f28f693b451 [term 0 FOLLOWER]: Becoming Follower/Learner. State: Replica: d59e748d174049309b694f28f693b451, State: Initialized, Role: FOLLOWER
I20260710 11:02:03.922179 23002 raft_consensus.cc:493] T 354dfcb9f2fd40a9933a4869b31b3e9e P d59e748d174049309b694f28f693b451 [term 0 FOLLOWER]: Starting pre-election (no leader contacted us within the election timeout)
I20260710 11:02:03.924832 22919 tablet_service.cc:1917] Received RequestConsensusVote() RPC: tablet_id: "11a3347b499d422ba914cee846c1e981" candidate_uuid: "08bf3dd6cc85441aa34dde8a2690cc36" candidate_term: 1 candidate_status { last_received { term: 0 index: 0 } } ignore_live_leader: false dest_uuid: "71a92dd4bb4a4e8fbebad45ffa5c1996"
I20260710 11:02:03.925706 22919 raft_consensus.cc:3060] T 11a3347b499d422ba914cee846c1e981 P 71a92dd4bb4a4e8fbebad45ffa5c1996 [term 0 FOLLOWER]: Advancing to term 1
I20260710 11:02:03.925072 23002 raft_consensus.cc:515] T 354dfcb9f2fd40a9933a4869b31b3e9e P d59e748d174049309b694f28f693b451 [term 0 FOLLOWER]: Starting pre-election with config: opid_index: -1 OBSOLETE_local: false peers { permanent_uuid: "d59e748d174049309b694f28f693b451" member_type: VOTER last_known_addr { host: "127.21.35.193" port: 41157 } } peers { permanent_uuid: "08bf3dd6cc85441aa34dde8a2690cc36" member_type: VOTER last_known_addr { host: "127.21.35.194" port: 45753 } } peers { permanent_uuid: "71a92dd4bb4a4e8fbebad45ffa5c1996" member_type: VOTER last_known_addr { host: "127.21.35.195" port: 45987 } }
I20260710 11:02:03.931257 22845 tablet_service.cc:1917] Received RequestConsensusVote() RPC: tablet_id: "354dfcb9f2fd40a9933a4869b31b3e9e" candidate_uuid: "d59e748d174049309b694f28f693b451" candidate_term: 1 candidate_status { last_received { term: 0 index: 0 } } ignore_live_leader: false dest_uuid: "08bf3dd6cc85441aa34dde8a2690cc36" is_pre_election: true
I20260710 11:02:03.932250 22845 raft_consensus.cc:2468] T 354dfcb9f2fd40a9933a4869b31b3e9e P 08bf3dd6cc85441aa34dde8a2690cc36 [term 0 FOLLOWER]: Leader pre-election vote request: Granting yes vote for candidate d59e748d174049309b694f28f693b451 in term 0.
I20260710 11:02:03.934206 22735 leader_election.cc:304] T 354dfcb9f2fd40a9933a4869b31b3e9e P d59e748d174049309b694f28f693b451 [CANDIDATE]: Term 1 pre-election: Election decided. Result: candidate won. Election summary: received 2 responses out of 3 voters: 2 yes votes; 0 no votes. yes voters: 08bf3dd6cc85441aa34dde8a2690cc36, d59e748d174049309b694f28f693b451; no voters: 
I20260710 11:02:03.925856 22961 consensus_queue.cc:260] T 40c5720263524706894f74317926113a P d59e748d174049309b694f28f693b451 [NON_LEADER]: Queue going to NON_LEADER mode. State: All replicated index: 0, Majority replicated index: 0, Committed index: 0, Last appended: 0.0, Last appended by leader: 0, Current term: 0, Majority size: -1, State: 0, Mode: NON_LEADER, active raft config: opid_index: -1 OBSOLETE_local: false peers { permanent_uuid: "08bf3dd6cc85441aa34dde8a2690cc36" member_type: VOTER last_known_addr { host: "127.21.35.194" port: 45753 } } peers { permanent_uuid: "d59e748d174049309b694f28f693b451" member_type: VOTER last_known_addr { host: "127.21.35.193" port: 41157 } } peers { permanent_uuid: "71a92dd4bb4a4e8fbebad45ffa5c1996" member_type: VOTER last_known_addr { host: "127.21.35.195" port: 45987 } }
I20260710 11:02:03.863248 22967 raft_consensus.cc:515] T 1179bb5749ec43958520d6318c293cd7 P 71a92dd4bb4a4e8fbebad45ffa5c1996 [term 1 FOLLOWER]: Starting leader election with config: opid_index: -1 OBSOLETE_local: false peers { permanent_uuid: "d59e748d174049309b694f28f693b451" member_type: VOTER last_known_addr { host: "127.21.35.193" port: 41157 } } peers { permanent_uuid: "08bf3dd6cc85441aa34dde8a2690cc36" member_type: VOTER last_known_addr { host: "127.21.35.194" port: 45753 } } peers { permanent_uuid: "71a92dd4bb4a4e8fbebad45ffa5c1996" member_type: VOTER last_known_addr { host: "127.21.35.195" port: 45987 } }
I20260710 11:02:03.939994 22920 tablet_service.cc:1917] Received RequestConsensusVote() RPC: tablet_id: "354dfcb9f2fd40a9933a4869b31b3e9e" candidate_uuid: "d59e748d174049309b694f28f693b451" candidate_term: 1 candidate_status { last_received { term: 0 index: 0 } } ignore_live_leader: false dest_uuid: "71a92dd4bb4a4e8fbebad45ffa5c1996" is_pre_election: true
I20260710 11:02:03.940057 23002 leader_election.cc:290] T 354dfcb9f2fd40a9933a4869b31b3e9e P d59e748d174049309b694f28f693b451 [CANDIDATE]: Term 1 pre-election: Requested pre-vote from peers 08bf3dd6cc85441aa34dde8a2690cc36 (127.21.35.194:45753), 71a92dd4bb4a4e8fbebad45ffa5c1996 (127.21.35.195:45987)
W20260710 11:02:03.941855 22737 leader_election.cc:343] T 354dfcb9f2fd40a9933a4869b31b3e9e P d59e748d174049309b694f28f693b451 [CANDIDATE]: Term 1 pre-election: Tablet error from VoteRequest() call to peer 71a92dd4bb4a4e8fbebad45ffa5c1996 (127.21.35.195:45987): Illegal state: must be running to vote when last-logged opid is not known
I20260710 11:02:03.943851 22770 tablet_service.cc:1917] Received RequestConsensusVote() RPC: tablet_id: "1179bb5749ec43958520d6318c293cd7" candidate_uuid: "71a92dd4bb4a4e8fbebad45ffa5c1996" candidate_term: 1 candidate_status { last_received { term: 0 index: 0 } } ignore_live_leader: false dest_uuid: "d59e748d174049309b694f28f693b451"
I20260710 11:02:03.944716 22770 raft_consensus.cc:3060] T 1179bb5749ec43958520d6318c293cd7 P d59e748d174049309b694f28f693b451 [term 0 FOLLOWER]: Advancing to term 1
I20260710 11:02:03.946270 23000 raft_consensus.cc:493] T 1add224fc9684f55a67e0eb330e40c5c P 71a92dd4bb4a4e8fbebad45ffa5c1996 [term 0 FOLLOWER]: Starting pre-election (no leader contacted us within the election timeout)
I20260710 11:02:03.946977 23000 raft_consensus.cc:515] T 1add224fc9684f55a67e0eb330e40c5c P 71a92dd4bb4a4e8fbebad45ffa5c1996 [term 0 FOLLOWER]: Starting pre-election with config: opid_index: -1 OBSOLETE_local: false peers { permanent_uuid: "d59e748d174049309b694f28f693b451" member_type: VOTER last_known_addr { host: "127.21.35.193" port: 41157 } } peers { permanent_uuid: "08bf3dd6cc85441aa34dde8a2690cc36" member_type: VOTER last_known_addr { host: "127.21.35.194" port: 45753 } } peers { permanent_uuid: "71a92dd4bb4a4e8fbebad45ffa5c1996" member_type: VOTER last_known_addr { host: "127.21.35.195" port: 45987 } }
I20260710 11:02:03.950977 22964 leader_election.cc:290] T 11a3347b499d422ba914cee846c1e981 P 08bf3dd6cc85441aa34dde8a2690cc36 [CANDIDATE]: Term 1 election: Requested vote from peers d59e748d174049309b694f28f693b451 (127.21.35.193:41157), 71a92dd4bb4a4e8fbebad45ffa5c1996 (127.21.35.195:45987)
I20260710 11:02:03.951269 22771 tablet_service.cc:1917] Received RequestConsensusVote() RPC: tablet_id: "1add224fc9684f55a67e0eb330e40c5c" candidate_uuid: "71a92dd4bb4a4e8fbebad45ffa5c1996" candidate_term: 1 candidate_status { last_received { term: 0 index: 0 } } ignore_live_leader: false dest_uuid: "d59e748d174049309b694f28f693b451" is_pre_election: true
I20260710 11:02:03.955003 22959 ts_tablet_manager.cc:1434] T 11a3347b499d422ba914cee846c1e981 P 08bf3dd6cc85441aa34dde8a2690cc36: Time spent starting tablet: real 0.167s	user 0.056s	sys 0.106s
I20260710 11:02:03.956291 22962 tablet_bootstrap.cc:492] T c562a06061ad489b96bc538ee04b7cd3 P 71a92dd4bb4a4e8fbebad45ffa5c1996: No bootstrap required, opened a new log
I20260710 11:02:03.956759 22962 ts_tablet_manager.cc:1403] T c562a06061ad489b96bc538ee04b7cd3 P 71a92dd4bb4a4e8fbebad45ffa5c1996: Time spent bootstrapping tablet: real 0.132s	user 0.071s	sys 0.054s
I20260710 11:02:03.959141 22770 raft_consensus.cc:2468] T 1179bb5749ec43958520d6318c293cd7 P d59e748d174049309b694f28f693b451 [term 1 FOLLOWER]: Leader election vote request: Granting yes vote for candidate 71a92dd4bb4a4e8fbebad45ffa5c1996 in term 1.
I20260710 11:02:03.959432 22962 raft_consensus.cc:359] T c562a06061ad489b96bc538ee04b7cd3 P 71a92dd4bb4a4e8fbebad45ffa5c1996 [term 0 FOLLOWER]: Replica starting. Triggering 0 pending ops. Active config: opid_index: -1 OBSOLETE_local: false peers { permanent_uuid: "d59e748d174049309b694f28f693b451" member_type: VOTER last_known_addr { host: "127.21.35.193" port: 41157 } } peers { permanent_uuid: "08bf3dd6cc85441aa34dde8a2690cc36" member_type: VOTER last_known_addr { host: "127.21.35.194" port: 45753 } } peers { permanent_uuid: "71a92dd4bb4a4e8fbebad45ffa5c1996" member_type: VOTER last_known_addr { host: "127.21.35.195" port: 45987 } }
I20260710 11:02:03.960153 22962 raft_consensus.cc:385] T c562a06061ad489b96bc538ee04b7cd3 P 71a92dd4bb4a4e8fbebad45ffa5c1996 [term 0 FOLLOWER]: Consensus starting up: Expiring failure detector timer to make a prompt election more likely
I20260710 11:02:03.960585 22959 tablet_bootstrap.cc:492] T b622d322610f4b358c99476a5fed09dd P 08bf3dd6cc85441aa34dde8a2690cc36: Bootstrap starting.
I20260710 11:02:03.960436 22884 leader_election.cc:304] T 1179bb5749ec43958520d6318c293cd7 P 71a92dd4bb4a4e8fbebad45ffa5c1996 [CANDIDATE]: Term 1 election: Election decided. Result: candidate won. Election summary: received 2 responses out of 3 voters: 2 yes votes; 0 no votes. yes voters: 71a92dd4bb4a4e8fbebad45ffa5c1996, d59e748d174049309b694f28f693b451; no voters: 
I20260710 11:02:03.960848 22966 raft_consensus.cc:515] T 77ca4d8452d346e89b50399af8b647ee P d59e748d174049309b694f28f693b451 [term 1 FOLLOWER]: Starting leader election with config: opid_index: -1 OBSOLETE_local: false peers { permanent_uuid: "d59e748d174049309b694f28f693b451" member_type: VOTER last_known_addr { host: "127.21.35.193" port: 41157 } } peers { permanent_uuid: "08bf3dd6cc85441aa34dde8a2690cc36" member_type: VOTER last_known_addr { host: "127.21.35.194" port: 45753 } } peers { permanent_uuid: "71a92dd4bb4a4e8fbebad45ffa5c1996" member_type: VOTER last_known_addr { host: "127.21.35.195" port: 45987 } }
I20260710 11:02:03.944662 23002 raft_consensus.cc:2804] T 354dfcb9f2fd40a9933a4869b31b3e9e P d59e748d174049309b694f28f693b451 [term 0 FOLLOWER]: Leader pre-election won for term 1
I20260710 11:02:03.960426 22962 raft_consensus.cc:740] T c562a06061ad489b96bc538ee04b7cd3 P 71a92dd4bb4a4e8fbebad45ffa5c1996 [term 0 FOLLOWER]: Becoming Follower/Learner. State: Replica: 71a92dd4bb4a4e8fbebad45ffa5c1996, State: Initialized, Role: FOLLOWER
I20260710 11:02:03.964665 23002 raft_consensus.cc:493] T 354dfcb9f2fd40a9933a4869b31b3e9e P d59e748d174049309b694f28f693b451 [term 0 FOLLOWER]: Starting leader election (no leader contacted us within the election timeout)
I20260710 11:02:03.965044 23002 raft_consensus.cc:3060] T 354dfcb9f2fd40a9933a4869b31b3e9e P d59e748d174049309b694f28f693b451 [term 0 FOLLOWER]: Advancing to term 1
I20260710 11:02:03.965205 22962 consensus_queue.cc:260] T c562a06061ad489b96bc538ee04b7cd3 P 71a92dd4bb4a4e8fbebad45ffa5c1996 [NON_LEADER]: Queue going to NON_LEADER mode. State: All replicated index: 0, Majority replicated index: 0, Committed index: 0, Last appended: 0.0, Last appended by leader: 0, Current term: 0, Majority size: -1, State: 0, Mode: NON_LEADER, active raft config: opid_index: -1 OBSOLETE_local: false peers { permanent_uuid: "d59e748d174049309b694f28f693b451" member_type: VOTER last_known_addr { host: "127.21.35.193" port: 41157 } } peers { permanent_uuid: "08bf3dd6cc85441aa34dde8a2690cc36" member_type: VOTER last_known_addr { host: "127.21.35.194" port: 45753 } } peers { permanent_uuid: "71a92dd4bb4a4e8fbebad45ffa5c1996" member_type: VOTER last_known_addr { host: "127.21.35.195" port: 45987 } }
I20260710 11:02:03.966742 22961 ts_tablet_manager.cc:1434] T 40c5720263524706894f74317926113a P d59e748d174049309b694f28f693b451: Time spent starting tablet: real 0.065s	user 0.005s	sys 0.009s
I20260710 11:02:03.968006 22966 leader_election.cc:290] T 77ca4d8452d346e89b50399af8b647ee P d59e748d174049309b694f28f693b451 [CANDIDATE]: Term 1 election: Requested vote from peers 08bf3dd6cc85441aa34dde8a2690cc36 (127.21.35.194:45753), 71a92dd4bb4a4e8fbebad45ffa5c1996 (127.21.35.195:45987)
I20260710 11:02:03.968864 22959 tablet_bootstrap.cc:654] T b622d322610f4b358c99476a5fed09dd P 08bf3dd6cc85441aa34dde8a2690cc36: Neither blocks nor log segments found. Creating new log.
I20260710 11:02:03.971994 22919 raft_consensus.cc:2468] T 11a3347b499d422ba914cee846c1e981 P 71a92dd4bb4a4e8fbebad45ffa5c1996 [term 1 FOLLOWER]: Leader election vote request: Granting yes vote for candidate 08bf3dd6cc85441aa34dde8a2690cc36 in term 1.
I20260710 11:02:03.976897 23000 leader_election.cc:290] T 1add224fc9684f55a67e0eb330e40c5c P 71a92dd4bb4a4e8fbebad45ffa5c1996 [CANDIDATE]: Term 1 pre-election: Requested pre-vote from peers d59e748d174049309b694f28f693b451 (127.21.35.193:41157), 08bf3dd6cc85441aa34dde8a2690cc36 (127.21.35.194:45753)
I20260710 11:02:03.977222 22967 leader_election.cc:290] T 1179bb5749ec43958520d6318c293cd7 P 71a92dd4bb4a4e8fbebad45ffa5c1996 [CANDIDATE]: Term 1 election: Requested vote from peers d59e748d174049309b694f28f693b451 (127.21.35.193:41157), 08bf3dd6cc85441aa34dde8a2690cc36 (127.21.35.194:45753)
I20260710 11:02:03.977707 23000 raft_consensus.cc:2804] T 1179bb5749ec43958520d6318c293cd7 P 71a92dd4bb4a4e8fbebad45ffa5c1996 [term 1 FOLLOWER]: Leader election won for term 1
I20260710 11:02:03.979002 23000 raft_consensus.cc:697] T 1179bb5749ec43958520d6318c293cd7 P 71a92dd4bb4a4e8fbebad45ffa5c1996 [term 1 LEADER]: Becoming Leader. State: Replica: 71a92dd4bb4a4e8fbebad45ffa5c1996, State: Running, Role: LEADER
I20260710 11:02:03.980592 23000 consensus_queue.cc:237] T 1179bb5749ec43958520d6318c293cd7 P 71a92dd4bb4a4e8fbebad45ffa5c1996 [LEADER]: Queue going to LEADER mode. State: All replicated index: 0, Majority replicated index: 0, Committed index: 0, Last appended: 0.0, Last appended by leader: 0, Current term: 1, Majority size: 2, State: 0, Mode: LEADER, active raft config: opid_index: -1 OBSOLETE_local: false peers { permanent_uuid: "d59e748d174049309b694f28f693b451" member_type: VOTER last_known_addr { host: "127.21.35.193" port: 41157 } } peers { permanent_uuid: "08bf3dd6cc85441aa34dde8a2690cc36" member_type: VOTER last_known_addr { host: "127.21.35.194" port: 45753 } } peers { permanent_uuid: "71a92dd4bb4a4e8fbebad45ffa5c1996" member_type: VOTER last_known_addr { host: "127.21.35.195" port: 45987 } }
I20260710 11:02:03.976909 22962 ts_tablet_manager.cc:1434] T c562a06061ad489b96bc538ee04b7cd3 P 71a92dd4bb4a4e8fbebad45ffa5c1996: Time spent starting tablet: real 0.020s	user 0.005s	sys 0.005s
I20260710 11:02:03.979128 22966 raft_consensus.cc:493] T b622d322610f4b358c99476a5fed09dd P d59e748d174049309b694f28f693b451 [term 0 FOLLOWER]: Starting pre-election (no leader contacted us within the election timeout)
I20260710 11:02:03.986621 22966 raft_consensus.cc:515] T b622d322610f4b358c99476a5fed09dd P d59e748d174049309b694f28f693b451 [term 0 FOLLOWER]: Starting pre-election with config: opid_index: -1 OBSOLETE_local: false peers { permanent_uuid: "d59e748d174049309b694f28f693b451" member_type: VOTER last_known_addr { host: "127.21.35.193" port: 41157 } } peers { permanent_uuid: "08bf3dd6cc85441aa34dde8a2690cc36" member_type: VOTER last_known_addr { host: "127.21.35.194" port: 45753 } } peers { permanent_uuid: "71a92dd4bb4a4e8fbebad45ffa5c1996" member_type: VOTER last_known_addr { host: "127.21.35.195" port: 45987 } }
I20260710 11:02:03.988425 22962 tablet_bootstrap.cc:492] T 0a5909bff235424cbaec34e683ae06c2 P 71a92dd4bb4a4e8fbebad45ffa5c1996: Bootstrap starting.
I20260710 11:02:03.989475 22961 tablet_bootstrap.cc:492] T d52e13f1116d4d7590116300555424f5 P d59e748d174049309b694f28f693b451: Bootstrap starting.
I20260710 11:02:03.989848 22812 leader_election.cc:304] T 11a3347b499d422ba914cee846c1e981 P 08bf3dd6cc85441aa34dde8a2690cc36 [CANDIDATE]: Term 1 election: Election decided. Result: candidate won. Election summary: received 3 responses out of 3 voters: 2 yes votes; 1 no votes. yes voters: 08bf3dd6cc85441aa34dde8a2690cc36, 71a92dd4bb4a4e8fbebad45ffa5c1996; no voters: d59e748d174049309b694f28f693b451
I20260710 11:02:03.992962 22996 raft_consensus.cc:2804] T 11a3347b499d422ba914cee846c1e981 P 08bf3dd6cc85441aa34dde8a2690cc36 [term 1 FOLLOWER]: Leader election won for term 1
I20260710 11:02:03.993686 22996 raft_consensus.cc:697] T 11a3347b499d422ba914cee846c1e981 P 08bf3dd6cc85441aa34dde8a2690cc36 [term 1 LEADER]: Becoming Leader. State: Replica: 08bf3dd6cc85441aa34dde8a2690cc36, State: Running, Role: LEADER
I20260710 11:02:03.994643 22996 consensus_queue.cc:237] T 11a3347b499d422ba914cee846c1e981 P 08bf3dd6cc85441aa34dde8a2690cc36 [LEADER]: Queue going to LEADER mode. State: All replicated index: 0, Majority replicated index: 0, Committed index: 0, Last appended: 0.0, Last appended by leader: 0, Current term: 1, Majority size: 2, State: 0, Mode: LEADER, active raft config: opid_index: -1 OBSOLETE_local: false peers { permanent_uuid: "d59e748d174049309b694f28f693b451" member_type: VOTER last_known_addr { host: "127.21.35.193" port: 41157 } } peers { permanent_uuid: "08bf3dd6cc85441aa34dde8a2690cc36" member_type: VOTER last_known_addr { host: "127.21.35.194" port: 45753 } } peers { permanent_uuid: "71a92dd4bb4a4e8fbebad45ffa5c1996" member_type: VOTER last_known_addr { host: "127.21.35.195" port: 45987 } }
W20260710 11:02:03.996007 22735 outbound_call.cc:321] RPC callback for RPC call kudu.consensus.ConsensusService.RequestConsensusVote -> {remote=127.21.35.194:45753, user_credentials={real_user=slave}} blocked reactor thread for 61964.9us
I20260710 11:02:03.998857 22961 tablet_bootstrap.cc:654] T d52e13f1116d4d7590116300555424f5 P d59e748d174049309b694f28f693b451: Neither blocks nor log segments found. Creating new log.
I20260710 11:02:03.999168 22845 tablet_service.cc:1917] Received RequestConsensusVote() RPC: tablet_id: "77ca4d8452d346e89b50399af8b647ee" candidate_uuid: "d59e748d174049309b694f28f693b451" candidate_term: 1 candidate_status { last_received { term: 0 index: 0 } } ignore_live_leader: false dest_uuid: "08bf3dd6cc85441aa34dde8a2690cc36"
I20260710 11:02:04.000844 22966 leader_election.cc:290] T b622d322610f4b358c99476a5fed09dd P d59e748d174049309b694f28f693b451 [CANDIDATE]: Term 1 pre-election: Requested pre-vote from peers 08bf3dd6cc85441aa34dde8a2690cc36 (127.21.35.194:45753), 71a92dd4bb4a4e8fbebad45ffa5c1996 (127.21.35.195:45987)
I20260710 11:02:04.003702 22981 raft_consensus.cc:515] T 1add224fc9684f55a67e0eb330e40c5c P d59e748d174049309b694f28f693b451 [term 1 FOLLOWER]: Starting leader election with config: opid_index: -1 OBSOLETE_local: false peers { permanent_uuid: "d59e748d174049309b694f28f693b451" member_type: VOTER last_known_addr { host: "127.21.35.193" port: 41157 } } peers { permanent_uuid: "08bf3dd6cc85441aa34dde8a2690cc36" member_type: VOTER last_known_addr { host: "127.21.35.194" port: 45753 } } peers { permanent_uuid: "71a92dd4bb4a4e8fbebad45ffa5c1996" member_type: VOTER last_known_addr { host: "127.21.35.195" port: 45987 } }
I20260710 11:02:04.013101 22919 tablet_service.cc:1917] Received RequestConsensusVote() RPC: tablet_id: "77ca4d8452d346e89b50399af8b647ee" candidate_uuid: "d59e748d174049309b694f28f693b451" candidate_term: 1 candidate_status { last_received { term: 0 index: 0 } } ignore_live_leader: false dest_uuid: "71a92dd4bb4a4e8fbebad45ffa5c1996"
I20260710 11:02:04.014210 22919 raft_consensus.cc:3060] T 77ca4d8452d346e89b50399af8b647ee P 71a92dd4bb4a4e8fbebad45ffa5c1996 [term 0 FOLLOWER]: Advancing to term 1
I20260710 11:02:04.015139 22846 tablet_service.cc:1917] Received RequestConsensusVote() RPC: tablet_id: "1179bb5749ec43958520d6318c293cd7" candidate_uuid: "71a92dd4bb4a4e8fbebad45ffa5c1996" candidate_term: 1 candidate_status { last_received { term: 0 index: 0 } } ignore_live_leader: false dest_uuid: "08bf3dd6cc85441aa34dde8a2690cc36"
I20260710 11:02:04.015823 22846 raft_consensus.cc:3060] T 1179bb5749ec43958520d6318c293cd7 P 08bf3dd6cc85441aa34dde8a2690cc36 [term 0 FOLLOWER]: Advancing to term 1
I20260710 11:02:04.015110 22845 tablet_service.cc:1917] Received RequestConsensusVote() RPC: tablet_id: "1add224fc9684f55a67e0eb330e40c5c" candidate_uuid: "71a92dd4bb4a4e8fbebad45ffa5c1996" candidate_term: 1 candidate_status { last_received { term: 0 index: 0 } } ignore_live_leader: false dest_uuid: "08bf3dd6cc85441aa34dde8a2690cc36" is_pre_election: true
I20260710 11:02:04.013161 22920 tablet_service.cc:1917] Received RequestConsensusVote() RPC: tablet_id: "b622d322610f4b358c99476a5fed09dd" candidate_uuid: "d59e748d174049309b694f28f693b451" candidate_term: 1 candidate_status { last_received { term: 0 index: 0 } } ignore_live_leader: false dest_uuid: "71a92dd4bb4a4e8fbebad45ffa5c1996" is_pre_election: true
I20260710 11:02:04.020376 22771 raft_consensus.cc:2393] T 1add224fc9684f55a67e0eb330e40c5c P d59e748d174049309b694f28f693b451 [term 1 FOLLOWER]: Leader pre-election vote request: Denying vote to candidate 71a92dd4bb4a4e8fbebad45ffa5c1996 in current term 1: Already voted for candidate d59e748d174049309b694f28f693b451 in this term.
I20260710 11:02:04.020536 22962 tablet_bootstrap.cc:654] T 0a5909bff235424cbaec34e683ae06c2 P 71a92dd4bb4a4e8fbebad45ffa5c1996: Neither blocks nor log segments found. Creating new log.
W20260710 11:02:04.032123 22735 leader_election.cc:343] T 77ca4d8452d346e89b50399af8b647ee P d59e748d174049309b694f28f693b451 [CANDIDATE]: Term 1 election: Tablet error from VoteRequest() call to peer 08bf3dd6cc85441aa34dde8a2690cc36 (127.21.35.194:45753): Illegal state: must be running to vote when last-logged opid is not known
I20260710 11:02:04.029409 22920 raft_consensus.cc:2468] T b622d322610f4b358c99476a5fed09dd P 71a92dd4bb4a4e8fbebad45ffa5c1996 [term 0 FOLLOWER]: Leader pre-election vote request: Granting yes vote for candidate d59e748d174049309b694f28f693b451 in term 0.
