I20260710 11:02:10.061311 17496 tablet_service.cc:1558] Processing DeleteTablet for tablet b58d359de4004a3f9821113afd7e4fa6 with delete_type TABLET_DATA_TOMBSTONED (TS 4025b7c948724e0fab1d6ba76a1d787c not found in new config with opid_index 4) from {username='slave'} at 127.0.0.1:48580
I20260710 11:02:10.061627 17510 raft_consensus.cc:2955] T 4ec6714efa2546d6b893df25d25b2a18 P 4025b7c948724e0fab1d6ba76a1d787c [term 1 FOLLOWER]: Committing config change with OpId 1.3: config changed from index 2 to 3, 2679cdcf619d4ea6aed9cd1c5f0f3bea (127.15.222.196) changed from NON_VOTER to VOTER. New config: { opid_index: 3 OBSOLETE_local: false peers { permanent_uuid: "d5a9bcad6c4044beacf8a9c9b80d9831" member_type: VOTER last_known_addr { host: "127.15.222.193" port: 38709 } } peers { permanent_uuid: "7cc3a4a090a54778ba14f164c96ea805" member_type: VOTER last_known_addr { host: "127.15.222.194" port: 43929 } } peers { permanent_uuid: "4025b7c948724e0fab1d6ba76a1d787c" member_type: VOTER last_known_addr { host: "127.15.222.195" port: 38131 } attrs { replace: true } } peers { permanent_uuid: "2679cdcf619d4ea6aed9cd1c5f0f3bea" member_type: VOTER last_known_addr { host: "127.15.222.196" port: 36425 } attrs { promote: false } } }
I20260710 11:02:10.066645 17434 raft_consensus.cc:1275] T 8cfee82789814ce88f8ce5ac92e791af P 7cc3a4a090a54778ba14f164c96ea805 [term 1 FOLLOWER]: Refusing update from remote peer 4025b7c948724e0fab1d6ba76a1d787c: Log matching property violated. Preceding OpId in replica: term: 1 index: 2. Preceding OpId from leader: term: 1 index: 3. (index mismatch)
I20260710 11:02:10.056895 17360 raft_consensus.cc:2955] T 4ec6714efa2546d6b893df25d25b2a18 P d5a9bcad6c4044beacf8a9c9b80d9831 [term 1 FOLLOWER]: Committing config change with OpId 1.3: config changed from index 2 to 3, 2679cdcf619d4ea6aed9cd1c5f0f3bea (127.15.222.196) changed from NON_VOTER to VOTER. New config: { opid_index: 3 OBSOLETE_local: false peers { permanent_uuid: "d5a9bcad6c4044beacf8a9c9b80d9831" member_type: VOTER last_known_addr { host: "127.15.222.193" port: 38709 } } peers { permanent_uuid: "7cc3a4a090a54778ba14f164c96ea805" member_type: VOTER last_known_addr { host: "127.15.222.194" port: 43929 } } peers { permanent_uuid: "4025b7c948724e0fab1d6ba76a1d787c" member_type: VOTER last_known_addr { host: "127.15.222.195" port: 38131 } attrs { replace: true } } peers { permanent_uuid: "2679cdcf619d4ea6aed9cd1c5f0f3bea" member_type: VOTER last_known_addr { host: "127.15.222.196" port: 36425 } attrs { promote: false } } }
I20260710 11:02:10.067516 17361 raft_consensus.cc:1275] T 8cfee82789814ce88f8ce5ac92e791af P d5a9bcad6c4044beacf8a9c9b80d9831 [term 1 FOLLOWER]: Refusing update from remote peer 4025b7c948724e0fab1d6ba76a1d787c: Log matching property violated. Preceding OpId in replica: term: 1 index: 2. Preceding OpId from leader: term: 1 index: 3. (index mismatch)
I20260710 11:02:10.075814 17932 consensus_queue.cc:1048] T 8cfee82789814ce88f8ce5ac92e791af P 4025b7c948724e0fab1d6ba76a1d787c [LEADER]: Connected to new peer: Peer: permanent_uuid: "d5a9bcad6c4044beacf8a9c9b80d9831" member_type: VOTER last_known_addr { host: "127.15.222.193" port: 38709 } attrs { replace: true }, Status: LMP_MISMATCH, Last received: 0.0, Next index: 3, Last known committed idx: 2, Time since last communication: 0.000s
I20260710 11:02:10.075264 17259 catalog_manager.cc:5697] T 4ec6714efa2546d6b893df25d25b2a18 P 7cc3a4a090a54778ba14f164c96ea805 reported cstate change: config changed from index 2 to 3, 2679cdcf619d4ea6aed9cd1c5f0f3bea (127.15.222.196) changed from NON_VOTER to VOTER. New cstate: current_term: 1 leader_uuid: "7cc3a4a090a54778ba14f164c96ea805" committed_config { opid_index: 3 OBSOLETE_local: false peers { permanent_uuid: "d5a9bcad6c4044beacf8a9c9b80d9831" member_type: VOTER last_known_addr { host: "127.15.222.193" port: 38709 } health_report { overall_health: HEALTHY } } peers { permanent_uuid: "7cc3a4a090a54778ba14f164c96ea805" member_type: VOTER last_known_addr { host: "127.15.222.194" port: 43929 } health_report { overall_health: HEALTHY } } peers { permanent_uuid: "4025b7c948724e0fab1d6ba76a1d787c" member_type: VOTER last_known_addr { host: "127.15.222.195" port: 38131 } attrs { replace: true } health_report { overall_health: HEALTHY } } peers { permanent_uuid: "2679cdcf619d4ea6aed9cd1c5f0f3bea" member_type: VOTER last_known_addr { host: "127.15.222.196" port: 36425 } attrs { promote: false } health_report { overall_health: UNKNOWN } } }
I20260710 11:02:10.078464 17932 consensus_queue.cc:1048] T 8cfee82789814ce88f8ce5ac92e791af P 4025b7c948724e0fab1d6ba76a1d787c [LEADER]: Connected to new peer: Peer: permanent_uuid: "7cc3a4a090a54778ba14f164c96ea805" member_type: VOTER last_known_addr { host: "127.15.222.194" port: 43929 }, Status: LMP_MISMATCH, Last received: 0.0, Next index: 3, Last known committed idx: 2, Time since last communication: 0.000s
I20260710 11:02:10.088552 17782 raft_consensus.cc:1275] T 4551445a5ddb4289b24114409bcb666c P 2679cdcf619d4ea6aed9cd1c5f0f3bea [term 1 FOLLOWER]: Refusing update from remote peer 4025b7c948724e0fab1d6ba76a1d787c: Log matching property violated. Preceding OpId in replica: term: 1 index: 3. Preceding OpId from leader: term: 1 index: 4. (index mismatch)
I20260710 11:02:10.065351 17939 consensus_queue.cc:1048] T 4551445a5ddb4289b24114409bcb666c P 4025b7c948724e0fab1d6ba76a1d787c [LEADER]: Connected to new peer: Peer: permanent_uuid: "d5a9bcad6c4044beacf8a9c9b80d9831" member_type: VOTER last_known_addr { host: "127.15.222.193" port: 38709 }, Status: LMP_MISMATCH, Last received: 0.0, Next index: 4, Last known committed idx: 3, Time since last communication: 0.029s
I20260710 11:02:10.095254 17951 consensus_queue.cc:1048] T 4551445a5ddb4289b24114409bcb666c P 4025b7c948724e0fab1d6ba76a1d787c [LEADER]: Connected to new peer: Peer: permanent_uuid: "2679cdcf619d4ea6aed9cd1c5f0f3bea" member_type: VOTER last_known_addr { host: "127.15.222.196" port: 36425 } attrs { promote: false }, Status: LMP_MISMATCH, Last received: 0.0, Next index: 4, Last known committed idx: 3, Time since last communication: 0.001s
I20260710 11:02:10.109607 17672 raft_consensus.cc:2955] T 4551445a5ddb4289b24114409bcb666c P 4025b7c948724e0fab1d6ba76a1d787c [term 1 LEADER]: Committing config change with OpId 1.4: config changed from index 3 to 4, VOTER 7cc3a4a090a54778ba14f164c96ea805 (127.15.222.194) evicted. New config: { opid_index: 4 OBSOLETE_local: false peers { permanent_uuid: "d5a9bcad6c4044beacf8a9c9b80d9831" member_type: VOTER last_known_addr { host: "127.15.222.193" port: 38709 } } peers { permanent_uuid: "4025b7c948724e0fab1d6ba76a1d787c" member_type: VOTER last_known_addr { host: "127.15.222.195" port: 38131 } } peers { permanent_uuid: "2679cdcf619d4ea6aed9cd1c5f0f3bea" member_type: VOTER last_known_addr { host: "127.15.222.196" port: 36425 } attrs { promote: false } } }
I20260710 11:02:10.112495 17779 raft_consensus.cc:2955] T 4551445a5ddb4289b24114409bcb666c P 2679cdcf619d4ea6aed9cd1c5f0f3bea [term 1 FOLLOWER]: Committing config change with OpId 1.4: config changed from index 3 to 4, VOTER 7cc3a4a090a54778ba14f164c96ea805 (127.15.222.194) evicted. New config: { opid_index: 4 OBSOLETE_local: false peers { permanent_uuid: "d5a9bcad6c4044beacf8a9c9b80d9831" member_type: VOTER last_known_addr { host: "127.15.222.193" port: 38709 } } peers { permanent_uuid: "4025b7c948724e0fab1d6ba76a1d787c" member_type: VOTER last_known_addr { host: "127.15.222.195" port: 38131 } } peers { permanent_uuid: "2679cdcf619d4ea6aed9cd1c5f0f3bea" member_type: VOTER last_known_addr { host: "127.15.222.196" port: 36425 } attrs { promote: false } } }
I20260710 11:02:10.123327 17362 raft_consensus.cc:2955] T 4551445a5ddb4289b24114409bcb666c P d5a9bcad6c4044beacf8a9c9b80d9831 [term 1 FOLLOWER]: Committing config change with OpId 1.4: config changed from index 3 to 4, VOTER 7cc3a4a090a54778ba14f164c96ea805 (127.15.222.194) evicted. New config: { opid_index: 4 OBSOLETE_local: false peers { permanent_uuid: "d5a9bcad6c4044beacf8a9c9b80d9831" member_type: VOTER last_known_addr { host: "127.15.222.193" port: 38709 } } peers { permanent_uuid: "4025b7c948724e0fab1d6ba76a1d787c" member_type: VOTER last_known_addr { host: "127.15.222.195" port: 38131 } } peers { permanent_uuid: "2679cdcf619d4ea6aed9cd1c5f0f3bea" member_type: VOTER last_known_addr { host: "127.15.222.196" port: 36425 } attrs { promote: false } } }
I20260710 11:02:10.125512 17953 tablet_replica.cc:333] T b58d359de4004a3f9821113afd7e4fa6 P 4025b7c948724e0fab1d6ba76a1d787c: stopping tablet replica
I20260710 11:02:10.120867 17778 raft_consensus.cc:2955] T 4ec6714efa2546d6b893df25d25b2a18 P 2679cdcf619d4ea6aed9cd1c5f0f3bea [term 1 FOLLOWER]: Committing config change with OpId 1.3: config changed from index 2 to 3, 2679cdcf619d4ea6aed9cd1c5f0f3bea (127.15.222.196) changed from NON_VOTER to VOTER. New config: { opid_index: 3 OBSOLETE_local: false peers { permanent_uuid: "d5a9bcad6c4044beacf8a9c9b80d9831" member_type: VOTER last_known_addr { host: "127.15.222.193" port: 38709 } } peers { permanent_uuid: "7cc3a4a090a54778ba14f164c96ea805" member_type: VOTER last_known_addr { host: "127.15.222.194" port: 43929 } } peers { permanent_uuid: "4025b7c948724e0fab1d6ba76a1d787c" member_type: VOTER last_known_addr { host: "127.15.222.195" port: 38131 } attrs { replace: true } } peers { permanent_uuid: "2679cdcf619d4ea6aed9cd1c5f0f3bea" member_type: VOTER last_known_addr { host: "127.15.222.196" port: 36425 } attrs { promote: false } } }
I20260710 11:02:10.127590 17953 raft_consensus.cc:2243] T b58d359de4004a3f9821113afd7e4fa6 P 4025b7c948724e0fab1d6ba76a1d787c [term 1 FOLLOWER]: Raft consensus shutting down.
I20260710 11:02:10.129199 17953 raft_consensus.cc:2272] T b58d359de4004a3f9821113afd7e4fa6 P 4025b7c948724e0fab1d6ba76a1d787c [term 1 FOLLOWER]: Raft consensus is shut down!
I20260710 11:02:10.142787 17247 catalog_manager.cc:5210] ChangeConfig:REMOVE_PEER RPC for tablet 4551445a5ddb4289b24114409bcb666c with cas_config_opid_index 3: ChangeConfig:REMOVE_PEER succeeded (attempt 1)
I20260710 11:02:10.143198 17434 consensus_queue.cc:237] T 4ec6714efa2546d6b893df25d25b2a18 P 7cc3a4a090a54778ba14f164c96ea805 [LEADER]: Queue going to LEADER mode. State: All replicated index: 0, Majority replicated index: 3, Committed index: 3, Last appended: 1.3, Last appended by leader: 0, Current term: 1, Majority size: 2, State: 0, Mode: LEADER, active raft config: opid_index: 4 OBSOLETE_local: false peers { permanent_uuid: "d5a9bcad6c4044beacf8a9c9b80d9831" member_type: VOTER last_known_addr { host: "127.15.222.193" port: 38709 } } peers { permanent_uuid: "7cc3a4a090a54778ba14f164c96ea805" member_type: VOTER last_known_addr { host: "127.15.222.194" port: 43929 } } peers { permanent_uuid: "2679cdcf619d4ea6aed9cd1c5f0f3bea" member_type: VOTER last_known_addr { host: "127.15.222.196" port: 36425 } attrs { promote: false } }
I20260710 11:02:10.135244 17258 catalog_manager.cc:5697] T 4551445a5ddb4289b24114409bcb666c P 2679cdcf619d4ea6aed9cd1c5f0f3bea reported cstate change: config changed from index 3 to 4, VOTER 7cc3a4a090a54778ba14f164c96ea805 (127.15.222.194) evicted. New cstate: current_term: 1 leader_uuid: "4025b7c948724e0fab1d6ba76a1d787c" committed_config { opid_index: 4 OBSOLETE_local: false peers { permanent_uuid: "d5a9bcad6c4044beacf8a9c9b80d9831" member_type: VOTER last_known_addr { host: "127.15.222.193" port: 38709 } } peers { permanent_uuid: "4025b7c948724e0fab1d6ba76a1d787c" member_type: VOTER last_known_addr { host: "127.15.222.195" port: 38131 } } peers { permanent_uuid: "2679cdcf619d4ea6aed9cd1c5f0f3bea" member_type: VOTER last_known_addr { host: "127.15.222.196" port: 36425 } attrs { promote: false } } }
I20260710 11:02:10.151611 17953 ts_tablet_manager.cc:1916] T b58d359de4004a3f9821113afd7e4fa6 P 4025b7c948724e0fab1d6ba76a1d787c: Deleting tablet data with delete state TABLET_DATA_TOMBSTONED
I20260710 11:02:10.151650 17360 raft_consensus.cc:1275] T 4ec6714efa2546d6b893df25d25b2a18 P d5a9bcad6c4044beacf8a9c9b80d9831 [term 1 FOLLOWER]: Refusing update from remote peer 7cc3a4a090a54778ba14f164c96ea805: Log matching property violated. Preceding OpId in replica: term: 1 index: 3. Preceding OpId from leader: term: 1 index: 4. (index mismatch)
I20260710 11:02:10.153982 17878 consensus_queue.cc:1048] T 4ec6714efa2546d6b893df25d25b2a18 P 7cc3a4a090a54778ba14f164c96ea805 [LEADER]: Connected to new peer: Peer: permanent_uuid: "d5a9bcad6c4044beacf8a9c9b80d9831" member_type: VOTER last_known_addr { host: "127.15.222.193" port: 38709 }, Status: LMP_MISMATCH, Last received: 0.0, Next index: 4, Last known committed idx: 3, Time since last communication: 0.000s
I20260710 11:02:10.155652 17672 raft_consensus.cc:2955] T 8cfee82789814ce88f8ce5ac92e791af P 4025b7c948724e0fab1d6ba76a1d787c [term 1 LEADER]: Committing config change with OpId 1.3: config changed from index 2 to 3, 2679cdcf619d4ea6aed9cd1c5f0f3bea (127.15.222.196) changed from NON_VOTER to VOTER. New config: { opid_index: 3 OBSOLETE_local: false peers { permanent_uuid: "d5a9bcad6c4044beacf8a9c9b80d9831" member_type: VOTER last_known_addr { host: "127.15.222.193" port: 38709 } attrs { replace: true } } peers { permanent_uuid: "7cc3a4a090a54778ba14f164c96ea805" member_type: VOTER last_known_addr { host: "127.15.222.194" port: 43929 } } peers { permanent_uuid: "4025b7c948724e0fab1d6ba76a1d787c" member_type: VOTER last_known_addr { host: "127.15.222.195" port: 38131 } } peers { permanent_uuid: "2679cdcf619d4ea6aed9cd1c5f0f3bea" member_type: VOTER last_known_addr { host: "127.15.222.196" port: 36425 } attrs { promote: false } } }
I20260710 11:02:10.155710 17362 raft_consensus.cc:2955] T 8cfee82789814ce88f8ce5ac92e791af P d5a9bcad6c4044beacf8a9c9b80d9831 [term 1 FOLLOWER]: Committing config change with OpId 1.3: config changed from index 2 to 3, 2679cdcf619d4ea6aed9cd1c5f0f3bea (127.15.222.196) changed from NON_VOTER to VOTER. New config: { opid_index: 3 OBSOLETE_local: false peers { permanent_uuid: "d5a9bcad6c4044beacf8a9c9b80d9831" member_type: VOTER last_known_addr { host: "127.15.222.193" port: 38709 } attrs { replace: true } } peers { permanent_uuid: "7cc3a4a090a54778ba14f164c96ea805" member_type: VOTER last_known_addr { host: "127.15.222.194" port: 43929 } } peers { permanent_uuid: "4025b7c948724e0fab1d6ba76a1d787c" member_type: VOTER last_known_addr { host: "127.15.222.195" port: 38131 } } peers { permanent_uuid: "2679cdcf619d4ea6aed9cd1c5f0f3bea" member_type: VOTER last_known_addr { host: "127.15.222.196" port: 36425 } attrs { promote: false } } }
I20260710 11:02:10.161197 17878 raft_consensus.cc:2955] T 4ec6714efa2546d6b893df25d25b2a18 P 7cc3a4a090a54778ba14f164c96ea805 [term 1 LEADER]: Committing config change with OpId 1.4: config changed from index 3 to 4, VOTER 4025b7c948724e0fab1d6ba76a1d787c (127.15.222.195) evicted. New config: { opid_index: 4 OBSOLETE_local: false peers { permanent_uuid: "d5a9bcad6c4044beacf8a9c9b80d9831" member_type: VOTER last_known_addr { host: "127.15.222.193" port: 38709 } } peers { permanent_uuid: "7cc3a4a090a54778ba14f164c96ea805" member_type: VOTER last_known_addr { host: "127.15.222.194" port: 43929 } } peers { permanent_uuid: "2679cdcf619d4ea6aed9cd1c5f0f3bea" member_type: VOTER last_known_addr { host: "127.15.222.196" port: 36425 } attrs { promote: false } } }
I20260710 11:02:10.163965 17423 tablet_service.cc:1558] Processing DeleteTablet for tablet 4551445a5ddb4289b24114409bcb666c with delete_type TABLET_DATA_TOMBSTONED (TS 7cc3a4a090a54778ba14f164c96ea805 not found in new config with opid_index 4) from {username='slave'} at 127.0.0.1:49038
I20260710 11:02:10.163774 17359 raft_consensus.cc:2955] T 4ec6714efa2546d6b893df25d25b2a18 P d5a9bcad6c4044beacf8a9c9b80d9831 [term 1 FOLLOWER]: Committing config change with OpId 1.4: config changed from index 3 to 4, VOTER 4025b7c948724e0fab1d6ba76a1d787c (127.15.222.195) evicted. New config: { opid_index: 4 OBSOLETE_local: false peers { permanent_uuid: "d5a9bcad6c4044beacf8a9c9b80d9831" member_type: VOTER last_known_addr { host: "127.15.222.193" port: 38709 } } peers { permanent_uuid: "7cc3a4a090a54778ba14f164c96ea805" member_type: VOTER last_known_addr { host: "127.15.222.194" port: 43929 } } peers { permanent_uuid: "2679cdcf619d4ea6aed9cd1c5f0f3bea" member_type: VOTER last_known_addr { host: "127.15.222.196" port: 36425 } attrs { promote: false } } }
I20260710 11:02:10.163686 17781 raft_consensus.cc:1275] T 4ec6714efa2546d6b893df25d25b2a18 P 2679cdcf619d4ea6aed9cd1c5f0f3bea [term 1 FOLLOWER]: Refusing update from remote peer 7cc3a4a090a54778ba14f164c96ea805: Log matching property violated. Preceding OpId in replica: term: 1 index: 3. Preceding OpId from leader: term: 1 index: 4. (index mismatch)
I20260710 11:02:10.170125 17891 consensus_queue.cc:1048] T 4ec6714efa2546d6b893df25d25b2a18 P 7cc3a4a090a54778ba14f164c96ea805 [LEADER]: Connected to new peer: Peer: permanent_uuid: "2679cdcf619d4ea6aed9cd1c5f0f3bea" member_type: VOTER last_known_addr { host: "127.15.222.196" port: 36425 } attrs { promote: false }, Status: LMP_MISMATCH, Last received: 0.0, Next index: 4, Last known committed idx: 3, Time since last communication: 0.000s
I20260710 11:02:10.172685 17778 raft_consensus.cc:2955] T 8cfee82789814ce88f8ce5ac92e791af P 2679cdcf619d4ea6aed9cd1c5f0f3bea [term 1 FOLLOWER]: Committing config change with OpId 1.3: config changed from index 2 to 3, 2679cdcf619d4ea6aed9cd1c5f0f3bea (127.15.222.196) changed from NON_VOTER to VOTER. New config: { opid_index: 3 OBSOLETE_local: false peers { permanent_uuid: "d5a9bcad6c4044beacf8a9c9b80d9831" member_type: VOTER last_known_addr { host: "127.15.222.193" port: 38709 } attrs { replace: true } } peers { permanent_uuid: "7cc3a4a090a54778ba14f164c96ea805" member_type: VOTER last_known_addr { host: "127.15.222.194" port: 43929 } } peers { permanent_uuid: "4025b7c948724e0fab1d6ba76a1d787c" member_type: VOTER last_known_addr { host: "127.15.222.195" port: 38131 } } peers { permanent_uuid: "2679cdcf619d4ea6aed9cd1c5f0f3bea" member_type: VOTER last_known_addr { host: "127.15.222.196" port: 36425 } attrs { promote: false } } }
I20260710 11:02:10.186769 17258 catalog_manager.cc:5697] T 8cfee82789814ce88f8ce5ac92e791af P d5a9bcad6c4044beacf8a9c9b80d9831 reported cstate change: config changed from index 2 to 3, 2679cdcf619d4ea6aed9cd1c5f0f3bea (127.15.222.196) changed from NON_VOTER to VOTER. New cstate: current_term: 1 leader_uuid: "4025b7c948724e0fab1d6ba76a1d787c" committed_config { opid_index: 3 OBSOLETE_local: false peers { permanent_uuid: "d5a9bcad6c4044beacf8a9c9b80d9831" member_type: VOTER last_known_addr { host: "127.15.222.193" port: 38709 } attrs { replace: true } } peers { permanent_uuid: "7cc3a4a090a54778ba14f164c96ea805" member_type: VOTER last_known_addr { host: "127.15.222.194" port: 43929 } } peers { permanent_uuid: "4025b7c948724e0fab1d6ba76a1d787c" member_type: VOTER last_known_addr { host: "127.15.222.195" port: 38131 } } peers { permanent_uuid: "2679cdcf619d4ea6aed9cd1c5f0f3bea" member_type: VOTER last_known_addr { host: "127.15.222.196" port: 36425 } attrs { promote: false } } }
I20260710 11:02:10.164355 17434 raft_consensus.cc:2955] T 8cfee82789814ce88f8ce5ac92e791af P 7cc3a4a090a54778ba14f164c96ea805 [term 1 FOLLOWER]: Committing config change with OpId 1.3: config changed from index 2 to 3, 2679cdcf619d4ea6aed9cd1c5f0f3bea (127.15.222.196) changed from NON_VOTER to VOTER. New config: { opid_index: 3 OBSOLETE_local: false peers { permanent_uuid: "d5a9bcad6c4044beacf8a9c9b80d9831" member_type: VOTER last_known_addr { host: "127.15.222.193" port: 38709 } attrs { replace: true } } peers { permanent_uuid: "7cc3a4a090a54778ba14f164c96ea805" member_type: VOTER last_known_addr { host: "127.15.222.194" port: 43929 } } peers { permanent_uuid: "4025b7c948724e0fab1d6ba76a1d787c" member_type: VOTER last_known_addr { host: "127.15.222.195" port: 38131 } } peers { permanent_uuid: "2679cdcf619d4ea6aed9cd1c5f0f3bea" member_type: VOTER last_known_addr { host: "127.15.222.196" port: 36425 } attrs { promote: false } } }
I20260710 11:02:10.192088 17244 catalog_manager.cc:5210] ChangeConfig:REMOVE_PEER RPC for tablet 4ec6714efa2546d6b893df25d25b2a18 with cas_config_opid_index 3: ChangeConfig:REMOVE_PEER succeeded (attempt 1)
I20260710 11:02:10.192121 17781 raft_consensus.cc:2955] T 4ec6714efa2546d6b893df25d25b2a18 P 2679cdcf619d4ea6aed9cd1c5f0f3bea [term 1 FOLLOWER]: Committing config change with OpId 1.4: config changed from index 3 to 4, VOTER 4025b7c948724e0fab1d6ba76a1d787c (127.15.222.195) evicted. New config: { opid_index: 4 OBSOLETE_local: false peers { permanent_uuid: "d5a9bcad6c4044beacf8a9c9b80d9831" member_type: VOTER last_known_addr { host: "127.15.222.193" port: 38709 } } peers { permanent_uuid: "7cc3a4a090a54778ba14f164c96ea805" member_type: VOTER last_known_addr { host: "127.15.222.194" port: 43929 } } peers { permanent_uuid: "2679cdcf619d4ea6aed9cd1c5f0f3bea" member_type: VOTER last_known_addr { host: "127.15.222.196" port: 36425 } attrs { promote: false } } }
I20260710 11:02:10.200942 17958 tablet_replica.cc:333] T 4551445a5ddb4289b24114409bcb666c P 7cc3a4a090a54778ba14f164c96ea805: stopping tablet replica
I20260710 11:02:10.210891 17953 ts_tablet_manager.cc:1929] T b58d359de4004a3f9821113afd7e4fa6 P 4025b7c948724e0fab1d6ba76a1d787c: tablet deleted with delete type TABLET_DATA_TOMBSTONED: last-logged OpId 1.3
I20260710 11:02:10.211027 17256 catalog_manager.cc:5697] T 4ec6714efa2546d6b893df25d25b2a18 P 7cc3a4a090a54778ba14f164c96ea805 reported cstate change: config changed from index 3 to 4, VOTER 4025b7c948724e0fab1d6ba76a1d787c (127.15.222.195) evicted. New cstate: current_term: 1 leader_uuid: "7cc3a4a090a54778ba14f164c96ea805" committed_config { opid_index: 4 OBSOLETE_local: false peers { permanent_uuid: "d5a9bcad6c4044beacf8a9c9b80d9831" member_type: VOTER last_known_addr { host: "127.15.222.193" port: 38709 } health_report { overall_health: HEALTHY } } peers { permanent_uuid: "7cc3a4a090a54778ba14f164c96ea805" member_type: VOTER last_known_addr { host: "127.15.222.194" port: 43929 } health_report { overall_health: HEALTHY } } peers { permanent_uuid: "2679cdcf619d4ea6aed9cd1c5f0f3bea" member_type: VOTER last_known_addr { host: "127.15.222.196" port: 36425 } attrs { promote: false } health_report { overall_health: UNKNOWN } } }
I20260710 11:02:10.212760 17953 log.cc:1199] T b58d359de4004a3f9821113afd7e4fa6 P 4025b7c948724e0fab1d6ba76a1d787c: Deleting WAL directory at /tmp/dist-test-taskP4Z7UT/test-tmp/auto_leader_rebalancer-test.0.LeaderRebalancerTest.AddTserver.1783681298418534-16251-0/minicluster-data/ts-2-root/wals/b58d359de4004a3f9821113afd7e4fa6
I20260710 11:02:10.214386 17247 catalog_manager.cc:5028] TS 4025b7c948724e0fab1d6ba76a1d787c (127.15.222.195:38131): tablet b58d359de4004a3f9821113afd7e4fa6 (table test-workload [id=e68b3f44a5874871b0b61a3c3e47efab]) successfully deleted
I20260710 11:02:10.214622 17958 raft_consensus.cc:2243] T 4551445a5ddb4289b24114409bcb666c P 7cc3a4a090a54778ba14f164c96ea805 [term 1 FOLLOWER]: Raft consensus shutting down.
I20260710 11:02:10.215377 17958 raft_consensus.cc:2272] T 4551445a5ddb4289b24114409bcb666c P 7cc3a4a090a54778ba14f164c96ea805 [term 1 FOLLOWER]: Raft consensus is shut down!
I20260710 11:02:10.218564 17958 ts_tablet_manager.cc:1916] T 4551445a5ddb4289b24114409bcb666c P 7cc3a4a090a54778ba14f164c96ea805: Deleting tablet data with delete state TABLET_DATA_TOMBSTONED
I20260710 11:02:10.223661 17496 tablet_service.cc:1558] Processing DeleteTablet for tablet 4ec6714efa2546d6b893df25d25b2a18 with delete_type TABLET_DATA_TOMBSTONED (TS 4025b7c948724e0fab1d6ba76a1d787c not found in new config with opid_index 4) from {username='slave'} at 127.0.0.1:48580
I20260710 11:02:10.224514 17953 tablet_replica.cc:333] T 4ec6714efa2546d6b893df25d25b2a18 P 4025b7c948724e0fab1d6ba76a1d787c: stopping tablet replica
I20260710 11:02:10.226549 17953 raft_consensus.cc:2243] T 4ec6714efa2546d6b893df25d25b2a18 P 4025b7c948724e0fab1d6ba76a1d787c [term 1 FOLLOWER]: Raft consensus shutting down.
I20260710 11:02:10.234191 17958 ts_tablet_manager.cc:1929] T 4551445a5ddb4289b24114409bcb666c P 7cc3a4a090a54778ba14f164c96ea805: tablet deleted with delete type TABLET_DATA_TOMBSTONED: last-logged OpId 1.3
I20260710 11:02:10.234351 17953 raft_consensus.cc:2272] T 4ec6714efa2546d6b893df25d25b2a18 P 4025b7c948724e0fab1d6ba76a1d787c [term 1 FOLLOWER]: Raft consensus is shut down!
I20260710 11:02:10.234768 17958 log.cc:1199] T 4551445a5ddb4289b24114409bcb666c P 7cc3a4a090a54778ba14f164c96ea805: Deleting WAL directory at /tmp/dist-test-taskP4Z7UT/test-tmp/auto_leader_rebalancer-test.0.LeaderRebalancerTest.AddTserver.1783681298418534-16251-0/minicluster-data/ts-1-root/wals/4551445a5ddb4289b24114409bcb666c
I20260710 11:02:10.237143 17510 consensus_queue.cc:237] T 8cfee82789814ce88f8ce5ac92e791af P 4025b7c948724e0fab1d6ba76a1d787c [LEADER]: Queue going to LEADER mode. State: All replicated index: 0, Majority replicated index: 3, Committed index: 3, Last appended: 1.3, Last appended by leader: 0, Current term: 1, Majority size: 2, State: 0, Mode: LEADER, active raft config: opid_index: 4 OBSOLETE_local: false peers { permanent_uuid: "7cc3a4a090a54778ba14f164c96ea805" member_type: VOTER last_known_addr { host: "127.15.222.194" port: 43929 } } peers { permanent_uuid: "4025b7c948724e0fab1d6ba76a1d787c" member_type: VOTER last_known_addr { host: "127.15.222.195" port: 38131 } } peers { permanent_uuid: "2679cdcf619d4ea6aed9cd1c5f0f3bea" member_type: VOTER last_known_addr { host: "127.15.222.196" port: 36425 } attrs { promote: false } }
I20260710 11:02:10.239176 17244 catalog_manager.cc:5028] TS 7cc3a4a090a54778ba14f164c96ea805 (127.15.222.194:43929): tablet 4551445a5ddb4289b24114409bcb666c (table test-workload [id=e68b3f44a5874871b0b61a3c3e47efab]) successfully deleted
I20260710 11:02:10.242498 17953 ts_tablet_manager.cc:1916] T 4ec6714efa2546d6b893df25d25b2a18 P 4025b7c948724e0fab1d6ba76a1d787c: Deleting tablet data with delete state TABLET_DATA_TOMBSTONED
I20260710 11:02:10.242498 17781 raft_consensus.cc:1275] T 8cfee82789814ce88f8ce5ac92e791af P 2679cdcf619d4ea6aed9cd1c5f0f3bea [term 1 FOLLOWER]: Refusing update from remote peer 4025b7c948724e0fab1d6ba76a1d787c: Log matching property violated. Preceding OpId in replica: term: 1 index: 3. Preceding OpId from leader: term: 1 index: 4. (index mismatch)
I20260710 11:02:10.244275 17939 consensus_queue.cc:1048] T 8cfee82789814ce88f8ce5ac92e791af P 4025b7c948724e0fab1d6ba76a1d787c [LEADER]: Connected to new peer: Peer: permanent_uuid: "2679cdcf619d4ea6aed9cd1c5f0f3bea" member_type: VOTER last_known_addr { host: "127.15.222.196" port: 36425 } attrs { promote: false }, Status: LMP_MISMATCH, Last received: 0.0, Next index: 4, Last known committed idx: 3, Time since last communication: 0.000s
I20260710 11:02:10.245345 17434 raft_consensus.cc:1275] T 8cfee82789814ce88f8ce5ac92e791af P 7cc3a4a090a54778ba14f164c96ea805 [term 1 FOLLOWER]: Refusing update from remote peer 4025b7c948724e0fab1d6ba76a1d787c: Log matching property violated. Preceding OpId in replica: term: 1 index: 3. Preceding OpId from leader: term: 1 index: 4. (index mismatch)
I20260710 11:02:10.248270 17957 consensus_queue.cc:1048] T 8cfee82789814ce88f8ce5ac92e791af P 4025b7c948724e0fab1d6ba76a1d787c [LEADER]: Connected to new peer: Peer: permanent_uuid: "7cc3a4a090a54778ba14f164c96ea805" member_type: VOTER last_known_addr { host: "127.15.222.194" port: 43929 }, Status: LMP_MISMATCH, Last received: 0.0, Next index: 4, Last known committed idx: 3, Time since last communication: 0.001s
I20260710 11:02:10.252871 17957 raft_consensus.cc:2955] T 8cfee82789814ce88f8ce5ac92e791af P 4025b7c948724e0fab1d6ba76a1d787c [term 1 LEADER]: Committing config change with OpId 1.4: config changed from index 3 to 4, VOTER d5a9bcad6c4044beacf8a9c9b80d9831 (127.15.222.193) evicted. New config: { opid_index: 4 OBSOLETE_local: false peers { permanent_uuid: "7cc3a4a090a54778ba14f164c96ea805" member_type: VOTER last_known_addr { host: "127.15.222.194" port: 43929 } } peers { permanent_uuid: "4025b7c948724e0fab1d6ba76a1d787c" member_type: VOTER last_known_addr { host: "127.15.222.195" port: 38131 } } peers { permanent_uuid: "2679cdcf619d4ea6aed9cd1c5f0f3bea" member_type: VOTER last_known_addr { host: "127.15.222.196" port: 36425 } attrs { promote: false } } }
I20260710 11:02:10.256948 17436 raft_consensus.cc:2955] T 8cfee82789814ce88f8ce5ac92e791af P 7cc3a4a090a54778ba14f164c96ea805 [term 1 FOLLOWER]: Committing config change with OpId 1.4: config changed from index 3 to 4, VOTER d5a9bcad6c4044beacf8a9c9b80d9831 (127.15.222.193) evicted. New config: { opid_index: 4 OBSOLETE_local: false peers { permanent_uuid: "7cc3a4a090a54778ba14f164c96ea805" member_type: VOTER last_known_addr { host: "127.15.222.194" port: 43929 } } peers { permanent_uuid: "4025b7c948724e0fab1d6ba76a1d787c" member_type: VOTER last_known_addr { host: "127.15.222.195" port: 38131 } } peers { permanent_uuid: "2679cdcf619d4ea6aed9cd1c5f0f3bea" member_type: VOTER last_known_addr { host: "127.15.222.196" port: 36425 } attrs { promote: false } } }
I20260710 11:02:10.257169 17781 raft_consensus.cc:2955] T 8cfee82789814ce88f8ce5ac92e791af P 2679cdcf619d4ea6aed9cd1c5f0f3bea [term 1 FOLLOWER]: Committing config change with OpId 1.4: config changed from index 3 to 4, VOTER d5a9bcad6c4044beacf8a9c9b80d9831 (127.15.222.193) evicted. New config: { opid_index: 4 OBSOLETE_local: false peers { permanent_uuid: "7cc3a4a090a54778ba14f164c96ea805" member_type: VOTER last_known_addr { host: "127.15.222.194" port: 43929 } } peers { permanent_uuid: "4025b7c948724e0fab1d6ba76a1d787c" member_type: VOTER last_known_addr { host: "127.15.222.195" port: 38131 } } peers { permanent_uuid: "2679cdcf619d4ea6aed9cd1c5f0f3bea" member_type: VOTER last_known_addr { host: "127.15.222.196" port: 36425 } attrs { promote: false } } }
I20260710 11:02:10.266944 17953 ts_tablet_manager.cc:1929] T 4ec6714efa2546d6b893df25d25b2a18 P 4025b7c948724e0fab1d6ba76a1d787c: tablet deleted with delete type TABLET_DATA_TOMBSTONED: last-logged OpId 1.3
I20260710 11:02:10.267339 17953 log.cc:1199] T 4ec6714efa2546d6b893df25d25b2a18 P 4025b7c948724e0fab1d6ba76a1d787c: Deleting WAL directory at /tmp/dist-test-taskP4Z7UT/test-tmp/auto_leader_rebalancer-test.0.LeaderRebalancerTest.AddTserver.1783681298418534-16251-0/minicluster-data/ts-2-root/wals/4ec6714efa2546d6b893df25d25b2a18
I20260710 11:02:10.269246 17247 catalog_manager.cc:5028] TS 4025b7c948724e0fab1d6ba76a1d787c (127.15.222.195:38131): tablet 4ec6714efa2546d6b893df25d25b2a18 (table test-workload [id=e68b3f44a5874871b0b61a3c3e47efab]) successfully deleted
I20260710 11:02:10.271373 17256 catalog_manager.cc:5697] T 8cfee82789814ce88f8ce5ac92e791af P 7cc3a4a090a54778ba14f164c96ea805 reported cstate change: config changed from index 3 to 4, VOTER d5a9bcad6c4044beacf8a9c9b80d9831 (127.15.222.193) evicted. New cstate: current_term: 1 leader_uuid: "4025b7c948724e0fab1d6ba76a1d787c" committed_config { opid_index: 4 OBSOLETE_local: false peers { permanent_uuid: "7cc3a4a090a54778ba14f164c96ea805" member_type: VOTER last_known_addr { host: "127.15.222.194" port: 43929 } } peers { permanent_uuid: "4025b7c948724e0fab1d6ba76a1d787c" member_type: VOTER last_known_addr { host: "127.15.222.195" port: 38131 } } peers { permanent_uuid: "2679cdcf619d4ea6aed9cd1c5f0f3bea" member_type: VOTER last_known_addr { host: "127.15.222.196" port: 36425 } attrs { promote: false } } }
I20260710 11:02:10.273195 17247 catalog_manager.cc:5210] ChangeConfig:REMOVE_PEER RPC for tablet 8cfee82789814ce88f8ce5ac92e791af with cas_config_opid_index 3: ChangeConfig:REMOVE_PEER succeeded (attempt 1)
I20260710 11:02:10.281677 17346 tablet_service.cc:1558] Processing DeleteTablet for tablet 8cfee82789814ce88f8ce5ac92e791af with delete_type TABLET_DATA_TOMBSTONED (TS d5a9bcad6c4044beacf8a9c9b80d9831 not found in new config with opid_index 4) from {username='slave'} at 127.0.0.1:44118
I20260710 11:02:10.290735 17959 tablet_replica.cc:333] T 8cfee82789814ce88f8ce5ac92e791af P d5a9bcad6c4044beacf8a9c9b80d9831: stopping tablet replica
I20260710 11:02:10.291540 17959 raft_consensus.cc:2243] T 8cfee82789814ce88f8ce5ac92e791af P d5a9bcad6c4044beacf8a9c9b80d9831 [term 1 FOLLOWER]: Raft consensus shutting down.
I20260710 11:02:10.292039 17959 raft_consensus.cc:2272] T 8cfee82789814ce88f8ce5ac92e791af P d5a9bcad6c4044beacf8a9c9b80d9831 [term 1 FOLLOWER]: Raft consensus is shut down!
I20260710 11:02:10.294878 17959 ts_tablet_manager.cc:1916] T 8cfee82789814ce88f8ce5ac92e791af P d5a9bcad6c4044beacf8a9c9b80d9831: Deleting tablet data with delete state TABLET_DATA_TOMBSTONED
I20260710 11:02:10.307493 17959 ts_tablet_manager.cc:1929] T 8cfee82789814ce88f8ce5ac92e791af P d5a9bcad6c4044beacf8a9c9b80d9831: tablet deleted with delete type TABLET_DATA_TOMBSTONED: last-logged OpId 1.3
I20260710 11:02:10.307881 17959 log.cc:1199] T 8cfee82789814ce88f8ce5ac92e791af P d5a9bcad6c4044beacf8a9c9b80d9831: Deleting WAL directory at /tmp/dist-test-taskP4Z7UT/test-tmp/auto_leader_rebalancer-test.0.LeaderRebalancerTest.AddTserver.1783681298418534-16251-0/minicluster-data/ts-0-root/wals/8cfee82789814ce88f8ce5ac92e791af
I20260710 11:02:10.309383 17245 catalog_manager.cc:5028] TS d5a9bcad6c4044beacf8a9c9b80d9831 (127.15.222.193:38709): tablet 8cfee82789814ce88f8ce5ac92e791af (table test-workload [id=e68b3f44a5874871b0b61a3c3e47efab]) successfully deleted
I20260710 11:02:11.310739 17509 consensus_queue.cc:237] T 6900255d54dd498b8d7e76aa3d1775b5 P 4025b7c948724e0fab1d6ba76a1d787c [LEADER]: Queue going to LEADER mode. State: All replicated index: 0, Majority replicated index: 1, Committed index: 1, Last appended: 1.1, Last appended by leader: 0, Current term: 1, Majority size: 2, State: 0, Mode: LEADER, active raft config: opid_index: 2 OBSOLETE_local: false peers { permanent_uuid: "d5a9bcad6c4044beacf8a9c9b80d9831" member_type: VOTER last_known_addr { host: "127.15.222.193" port: 38709 } attrs { replace: true } } peers { permanent_uuid: "7cc3a4a090a54778ba14f164c96ea805" member_type: VOTER last_known_addr { host: "127.15.222.194" port: 43929 } } peers { permanent_uuid: "4025b7c948724e0fab1d6ba76a1d787c" member_type: VOTER last_known_addr { host: "127.15.222.195" port: 38131 } } peers { permanent_uuid: "2679cdcf619d4ea6aed9cd1c5f0f3bea" member_type: NON_VOTER last_known_addr { host: "127.15.222.196" port: 36425 } attrs { promote: true } }
I20260710 11:02:11.316557 17434 raft_consensus.cc:1275] T 6900255d54dd498b8d7e76aa3d1775b5 P 7cc3a4a090a54778ba14f164c96ea805 [term 1 FOLLOWER]: Refusing update from remote peer 4025b7c948724e0fab1d6ba76a1d787c: Log matching property violated. Preceding OpId in replica: term: 1 index: 1. Preceding OpId from leader: term: 1 index: 2. (index mismatch)
I20260710 11:02:11.316744 17359 raft_consensus.cc:1275] T 6900255d54dd498b8d7e76aa3d1775b5 P d5a9bcad6c4044beacf8a9c9b80d9831 [term 1 FOLLOWER]: Refusing update from remote peer 4025b7c948724e0fab1d6ba76a1d787c: Log matching property violated. Preceding OpId in replica: term: 1 index: 1. Preceding OpId from leader: term: 1 index: 2. (index mismatch)
W20260710 11:02:11.317219 17477 consensus_peers.cc:597] T 6900255d54dd498b8d7e76aa3d1775b5 P 4025b7c948724e0fab1d6ba76a1d787c -> Peer 2679cdcf619d4ea6aed9cd1c5f0f3bea (127.15.222.196:36425): Couldn't send request to peer 2679cdcf619d4ea6aed9cd1c5f0f3bea. Error code: TABLET_NOT_FOUND (6). Status: Not found: Tablet not found: 6900255d54dd498b8d7e76aa3d1775b5. This is attempt 1: this message will repeat every 5th retry.
I20260710 11:02:11.317842 17962 consensus_queue.cc:1048] T 6900255d54dd498b8d7e76aa3d1775b5 P 4025b7c948724e0fab1d6ba76a1d787c [LEADER]: Connected to new peer: Peer: permanent_uuid: "7cc3a4a090a54778ba14f164c96ea805" member_type: VOTER last_known_addr { host: "127.15.222.194" port: 43929 }, Status: LMP_MISMATCH, Last received: 0.0, Next index: 2, Last known committed idx: 1, Time since last communication: 0.000s
I20260710 11:02:11.318490 17932 consensus_queue.cc:1048] T 6900255d54dd498b8d7e76aa3d1775b5 P 4025b7c948724e0fab1d6ba76a1d787c [LEADER]: Connected to new peer: Peer: permanent_uuid: "d5a9bcad6c4044beacf8a9c9b80d9831" member_type: VOTER last_known_addr { host: "127.15.222.193" port: 38709 } attrs { replace: true }, Status: LMP_MISMATCH, Last received: 0.0, Next index: 2, Last known committed idx: 1, Time since last communication: 0.000s
I20260710 11:02:11.324571 17962 raft_consensus.cc:2955] T 6900255d54dd498b8d7e76aa3d1775b5 P 4025b7c948724e0fab1d6ba76a1d787c [term 1 LEADER]: Committing config change with OpId 1.2: config changed from index -1 to 2, NON_VOTER 2679cdcf619d4ea6aed9cd1c5f0f3bea (127.15.222.196) added. New config: { opid_index: 2 OBSOLETE_local: false peers { permanent_uuid: "d5a9bcad6c4044beacf8a9c9b80d9831" member_type: VOTER last_known_addr { host: "127.15.222.193" port: 38709 } attrs { replace: true } } peers { permanent_uuid: "7cc3a4a090a54778ba14f164c96ea805" member_type: VOTER last_known_addr { host: "127.15.222.194" port: 43929 } } peers { permanent_uuid: "4025b7c948724e0fab1d6ba76a1d787c" member_type: VOTER last_known_addr { host: "127.15.222.195" port: 38131 } } peers { permanent_uuid: "2679cdcf619d4ea6aed9cd1c5f0f3bea" member_type: NON_VOTER last_known_addr { host: "127.15.222.196" port: 36425 } attrs { promote: true } } }
I20260710 11:02:11.326177 17359 raft_consensus.cc:2955] T 6900255d54dd498b8d7e76aa3d1775b5 P d5a9bcad6c4044beacf8a9c9b80d9831 [term 1 FOLLOWER]: Committing config change with OpId 1.2: config changed from index -1 to 2, NON_VOTER 2679cdcf619d4ea6aed9cd1c5f0f3bea (127.15.222.196) added. New config: { opid_index: 2 OBSOLETE_local: false peers { permanent_uuid: "d5a9bcad6c4044beacf8a9c9b80d9831" member_type: VOTER last_known_addr { host: "127.15.222.193" port: 38709 } attrs { replace: true } } peers { permanent_uuid: "7cc3a4a090a54778ba14f164c96ea805" member_type: VOTER last_known_addr { host: "127.15.222.194" port: 43929 } } peers { permanent_uuid: "4025b7c948724e0fab1d6ba76a1d787c" member_type: VOTER last_known_addr { host: "127.15.222.195" port: 38131 } } peers { permanent_uuid: "2679cdcf619d4ea6aed9cd1c5f0f3bea" member_type: NON_VOTER last_known_addr { host: "127.15.222.196" port: 36425 } attrs { promote: true } } }
I20260710 11:02:11.326203 17434 raft_consensus.cc:2955] T 6900255d54dd498b8d7e76aa3d1775b5 P 7cc3a4a090a54778ba14f164c96ea805 [term 1 FOLLOWER]: Committing config change with OpId 1.2: config changed from index -1 to 2, NON_VOTER 2679cdcf619d4ea6aed9cd1c5f0f3bea (127.15.222.196) added. New config: { opid_index: 2 OBSOLETE_local: false peers { permanent_uuid: "d5a9bcad6c4044beacf8a9c9b80d9831" member_type: VOTER last_known_addr { host: "127.15.222.193" port: 38709 } attrs { replace: true } } peers { permanent_uuid: "7cc3a4a090a54778ba14f164c96ea805" member_type: VOTER last_known_addr { host: "127.15.222.194" port: 43929 } } peers { permanent_uuid: "4025b7c948724e0fab1d6ba76a1d787c" member_type: VOTER last_known_addr { host: "127.15.222.195" port: 38131 } } peers { permanent_uuid: "2679cdcf619d4ea6aed9cd1c5f0f3bea" member_type: NON_VOTER last_known_addr { host: "127.15.222.196" port: 36425 } attrs { promote: true } } }
I20260710 11:02:11.337805 17434 consensus_queue.cc:237] T 0e0ea4df8a9246878ca8044e629e6971 P 7cc3a4a090a54778ba14f164c96ea805 [LEADER]: Queue going to LEADER mode. State: All replicated index: 0, Majority replicated index: 1, Committed index: 1, Last appended: 1.1, Last appended by leader: 0, Current term: 1, Majority size: 2, State: 0, Mode: LEADER, active raft config: opid_index: 2 OBSOLETE_local: false peers { permanent_uuid: "d5a9bcad6c4044beacf8a9c9b80d9831" member_type: VOTER last_known_addr { host: "127.15.222.193" port: 38709 } } peers { permanent_uuid: "7cc3a4a090a54778ba14f164c96ea805" member_type: VOTER last_known_addr { host: "127.15.222.194" port: 43929 } } peers { permanent_uuid: "4025b7c948724e0fab1d6ba76a1d787c" member_type: VOTER last_known_addr { host: "127.15.222.195" port: 38131 } attrs { replace: true } } peers { permanent_uuid: "2679cdcf619d4ea6aed9cd1c5f0f3bea" member_type: NON_VOTER last_known_addr { host: "127.15.222.196" port: 36425 } attrs { promote: true } }
I20260710 11:02:11.338088 17260 catalog_manager.cc:5697] T 6900255d54dd498b8d7e76aa3d1775b5 P 4025b7c948724e0fab1d6ba76a1d787c reported cstate change: config changed from index -1 to 2, NON_VOTER 2679cdcf619d4ea6aed9cd1c5f0f3bea (127.15.222.196) added. New cstate: current_term: 1 leader_uuid: "4025b7c948724e0fab1d6ba76a1d787c" committed_config { opid_index: 2 OBSOLETE_local: false peers { permanent_uuid: "d5a9bcad6c4044beacf8a9c9b80d9831" member_type: VOTER last_known_addr { host: "127.15.222.193" port: 38709 } attrs { replace: true } health_report { overall_health: HEALTHY } } peers { permanent_uuid: "7cc3a4a090a54778ba14f164c96ea805" member_type: VOTER last_known_addr { host: "127.15.222.194" port: 43929 } health_report { overall_health: HEALTHY } } peers { permanent_uuid: "4025b7c948724e0fab1d6ba76a1d787c" member_type: VOTER last_known_addr { host: "127.15.222.195" port: 38131 } health_report { overall_health: HEALTHY } } peers { permanent_uuid: "2679cdcf619d4ea6aed9cd1c5f0f3bea" member_type: NON_VOTER last_known_addr { host: "127.15.222.196" port: 36425 } attrs { promote: true } health_report { overall_health: UNKNOWN } } }
I20260710 11:02:11.346853 17509 raft_consensus.cc:1275] T 0e0ea4df8a9246878ca8044e629e6971 P 4025b7c948724e0fab1d6ba76a1d787c [term 1 FOLLOWER]: Refusing update from remote peer 7cc3a4a090a54778ba14f164c96ea805: Log matching property violated. Preceding OpId in replica: term: 1 index: 1. Preceding OpId from leader: term: 1 index: 2. (index mismatch)
W20260710 11:02:11.346864 17403 consensus_peers.cc:597] T 0e0ea4df8a9246878ca8044e629e6971 P 7cc3a4a090a54778ba14f164c96ea805 -> Peer 2679cdcf619d4ea6aed9cd1c5f0f3bea (127.15.222.196:36425): Couldn't send request to peer 2679cdcf619d4ea6aed9cd1c5f0f3bea. Error code: TABLET_NOT_FOUND (6). Status: Not found: Tablet not found: 0e0ea4df8a9246878ca8044e629e6971. This is attempt 1: this message will repeat every 5th retry.
I20260710 11:02:11.347662 17359 raft_consensus.cc:1275] T 0e0ea4df8a9246878ca8044e629e6971 P d5a9bcad6c4044beacf8a9c9b80d9831 [term 1 FOLLOWER]: Refusing update from remote peer 7cc3a4a090a54778ba14f164c96ea805: Log matching property violated. Preceding OpId in replica: term: 1 index: 1. Preceding OpId from leader: term: 1 index: 2. (index mismatch)
I20260710 11:02:11.348142 17891 consensus_queue.cc:1048] T 0e0ea4df8a9246878ca8044e629e6971 P 7cc3a4a090a54778ba14f164c96ea805 [LEADER]: Connected to new peer: Peer: permanent_uuid: "4025b7c948724e0fab1d6ba76a1d787c" member_type: VOTER last_known_addr { host: "127.15.222.195" port: 38131 } attrs { replace: true }, Status: LMP_MISMATCH, Last received: 0.0, Next index: 2, Last known committed idx: 1, Time since last communication: 0.000s
I20260710 11:02:11.349071 17960 consensus_queue.cc:1048] T 0e0ea4df8a9246878ca8044e629e6971 P 7cc3a4a090a54778ba14f164c96ea805 [LEADER]: Connected to new peer: Peer: permanent_uuid: "d5a9bcad6c4044beacf8a9c9b80d9831" member_type: VOTER last_known_addr { host: "127.15.222.193" port: 38709 }, Status: LMP_MISMATCH, Last received: 0.0, Next index: 2, Last known committed idx: 1, Time since last communication: 0.000s
I20260710 11:02:11.358336 17960 raft_consensus.cc:2955] T 0e0ea4df8a9246878ca8044e629e6971 P 7cc3a4a090a54778ba14f164c96ea805 [term 1 LEADER]: Committing config change with OpId 1.2: config changed from index -1 to 2, NON_VOTER 2679cdcf619d4ea6aed9cd1c5f0f3bea (127.15.222.196) added. New config: { opid_index: 2 OBSOLETE_local: false peers { permanent_uuid: "d5a9bcad6c4044beacf8a9c9b80d9831" member_type: VOTER last_known_addr { host: "127.15.222.193" port: 38709 } } peers { permanent_uuid: "7cc3a4a090a54778ba14f164c96ea805" member_type: VOTER last_known_addr { host: "127.15.222.194" port: 43929 } } peers { permanent_uuid: "4025b7c948724e0fab1d6ba76a1d787c" member_type: VOTER last_known_addr { host: "127.15.222.195" port: 38131 } attrs { replace: true } } peers { permanent_uuid: "2679cdcf619d4ea6aed9cd1c5f0f3bea" member_type: NON_VOTER last_known_addr { host: "127.15.222.196" port: 36425 } attrs { promote: true } } }
I20260710 11:02:11.359910 17509 raft_consensus.cc:2955] T 0e0ea4df8a9246878ca8044e629e6971 P 4025b7c948724e0fab1d6ba76a1d787c [term 1 FOLLOWER]: Committing config change with OpId 1.2: config changed from index -1 to 2, NON_VOTER 2679cdcf619d4ea6aed9cd1c5f0f3bea (127.15.222.196) added. New config: { opid_index: 2 OBSOLETE_local: false peers { permanent_uuid: "d5a9bcad6c4044beacf8a9c9b80d9831" member_type: VOTER last_known_addr { host: "127.15.222.193" port: 38709 } } peers { permanent_uuid: "7cc3a4a090a54778ba14f164c96ea805" member_type: VOTER last_known_addr { host: "127.15.222.194" port: 43929 } } peers { permanent_uuid: "4025b7c948724e0fab1d6ba76a1d787c" member_type: VOTER last_known_addr { host: "127.15.222.195" port: 38131 } attrs { replace: true } } peers { permanent_uuid: "2679cdcf619d4ea6aed9cd1c5f0f3bea" member_type: NON_VOTER last_known_addr { host: "127.15.222.196" port: 36425 } attrs { promote: true } } }
I20260710 11:02:11.370709 17359 raft_consensus.cc:2955] T 0e0ea4df8a9246878ca8044e629e6971 P d5a9bcad6c4044beacf8a9c9b80d9831 [term 1 FOLLOWER]: Committing config change with OpId 1.2: config changed from index -1 to 2, NON_VOTER 2679cdcf619d4ea6aed9cd1c5f0f3bea (127.15.222.196) added. New config: { opid_index: 2 OBSOLETE_local: false peers { permanent_uuid: "d5a9bcad6c4044beacf8a9c9b80d9831" member_type: VOTER last_known_addr { host: "127.15.222.193" port: 38709 } } peers { permanent_uuid: "7cc3a4a090a54778ba14f164c96ea805" member_type: VOTER last_known_addr { host: "127.15.222.194" port: 43929 } } peers { permanent_uuid: "4025b7c948724e0fab1d6ba76a1d787c" member_type: VOTER last_known_addr { host: "127.15.222.195" port: 38131 } attrs { replace: true } } peers { permanent_uuid: "2679cdcf619d4ea6aed9cd1c5f0f3bea" member_type: NON_VOTER last_known_addr { host: "127.15.222.196" port: 36425 } attrs { promote: true } } }
I20260710 11:02:11.374214 17260 catalog_manager.cc:5697] T 0e0ea4df8a9246878ca8044e629e6971 P 4025b7c948724e0fab1d6ba76a1d787c reported cstate change: config changed from index -1 to 2, NON_VOTER 2679cdcf619d4ea6aed9cd1c5f0f3bea (127.15.222.196) added. New cstate: current_term: 1 leader_uuid: "7cc3a4a090a54778ba14f164c96ea805" committed_config { opid_index: 2 OBSOLETE_local: false peers { permanent_uuid: "d5a9bcad6c4044beacf8a9c9b80d9831" member_type: VOTER last_known_addr { host: "127.15.222.193" port: 38709 } } peers { permanent_uuid: "7cc3a4a090a54778ba14f164c96ea805" member_type: VOTER last_known_addr { host: "127.15.222.194" port: 43929 } } peers { permanent_uuid: "4025b7c948724e0fab1d6ba76a1d787c" member_type: VOTER last_known_addr { host: "127.15.222.195" port: 38131 } attrs { replace: true } } peers { permanent_uuid: "2679cdcf619d4ea6aed9cd1c5f0f3bea" member_type: NON_VOTER last_known_addr { host: "127.15.222.196" port: 36425 } attrs { promote: true } } }
I20260710 11:02:11.379136 17434 consensus_queue.cc:237] T 32685a3b0f7542b6876de259dcd7c0a6 P 7cc3a4a090a54778ba14f164c96ea805 [LEADER]: Queue going to LEADER mode. State: All replicated index: 0, Majority replicated index: 1, Committed index: 1, Last appended: 1.1, Last appended by leader: 0, Current term: 1, Majority size: 2, State: 0, Mode: LEADER, active raft config: opid_index: 2 OBSOLETE_local: false peers { permanent_uuid: "d5a9bcad6c4044beacf8a9c9b80d9831" member_type: VOTER last_known_addr { host: "127.15.222.193" port: 38709 } attrs { replace: true } } peers { permanent_uuid: "7cc3a4a090a54778ba14f164c96ea805" member_type: VOTER last_known_addr { host: "127.15.222.194" port: 43929 } } peers { permanent_uuid: "4025b7c948724e0fab1d6ba76a1d787c" member_type: VOTER last_known_addr { host: "127.15.222.195" port: 38131 } } peers { permanent_uuid: "2679cdcf619d4ea6aed9cd1c5f0f3bea" member_type: NON_VOTER last_known_addr { host: "127.15.222.196" port: 36425 } attrs { promote: true } }
W20260710 11:02:11.390080 17403 consensus_peers.cc:597] T 32685a3b0f7542b6876de259dcd7c0a6 P 7cc3a4a090a54778ba14f164c96ea805 -> Peer 2679cdcf619d4ea6aed9cd1c5f0f3bea (127.15.222.196:36425): Couldn't send request to peer 2679cdcf619d4ea6aed9cd1c5f0f3bea. Error code: TABLET_NOT_FOUND (6). Status: Not found: Tablet not found: 32685a3b0f7542b6876de259dcd7c0a6. This is attempt 1: this message will repeat every 5th retry.
I20260710 11:02:11.390213 17509 raft_consensus.cc:1275] T 32685a3b0f7542b6876de259dcd7c0a6 P 4025b7c948724e0fab1d6ba76a1d787c [term 1 FOLLOWER]: Refusing update from remote peer 7cc3a4a090a54778ba14f164c96ea805: Log matching property violated. Preceding OpId in replica: term: 1 index: 1. Preceding OpId from leader: term: 1 index: 2. (index mismatch)
I20260710 11:02:11.390070 17359 raft_consensus.cc:1275] T 32685a3b0f7542b6876de259dcd7c0a6 P d5a9bcad6c4044beacf8a9c9b80d9831 [term 1 FOLLOWER]: Refusing update from remote peer 7cc3a4a090a54778ba14f164c96ea805: Log matching property violated. Preceding OpId in replica: term: 1 index: 1. Preceding OpId from leader: term: 1 index: 2. (index mismatch)
I20260710 11:02:11.392679 17972 consensus_queue.cc:1048] T 32685a3b0f7542b6876de259dcd7c0a6 P 7cc3a4a090a54778ba14f164c96ea805 [LEADER]: Connected to new peer: Peer: permanent_uuid: "4025b7c948724e0fab1d6ba76a1d787c" member_type: VOTER last_known_addr { host: "127.15.222.195" port: 38131 }, Status: LMP_MISMATCH, Last received: 0.0, Next index: 2, Last known committed idx: 1, Time since last communication: 0.000s
