I20260710 11:02:11.147424 12340 consensus_queue.cc:1048] T 3d72777e859b495c8a036a3c212bf0d0 P e6f50cfa902e4801affa9201e89c6a81 [LEADER]: Connected to new peer: Peer: permanent_uuid: "01d8bb2192ea4ba5bc7ac7e56965c7a9" member_type: VOTER last_known_addr { host: "127.10.117.132" port: 34403 } attrs { promote: false }, Status: LMP_MISMATCH, Last received: 0.0, Next index: 3, Last known committed idx: 2, Time since last communication: 0.000s
I20260710 11:02:11.148265 12319 consensus_queue.cc:1048] T 3d72777e859b495c8a036a3c212bf0d0 P e6f50cfa902e4801affa9201e89c6a81 [LEADER]: Connected to new peer: Peer: permanent_uuid: "e907ca74dd27480fa257bce66e25138c" member_type: VOTER last_known_addr { host: "127.10.117.129" port: 36473 }, Status: LMP_MISMATCH, Last received: 0.0, Next index: 3, Last known committed idx: 2, Time since last communication: 0.000s
I20260710 11:02:11.171511 12340 raft_consensus.cc:2955] T 3d72777e859b495c8a036a3c212bf0d0 P e6f50cfa902e4801affa9201e89c6a81 [term 1 LEADER]: Committing config change with OpId 1.3: config changed from index 2 to 3, 01d8bb2192ea4ba5bc7ac7e56965c7a9 (127.10.117.132) changed from NON_VOTER to VOTER. New config: { opid_index: 3 OBSOLETE_local: false peers { permanent_uuid: "e907ca74dd27480fa257bce66e25138c" member_type: VOTER last_known_addr { host: "127.10.117.129" port: 36473 } } peers { permanent_uuid: "e6f50cfa902e4801affa9201e89c6a81" member_type: VOTER last_known_addr { host: "127.10.117.130" port: 37933 } } peers { permanent_uuid: "ebdb3f2eb2d54dfea2ec3d91f4b49657" member_type: VOTER last_known_addr { host: "127.10.117.131" port: 36219 } attrs { replace: true } } peers { permanent_uuid: "01d8bb2192ea4ba5bc7ac7e56965c7a9" member_type: VOTER last_known_addr { host: "127.10.117.132" port: 34403 } attrs { promote: false } } }
I20260710 11:02:11.174046 11842 raft_consensus.cc:2955] T 3d72777e859b495c8a036a3c212bf0d0 P e907ca74dd27480fa257bce66e25138c [term 1 FOLLOWER]: Committing config change with OpId 1.3: config changed from index 2 to 3, 01d8bb2192ea4ba5bc7ac7e56965c7a9 (127.10.117.132) changed from NON_VOTER to VOTER. New config: { opid_index: 3 OBSOLETE_local: false peers { permanent_uuid: "e907ca74dd27480fa257bce66e25138c" member_type: VOTER last_known_addr { host: "127.10.117.129" port: 36473 } } peers { permanent_uuid: "e6f50cfa902e4801affa9201e89c6a81" member_type: VOTER last_known_addr { host: "127.10.117.130" port: 37933 } } peers { permanent_uuid: "ebdb3f2eb2d54dfea2ec3d91f4b49657" member_type: VOTER last_known_addr { host: "127.10.117.131" port: 36219 } attrs { replace: true } } peers { permanent_uuid: "01d8bb2192ea4ba5bc7ac7e56965c7a9" member_type: VOTER last_known_addr { host: "127.10.117.132" port: 34403 } attrs { promote: false } } }
I20260710 11:02:11.184019 12271 raft_consensus.cc:2955] T 3d72777e859b495c8a036a3c212bf0d0 P 01d8bb2192ea4ba5bc7ac7e56965c7a9 [term 1 FOLLOWER]: Committing config change with OpId 1.3: config changed from index 2 to 3, 01d8bb2192ea4ba5bc7ac7e56965c7a9 (127.10.117.132) changed from NON_VOTER to VOTER. New config: { opid_index: 3 OBSOLETE_local: false peers { permanent_uuid: "e907ca74dd27480fa257bce66e25138c" member_type: VOTER last_known_addr { host: "127.10.117.129" port: 36473 } } peers { permanent_uuid: "e6f50cfa902e4801affa9201e89c6a81" member_type: VOTER last_known_addr { host: "127.10.117.130" port: 37933 } } peers { permanent_uuid: "ebdb3f2eb2d54dfea2ec3d91f4b49657" member_type: VOTER last_known_addr { host: "127.10.117.131" port: 36219 } attrs { replace: true } } peers { permanent_uuid: "01d8bb2192ea4ba5bc7ac7e56965c7a9" member_type: VOTER last_known_addr { host: "127.10.117.132" port: 34403 } attrs { promote: false } } }
I20260710 11:02:11.187471 11990 raft_consensus.cc:2955] T 3d72777e859b495c8a036a3c212bf0d0 P ebdb3f2eb2d54dfea2ec3d91f4b49657 [term 1 FOLLOWER]: Committing config change with OpId 1.3: config changed from index 2 to 3, 01d8bb2192ea4ba5bc7ac7e56965c7a9 (127.10.117.132) changed from NON_VOTER to VOTER. New config: { opid_index: 3 OBSOLETE_local: false peers { permanent_uuid: "e907ca74dd27480fa257bce66e25138c" member_type: VOTER last_known_addr { host: "127.10.117.129" port: 36473 } } peers { permanent_uuid: "e6f50cfa902e4801affa9201e89c6a81" member_type: VOTER last_known_addr { host: "127.10.117.130" port: 37933 } } peers { permanent_uuid: "ebdb3f2eb2d54dfea2ec3d91f4b49657" member_type: VOTER last_known_addr { host: "127.10.117.131" port: 36219 } attrs { replace: true } } peers { permanent_uuid: "01d8bb2192ea4ba5bc7ac7e56965c7a9" member_type: VOTER last_known_addr { host: "127.10.117.132" port: 34403 } attrs { promote: false } } }
I20260710 11:02:11.189544 11738 catalog_manager.cc:5697] T 3d72777e859b495c8a036a3c212bf0d0 P e907ca74dd27480fa257bce66e25138c reported cstate change: config changed from index 2 to 3, 01d8bb2192ea4ba5bc7ac7e56965c7a9 (127.10.117.132) changed from NON_VOTER to VOTER. New cstate: current_term: 1 leader_uuid: "e6f50cfa902e4801affa9201e89c6a81" committed_config { opid_index: 3 OBSOLETE_local: false peers { permanent_uuid: "e907ca74dd27480fa257bce66e25138c" member_type: VOTER last_known_addr { host: "127.10.117.129" port: 36473 } } peers { permanent_uuid: "e6f50cfa902e4801affa9201e89c6a81" member_type: VOTER last_known_addr { host: "127.10.117.130" port: 37933 } } peers { permanent_uuid: "ebdb3f2eb2d54dfea2ec3d91f4b49657" member_type: VOTER last_known_addr { host: "127.10.117.131" port: 36219 } attrs { replace: true } } peers { permanent_uuid: "01d8bb2192ea4ba5bc7ac7e56965c7a9" member_type: VOTER last_known_addr { host: "127.10.117.132" port: 34403 } attrs { promote: false } } }
I20260710 11:02:11.227402 11915 consensus_queue.cc:237] T 3d72777e859b495c8a036a3c212bf0d0 P e6f50cfa902e4801affa9201e89c6a81 [LEADER]: Queue going to LEADER mode. State: All replicated index: 0, Majority replicated index: 3, Committed index: 3, Last appended: 1.3, Last appended by leader: 0, Current term: 1, Majority size: 2, State: 0, Mode: LEADER, active raft config: opid_index: 4 OBSOLETE_local: false peers { permanent_uuid: "e907ca74dd27480fa257bce66e25138c" member_type: VOTER last_known_addr { host: "127.10.117.129" port: 36473 } } peers { permanent_uuid: "e6f50cfa902e4801affa9201e89c6a81" member_type: VOTER last_known_addr { host: "127.10.117.130" port: 37933 } } peers { permanent_uuid: "01d8bb2192ea4ba5bc7ac7e56965c7a9" member_type: VOTER last_known_addr { host: "127.10.117.132" port: 34403 } attrs { promote: false } }
I20260710 11:02:11.236059 12271 raft_consensus.cc:1275] T 3d72777e859b495c8a036a3c212bf0d0 P 01d8bb2192ea4ba5bc7ac7e56965c7a9 [term 1 FOLLOWER]: Refusing update from remote peer e6f50cfa902e4801affa9201e89c6a81: Log matching property violated. Preceding OpId in replica: term: 1 index: 3. Preceding OpId from leader: term: 1 index: 4. (index mismatch)
I20260710 11:02:11.237339 12340 consensus_queue.cc:1048] T 3d72777e859b495c8a036a3c212bf0d0 P e6f50cfa902e4801affa9201e89c6a81 [LEADER]: Connected to new peer: Peer: permanent_uuid: "01d8bb2192ea4ba5bc7ac7e56965c7a9" member_type: VOTER last_known_addr { host: "127.10.117.132" port: 34403 } attrs { promote: false }, Status: LMP_MISMATCH, Last received: 0.0, Next index: 4, Last known committed idx: 3, Time since last communication: 0.000s
I20260710 11:02:11.237586 11842 raft_consensus.cc:1275] T 3d72777e859b495c8a036a3c212bf0d0 P e907ca74dd27480fa257bce66e25138c [term 1 FOLLOWER]: Refusing update from remote peer e6f50cfa902e4801affa9201e89c6a81: Log matching property violated. Preceding OpId in replica: term: 1 index: 3. Preceding OpId from leader: term: 1 index: 4. (index mismatch)
I20260710 11:02:11.239180 12337 consensus_queue.cc:1048] T 3d72777e859b495c8a036a3c212bf0d0 P e6f50cfa902e4801affa9201e89c6a81 [LEADER]: Connected to new peer: Peer: permanent_uuid: "e907ca74dd27480fa257bce66e25138c" member_type: VOTER last_known_addr { host: "127.10.117.129" port: 36473 }, Status: LMP_MISMATCH, Last received: 0.0, Next index: 4, Last known committed idx: 3, Time since last communication: 0.000s
I20260710 11:02:11.247342 12337 raft_consensus.cc:2955] T 3d72777e859b495c8a036a3c212bf0d0 P e6f50cfa902e4801affa9201e89c6a81 [term 1 LEADER]: Committing config change with OpId 1.4: config changed from index 3 to 4, VOTER ebdb3f2eb2d54dfea2ec3d91f4b49657 (127.10.117.131) evicted. New config: { opid_index: 4 OBSOLETE_local: false peers { permanent_uuid: "e907ca74dd27480fa257bce66e25138c" member_type: VOTER last_known_addr { host: "127.10.117.129" port: 36473 } } peers { permanent_uuid: "e6f50cfa902e4801affa9201e89c6a81" member_type: VOTER last_known_addr { host: "127.10.117.130" port: 37933 } } peers { permanent_uuid: "01d8bb2192ea4ba5bc7ac7e56965c7a9" member_type: VOTER last_known_addr { host: "127.10.117.132" port: 34403 } attrs { promote: false } } }
I20260710 11:02:11.249348 11842 raft_consensus.cc:2955] T 3d72777e859b495c8a036a3c212bf0d0 P e907ca74dd27480fa257bce66e25138c [term 1 FOLLOWER]: Committing config change with OpId 1.4: config changed from index 3 to 4, VOTER ebdb3f2eb2d54dfea2ec3d91f4b49657 (127.10.117.131) evicted. New config: { opid_index: 4 OBSOLETE_local: false peers { permanent_uuid: "e907ca74dd27480fa257bce66e25138c" member_type: VOTER last_known_addr { host: "127.10.117.129" port: 36473 } } peers { permanent_uuid: "e6f50cfa902e4801affa9201e89c6a81" member_type: VOTER last_known_addr { host: "127.10.117.130" port: 37933 } } peers { permanent_uuid: "01d8bb2192ea4ba5bc7ac7e56965c7a9" member_type: VOTER last_known_addr { host: "127.10.117.132" port: 34403 } attrs { promote: false } } }
I20260710 11:02:11.255668 11726 catalog_manager.cc:5210] ChangeConfig:REMOVE_PEER RPC for tablet 3d72777e859b495c8a036a3c212bf0d0 with cas_config_opid_index 3: ChangeConfig:REMOVE_PEER succeeded (attempt 1)
I20260710 11:02:11.256453 12271 raft_consensus.cc:2955] T 3d72777e859b495c8a036a3c212bf0d0 P 01d8bb2192ea4ba5bc7ac7e56965c7a9 [term 1 FOLLOWER]: Committing config change with OpId 1.4: config changed from index 3 to 4, VOTER ebdb3f2eb2d54dfea2ec3d91f4b49657 (127.10.117.131) evicted. New config: { opid_index: 4 OBSOLETE_local: false peers { permanent_uuid: "e907ca74dd27480fa257bce66e25138c" member_type: VOTER last_known_addr { host: "127.10.117.129" port: 36473 } } peers { permanent_uuid: "e6f50cfa902e4801affa9201e89c6a81" member_type: VOTER last_known_addr { host: "127.10.117.130" port: 37933 } } peers { permanent_uuid: "01d8bb2192ea4ba5bc7ac7e56965c7a9" member_type: VOTER last_known_addr { host: "127.10.117.132" port: 34403 } attrs { promote: false } } }
I20260710 11:02:11.268081 11738 catalog_manager.cc:5697] T 3d72777e859b495c8a036a3c212bf0d0 P e6f50cfa902e4801affa9201e89c6a81 reported cstate change: config changed from index 3 to 4, VOTER ebdb3f2eb2d54dfea2ec3d91f4b49657 (127.10.117.131) evicted. New cstate: current_term: 1 leader_uuid: "e6f50cfa902e4801affa9201e89c6a81" committed_config { opid_index: 4 OBSOLETE_local: false peers { permanent_uuid: "e907ca74dd27480fa257bce66e25138c" member_type: VOTER last_known_addr { host: "127.10.117.129" port: 36473 } health_report { overall_health: HEALTHY } } peers { permanent_uuid: "e6f50cfa902e4801affa9201e89c6a81" member_type: VOTER last_known_addr { host: "127.10.117.130" port: 37933 } health_report { overall_health: HEALTHY } } peers { permanent_uuid: "01d8bb2192ea4ba5bc7ac7e56965c7a9" member_type: VOTER last_known_addr { host: "127.10.117.132" port: 34403 } attrs { promote: false } health_report { overall_health: HEALTHY } } }
W20260710 11:02:11.272084 11865 debug-util.cc:398] Leaking SignalData structure 0x7b08000bae00 after lost signal to thread 10713
W20260710 11:02:11.273114 11865 debug-util.cc:398] Leaking SignalData structure 0x7b08001c99a0 after lost signal to thread 11776
I20260710 11:02:11.279006 11976 tablet_service.cc:1558] Processing DeleteTablet for tablet 3d72777e859b495c8a036a3c212bf0d0 with delete_type TABLET_DATA_TOMBSTONED (TS ebdb3f2eb2d54dfea2ec3d91f4b49657 not found in new config with opid_index 4) from {username='slave'} at 127.0.0.1:37462
W20260710 11:02:11.280251 11865 debug-util.cc:398] Leaking SignalData structure 0x7b080019f680 after lost signal to thread 12295
I20260710 11:02:11.287673 12371 tablet_replica.cc:333] T 3d72777e859b495c8a036a3c212bf0d0 P ebdb3f2eb2d54dfea2ec3d91f4b49657: stopping tablet replica
I20260710 11:02:11.288875 12371 raft_consensus.cc:2243] T 3d72777e859b495c8a036a3c212bf0d0 P ebdb3f2eb2d54dfea2ec3d91f4b49657 [term 1 FOLLOWER]: Raft consensus shutting down.
I20260710 11:02:11.289723 12371 raft_consensus.cc:2272] T 3d72777e859b495c8a036a3c212bf0d0 P ebdb3f2eb2d54dfea2ec3d91f4b49657 [term 1 FOLLOWER]: Raft consensus is shut down!
I20260710 11:02:11.293438 12371 ts_tablet_manager.cc:1916] T 3d72777e859b495c8a036a3c212bf0d0 P ebdb3f2eb2d54dfea2ec3d91f4b49657: Deleting tablet data with delete state TABLET_DATA_TOMBSTONED
I20260710 11:02:11.309278 12371 ts_tablet_manager.cc:1929] T 3d72777e859b495c8a036a3c212bf0d0 P ebdb3f2eb2d54dfea2ec3d91f4b49657: tablet deleted with delete type TABLET_DATA_TOMBSTONED: last-logged OpId 1.3
I20260710 11:02:11.309715 12371 log.cc:1199] T 3d72777e859b495c8a036a3c212bf0d0 P ebdb3f2eb2d54dfea2ec3d91f4b49657: Deleting WAL directory at /tmp/dist-test-taskE2AzLJ/test-tmp/auto_leader_rebalancer-test.0.LeaderRebalancerTest.AddTserver.1783681298576461-10710-0/minicluster-data/ts-2-root/wals/3d72777e859b495c8a036a3c212bf0d0
I20260710 11:02:11.311314 11726 catalog_manager.cc:5028] TS ebdb3f2eb2d54dfea2ec3d91f4b49657 (127.10.117.131:36219): tablet 3d72777e859b495c8a036a3c212bf0d0 (table test-workload [id=ba3501470b2a4e9d9a4edbf8bb8038c3]) successfully deleted
I20260710 11:02:11.342522 12271 raft_consensus.cc:1217] T 1add5b0c98384e09be2df7770b7d5b2b P 01d8bb2192ea4ba5bc7ac7e56965c7a9 [term 1 LEARNER]: Deduplicated request from leader. Original: 1.1->[1.2-1.2]   Dedup: 1.2->[]
I20260710 11:02:11.448376 12308 raft_consensus.cc:1064] T 50e3ae0d2144488ab13559998ca25265 P ebdb3f2eb2d54dfea2ec3d91f4b49657: attempting to promote NON_VOTER 01d8bb2192ea4ba5bc7ac7e56965c7a9 to VOTER
I20260710 11:02:11.450784 12308 consensus_queue.cc:237] T 50e3ae0d2144488ab13559998ca25265 P ebdb3f2eb2d54dfea2ec3d91f4b49657 [LEADER]: Queue going to LEADER mode. State: All replicated index: 0, Majority replicated index: 2, Committed index: 2, Last appended: 1.2, Last appended by leader: 0, Current term: 1, Majority size: 3, State: 0, Mode: LEADER, active raft config: opid_index: 3 OBSOLETE_local: false peers { permanent_uuid: "e907ca74dd27480fa257bce66e25138c" member_type: VOTER last_known_addr { host: "127.10.117.129" port: 36473 } } peers { permanent_uuid: "e6f50cfa902e4801affa9201e89c6a81" member_type: VOTER last_known_addr { host: "127.10.117.130" port: 37933 } attrs { replace: true } } peers { permanent_uuid: "ebdb3f2eb2d54dfea2ec3d91f4b49657" member_type: VOTER last_known_addr { host: "127.10.117.131" port: 36219 } } peers { permanent_uuid: "01d8bb2192ea4ba5bc7ac7e56965c7a9" member_type: VOTER last_known_addr { host: "127.10.117.132" port: 34403 } attrs { promote: false } }
I20260710 11:02:11.457996 12271 raft_consensus.cc:1275] T 50e3ae0d2144488ab13559998ca25265 P 01d8bb2192ea4ba5bc7ac7e56965c7a9 [term 1 LEARNER]: Refusing update from remote peer ebdb3f2eb2d54dfea2ec3d91f4b49657: Log matching property violated. Preceding OpId in replica: term: 1 index: 2. Preceding OpId from leader: term: 1 index: 3. (index mismatch)
I20260710 11:02:11.462088 11915 raft_consensus.cc:1275] T 50e3ae0d2144488ab13559998ca25265 P e6f50cfa902e4801affa9201e89c6a81 [term 1 FOLLOWER]: Refusing update from remote peer ebdb3f2eb2d54dfea2ec3d91f4b49657: Log matching property violated. Preceding OpId in replica: term: 1 index: 2. Preceding OpId from leader: term: 1 index: 3. (index mismatch)
I20260710 11:02:11.463613 11842 raft_consensus.cc:1275] T 50e3ae0d2144488ab13559998ca25265 P e907ca74dd27480fa257bce66e25138c [term 1 FOLLOWER]: Refusing update from remote peer ebdb3f2eb2d54dfea2ec3d91f4b49657: Log matching property violated. Preceding OpId in replica: term: 1 index: 2. Preceding OpId from leader: term: 1 index: 3. (index mismatch)
I20260710 11:02:11.463778 12352 consensus_queue.cc:1048] T 50e3ae0d2144488ab13559998ca25265 P ebdb3f2eb2d54dfea2ec3d91f4b49657 [LEADER]: Connected to new peer: Peer: permanent_uuid: "e6f50cfa902e4801affa9201e89c6a81" member_type: VOTER last_known_addr { host: "127.10.117.130" port: 37933 } attrs { replace: true }, Status: LMP_MISMATCH, Last received: 0.0, Next index: 3, Last known committed idx: 2, Time since last communication: 0.000s
I20260710 11:02:11.469651 12300 consensus_queue.cc:1048] T 50e3ae0d2144488ab13559998ca25265 P ebdb3f2eb2d54dfea2ec3d91f4b49657 [LEADER]: Connected to new peer: Peer: permanent_uuid: "e907ca74dd27480fa257bce66e25138c" member_type: VOTER last_known_addr { host: "127.10.117.129" port: 36473 }, Status: LMP_MISMATCH, Last received: 0.0, Next index: 3, Last known committed idx: 2, Time since last communication: 0.001s
I20260710 11:02:11.471767 12300 consensus_queue.cc:1048] T 50e3ae0d2144488ab13559998ca25265 P ebdb3f2eb2d54dfea2ec3d91f4b49657 [LEADER]: Connected to new peer: Peer: permanent_uuid: "01d8bb2192ea4ba5bc7ac7e56965c7a9" member_type: VOTER last_known_addr { host: "127.10.117.132" port: 34403 } attrs { promote: false }, Status: LMP_MISMATCH, Last received: 0.0, Next index: 3, Last known committed idx: 2, Time since last communication: 0.000s
I20260710 11:02:11.493866 12352 raft_consensus.cc:2955] T 50e3ae0d2144488ab13559998ca25265 P ebdb3f2eb2d54dfea2ec3d91f4b49657 [term 1 LEADER]: Committing config change with OpId 1.3: config changed from index 2 to 3, 01d8bb2192ea4ba5bc7ac7e56965c7a9 (127.10.117.132) changed from NON_VOTER to VOTER. New config: { opid_index: 3 OBSOLETE_local: false peers { permanent_uuid: "e907ca74dd27480fa257bce66e25138c" member_type: VOTER last_known_addr { host: "127.10.117.129" port: 36473 } } peers { permanent_uuid: "e6f50cfa902e4801affa9201e89c6a81" member_type: VOTER last_known_addr { host: "127.10.117.130" port: 37933 } attrs { replace: true } } peers { permanent_uuid: "ebdb3f2eb2d54dfea2ec3d91f4b49657" member_type: VOTER last_known_addr { host: "127.10.117.131" port: 36219 } } peers { permanent_uuid: "01d8bb2192ea4ba5bc7ac7e56965c7a9" member_type: VOTER last_known_addr { host: "127.10.117.132" port: 34403 } attrs { promote: false } } }
I20260710 11:02:11.496747 11915 raft_consensus.cc:2955] T 50e3ae0d2144488ab13559998ca25265 P e6f50cfa902e4801affa9201e89c6a81 [term 1 FOLLOWER]: Committing config change with OpId 1.3: config changed from index 2 to 3, 01d8bb2192ea4ba5bc7ac7e56965c7a9 (127.10.117.132) changed from NON_VOTER to VOTER. New config: { opid_index: 3 OBSOLETE_local: false peers { permanent_uuid: "e907ca74dd27480fa257bce66e25138c" member_type: VOTER last_known_addr { host: "127.10.117.129" port: 36473 } } peers { permanent_uuid: "e6f50cfa902e4801affa9201e89c6a81" member_type: VOTER last_known_addr { host: "127.10.117.130" port: 37933 } attrs { replace: true } } peers { permanent_uuid: "ebdb3f2eb2d54dfea2ec3d91f4b49657" member_type: VOTER last_known_addr { host: "127.10.117.131" port: 36219 } } peers { permanent_uuid: "01d8bb2192ea4ba5bc7ac7e56965c7a9" member_type: VOTER last_known_addr { host: "127.10.117.132" port: 34403 } attrs { promote: false } } }
I20260710 11:02:11.499688 11842 raft_consensus.cc:2955] T 50e3ae0d2144488ab13559998ca25265 P e907ca74dd27480fa257bce66e25138c [term 1 FOLLOWER]: Committing config change with OpId 1.3: config changed from index 2 to 3, 01d8bb2192ea4ba5bc7ac7e56965c7a9 (127.10.117.132) changed from NON_VOTER to VOTER. New config: { opid_index: 3 OBSOLETE_local: false peers { permanent_uuid: "e907ca74dd27480fa257bce66e25138c" member_type: VOTER last_known_addr { host: "127.10.117.129" port: 36473 } } peers { permanent_uuid: "e6f50cfa902e4801affa9201e89c6a81" member_type: VOTER last_known_addr { host: "127.10.117.130" port: 37933 } attrs { replace: true } } peers { permanent_uuid: "ebdb3f2eb2d54dfea2ec3d91f4b49657" member_type: VOTER last_known_addr { host: "127.10.117.131" port: 36219 } } peers { permanent_uuid: "01d8bb2192ea4ba5bc7ac7e56965c7a9" member_type: VOTER last_known_addr { host: "127.10.117.132" port: 34403 } attrs { promote: false } } }
I20260710 11:02:11.502355 12359 raft_consensus.cc:1064] T 0915015b2b2a4601ab23ae02b3fd5908 P e907ca74dd27480fa257bce66e25138c: attempting to promote NON_VOTER 01d8bb2192ea4ba5bc7ac7e56965c7a9 to VOTER
I20260710 11:02:11.505755 12359 consensus_queue.cc:237] T 0915015b2b2a4601ab23ae02b3fd5908 P e907ca74dd27480fa257bce66e25138c [LEADER]: Queue going to LEADER mode. State: All replicated index: 0, Majority replicated index: 2, Committed index: 2, Last appended: 1.2, Last appended by leader: 0, Current term: 1, Majority size: 3, State: 0, Mode: LEADER, active raft config: opid_index: 3 OBSOLETE_local: false peers { permanent_uuid: "e907ca74dd27480fa257bce66e25138c" member_type: VOTER last_known_addr { host: "127.10.117.129" port: 36473 } } peers { permanent_uuid: "e6f50cfa902e4801affa9201e89c6a81" member_type: VOTER last_known_addr { host: "127.10.117.130" port: 37933 } attrs { replace: true } } peers { permanent_uuid: "ebdb3f2eb2d54dfea2ec3d91f4b49657" member_type: VOTER last_known_addr { host: "127.10.117.131" port: 36219 } } peers { permanent_uuid: "01d8bb2192ea4ba5bc7ac7e56965c7a9" member_type: VOTER last_known_addr { host: "127.10.117.132" port: 34403 } attrs { promote: false } }
I20260710 11:02:11.515749 11739 catalog_manager.cc:5697] T 50e3ae0d2144488ab13559998ca25265 P e6f50cfa902e4801affa9201e89c6a81 reported cstate change: config changed from index 2 to 3, 01d8bb2192ea4ba5bc7ac7e56965c7a9 (127.10.117.132) changed from NON_VOTER to VOTER. New cstate: current_term: 1 leader_uuid: "ebdb3f2eb2d54dfea2ec3d91f4b49657" committed_config { opid_index: 3 OBSOLETE_local: false peers { permanent_uuid: "e907ca74dd27480fa257bce66e25138c" member_type: VOTER last_known_addr { host: "127.10.117.129" port: 36473 } } peers { permanent_uuid: "e6f50cfa902e4801affa9201e89c6a81" member_type: VOTER last_known_addr { host: "127.10.117.130" port: 37933 } attrs { replace: true } } peers { permanent_uuid: "ebdb3f2eb2d54dfea2ec3d91f4b49657" member_type: VOTER last_known_addr { host: "127.10.117.131" port: 36219 } } peers { permanent_uuid: "01d8bb2192ea4ba5bc7ac7e56965c7a9" member_type: VOTER last_known_addr { host: "127.10.117.132" port: 34403 } attrs { promote: false } } }
I20260710 11:02:11.523548 12271 raft_consensus.cc:2955] T 50e3ae0d2144488ab13559998ca25265 P 01d8bb2192ea4ba5bc7ac7e56965c7a9 [term 1 FOLLOWER]: Committing config change with OpId 1.3: config changed from index 2 to 3, 01d8bb2192ea4ba5bc7ac7e56965c7a9 (127.10.117.132) changed from NON_VOTER to VOTER. New config: { opid_index: 3 OBSOLETE_local: false peers { permanent_uuid: "e907ca74dd27480fa257bce66e25138c" member_type: VOTER last_known_addr { host: "127.10.117.129" port: 36473 } } peers { permanent_uuid: "e6f50cfa902e4801affa9201e89c6a81" member_type: VOTER last_known_addr { host: "127.10.117.130" port: 37933 } attrs { replace: true } } peers { permanent_uuid: "ebdb3f2eb2d54dfea2ec3d91f4b49657" member_type: VOTER last_known_addr { host: "127.10.117.131" port: 36219 } } peers { permanent_uuid: "01d8bb2192ea4ba5bc7ac7e56965c7a9" member_type: VOTER last_known_addr { host: "127.10.117.132" port: 34403 } attrs { promote: false } } }
I20260710 11:02:11.533232 11989 raft_consensus.cc:1275] T 0915015b2b2a4601ab23ae02b3fd5908 P ebdb3f2eb2d54dfea2ec3d91f4b49657 [term 1 FOLLOWER]: Refusing update from remote peer e907ca74dd27480fa257bce66e25138c: Log matching property violated. Preceding OpId in replica: term: 1 index: 2. Preceding OpId from leader: term: 1 index: 3. (index mismatch)
I20260710 11:02:11.542411 12359 consensus_queue.cc:1048] T 0915015b2b2a4601ab23ae02b3fd5908 P e907ca74dd27480fa257bce66e25138c [LEADER]: Connected to new peer: Peer: permanent_uuid: "ebdb3f2eb2d54dfea2ec3d91f4b49657" member_type: VOTER last_known_addr { host: "127.10.117.131" port: 36219 }, Status: LMP_MISMATCH, Last received: 0.0, Next index: 3, Last known committed idx: 2, Time since last communication: 0.000s
I20260710 11:02:11.554739 11915 raft_consensus.cc:1275] T 0915015b2b2a4601ab23ae02b3fd5908 P e6f50cfa902e4801affa9201e89c6a81 [term 1 FOLLOWER]: Refusing update from remote peer e907ca74dd27480fa257bce66e25138c: Log matching property violated. Preceding OpId in replica: term: 1 index: 2. Preceding OpId from leader: term: 1 index: 3. (index mismatch)
I20260710 11:02:11.557267 12271 raft_consensus.cc:1275] T 0915015b2b2a4601ab23ae02b3fd5908 P 01d8bb2192ea4ba5bc7ac7e56965c7a9 [term 1 LEARNER]: Refusing update from remote peer e907ca74dd27480fa257bce66e25138c: Log matching property violated. Preceding OpId in replica: term: 1 index: 2. Preceding OpId from leader: term: 1 index: 3. (index mismatch)
I20260710 11:02:11.559041 12361 consensus_queue.cc:1048] T 0915015b2b2a4601ab23ae02b3fd5908 P e907ca74dd27480fa257bce66e25138c [LEADER]: Connected to new peer: Peer: permanent_uuid: "01d8bb2192ea4ba5bc7ac7e56965c7a9" member_type: VOTER last_known_addr { host: "127.10.117.132" port: 34403 } attrs { promote: false }, Status: LMP_MISMATCH, Last received: 0.0, Next index: 3, Last known committed idx: 2, Time since last communication: 0.001s
I20260710 11:02:11.569087 11993 consensus_queue.cc:237] T 50e3ae0d2144488ab13559998ca25265 P ebdb3f2eb2d54dfea2ec3d91f4b49657 [LEADER]: Queue going to LEADER mode. State: All replicated index: 0, Majority replicated index: 3, Committed index: 3, Last appended: 1.3, Last appended by leader: 0, Current term: 1, Majority size: 2, State: 0, Mode: LEADER, active raft config: opid_index: 4 OBSOLETE_local: false peers { permanent_uuid: "e907ca74dd27480fa257bce66e25138c" member_type: VOTER last_known_addr { host: "127.10.117.129" port: 36473 } } peers { permanent_uuid: "ebdb3f2eb2d54dfea2ec3d91f4b49657" member_type: VOTER last_known_addr { host: "127.10.117.131" port: 36219 } } peers { permanent_uuid: "01d8bb2192ea4ba5bc7ac7e56965c7a9" member_type: VOTER last_known_addr { host: "127.10.117.132" port: 34403 } attrs { promote: false } }
I20260710 11:02:11.574856 12361 consensus_queue.cc:1048] T 0915015b2b2a4601ab23ae02b3fd5908 P e907ca74dd27480fa257bce66e25138c [LEADER]: Connected to new peer: Peer: permanent_uuid: "e6f50cfa902e4801affa9201e89c6a81" member_type: VOTER last_known_addr { host: "127.10.117.130" port: 37933 } attrs { replace: true }, Status: LMP_MISMATCH, Last received: 0.0, Next index: 3, Last known committed idx: 2, Time since last communication: 0.001s
I20260710 11:02:11.589453 12270 raft_consensus.cc:1275] T 50e3ae0d2144488ab13559998ca25265 P 01d8bb2192ea4ba5bc7ac7e56965c7a9 [term 1 FOLLOWER]: Refusing update from remote peer ebdb3f2eb2d54dfea2ec3d91f4b49657: Log matching property violated. Preceding OpId in replica: term: 1 index: 3. Preceding OpId from leader: term: 1 index: 4. (index mismatch)
I20260710 11:02:11.591311 12308 consensus_queue.cc:1048] T 50e3ae0d2144488ab13559998ca25265 P ebdb3f2eb2d54dfea2ec3d91f4b49657 [LEADER]: Connected to new peer: Peer: permanent_uuid: "01d8bb2192ea4ba5bc7ac7e56965c7a9" member_type: VOTER last_known_addr { host: "127.10.117.132" port: 34403 } attrs { promote: false }, Status: LMP_MISMATCH, Last received: 0.0, Next index: 4, Last known committed idx: 3, Time since last communication: 0.001s
I20260710 11:02:11.591423 12359 raft_consensus.cc:2955] T 0915015b2b2a4601ab23ae02b3fd5908 P e907ca74dd27480fa257bce66e25138c [term 1 LEADER]: Committing config change with OpId 1.3: config changed from index 2 to 3, 01d8bb2192ea4ba5bc7ac7e56965c7a9 (127.10.117.132) changed from NON_VOTER to VOTER. New config: { opid_index: 3 OBSOLETE_local: false peers { permanent_uuid: "e907ca74dd27480fa257bce66e25138c" member_type: VOTER last_known_addr { host: "127.10.117.129" port: 36473 } } peers { permanent_uuid: "e6f50cfa902e4801affa9201e89c6a81" member_type: VOTER last_known_addr { host: "127.10.117.130" port: 37933 } attrs { replace: true } } peers { permanent_uuid: "ebdb3f2eb2d54dfea2ec3d91f4b49657" member_type: VOTER last_known_addr { host: "127.10.117.131" port: 36219 } } peers { permanent_uuid: "01d8bb2192ea4ba5bc7ac7e56965c7a9" member_type: VOTER last_known_addr { host: "127.10.117.132" port: 34403 } attrs { promote: false } } }
I20260710 11:02:11.597290 11842 raft_consensus.cc:1275] T 50e3ae0d2144488ab13559998ca25265 P e907ca74dd27480fa257bce66e25138c [term 1 FOLLOWER]: Refusing update from remote peer ebdb3f2eb2d54dfea2ec3d91f4b49657: Log matching property violated. Preceding OpId in replica: term: 1 index: 3. Preceding OpId from leader: term: 1 index: 4. (index mismatch)
I20260710 11:02:11.598991 12308 consensus_queue.cc:1048] T 50e3ae0d2144488ab13559998ca25265 P ebdb3f2eb2d54dfea2ec3d91f4b49657 [LEADER]: Connected to new peer: Peer: permanent_uuid: "e907ca74dd27480fa257bce66e25138c" member_type: VOTER last_known_addr { host: "127.10.117.129" port: 36473 }, Status: LMP_MISMATCH, Last received: 0.0, Next index: 4, Last known committed idx: 3, Time since last communication: 0.000s
I20260710 11:02:11.602782 11993 raft_consensus.cc:2955] T 0915015b2b2a4601ab23ae02b3fd5908 P ebdb3f2eb2d54dfea2ec3d91f4b49657 [term 1 FOLLOWER]: Committing config change with OpId 1.3: config changed from index 2 to 3, 01d8bb2192ea4ba5bc7ac7e56965c7a9 (127.10.117.132) changed from NON_VOTER to VOTER. New config: { opid_index: 3 OBSOLETE_local: false peers { permanent_uuid: "e907ca74dd27480fa257bce66e25138c" member_type: VOTER last_known_addr { host: "127.10.117.129" port: 36473 } } peers { permanent_uuid: "e6f50cfa902e4801affa9201e89c6a81" member_type: VOTER last_known_addr { host: "127.10.117.130" port: 37933 } attrs { replace: true } } peers { permanent_uuid: "ebdb3f2eb2d54dfea2ec3d91f4b49657" member_type: VOTER last_known_addr { host: "127.10.117.131" port: 36219 } } peers { permanent_uuid: "01d8bb2192ea4ba5bc7ac7e56965c7a9" member_type: VOTER last_known_addr { host: "127.10.117.132" port: 34403 } attrs { promote: false } } }
I20260710 11:02:11.606369 12300 raft_consensus.cc:2955] T 50e3ae0d2144488ab13559998ca25265 P ebdb3f2eb2d54dfea2ec3d91f4b49657 [term 1 LEADER]: Committing config change with OpId 1.4: config changed from index 3 to 4, VOTER e6f50cfa902e4801affa9201e89c6a81 (127.10.117.130) evicted. New config: { opid_index: 4 OBSOLETE_local: false peers { permanent_uuid: "e907ca74dd27480fa257bce66e25138c" member_type: VOTER last_known_addr { host: "127.10.117.129" port: 36473 } } peers { permanent_uuid: "ebdb3f2eb2d54dfea2ec3d91f4b49657" member_type: VOTER last_known_addr { host: "127.10.117.131" port: 36219 } } peers { permanent_uuid: "01d8bb2192ea4ba5bc7ac7e56965c7a9" member_type: VOTER last_known_addr { host: "127.10.117.132" port: 34403 } attrs { promote: false } } }
I20260710 11:02:11.613754 11842 raft_consensus.cc:2955] T 50e3ae0d2144488ab13559998ca25265 P e907ca74dd27480fa257bce66e25138c [term 1 FOLLOWER]: Committing config change with OpId 1.4: config changed from index 3 to 4, VOTER e6f50cfa902e4801affa9201e89c6a81 (127.10.117.130) evicted. New config: { opid_index: 4 OBSOLETE_local: false peers { permanent_uuid: "e907ca74dd27480fa257bce66e25138c" member_type: VOTER last_known_addr { host: "127.10.117.129" port: 36473 } } peers { permanent_uuid: "ebdb3f2eb2d54dfea2ec3d91f4b49657" member_type: VOTER last_known_addr { host: "127.10.117.131" port: 36219 } } peers { permanent_uuid: "01d8bb2192ea4ba5bc7ac7e56965c7a9" member_type: VOTER last_known_addr { host: "127.10.117.132" port: 34403 } attrs { promote: false } } }
I20260710 11:02:11.622483 12271 raft_consensus.cc:2955] T 50e3ae0d2144488ab13559998ca25265 P 01d8bb2192ea4ba5bc7ac7e56965c7a9 [term 1 FOLLOWER]: Committing config change with OpId 1.4: config changed from index 3 to 4, VOTER e6f50cfa902e4801affa9201e89c6a81 (127.10.117.130) evicted. New config: { opid_index: 4 OBSOLETE_local: false peers { permanent_uuid: "e907ca74dd27480fa257bce66e25138c" member_type: VOTER last_known_addr { host: "127.10.117.129" port: 36473 } } peers { permanent_uuid: "ebdb3f2eb2d54dfea2ec3d91f4b49657" member_type: VOTER last_known_addr { host: "127.10.117.131" port: 36219 } } peers { permanent_uuid: "01d8bb2192ea4ba5bc7ac7e56965c7a9" member_type: VOTER last_known_addr { host: "127.10.117.132" port: 34403 } attrs { promote: false } } }
I20260710 11:02:11.623049 12270 raft_consensus.cc:2955] T 0915015b2b2a4601ab23ae02b3fd5908 P 01d8bb2192ea4ba5bc7ac7e56965c7a9 [term 1 FOLLOWER]: Committing config change with OpId 1.3: config changed from index 2 to 3, 01d8bb2192ea4ba5bc7ac7e56965c7a9 (127.10.117.132) changed from NON_VOTER to VOTER. New config: { opid_index: 3 OBSOLETE_local: false peers { permanent_uuid: "e907ca74dd27480fa257bce66e25138c" member_type: VOTER last_known_addr { host: "127.10.117.129" port: 36473 } } peers { permanent_uuid: "e6f50cfa902e4801affa9201e89c6a81" member_type: VOTER last_known_addr { host: "127.10.117.130" port: 37933 } attrs { replace: true } } peers { permanent_uuid: "ebdb3f2eb2d54dfea2ec3d91f4b49657" member_type: VOTER last_known_addr { host: "127.10.117.131" port: 36219 } } peers { permanent_uuid: "01d8bb2192ea4ba5bc7ac7e56965c7a9" member_type: VOTER last_known_addr { host: "127.10.117.132" port: 34403 } attrs { promote: false } } }
I20260710 11:02:11.630656 11739 catalog_manager.cc:5697] T 0915015b2b2a4601ab23ae02b3fd5908 P e907ca74dd27480fa257bce66e25138c reported cstate change: config changed from index 2 to 3, 01d8bb2192ea4ba5bc7ac7e56965c7a9 (127.10.117.132) changed from NON_VOTER to VOTER. New cstate: current_term: 1 leader_uuid: "e907ca74dd27480fa257bce66e25138c" committed_config { opid_index: 3 OBSOLETE_local: false peers { permanent_uuid: "e907ca74dd27480fa257bce66e25138c" member_type: VOTER last_known_addr { host: "127.10.117.129" port: 36473 } health_report { overall_health: HEALTHY } } peers { permanent_uuid: "e6f50cfa902e4801affa9201e89c6a81" member_type: VOTER last_known_addr { host: "127.10.117.130" port: 37933 } attrs { replace: true } health_report { overall_health: UNKNOWN } } peers { permanent_uuid: "ebdb3f2eb2d54dfea2ec3d91f4b49657" member_type: VOTER last_known_addr { host: "127.10.117.131" port: 36219 } health_report { overall_health: HEALTHY } } peers { permanent_uuid: "01d8bb2192ea4ba5bc7ac7e56965c7a9" member_type: VOTER last_known_addr { host: "127.10.117.132" port: 34403 } attrs { promote: false } health_report { overall_health: HEALTHY } } }
I20260710 11:02:11.645066 11741 catalog_manager.cc:5697] T 50e3ae0d2144488ab13559998ca25265 P 01d8bb2192ea4ba5bc7ac7e56965c7a9 reported cstate change: config changed from index 3 to 4, VOTER e6f50cfa902e4801affa9201e89c6a81 (127.10.117.130) evicted. New cstate: current_term: 1 leader_uuid: "ebdb3f2eb2d54dfea2ec3d91f4b49657" committed_config { opid_index: 4 OBSOLETE_local: false peers { permanent_uuid: "e907ca74dd27480fa257bce66e25138c" member_type: VOTER last_known_addr { host: "127.10.117.129" port: 36473 } } peers { permanent_uuid: "ebdb3f2eb2d54dfea2ec3d91f4b49657" member_type: VOTER last_known_addr { host: "127.10.117.131" port: 36219 } } peers { permanent_uuid: "01d8bb2192ea4ba5bc7ac7e56965c7a9" member_type: VOTER last_known_addr { host: "127.10.117.132" port: 34403 } attrs { promote: false } } }
I20260710 11:02:11.647076 11841 consensus_queue.cc:237] T 0915015b2b2a4601ab23ae02b3fd5908 P e907ca74dd27480fa257bce66e25138c [LEADER]: Queue going to LEADER mode. State: All replicated index: 0, Majority replicated index: 3, Committed index: 3, Last appended: 1.3, Last appended by leader: 0, Current term: 1, Majority size: 2, State: 0, Mode: LEADER, active raft config: opid_index: 4 OBSOLETE_local: false peers { permanent_uuid: "e907ca74dd27480fa257bce66e25138c" member_type: VOTER last_known_addr { host: "127.10.117.129" port: 36473 } } peers { permanent_uuid: "ebdb3f2eb2d54dfea2ec3d91f4b49657" member_type: VOTER last_known_addr { host: "127.10.117.131" port: 36219 } } peers { permanent_uuid: "01d8bb2192ea4ba5bc7ac7e56965c7a9" member_type: VOTER last_known_addr { host: "127.10.117.132" port: 34403 } attrs { promote: false } }
I20260710 11:02:11.660776 11903 tablet_service.cc:1558] Processing DeleteTablet for tablet 50e3ae0d2144488ab13559998ca25265 with delete_type TABLET_DATA_TOMBSTONED (TS e6f50cfa902e4801affa9201e89c6a81 not found in new config with opid_index 4) from {username='slave'} at 127.0.0.1:39776
I20260710 11:02:11.665939 11726 catalog_manager.cc:5210] ChangeConfig:REMOVE_PEER RPC for tablet 50e3ae0d2144488ab13559998ca25265 with cas_config_opid_index 3: ChangeConfig:REMOVE_PEER succeeded (attempt 1)
I20260710 11:02:11.668624 11989 raft_consensus.cc:1275] T 0915015b2b2a4601ab23ae02b3fd5908 P ebdb3f2eb2d54dfea2ec3d91f4b49657 [term 1 FOLLOWER]: Refusing update from remote peer e907ca74dd27480fa257bce66e25138c: Log matching property violated. Preceding OpId in replica: term: 1 index: 3. Preceding OpId from leader: term: 1 index: 4. (index mismatch)
I20260710 11:02:11.670154 12270 raft_consensus.cc:1275] T 0915015b2b2a4601ab23ae02b3fd5908 P 01d8bb2192ea4ba5bc7ac7e56965c7a9 [term 1 FOLLOWER]: Refusing update from remote peer e907ca74dd27480fa257bce66e25138c: Log matching property violated. Preceding OpId in replica: term: 1 index: 3. Preceding OpId from leader: term: 1 index: 4. (index mismatch)
I20260710 11:02:11.674170 12138 consensus_queue.cc:1048] T 0915015b2b2a4601ab23ae02b3fd5908 P e907ca74dd27480fa257bce66e25138c [LEADER]: Connected to new peer: Peer: permanent_uuid: "01d8bb2192ea4ba5bc7ac7e56965c7a9" member_type: VOTER last_known_addr { host: "127.10.117.132" port: 34403 } attrs { promote: false }, Status: LMP_MISMATCH, Last received: 0.0, Next index: 4, Last known committed idx: 3, Time since last communication: 0.001s
I20260710 11:02:11.677646 12138 consensus_queue.cc:1048] T 0915015b2b2a4601ab23ae02b3fd5908 P e907ca74dd27480fa257bce66e25138c [LEADER]: Connected to new peer: Peer: permanent_uuid: "ebdb3f2eb2d54dfea2ec3d91f4b49657" member_type: VOTER last_known_addr { host: "127.10.117.131" port: 36219 }, Status: LMP_MISMATCH, Last received: 0.0, Next index: 4, Last known committed idx: 3, Time since last communication: 0.000s
I20260710 11:02:11.680235 12380 tablet_replica.cc:333] T 50e3ae0d2144488ab13559998ca25265 P e6f50cfa902e4801affa9201e89c6a81: stopping tablet replica
I20260710 11:02:11.681479 12380 raft_consensus.cc:2243] T 50e3ae0d2144488ab13559998ca25265 P e6f50cfa902e4801affa9201e89c6a81 [term 1 FOLLOWER]: Raft consensus shutting down.
I20260710 11:02:11.682246 12380 raft_consensus.cc:2272] T 50e3ae0d2144488ab13559998ca25265 P e6f50cfa902e4801affa9201e89c6a81 [term 1 FOLLOWER]: Raft consensus is shut down!
I20260710 11:02:11.684690 12341 raft_consensus.cc:2955] T 0915015b2b2a4601ab23ae02b3fd5908 P e907ca74dd27480fa257bce66e25138c [term 1 LEADER]: Committing config change with OpId 1.4: config changed from index 3 to 4, VOTER e6f50cfa902e4801affa9201e89c6a81 (127.10.117.130) evicted. New config: { opid_index: 4 OBSOLETE_local: false peers { permanent_uuid: "e907ca74dd27480fa257bce66e25138c" member_type: VOTER last_known_addr { host: "127.10.117.129" port: 36473 } } peers { permanent_uuid: "ebdb3f2eb2d54dfea2ec3d91f4b49657" member_type: VOTER last_known_addr { host: "127.10.117.131" port: 36219 } } peers { permanent_uuid: "01d8bb2192ea4ba5bc7ac7e56965c7a9" member_type: VOTER last_known_addr { host: "127.10.117.132" port: 34403 } attrs { promote: false } } }
I20260710 11:02:11.696300 11989 raft_consensus.cc:2955] T 0915015b2b2a4601ab23ae02b3fd5908 P ebdb3f2eb2d54dfea2ec3d91f4b49657 [term 1 FOLLOWER]: Committing config change with OpId 1.4: config changed from index 3 to 4, VOTER e6f50cfa902e4801affa9201e89c6a81 (127.10.117.130) evicted. New config: { opid_index: 4 OBSOLETE_local: false peers { permanent_uuid: "e907ca74dd27480fa257bce66e25138c" member_type: VOTER last_known_addr { host: "127.10.117.129" port: 36473 } } peers { permanent_uuid: "ebdb3f2eb2d54dfea2ec3d91f4b49657" member_type: VOTER last_known_addr { host: "127.10.117.131" port: 36219 } } peers { permanent_uuid: "01d8bb2192ea4ba5bc7ac7e56965c7a9" member_type: VOTER last_known_addr { host: "127.10.117.132" port: 34403 } attrs { promote: false } } }
I20260710 11:02:11.690683 12270 raft_consensus.cc:2955] T 0915015b2b2a4601ab23ae02b3fd5908 P 01d8bb2192ea4ba5bc7ac7e56965c7a9 [term 1 FOLLOWER]: Committing config change with OpId 1.4: config changed from index 3 to 4, VOTER e6f50cfa902e4801affa9201e89c6a81 (127.10.117.130) evicted. New config: { opid_index: 4 OBSOLETE_local: false peers { permanent_uuid: "e907ca74dd27480fa257bce66e25138c" member_type: VOTER last_known_addr { host: "127.10.117.129" port: 36473 } } peers { permanent_uuid: "ebdb3f2eb2d54dfea2ec3d91f4b49657" member_type: VOTER last_known_addr { host: "127.10.117.131" port: 36219 } } peers { permanent_uuid: "01d8bb2192ea4ba5bc7ac7e56965c7a9" member_type: VOTER last_known_addr { host: "127.10.117.132" port: 34403 } attrs { promote: false } } }
I20260710 11:02:11.706058 11726 catalog_manager.cc:5210] ChangeConfig:REMOVE_PEER RPC for tablet 0915015b2b2a4601ab23ae02b3fd5908 with cas_config_opid_index 3: ChangeConfig:REMOVE_PEER succeeded (attempt 1)
I20260710 11:02:11.708182 12380 ts_tablet_manager.cc:1916] T 50e3ae0d2144488ab13559998ca25265 P e6f50cfa902e4801affa9201e89c6a81: Deleting tablet data with delete state TABLET_DATA_TOMBSTONED
I20260710 11:02:11.712432 11739 catalog_manager.cc:5697] T 0915015b2b2a4601ab23ae02b3fd5908 P 01d8bb2192ea4ba5bc7ac7e56965c7a9 reported cstate change: config changed from index 3 to 4, VOTER e6f50cfa902e4801affa9201e89c6a81 (127.10.117.130) evicted. New cstate: current_term: 1 leader_uuid: "e907ca74dd27480fa257bce66e25138c" committed_config { opid_index: 4 OBSOLETE_local: false peers { permanent_uuid: "e907ca74dd27480fa257bce66e25138c" member_type: VOTER last_known_addr { host: "127.10.117.129" port: 36473 } } peers { permanent_uuid: "ebdb3f2eb2d54dfea2ec3d91f4b49657" member_type: VOTER last_known_addr { host: "127.10.117.131" port: 36219 } } peers { permanent_uuid: "01d8bb2192ea4ba5bc7ac7e56965c7a9" member_type: VOTER last_known_addr { host: "127.10.117.132" port: 34403 } attrs { promote: false } } }
I20260710 11:02:11.724965 12380 ts_tablet_manager.cc:1929] T 50e3ae0d2144488ab13559998ca25265 P e6f50cfa902e4801affa9201e89c6a81: tablet deleted with delete type TABLET_DATA_TOMBSTONED: last-logged OpId 1.3
I20260710 11:02:11.725530 12380 log.cc:1199] T 50e3ae0d2144488ab13559998ca25265 P e6f50cfa902e4801affa9201e89c6a81: Deleting WAL directory at /tmp/dist-test-taskE2AzLJ/test-tmp/auto_leader_rebalancer-test.0.LeaderRebalancerTest.AddTserver.1783681298576461-10710-0/minicluster-data/ts-1-root/wals/50e3ae0d2144488ab13559998ca25265
I20260710 11:02:11.725453 11903 tablet_service.cc:1558] Processing DeleteTablet for tablet 0915015b2b2a4601ab23ae02b3fd5908 with delete_type TABLET_DATA_TOMBSTONED (TS e6f50cfa902e4801affa9201e89c6a81 not found in new config with opid_index 4) from {username='slave'} at 127.0.0.1:39776
I20260710 11:02:11.727805 11726 catalog_manager.cc:5028] TS e6f50cfa902e4801affa9201e89c6a81 (127.10.117.130:37933): tablet 50e3ae0d2144488ab13559998ca25265 (table test-workload [id=ba3501470b2a4e9d9a4edbf8bb8038c3]) successfully deleted
I20260710 11:02:11.729007 12380 tablet_replica.cc:333] T 0915015b2b2a4601ab23ae02b3fd5908 P e6f50cfa902e4801affa9201e89c6a81: stopping tablet replica
I20260710 11:02:11.730151 12380 raft_consensus.cc:2243] T 0915015b2b2a4601ab23ae02b3fd5908 P e6f50cfa902e4801affa9201e89c6a81 [term 1 FOLLOWER]: Raft consensus shutting down.
I20260710 11:02:11.730738 12380 pending_rounds.cc:70] T 0915015b2b2a4601ab23ae02b3fd5908 P e6f50cfa902e4801affa9201e89c6a81: Trying to abort 1 pending ops.
I20260710 11:02:11.731069 12380 pending_rounds.cc:77] T 0915015b2b2a4601ab23ae02b3fd5908 P e6f50cfa902e4801affa9201e89c6a81: Aborting op as it isn't in flight: id { term: 1 index: 3 } timestamp: 7305958733841334272 op_type: CHANGE_CONFIG_OP change_config_record { tablet_id: "0915015b2b2a4601ab23ae02b3fd5908" old_config { opid_index: 2 OBSOLETE_local: false peers { permanent_uuid: "e907ca74dd27480fa257bce66e25138c" member_type: VOTER last_known_addr { host: "127.10.117.129" port: 36473 } } peers { permanent_uuid: "e6f50cfa902e4801affa9201e89c6a81" member_type: VOTER last_known_addr { host: "127.10.117.130" port: 37933 } attrs { replace: true } } peers { permanent_uuid: "ebdb3f2eb2d54dfea2ec3d91f4b49657" member_type: VOTER last_known_addr { host: "127.10.117.131" port: 36219 } } peers { permanent_uuid: "01d8bb2192ea4ba5bc7ac7e56965c7a9" member_type: NON_VOTER last_known_addr { host: "127.10.117.132" port: 34403 } attrs { promote: true } } } new_config { opid_index: 3 OBSOLETE_local: false peers { permanent_uuid: "e907ca74dd27480fa257bce66e25138c" member_type: VOTER last_known_addr { host: "127.10.117.129" port: 36473 } } peers { permanent_uuid: "e6f50cfa902e4801affa9201e89c6a81" member_type: VOTER last_known_addr { host: "127.10.117.130" port: 37933 } attrs { replace: true } } peers { permanent_uuid: "ebdb3f2eb2d54dfea2ec3d91f4b49657" member_type: VOTER last_known_addr { host: "127.10.117.131" port: 36219 } } peers { permanent_uuid: "01d8bb2192ea4ba5bc7ac7e56965c7a9" member_type: VOTER last_known_addr { host: "127.10.117.132" port: 34403 } attrs { promote: false } } } }
I20260710 11:02:11.732425 12380 raft_consensus.cc:2917] T 0915015b2b2a4601ab23ae02b3fd5908 P e6f50cfa902e4801affa9201e89c6a81 [term 1 FOLLOWER]: Aborting config change with OpId 1.3: Aborted: Op aborted
I20260710 11:02:11.732913 12380 raft_consensus.cc:2889] T 0915015b2b2a4601ab23ae02b3fd5908 P e6f50cfa902e4801affa9201e89c6a81 [term 1 FOLLOWER]: CHANGE_CONFIG_OP replication failed: Aborted: Op aborted
I20260710 11:02:11.733319 12380 raft_consensus.cc:2272] T 0915015b2b2a4601ab23ae02b3fd5908 P e6f50cfa902e4801affa9201e89c6a81 [term 1 FOLLOWER]: Raft consensus is shut down!
I20260710 11:02:11.743999 12380 ts_tablet_manager.cc:1916] T 0915015b2b2a4601ab23ae02b3fd5908 P e6f50cfa902e4801affa9201e89c6a81: Deleting tablet data with delete state TABLET_DATA_TOMBSTONED
I20260710 11:02:11.761669 12337 raft_consensus.cc:1064] T 1add5b0c98384e09be2df7770b7d5b2b P e6f50cfa902e4801affa9201e89c6a81: attempting to promote NON_VOTER 01d8bb2192ea4ba5bc7ac7e56965c7a9 to VOTER
I20260710 11:02:11.761919 12380 ts_tablet_manager.cc:1929] T 0915015b2b2a4601ab23ae02b3fd5908 P e6f50cfa902e4801affa9201e89c6a81: tablet deleted with delete type TABLET_DATA_TOMBSTONED: last-logged OpId 1.3
I20260710 11:02:11.762305 12380 log.cc:1199] T 0915015b2b2a4601ab23ae02b3fd5908 P e6f50cfa902e4801affa9201e89c6a81: Deleting WAL directory at /tmp/dist-test-taskE2AzLJ/test-tmp/auto_leader_rebalancer-test.0.LeaderRebalancerTest.AddTserver.1783681298576461-10710-0/minicluster-data/ts-1-root/wals/0915015b2b2a4601ab23ae02b3fd5908
I20260710 11:02:11.764292 11726 catalog_manager.cc:5028] TS e6f50cfa902e4801affa9201e89c6a81 (127.10.117.130:37933): tablet 0915015b2b2a4601ab23ae02b3fd5908 (table test-workload [id=ba3501470b2a4e9d9a4edbf8bb8038c3]) successfully deleted
I20260710 11:02:11.772917 12337 consensus_queue.cc:237] T 1add5b0c98384e09be2df7770b7d5b2b P e6f50cfa902e4801affa9201e89c6a81 [LEADER]: Queue going to LEADER mode. State: All replicated index: 0, Majority replicated index: 2, Committed index: 2, Last appended: 1.2, Last appended by leader: 0, Current term: 1, Majority size: 3, State: 0, Mode: LEADER, active raft config: opid_index: 3 OBSOLETE_local: false peers { permanent_uuid: "e907ca74dd27480fa257bce66e25138c" member_type: VOTER last_known_addr { host: "127.10.117.129" port: 36473 } attrs { replace: true } } peers { permanent_uuid: "e6f50cfa902e4801affa9201e89c6a81" member_type: VOTER last_known_addr { host: "127.10.117.130" port: 37933 } } peers { permanent_uuid: "ebdb3f2eb2d54dfea2ec3d91f4b49657" member_type: VOTER last_known_addr { host: "127.10.117.131" port: 36219 } } peers { permanent_uuid: "01d8bb2192ea4ba5bc7ac7e56965c7a9" member_type: VOTER last_known_addr { host: "127.10.117.132" port: 34403 } attrs { promote: false } }
I20260710 11:02:11.782524 12270 raft_consensus.cc:1275] T 1add5b0c98384e09be2df7770b7d5b2b P 01d8bb2192ea4ba5bc7ac7e56965c7a9 [term 1 LEARNER]: Refusing update from remote peer e6f50cfa902e4801affa9201e89c6a81: Log matching property violated. Preceding OpId in replica: term: 1 index: 2. Preceding OpId from leader: term: 1 index: 3. (index mismatch)
I20260710 11:02:11.784341 12319 consensus_queue.cc:1048] T 1add5b0c98384e09be2df7770b7d5b2b P e6f50cfa902e4801affa9201e89c6a81 [LEADER]: Connected to new peer: Peer: permanent_uuid: "01d8bb2192ea4ba5bc7ac7e56965c7a9" member_type: VOTER last_known_addr { host: "127.10.117.132" port: 34403 } attrs { promote: false }, Status: LMP_MISMATCH, Last received: 0.0, Next index: 3, Last known committed idx: 2, Time since last communication: 0.000s
I20260710 11:02:11.785154 11989 raft_consensus.cc:1275] T 1add5b0c98384e09be2df7770b7d5b2b P ebdb3f2eb2d54dfea2ec3d91f4b49657 [term 1 FOLLOWER]: Refusing update from remote peer e6f50cfa902e4801affa9201e89c6a81: Log matching property violated. Preceding OpId in replica: term: 1 index: 2. Preceding OpId from leader: term: 1 index: 3. (index mismatch)
I20260710 11:02:11.786839 12340 consensus_queue.cc:1048] T 1add5b0c98384e09be2df7770b7d5b2b P e6f50cfa902e4801affa9201e89c6a81 [LEADER]: Connected to new peer: Peer: permanent_uuid: "ebdb3f2eb2d54dfea2ec3d91f4b49657" member_type: VOTER last_known_addr { host: "127.10.117.131" port: 36219 }, Status: LMP_MISMATCH, Last received: 0.0, Next index: 3, Last known committed idx: 2, Time since last communication: 0.001s
I20260710 11:02:11.795017 11842 raft_consensus.cc:1275] T 1add5b0c98384e09be2df7770b7d5b2b P e907ca74dd27480fa257bce66e25138c [term 1 FOLLOWER]: Refusing update from remote peer e6f50cfa902e4801affa9201e89c6a81: Log matching property violated. Preceding OpId in replica: term: 1 index: 2. Preceding OpId from leader: term: 1 index: 3. (index mismatch)
