I20260710 11:00:29.911001  6242 raft_consensus.cc:1275] T aee2f0108ddb4b17b521ff477b3b68e1 P 8b5055bd1f994a59a4323f50858cd504 [term 1 FOLLOWER]: Refusing update from remote peer c7f5c55588904878a6103eee47c279aa: Log matching property violated. Preceding OpId in replica: term: 1 index: 3. Preceding OpId from leader: term: 1 index: 4. (index mismatch)
W20260710 11:00:29.912830  6060 outbound_call.cc:321] RPC callback for RPC call kudu.consensus.ConsensusService.UpdateConsensus -> {remote=127.4.219.68:37287, user_credentials={real_user=slave}} blocked reactor thread for 48837.6us
I20260710 11:00:29.917786  6891 consensus_queue.cc:1048] T aee2f0108ddb4b17b521ff477b3b68e1 P c7f5c55588904878a6103eee47c279aa [LEADER]: Connected to new peer: Peer: permanent_uuid: "8b5055bd1f994a59a4323f50858cd504" member_type: VOTER last_known_addr { host: "127.4.219.67" port: 41867 }, Status: LMP_MISMATCH, Last received: 0.0, Next index: 4, Last known committed idx: 3, Time since last communication: 0.000s
I20260710 11:00:29.955652  6519 raft_consensus.cc:1275] T aee2f0108ddb4b17b521ff477b3b68e1 P efa59e1cbd0d43a6af75d73a8fadaf4c [term 1 FOLLOWER]: Refusing update from remote peer c7f5c55588904878a6103eee47c279aa: Log matching property violated. Preceding OpId in replica: term: 1 index: 3. Preceding OpId from leader: term: 1 index: 4. (index mismatch)
I20260710 11:00:29.965687  6240 raft_consensus.cc:2955] T aee2f0108ddb4b17b521ff477b3b68e1 P 8b5055bd1f994a59a4323f50858cd504 [term 1 FOLLOWER]: Committing config change with OpId 1.4: config changed from index 3 to 4, VOTER 71d0019c7c2342e7b8828c9b3a3b0394 (127.4.219.66) evicted. New config: { opid_index: 4 OBSOLETE_local: false peers { permanent_uuid: "c7f5c55588904878a6103eee47c279aa" member_type: VOTER last_known_addr { host: "127.4.219.65" port: 42757 } } peers { permanent_uuid: "8b5055bd1f994a59a4323f50858cd504" member_type: VOTER last_known_addr { host: "127.4.219.67" port: 41867 } } peers { permanent_uuid: "efa59e1cbd0d43a6af75d73a8fadaf4c" member_type: VOTER last_known_addr { host: "127.4.219.68" port: 37287 } attrs { promote: false } } }
I20260710 11:00:29.992882  6810 consensus_queue.cc:1048] T aee2f0108ddb4b17b521ff477b3b68e1 P c7f5c55588904878a6103eee47c279aa [LEADER]: Connected to new peer: Peer: permanent_uuid: "efa59e1cbd0d43a6af75d73a8fadaf4c" member_type: VOTER last_known_addr { host: "127.4.219.68" port: 37287 } attrs { promote: false }, Status: LMP_MISMATCH, Last received: 0.0, Next index: 4, Last known committed idx: 3, Time since last communication: 0.012s
I20260710 11:00:30.015669  6835 raft_consensus.cc:2955] T aee2f0108ddb4b17b521ff477b3b68e1 P c7f5c55588904878a6103eee47c279aa [term 1 LEADER]: Committing config change with OpId 1.4: config changed from index 3 to 4, VOTER 71d0019c7c2342e7b8828c9b3a3b0394 (127.4.219.66) evicted. New config: { opid_index: 4 OBSOLETE_local: false peers { permanent_uuid: "c7f5c55588904878a6103eee47c279aa" member_type: VOTER last_known_addr { host: "127.4.219.65" port: 42757 } } peers { permanent_uuid: "8b5055bd1f994a59a4323f50858cd504" member_type: VOTER last_known_addr { host: "127.4.219.67" port: 41867 } } peers { permanent_uuid: "efa59e1cbd0d43a6af75d73a8fadaf4c" member_type: VOTER last_known_addr { host: "127.4.219.68" port: 37287 } attrs { promote: false } } }
I20260710 11:00:30.058670  5989 catalog_manager.cc:5697] T aee2f0108ddb4b17b521ff477b3b68e1 P 8b5055bd1f994a59a4323f50858cd504 reported cstate change: config changed from index 3 to 4, VOTER 71d0019c7c2342e7b8828c9b3a3b0394 (127.4.219.66) evicted. New cstate: current_term: 1 leader_uuid: "c7f5c55588904878a6103eee47c279aa" committed_config { opid_index: 4 OBSOLETE_local: false peers { permanent_uuid: "c7f5c55588904878a6103eee47c279aa" member_type: VOTER last_known_addr { host: "127.4.219.65" port: 42757 } } peers { permanent_uuid: "8b5055bd1f994a59a4323f50858cd504" member_type: VOTER last_known_addr { host: "127.4.219.67" port: 41867 } } peers { permanent_uuid: "efa59e1cbd0d43a6af75d73a8fadaf4c" member_type: VOTER last_known_addr { host: "127.4.219.68" port: 37287 } attrs { promote: false } } }
I20260710 11:00:30.058773  6519 raft_consensus.cc:2955] T aee2f0108ddb4b17b521ff477b3b68e1 P efa59e1cbd0d43a6af75d73a8fadaf4c [term 1 FOLLOWER]: Committing config change with OpId 1.4: config changed from index 3 to 4, VOTER 71d0019c7c2342e7b8828c9b3a3b0394 (127.4.219.66) evicted. New config: { opid_index: 4 OBSOLETE_local: false peers { permanent_uuid: "c7f5c55588904878a6103eee47c279aa" member_type: VOTER last_known_addr { host: "127.4.219.65" port: 42757 } } peers { permanent_uuid: "8b5055bd1f994a59a4323f50858cd504" member_type: VOTER last_known_addr { host: "127.4.219.67" port: 41867 } } peers { permanent_uuid: "efa59e1cbd0d43a6af75d73a8fadaf4c" member_type: VOTER last_known_addr { host: "127.4.219.68" port: 37287 } attrs { promote: false } } }
I20260710 11:00:30.071218  6157 tablet_service.cc:1558] Processing DeleteTablet for tablet aee2f0108ddb4b17b521ff477b3b68e1 with delete_type TABLET_DATA_TOMBSTONED (TS 71d0019c7c2342e7b8828c9b3a3b0394 not found in new config with opid_index 4) from {username='slave'} at 127.0.0.1:55766
I20260710 11:00:30.082383  5978 catalog_manager.cc:5210] ChangeConfig:REMOVE_PEER RPC for tablet aee2f0108ddb4b17b521ff477b3b68e1 with cas_config_opid_index 3: ChangeConfig:REMOVE_PEER succeeded (attempt 1)
I20260710 11:00:30.084358  6908 tablet_replica.cc:333] T aee2f0108ddb4b17b521ff477b3b68e1 P 71d0019c7c2342e7b8828c9b3a3b0394: stopping tablet replica
I20260710 11:00:30.085626  6908 raft_consensus.cc:2243] T aee2f0108ddb4b17b521ff477b3b68e1 P 71d0019c7c2342e7b8828c9b3a3b0394 [term 1 FOLLOWER]: Raft consensus shutting down.
I20260710 11:00:30.086467  6908 raft_consensus.cc:2272] T aee2f0108ddb4b17b521ff477b3b68e1 P 71d0019c7c2342e7b8828c9b3a3b0394 [term 1 FOLLOWER]: Raft consensus is shut down!
I20260710 11:00:30.090646  6908 ts_tablet_manager.cc:1916] T aee2f0108ddb4b17b521ff477b3b68e1 P 71d0019c7c2342e7b8828c9b3a3b0394: Deleting tablet data with delete state TABLET_DATA_TOMBSTONED
I20260710 11:00:30.110296  6908 ts_tablet_manager.cc:1929] T aee2f0108ddb4b17b521ff477b3b68e1 P 71d0019c7c2342e7b8828c9b3a3b0394: tablet deleted with delete type TABLET_DATA_TOMBSTONED: last-logged OpId 1.3
I20260710 11:00:30.110816  6908 log.cc:1199] T aee2f0108ddb4b17b521ff477b3b68e1 P 71d0019c7c2342e7b8828c9b3a3b0394: Deleting WAL directory at /tmp/dist-test-taskGhA4lh/test-tmp/auto_leader_rebalancer-test.0.LeaderRebalancerTest.AddTserver.1783681185211373-4973-0/minicluster-data/ts-1-root/wals/aee2f0108ddb4b17b521ff477b3b68e1
I20260710 11:00:30.112879  5979 catalog_manager.cc:5028] TS 71d0019c7c2342e7b8828c9b3a3b0394 (127.4.219.66:33721): tablet aee2f0108ddb4b17b521ff477b3b68e1 (table test-workload [id=81e8aa558c6d45dfbd9b36d8c2b4a05b]) successfully deleted
I20260710 11:00:34.867574  4973 auto_leader_rebalancer.cc:141] leader rebalance for table test-workload
I20260710 11:00:34.903299  6240 tablet_service.cc:2072] Received LeaderStepDown RPC: tablet_id: "323bb91e62224a8ba6a4e187fb989303"
dest_uuid: "8b5055bd1f994a59a4323f50858cd504"
mode: GRACEFUL
new_leader_uuid: "71d0019c7c2342e7b8828c9b3a3b0394"
 from {username='slave'} at 127.0.0.1:39666
I20260710 11:00:34.903928  6240 raft_consensus.cc:606] T 323bb91e62224a8ba6a4e187fb989303 P 8b5055bd1f994a59a4323f50858cd504 [term 1 LEADER]: Received request to transfer leadership to TS 71d0019c7c2342e7b8828c9b3a3b0394
I20260710 11:00:34.916757  6165 tablet_service.cc:2072] Received LeaderStepDown RPC: tablet_id: "34a6992cd8104e31a6810dfdac51bd63"
dest_uuid: "71d0019c7c2342e7b8828c9b3a3b0394"
mode: GRACEFUL
new_leader_uuid: "efa59e1cbd0d43a6af75d73a8fadaf4c"
 from {username='slave'} at 127.0.0.1:53738
I20260710 11:00:34.917318  6165 raft_consensus.cc:606] T 34a6992cd8104e31a6810dfdac51bd63 P 71d0019c7c2342e7b8828c9b3a3b0394 [term 1 LEADER]: Received request to transfer leadership to TS efa59e1cbd0d43a6af75d73a8fadaf4c
I20260710 11:00:34.919586  6240 tablet_service.cc:2072] Received LeaderStepDown RPC: tablet_id: "3c4f66b893784f1e96efa989b1697b63"
dest_uuid: "8b5055bd1f994a59a4323f50858cd504"
mode: GRACEFUL
new_leader_uuid: "c7f5c55588904878a6103eee47c279aa"
 from {username='slave'} at 127.0.0.1:39666
I20260710 11:00:34.920117  6240 raft_consensus.cc:606] T 3c4f66b893784f1e96efa989b1697b63 P 8b5055bd1f994a59a4323f50858cd504 [term 1 LEADER]: Received request to transfer leadership to TS c7f5c55588904878a6103eee47c279aa
I20260710 11:00:34.926311  6240 tablet_service.cc:2072] Received LeaderStepDown RPC: tablet_id: "96c3d28c1e6a4f87a0517b612550a116"
dest_uuid: "8b5055bd1f994a59a4323f50858cd504"
mode: GRACEFUL
new_leader_uuid: "efa59e1cbd0d43a6af75d73a8fadaf4c"
 from {username='slave'} at 127.0.0.1:39666
I20260710 11:00:34.926944  6240 raft_consensus.cc:606] T 96c3d28c1e6a4f87a0517b612550a116 P 8b5055bd1f994a59a4323f50858cd504 [term 1 LEADER]: Received request to transfer leadership to TS efa59e1cbd0d43a6af75d73a8fadaf4c
I20260710 11:00:34.929289  6240 tablet_service.cc:2072] Received LeaderStepDown RPC: tablet_id: "ac9fd47b43704216846b0302048c508c"
dest_uuid: "8b5055bd1f994a59a4323f50858cd504"
mode: GRACEFUL
new_leader_uuid: "efa59e1cbd0d43a6af75d73a8fadaf4c"
 from {username='slave'} at 127.0.0.1:39666
I20260710 11:00:34.929752  6240 raft_consensus.cc:606] T ac9fd47b43704216846b0302048c508c P 8b5055bd1f994a59a4323f50858cd504 [term 3 LEADER]: Received request to transfer leadership to TS efa59e1cbd0d43a6af75d73a8fadaf4c
I20260710 11:00:34.930704  4973 auto_leader_rebalancer.cc:452] table: test-workload, leader rebalance finish, leader transfer count: 5
I20260710 11:00:34.931397  4973 auto_leader_rebalancer.cc:527] All tables' leader rebalancing finished this round
I20260710 11:00:34.976845  6921 raft_consensus.cc:993] T 323bb91e62224a8ba6a4e187fb989303 P 8b5055bd1f994a59a4323f50858cd504: : Instructing follower 71d0019c7c2342e7b8828c9b3a3b0394 to start an election
I20260710 11:00:34.977414  6926 raft_consensus.cc:1081] T 323bb91e62224a8ba6a4e187fb989303 P 8b5055bd1f994a59a4323f50858cd504 [term 1 LEADER]: Signalling peer 71d0019c7c2342e7b8828c9b3a3b0394 to start an election
I20260710 11:00:34.979000  6167 tablet_service.cc:2044] Received Run Leader Election RPC: tablet_id: "323bb91e62224a8ba6a4e187fb989303"
dest_uuid: "71d0019c7c2342e7b8828c9b3a3b0394"
 from {username='slave'} at 127.0.0.1:55782
I20260710 11:00:34.979472  6167 raft_consensus.cc:493] T 323bb91e62224a8ba6a4e187fb989303 P 71d0019c7c2342e7b8828c9b3a3b0394 [term 1 FOLLOWER]: Starting forced leader election (received explicit request)
I20260710 11:00:34.979779  6167 raft_consensus.cc:3060] T 323bb91e62224a8ba6a4e187fb989303 P 71d0019c7c2342e7b8828c9b3a3b0394 [term 1 FOLLOWER]: Advancing to term 2
I20260710 11:00:34.984587  6167 raft_consensus.cc:515] T 323bb91e62224a8ba6a4e187fb989303 P 71d0019c7c2342e7b8828c9b3a3b0394 [term 2 FOLLOWER]: Starting forced leader election with config: opid_index: -1 OBSOLETE_local: false peers { permanent_uuid: "c7f5c55588904878a6103eee47c279aa" member_type: VOTER last_known_addr { host: "127.4.219.65" port: 42757 } } peers { permanent_uuid: "71d0019c7c2342e7b8828c9b3a3b0394" member_type: VOTER last_known_addr { host: "127.4.219.66" port: 33721 } } peers { permanent_uuid: "8b5055bd1f994a59a4323f50858cd504" member_type: VOTER last_known_addr { host: "127.4.219.67" port: 41867 } }
I20260710 11:00:34.986038  6167 leader_election.cc:290] T 323bb91e62224a8ba6a4e187fb989303 P 71d0019c7c2342e7b8828c9b3a3b0394 [CANDIDATE]: Term 2 election: Requested vote from peers c7f5c55588904878a6103eee47c279aa (127.4.219.65:42757), 8b5055bd1f994a59a4323f50858cd504 (127.4.219.67:41867)
I20260710 11:00:34.986761  6093 tablet_service.cc:1917] Received RequestConsensusVote() RPC: tablet_id: "323bb91e62224a8ba6a4e187fb989303" candidate_uuid: "71d0019c7c2342e7b8828c9b3a3b0394" candidate_term: 2 candidate_status { last_received { term: 1 index: 1 } } ignore_live_leader: true dest_uuid: "c7f5c55588904878a6103eee47c279aa"
I20260710 11:00:34.986965  6240 tablet_service.cc:1917] Received RequestConsensusVote() RPC: tablet_id: "323bb91e62224a8ba6a4e187fb989303" candidate_uuid: "71d0019c7c2342e7b8828c9b3a3b0394" candidate_term: 2 candidate_status { last_received { term: 1 index: 1 } } ignore_live_leader: true dest_uuid: "8b5055bd1f994a59a4323f50858cd504"
I20260710 11:00:34.987316  6093 raft_consensus.cc:3060] T 323bb91e62224a8ba6a4e187fb989303 P c7f5c55588904878a6103eee47c279aa [term 1 FOLLOWER]: Advancing to term 2
I20260710 11:00:34.987536  6240 raft_consensus.cc:3055] T 323bb91e62224a8ba6a4e187fb989303 P 8b5055bd1f994a59a4323f50858cd504 [term 1 LEADER]: Stepping down as leader of term 1
I20260710 11:00:34.987885  6240 raft_consensus.cc:740] T 323bb91e62224a8ba6a4e187fb989303 P 8b5055bd1f994a59a4323f50858cd504 [term 1 LEADER]: Becoming Follower/Learner. State: Replica: 8b5055bd1f994a59a4323f50858cd504, State: Running, Role: LEADER
I20260710 11:00:34.988572  6240 consensus_queue.cc:260] T 323bb91e62224a8ba6a4e187fb989303 P 8b5055bd1f994a59a4323f50858cd504 [NON_LEADER]: Queue going to NON_LEADER mode. State: All replicated index: 0, Majority replicated index: 1, Committed index: 1, Last appended: 1.1, Last appended by leader: 1, Current term: 1, Majority size: -1, State: 0, Mode: NON_LEADER, active raft config: opid_index: -1 OBSOLETE_local: false peers { permanent_uuid: "c7f5c55588904878a6103eee47c279aa" member_type: VOTER last_known_addr { host: "127.4.219.65" port: 42757 } } peers { permanent_uuid: "71d0019c7c2342e7b8828c9b3a3b0394" member_type: VOTER last_known_addr { host: "127.4.219.66" port: 33721 } } peers { permanent_uuid: "8b5055bd1f994a59a4323f50858cd504" member_type: VOTER last_known_addr { host: "127.4.219.67" port: 41867 } }
I20260710 11:00:34.989441  6240 raft_consensus.cc:3060] T 323bb91e62224a8ba6a4e187fb989303 P 8b5055bd1f994a59a4323f50858cd504 [term 1 FOLLOWER]: Advancing to term 2
I20260710 11:00:34.991677  6093 raft_consensus.cc:2468] T 323bb91e62224a8ba6a4e187fb989303 P c7f5c55588904878a6103eee47c279aa [term 2 FOLLOWER]: Leader election vote request: Granting yes vote for candidate 71d0019c7c2342e7b8828c9b3a3b0394 in term 2.
I20260710 11:00:34.992822  6134 leader_election.cc:304] T 323bb91e62224a8ba6a4e187fb989303 P 71d0019c7c2342e7b8828c9b3a3b0394 [CANDIDATE]: Term 2 election: Election decided. Result: candidate won. Election summary: received 2 responses out of 3 voters: 2 yes votes; 0 no votes. yes voters: 71d0019c7c2342e7b8828c9b3a3b0394, c7f5c55588904878a6103eee47c279aa; no voters: 
I20260710 11:00:34.993701  6920 raft_consensus.cc:2804] T 323bb91e62224a8ba6a4e187fb989303 P 71d0019c7c2342e7b8828c9b3a3b0394 [term 2 FOLLOWER]: Leader election won for term 2
I20260710 11:00:34.994169  6920 raft_consensus.cc:697] T 323bb91e62224a8ba6a4e187fb989303 P 71d0019c7c2342e7b8828c9b3a3b0394 [term 2 LEADER]: Becoming Leader. State: Replica: 71d0019c7c2342e7b8828c9b3a3b0394, State: Running, Role: LEADER
I20260710 11:00:34.994777  6240 raft_consensus.cc:2468] T 323bb91e62224a8ba6a4e187fb989303 P 8b5055bd1f994a59a4323f50858cd504 [term 2 FOLLOWER]: Leader election vote request: Granting yes vote for candidate 71d0019c7c2342e7b8828c9b3a3b0394 in term 2.
I20260710 11:00:34.995039  6920 consensus_queue.cc:237] T 323bb91e62224a8ba6a4e187fb989303 P 71d0019c7c2342e7b8828c9b3a3b0394 [LEADER]: Queue going to LEADER mode. State: All replicated index: 0, Majority replicated index: 1, Committed index: 1, Last appended: 1.1, Last appended by leader: 1, Current term: 2, Majority size: 2, State: 0, Mode: LEADER, active raft config: opid_index: -1 OBSOLETE_local: false peers { permanent_uuid: "c7f5c55588904878a6103eee47c279aa" member_type: VOTER last_known_addr { host: "127.4.219.65" port: 42757 } } peers { permanent_uuid: "71d0019c7c2342e7b8828c9b3a3b0394" member_type: VOTER last_known_addr { host: "127.4.219.66" port: 33721 } } peers { permanent_uuid: "8b5055bd1f994a59a4323f50858cd504" member_type: VOTER last_known_addr { host: "127.4.219.67" port: 41867 } }
I20260710 11:00:35.004206  5989 catalog_manager.cc:5697] T 323bb91e62224a8ba6a4e187fb989303 P 71d0019c7c2342e7b8828c9b3a3b0394 reported cstate change: term changed from 1 to 2, leader changed from 8b5055bd1f994a59a4323f50858cd504 (127.4.219.67) to 71d0019c7c2342e7b8828c9b3a3b0394 (127.4.219.66). New cstate: current_term: 2 leader_uuid: "71d0019c7c2342e7b8828c9b3a3b0394" committed_config { opid_index: -1 OBSOLETE_local: false peers { permanent_uuid: "c7f5c55588904878a6103eee47c279aa" member_type: VOTER last_known_addr { host: "127.4.219.65" port: 42757 } health_report { overall_health: UNKNOWN } } peers { permanent_uuid: "71d0019c7c2342e7b8828c9b3a3b0394" member_type: VOTER last_known_addr { host: "127.4.219.66" port: 33721 } health_report { overall_health: HEALTHY } } peers { permanent_uuid: "8b5055bd1f994a59a4323f50858cd504" member_type: VOTER last_known_addr { host: "127.4.219.67" port: 41867 } health_report { overall_health: UNKNOWN } } }
I20260710 11:00:35.011384  6921 raft_consensus.cc:993] T 96c3d28c1e6a4f87a0517b612550a116 P 8b5055bd1f994a59a4323f50858cd504: : Instructing follower efa59e1cbd0d43a6af75d73a8fadaf4c to start an election
I20260710 11:00:35.012068  6921 raft_consensus.cc:1081] T 96c3d28c1e6a4f87a0517b612550a116 P 8b5055bd1f994a59a4323f50858cd504 [term 1 LEADER]: Signalling peer efa59e1cbd0d43a6af75d73a8fadaf4c to start an election
I20260710 11:00:35.013679  6518 tablet_service.cc:2044] Received Run Leader Election RPC: tablet_id: "96c3d28c1e6a4f87a0517b612550a116"
dest_uuid: "efa59e1cbd0d43a6af75d73a8fadaf4c"
 from {username='slave'} at 127.0.0.1:52090
I20260710 11:00:35.014305  6518 raft_consensus.cc:493] T 96c3d28c1e6a4f87a0517b612550a116 P efa59e1cbd0d43a6af75d73a8fadaf4c [term 1 FOLLOWER]: Starting forced leader election (received explicit request)
I20260710 11:00:35.014631  6518 raft_consensus.cc:3060] T 96c3d28c1e6a4f87a0517b612550a116 P efa59e1cbd0d43a6af75d73a8fadaf4c [term 1 FOLLOWER]: Advancing to term 2
I20260710 11:00:35.020170  6518 raft_consensus.cc:515] T 96c3d28c1e6a4f87a0517b612550a116 P efa59e1cbd0d43a6af75d73a8fadaf4c [term 2 FOLLOWER]: Starting forced leader election with config: opid_index: 4 OBSOLETE_local: false peers { permanent_uuid: "c7f5c55588904878a6103eee47c279aa" member_type: VOTER last_known_addr { host: "127.4.219.65" port: 42757 } } peers { permanent_uuid: "8b5055bd1f994a59a4323f50858cd504" member_type: VOTER last_known_addr { host: "127.4.219.67" port: 41867 } } peers { permanent_uuid: "efa59e1cbd0d43a6af75d73a8fadaf4c" member_type: VOTER last_known_addr { host: "127.4.219.68" port: 37287 } attrs { promote: false } }
I20260710 11:00:35.021780  6518 leader_election.cc:290] T 96c3d28c1e6a4f87a0517b612550a116 P efa59e1cbd0d43a6af75d73a8fadaf4c [CANDIDATE]: Term 2 election: Requested vote from peers c7f5c55588904878a6103eee47c279aa (127.4.219.65:42757), 8b5055bd1f994a59a4323f50858cd504 (127.4.219.67:41867)
I20260710 11:00:35.022753  6240 tablet_service.cc:1917] Received RequestConsensusVote() RPC: tablet_id: "96c3d28c1e6a4f87a0517b612550a116" candidate_uuid: "efa59e1cbd0d43a6af75d73a8fadaf4c" candidate_term: 2 candidate_status { last_received { term: 1 index: 4 } } ignore_live_leader: true dest_uuid: "8b5055bd1f994a59a4323f50858cd504"
I20260710 11:00:35.022794  6093 tablet_service.cc:1917] Received RequestConsensusVote() RPC: tablet_id: "96c3d28c1e6a4f87a0517b612550a116" candidate_uuid: "efa59e1cbd0d43a6af75d73a8fadaf4c" candidate_term: 2 candidate_status { last_received { term: 1 index: 4 } } ignore_live_leader: true dest_uuid: "c7f5c55588904878a6103eee47c279aa"
I20260710 11:00:35.023433  6240 raft_consensus.cc:3055] T 96c3d28c1e6a4f87a0517b612550a116 P 8b5055bd1f994a59a4323f50858cd504 [term 1 LEADER]: Stepping down as leader of term 1
I20260710 11:00:35.023578  6093 raft_consensus.cc:3060] T 96c3d28c1e6a4f87a0517b612550a116 P c7f5c55588904878a6103eee47c279aa [term 1 FOLLOWER]: Advancing to term 2
I20260710 11:00:35.023844  6240 raft_consensus.cc:740] T 96c3d28c1e6a4f87a0517b612550a116 P 8b5055bd1f994a59a4323f50858cd504 [term 1 LEADER]: Becoming Follower/Learner. State: Replica: 8b5055bd1f994a59a4323f50858cd504, State: Running, Role: LEADER
I20260710 11:00:35.024760  6240 consensus_queue.cc:260] T 96c3d28c1e6a4f87a0517b612550a116 P 8b5055bd1f994a59a4323f50858cd504 [NON_LEADER]: Queue going to NON_LEADER mode. State: All replicated index: 0, Majority replicated index: 4, Committed index: 4, Last appended: 1.4, Last appended by leader: 4, Current term: 1, Majority size: -1, State: 0, Mode: NON_LEADER, active raft config: opid_index: 4 OBSOLETE_local: false peers { permanent_uuid: "c7f5c55588904878a6103eee47c279aa" member_type: VOTER last_known_addr { host: "127.4.219.65" port: 42757 } } peers { permanent_uuid: "8b5055bd1f994a59a4323f50858cd504" member_type: VOTER last_known_addr { host: "127.4.219.67" port: 41867 } } peers { permanent_uuid: "efa59e1cbd0d43a6af75d73a8fadaf4c" member_type: VOTER last_known_addr { host: "127.4.219.68" port: 37287 } attrs { promote: false } }
I20260710 11:00:35.025991  6240 raft_consensus.cc:3060] T 96c3d28c1e6a4f87a0517b612550a116 P 8b5055bd1f994a59a4323f50858cd504 [term 1 FOLLOWER]: Advancing to term 2
I20260710 11:00:35.030364  6093 raft_consensus.cc:2468] T 96c3d28c1e6a4f87a0517b612550a116 P c7f5c55588904878a6103eee47c279aa [term 2 FOLLOWER]: Leader election vote request: Granting yes vote for candidate efa59e1cbd0d43a6af75d73a8fadaf4c in term 2.
I20260710 11:00:35.031390  6486 leader_election.cc:304] T 96c3d28c1e6a4f87a0517b612550a116 P efa59e1cbd0d43a6af75d73a8fadaf4c [CANDIDATE]: Term 2 election: Election decided. Result: candidate won. Election summary: received 2 responses out of 3 voters: 2 yes votes; 0 no votes. yes voters: c7f5c55588904878a6103eee47c279aa, efa59e1cbd0d43a6af75d73a8fadaf4c; no voters: 
I20260710 11:00:35.032294  6240 raft_consensus.cc:2468] T 96c3d28c1e6a4f87a0517b612550a116 P 8b5055bd1f994a59a4323f50858cd504 [term 2 FOLLOWER]: Leader election vote request: Granting yes vote for candidate efa59e1cbd0d43a6af75d73a8fadaf4c in term 2.
I20260710 11:00:35.033334  6933 raft_consensus.cc:2804] T 96c3d28c1e6a4f87a0517b612550a116 P efa59e1cbd0d43a6af75d73a8fadaf4c [term 2 FOLLOWER]: Leader election won for term 2
I20260710 11:00:35.034551  6933 raft_consensus.cc:697] T 96c3d28c1e6a4f87a0517b612550a116 P efa59e1cbd0d43a6af75d73a8fadaf4c [term 2 LEADER]: Becoming Leader. State: Replica: efa59e1cbd0d43a6af75d73a8fadaf4c, State: Running, Role: LEADER
I20260710 11:00:35.035357  6933 consensus_queue.cc:237] T 96c3d28c1e6a4f87a0517b612550a116 P efa59e1cbd0d43a6af75d73a8fadaf4c [LEADER]: Queue going to LEADER mode. State: All replicated index: 0, Majority replicated index: 4, Committed index: 4, Last appended: 1.4, Last appended by leader: 4, Current term: 2, Majority size: 2, State: 0, Mode: LEADER, active raft config: opid_index: 4 OBSOLETE_local: false peers { permanent_uuid: "c7f5c55588904878a6103eee47c279aa" member_type: VOTER last_known_addr { host: "127.4.219.65" port: 42757 } } peers { permanent_uuid: "8b5055bd1f994a59a4323f50858cd504" member_type: VOTER last_known_addr { host: "127.4.219.67" port: 41867 } } peers { permanent_uuid: "efa59e1cbd0d43a6af75d73a8fadaf4c" member_type: VOTER last_known_addr { host: "127.4.219.68" port: 37287 } attrs { promote: false } }
I20260710 11:00:35.044673  5989 catalog_manager.cc:5697] T 96c3d28c1e6a4f87a0517b612550a116 P efa59e1cbd0d43a6af75d73a8fadaf4c reported cstate change: term changed from 1 to 2, leader changed from 8b5055bd1f994a59a4323f50858cd504 (127.4.219.67) to efa59e1cbd0d43a6af75d73a8fadaf4c (127.4.219.68). New cstate: current_term: 2 leader_uuid: "efa59e1cbd0d43a6af75d73a8fadaf4c" committed_config { opid_index: 4 OBSOLETE_local: false peers { permanent_uuid: "c7f5c55588904878a6103eee47c279aa" member_type: VOTER last_known_addr { host: "127.4.219.65" port: 42757 } health_report { overall_health: UNKNOWN } } peers { permanent_uuid: "8b5055bd1f994a59a4323f50858cd504" member_type: VOTER last_known_addr { host: "127.4.219.67" port: 41867 } health_report { overall_health: UNKNOWN } } peers { permanent_uuid: "efa59e1cbd0d43a6af75d73a8fadaf4c" member_type: VOTER last_known_addr { host: "127.4.219.68" port: 37287 } attrs { promote: false } health_report { overall_health: HEALTHY } } }
I20260710 11:00:35.260474  6927 raft_consensus.cc:993] T 34a6992cd8104e31a6810dfdac51bd63 P 71d0019c7c2342e7b8828c9b3a3b0394: : Instructing follower efa59e1cbd0d43a6af75d73a8fadaf4c to start an election
I20260710 11:00:35.261056  6927 raft_consensus.cc:1081] T 34a6992cd8104e31a6810dfdac51bd63 P 71d0019c7c2342e7b8828c9b3a3b0394 [term 1 LEADER]: Signalling peer efa59e1cbd0d43a6af75d73a8fadaf4c to start an election
I20260710 11:00:35.262473  6518 tablet_service.cc:2044] Received Run Leader Election RPC: tablet_id: "34a6992cd8104e31a6810dfdac51bd63"
dest_uuid: "efa59e1cbd0d43a6af75d73a8fadaf4c"
 from {username='slave'} at 127.0.0.1:52098
I20260710 11:00:35.262954  6518 raft_consensus.cc:493] T 34a6992cd8104e31a6810dfdac51bd63 P efa59e1cbd0d43a6af75d73a8fadaf4c [term 1 FOLLOWER]: Starting forced leader election (received explicit request)
I20260710 11:00:35.263263  6518 raft_consensus.cc:3060] T 34a6992cd8104e31a6810dfdac51bd63 P efa59e1cbd0d43a6af75d73a8fadaf4c [term 1 FOLLOWER]: Advancing to term 2
I20260710 11:00:35.268241  6518 raft_consensus.cc:515] T 34a6992cd8104e31a6810dfdac51bd63 P efa59e1cbd0d43a6af75d73a8fadaf4c [term 2 FOLLOWER]: Starting forced leader election with config: opid_index: 4 OBSOLETE_local: false peers { permanent_uuid: "71d0019c7c2342e7b8828c9b3a3b0394" member_type: VOTER last_known_addr { host: "127.4.219.66" port: 33721 } } peers { permanent_uuid: "8b5055bd1f994a59a4323f50858cd504" member_type: VOTER last_known_addr { host: "127.4.219.67" port: 41867 } } peers { permanent_uuid: "efa59e1cbd0d43a6af75d73a8fadaf4c" member_type: VOTER last_known_addr { host: "127.4.219.68" port: 37287 } attrs { promote: false } }
I20260710 11:00:35.270249  6518 leader_election.cc:290] T 34a6992cd8104e31a6810dfdac51bd63 P efa59e1cbd0d43a6af75d73a8fadaf4c [CANDIDATE]: Term 2 election: Requested vote from peers 71d0019c7c2342e7b8828c9b3a3b0394 (127.4.219.66:33721), 8b5055bd1f994a59a4323f50858cd504 (127.4.219.67:41867)
I20260710 11:00:35.271273  6926 raft_consensus.cc:993] T 3c4f66b893784f1e96efa989b1697b63 P 8b5055bd1f994a59a4323f50858cd504: : Instructing follower c7f5c55588904878a6103eee47c279aa to start an election
I20260710 11:00:35.271060  6165 tablet_service.cc:1917] Received RequestConsensusVote() RPC: tablet_id: "34a6992cd8104e31a6810dfdac51bd63" candidate_uuid: "efa59e1cbd0d43a6af75d73a8fadaf4c" candidate_term: 2 candidate_status { last_received { term: 1 index: 4 } } ignore_live_leader: true dest_uuid: "71d0019c7c2342e7b8828c9b3a3b0394"
I20260710 11:00:35.271409  6240 tablet_service.cc:1917] Received RequestConsensusVote() RPC: tablet_id: "34a6992cd8104e31a6810dfdac51bd63" candidate_uuid: "efa59e1cbd0d43a6af75d73a8fadaf4c" candidate_term: 2 candidate_status { last_received { term: 1 index: 4 } } ignore_live_leader: true dest_uuid: "8b5055bd1f994a59a4323f50858cd504"
I20260710 11:00:35.271747  6926 raft_consensus.cc:1081] T 3c4f66b893784f1e96efa989b1697b63 P 8b5055bd1f994a59a4323f50858cd504 [term 1 LEADER]: Signalling peer c7f5c55588904878a6103eee47c279aa to start an election
I20260710 11:00:35.272068  6240 raft_consensus.cc:3060] T 34a6992cd8104e31a6810dfdac51bd63 P 8b5055bd1f994a59a4323f50858cd504 [term 1 FOLLOWER]: Advancing to term 2
I20260710 11:00:35.271772  6165 raft_consensus.cc:3055] T 34a6992cd8104e31a6810dfdac51bd63 P 71d0019c7c2342e7b8828c9b3a3b0394 [term 1 LEADER]: Stepping down as leader of term 1
I20260710 11:00:35.272755  6165 raft_consensus.cc:740] T 34a6992cd8104e31a6810dfdac51bd63 P 71d0019c7c2342e7b8828c9b3a3b0394 [term 1 LEADER]: Becoming Follower/Learner. State: Replica: 71d0019c7c2342e7b8828c9b3a3b0394, State: Running, Role: LEADER
I20260710 11:00:35.273489  6093 tablet_service.cc:2044] Received Run Leader Election RPC: tablet_id: "3c4f66b893784f1e96efa989b1697b63"
dest_uuid: "c7f5c55588904878a6103eee47c279aa"
 from {username='slave'} at 127.0.0.1:41674
I20260710 11:00:35.273919  6093 raft_consensus.cc:493] T 3c4f66b893784f1e96efa989b1697b63 P c7f5c55588904878a6103eee47c279aa [term 1 FOLLOWER]: Starting forced leader election (received explicit request)
I20260710 11:00:35.274190  6093 raft_consensus.cc:3060] T 3c4f66b893784f1e96efa989b1697b63 P c7f5c55588904878a6103eee47c279aa [term 1 FOLLOWER]: Advancing to term 2
I20260710 11:00:35.279510  6240 raft_consensus.cc:2468] T 34a6992cd8104e31a6810dfdac51bd63 P 8b5055bd1f994a59a4323f50858cd504 [term 2 FOLLOWER]: Leader election vote request: Granting yes vote for candidate efa59e1cbd0d43a6af75d73a8fadaf4c in term 2.
I20260710 11:00:35.280046  6093 raft_consensus.cc:515] T 3c4f66b893784f1e96efa989b1697b63 P c7f5c55588904878a6103eee47c279aa [term 2 FOLLOWER]: Starting forced leader election with config: opid_index: -1 OBSOLETE_local: false peers { permanent_uuid: "c7f5c55588904878a6103eee47c279aa" member_type: VOTER last_known_addr { host: "127.4.219.65" port: 42757 } } peers { permanent_uuid: "71d0019c7c2342e7b8828c9b3a3b0394" member_type: VOTER last_known_addr { host: "127.4.219.66" port: 33721 } } peers { permanent_uuid: "8b5055bd1f994a59a4323f50858cd504" member_type: VOTER last_known_addr { host: "127.4.219.67" port: 41867 } }
I20260710 11:00:35.280911  6485 leader_election.cc:304] T 34a6992cd8104e31a6810dfdac51bd63 P efa59e1cbd0d43a6af75d73a8fadaf4c [CANDIDATE]: Term 2 election: Election decided. Result: candidate won. Election summary: received 2 responses out of 3 voters: 2 yes votes; 0 no votes. yes voters: 8b5055bd1f994a59a4323f50858cd504, efa59e1cbd0d43a6af75d73a8fadaf4c; no voters: 
I20260710 11:00:35.281169  6165 consensus_queue.cc:260] T 34a6992cd8104e31a6810dfdac51bd63 P 71d0019c7c2342e7b8828c9b3a3b0394 [NON_LEADER]: Queue going to NON_LEADER mode. State: All replicated index: 0, Majority replicated index: 4, Committed index: 4, Last appended: 1.4, Last appended by leader: 4, Current term: 1, Majority size: -1, State: 0, Mode: NON_LEADER, active raft config: opid_index: 4 OBSOLETE_local: false peers { permanent_uuid: "71d0019c7c2342e7b8828c9b3a3b0394" member_type: VOTER last_known_addr { host: "127.4.219.66" port: 33721 } } peers { permanent_uuid: "8b5055bd1f994a59a4323f50858cd504" member_type: VOTER last_known_addr { host: "127.4.219.67" port: 41867 } } peers { permanent_uuid: "efa59e1cbd0d43a6af75d73a8fadaf4c" member_type: VOTER last_known_addr { host: "127.4.219.68" port: 37287 } attrs { promote: false } }
I20260710 11:00:35.281661  6933 raft_consensus.cc:2804] T 34a6992cd8104e31a6810dfdac51bd63 P efa59e1cbd0d43a6af75d73a8fadaf4c [term 2 FOLLOWER]: Leader election won for term 2
I20260710 11:00:35.282253  6165 raft_consensus.cc:3060] T 34a6992cd8104e31a6810dfdac51bd63 P 71d0019c7c2342e7b8828c9b3a3b0394 [term 1 FOLLOWER]: Advancing to term 2
I20260710 11:00:35.282209  6933 raft_consensus.cc:697] T 34a6992cd8104e31a6810dfdac51bd63 P efa59e1cbd0d43a6af75d73a8fadaf4c [term 2 LEADER]: Becoming Leader. State: Replica: efa59e1cbd0d43a6af75d73a8fadaf4c, State: Running, Role: LEADER
I20260710 11:00:35.283193  6933 consensus_queue.cc:237] T 34a6992cd8104e31a6810dfdac51bd63 P efa59e1cbd0d43a6af75d73a8fadaf4c [LEADER]: Queue going to LEADER mode. State: All replicated index: 0, Majority replicated index: 4, Committed index: 4, Last appended: 1.4, Last appended by leader: 4, Current term: 2, Majority size: 2, State: 0, Mode: LEADER, active raft config: opid_index: 4 OBSOLETE_local: false peers { permanent_uuid: "71d0019c7c2342e7b8828c9b3a3b0394" member_type: VOTER last_known_addr { host: "127.4.219.66" port: 33721 } } peers { permanent_uuid: "8b5055bd1f994a59a4323f50858cd504" member_type: VOTER last_known_addr { host: "127.4.219.67" port: 41867 } } peers { permanent_uuid: "efa59e1cbd0d43a6af75d73a8fadaf4c" member_type: VOTER last_known_addr { host: "127.4.219.68" port: 37287 } attrs { promote: false } }
I20260710 11:00:35.283978  6093 leader_election.cc:290] T 3c4f66b893784f1e96efa989b1697b63 P c7f5c55588904878a6103eee47c279aa [CANDIDATE]: Term 2 election: Requested vote from peers 71d0019c7c2342e7b8828c9b3a3b0394 (127.4.219.66:33721), 8b5055bd1f994a59a4323f50858cd504 (127.4.219.67:41867)
I20260710 11:00:35.284889  6240 tablet_service.cc:1917] Received RequestConsensusVote() RPC: tablet_id: "3c4f66b893784f1e96efa989b1697b63" candidate_uuid: "c7f5c55588904878a6103eee47c279aa" candidate_term: 2 candidate_status { last_received { term: 1 index: 1 } } ignore_live_leader: true dest_uuid: "8b5055bd1f994a59a4323f50858cd504"
I20260710 11:00:35.285530  6240 raft_consensus.cc:3055] T 3c4f66b893784f1e96efa989b1697b63 P 8b5055bd1f994a59a4323f50858cd504 [term 1 LEADER]: Stepping down as leader of term 1
I20260710 11:00:35.285774  6167 tablet_service.cc:1917] Received RequestConsensusVote() RPC: tablet_id: "3c4f66b893784f1e96efa989b1697b63" candidate_uuid: "c7f5c55588904878a6103eee47c279aa" candidate_term: 2 candidate_status { last_received { term: 1 index: 1 } } ignore_live_leader: true dest_uuid: "71d0019c7c2342e7b8828c9b3a3b0394"
I20260710 11:00:35.285890  6240 raft_consensus.cc:740] T 3c4f66b893784f1e96efa989b1697b63 P 8b5055bd1f994a59a4323f50858cd504 [term 1 LEADER]: Becoming Follower/Learner. State: Replica: 8b5055bd1f994a59a4323f50858cd504, State: Running, Role: LEADER
I20260710 11:00:35.286388  6167 raft_consensus.cc:3060] T 3c4f66b893784f1e96efa989b1697b63 P 71d0019c7c2342e7b8828c9b3a3b0394 [term 1 FOLLOWER]: Advancing to term 2
I20260710 11:00:35.286867  6240 consensus_queue.cc:260] T 3c4f66b893784f1e96efa989b1697b63 P 8b5055bd1f994a59a4323f50858cd504 [NON_LEADER]: Queue going to NON_LEADER mode. State: All replicated index: 0, Majority replicated index: 1, Committed index: 1, Last appended: 1.1, Last appended by leader: 1, Current term: 1, Majority size: -1, State: 0, Mode: NON_LEADER, active raft config: opid_index: -1 OBSOLETE_local: false peers { permanent_uuid: "c7f5c55588904878a6103eee47c279aa" member_type: VOTER last_known_addr { host: "127.4.219.65" port: 42757 } } peers { permanent_uuid: "71d0019c7c2342e7b8828c9b3a3b0394" member_type: VOTER last_known_addr { host: "127.4.219.66" port: 33721 } } peers { permanent_uuid: "8b5055bd1f994a59a4323f50858cd504" member_type: VOTER last_known_addr { host: "127.4.219.67" port: 41867 } }
I20260710 11:00:35.288273  6240 raft_consensus.cc:3060] T 3c4f66b893784f1e96efa989b1697b63 P 8b5055bd1f994a59a4323f50858cd504 [term 1 FOLLOWER]: Advancing to term 2
I20260710 11:00:35.293708  5989 catalog_manager.cc:5697] T 34a6992cd8104e31a6810dfdac51bd63 P efa59e1cbd0d43a6af75d73a8fadaf4c reported cstate change: term changed from 1 to 2, leader changed from 71d0019c7c2342e7b8828c9b3a3b0394 (127.4.219.66) to efa59e1cbd0d43a6af75d73a8fadaf4c (127.4.219.68). New cstate: current_term: 2 leader_uuid: "efa59e1cbd0d43a6af75d73a8fadaf4c" committed_config { opid_index: 4 OBSOLETE_local: false peers { permanent_uuid: "71d0019c7c2342e7b8828c9b3a3b0394" member_type: VOTER last_known_addr { host: "127.4.219.66" port: 33721 } health_report { overall_health: UNKNOWN } } peers { permanent_uuid: "8b5055bd1f994a59a4323f50858cd504" member_type: VOTER last_known_addr { host: "127.4.219.67" port: 41867 } health_report { overall_health: UNKNOWN } } peers { permanent_uuid: "efa59e1cbd0d43a6af75d73a8fadaf4c" member_type: VOTER last_known_addr { host: "127.4.219.68" port: 37287 } attrs { promote: false } health_report { overall_health: HEALTHY } } }
I20260710 11:00:35.295907  6240 raft_consensus.cc:2468] T 3c4f66b893784f1e96efa989b1697b63 P 8b5055bd1f994a59a4323f50858cd504 [term 2 FOLLOWER]: Leader election vote request: Granting yes vote for candidate c7f5c55588904878a6103eee47c279aa in term 2.
I20260710 11:00:35.297431  6058 leader_election.cc:304] T 3c4f66b893784f1e96efa989b1697b63 P c7f5c55588904878a6103eee47c279aa [CANDIDATE]: Term 2 election: Election decided. Result: candidate won. Election summary: received 2 responses out of 3 voters: 2 yes votes; 0 no votes. yes voters: 8b5055bd1f994a59a4323f50858cd504, c7f5c55588904878a6103eee47c279aa; no voters: 
I20260710 11:00:35.298312  6910 raft_consensus.cc:2804] T 3c4f66b893784f1e96efa989b1697b63 P c7f5c55588904878a6103eee47c279aa [term 2 FOLLOWER]: Leader election won for term 2
I20260710 11:00:35.298774  6910 raft_consensus.cc:697] T 3c4f66b893784f1e96efa989b1697b63 P c7f5c55588904878a6103eee47c279aa [term 2 LEADER]: Becoming Leader. State: Replica: c7f5c55588904878a6103eee47c279aa, State: Running, Role: LEADER
I20260710 11:00:35.298971  6165 raft_consensus.cc:2468] T 34a6992cd8104e31a6810dfdac51bd63 P 71d0019c7c2342e7b8828c9b3a3b0394 [term 2 FOLLOWER]: Leader election vote request: Granting yes vote for candidate efa59e1cbd0d43a6af75d73a8fadaf4c in term 2.
I20260710 11:00:35.299625  6910 consensus_queue.cc:237] T 3c4f66b893784f1e96efa989b1697b63 P c7f5c55588904878a6103eee47c279aa [LEADER]: Queue going to LEADER mode. State: All replicated index: 0, Majority replicated index: 1, Committed index: 1, Last appended: 1.1, Last appended by leader: 1, Current term: 2, Majority size: 2, State: 0, Mode: LEADER, active raft config: opid_index: -1 OBSOLETE_local: false peers { permanent_uuid: "c7f5c55588904878a6103eee47c279aa" member_type: VOTER last_known_addr { host: "127.4.219.65" port: 42757 } } peers { permanent_uuid: "71d0019c7c2342e7b8828c9b3a3b0394" member_type: VOTER last_known_addr { host: "127.4.219.66" port: 33721 } } peers { permanent_uuid: "8b5055bd1f994a59a4323f50858cd504" member_type: VOTER last_known_addr { host: "127.4.219.67" port: 41867 } }
I20260710 11:00:35.302953  6167 raft_consensus.cc:2468] T 3c4f66b893784f1e96efa989b1697b63 P 71d0019c7c2342e7b8828c9b3a3b0394 [term 2 FOLLOWER]: Leader election vote request: Granting yes vote for candidate c7f5c55588904878a6103eee47c279aa in term 2.
I20260710 11:00:35.312620  5989 catalog_manager.cc:5697] T 3c4f66b893784f1e96efa989b1697b63 P c7f5c55588904878a6103eee47c279aa reported cstate change: term changed from 1 to 2, leader changed from 8b5055bd1f994a59a4323f50858cd504 (127.4.219.67) to c7f5c55588904878a6103eee47c279aa (127.4.219.65). New cstate: current_term: 2 leader_uuid: "c7f5c55588904878a6103eee47c279aa" committed_config { opid_index: -1 OBSOLETE_local: false peers { permanent_uuid: "c7f5c55588904878a6103eee47c279aa" member_type: VOTER last_known_addr { host: "127.4.219.65" port: 42757 } health_report { overall_health: HEALTHY } } peers { permanent_uuid: "71d0019c7c2342e7b8828c9b3a3b0394" member_type: VOTER last_known_addr { host: "127.4.219.66" port: 33721 } health_report { overall_health: UNKNOWN } } peers { permanent_uuid: "8b5055bd1f994a59a4323f50858cd504" member_type: VOTER last_known_addr { host: "127.4.219.67" port: 41867 } health_report { overall_health: UNKNOWN } } }
I20260710 11:00:35.359187  6914 raft_consensus.cc:993] T ac9fd47b43704216846b0302048c508c P 8b5055bd1f994a59a4323f50858cd504: : Instructing follower efa59e1cbd0d43a6af75d73a8fadaf4c to start an election
I20260710 11:00:35.359772  6921 raft_consensus.cc:1081] T ac9fd47b43704216846b0302048c508c P 8b5055bd1f994a59a4323f50858cd504 [term 3 LEADER]: Signalling peer efa59e1cbd0d43a6af75d73a8fadaf4c to start an election
I20260710 11:00:35.361824  6519 tablet_service.cc:2044] Received Run Leader Election RPC: tablet_id: "ac9fd47b43704216846b0302048c508c"
dest_uuid: "efa59e1cbd0d43a6af75d73a8fadaf4c"
 from {username='slave'} at 127.0.0.1:52090
I20260710 11:00:35.362262  6519 raft_consensus.cc:493] T ac9fd47b43704216846b0302048c508c P efa59e1cbd0d43a6af75d73a8fadaf4c [term 3 FOLLOWER]: Starting forced leader election (received explicit request)
I20260710 11:00:35.362649  6519 raft_consensus.cc:3060] T ac9fd47b43704216846b0302048c508c P efa59e1cbd0d43a6af75d73a8fadaf4c [term 3 FOLLOWER]: Advancing to term 4
I20260710 11:00:35.366925  6519 raft_consensus.cc:515] T ac9fd47b43704216846b0302048c508c P efa59e1cbd0d43a6af75d73a8fadaf4c [term 4 FOLLOWER]: Starting forced leader election with config: opid_index: 4 OBSOLETE_local: false peers { permanent_uuid: "71d0019c7c2342e7b8828c9b3a3b0394" member_type: VOTER last_known_addr { host: "127.4.219.66" port: 33721 } } peers { permanent_uuid: "8b5055bd1f994a59a4323f50858cd504" member_type: VOTER last_known_addr { host: "127.4.219.67" port: 41867 } } peers { permanent_uuid: "efa59e1cbd0d43a6af75d73a8fadaf4c" member_type: VOTER last_known_addr { host: "127.4.219.68" port: 37287 } attrs { promote: false } }
I20260710 11:00:35.368345  6519 leader_election.cc:290] T ac9fd47b43704216846b0302048c508c P efa59e1cbd0d43a6af75d73a8fadaf4c [CANDIDATE]: Term 4 election: Requested vote from peers 71d0019c7c2342e7b8828c9b3a3b0394 (127.4.219.66:33721), 8b5055bd1f994a59a4323f50858cd504 (127.4.219.67:41867)
I20260710 11:00:35.369225  6240 tablet_service.cc:1917] Received RequestConsensusVote() RPC: tablet_id: "ac9fd47b43704216846b0302048c508c" candidate_uuid: "efa59e1cbd0d43a6af75d73a8fadaf4c" candidate_term: 4 candidate_status { last_received { term: 3 index: 5 } } ignore_live_leader: true dest_uuid: "8b5055bd1f994a59a4323f50858cd504"
I20260710 11:00:35.369158  6165 tablet_service.cc:1917] Received RequestConsensusVote() RPC: tablet_id: "ac9fd47b43704216846b0302048c508c" candidate_uuid: "efa59e1cbd0d43a6af75d73a8fadaf4c" candidate_term: 4 candidate_status { last_received { term: 3 index: 5 } } ignore_live_leader: true dest_uuid: "71d0019c7c2342e7b8828c9b3a3b0394"
I20260710 11:00:35.369885  6240 raft_consensus.cc:3055] T ac9fd47b43704216846b0302048c508c P 8b5055bd1f994a59a4323f50858cd504 [term 3 LEADER]: Stepping down as leader of term 3
I20260710 11:00:35.369995  6165 raft_consensus.cc:3060] T ac9fd47b43704216846b0302048c508c P 71d0019c7c2342e7b8828c9b3a3b0394 [term 3 FOLLOWER]: Advancing to term 4
I20260710 11:00:35.370222  6240 raft_consensus.cc:740] T ac9fd47b43704216846b0302048c508c P 8b5055bd1f994a59a4323f50858cd504 [term 3 LEADER]: Becoming Follower/Learner. State: Replica: 8b5055bd1f994a59a4323f50858cd504, State: Running, Role: LEADER
I20260710 11:00:35.371053  6240 consensus_queue.cc:260] T ac9fd47b43704216846b0302048c508c P 8b5055bd1f994a59a4323f50858cd504 [NON_LEADER]: Queue going to NON_LEADER mode. State: All replicated index: 0, Majority replicated index: 5, Committed index: 5, Last appended: 3.5, Last appended by leader: 5, Current term: 3, Majority size: -1, State: 0, Mode: NON_LEADER, active raft config: opid_index: 4 OBSOLETE_local: false peers { permanent_uuid: "71d0019c7c2342e7b8828c9b3a3b0394" member_type: VOTER last_known_addr { host: "127.4.219.66" port: 33721 } } peers { permanent_uuid: "8b5055bd1f994a59a4323f50858cd504" member_type: VOTER last_known_addr { host: "127.4.219.67" port: 41867 } } peers { permanent_uuid: "efa59e1cbd0d43a6af75d73a8fadaf4c" member_type: VOTER last_known_addr { host: "127.4.219.68" port: 37287 } attrs { promote: false } }
I20260710 11:00:35.372169  6240 raft_consensus.cc:3060] T ac9fd47b43704216846b0302048c508c P 8b5055bd1f994a59a4323f50858cd504 [term 3 FOLLOWER]: Advancing to term 4
I20260710 11:00:35.376243  6165 raft_consensus.cc:2468] T ac9fd47b43704216846b0302048c508c P 71d0019c7c2342e7b8828c9b3a3b0394 [term 4 FOLLOWER]: Leader election vote request: Granting yes vote for candidate efa59e1cbd0d43a6af75d73a8fadaf4c in term 4.
I20260710 11:00:35.377565  6487 leader_election.cc:304] T ac9fd47b43704216846b0302048c508c P efa59e1cbd0d43a6af75d73a8fadaf4c [CANDIDATE]: Term 4 election: Election decided. Result: candidate won. Election summary: received 2 responses out of 3 voters: 2 yes votes; 0 no votes. yes voters: 71d0019c7c2342e7b8828c9b3a3b0394, efa59e1cbd0d43a6af75d73a8fadaf4c; no voters: 
I20260710 11:00:35.378427  6240 raft_consensus.cc:2468] T ac9fd47b43704216846b0302048c508c P 8b5055bd1f994a59a4323f50858cd504 [term 4 FOLLOWER]: Leader election vote request: Granting yes vote for candidate efa59e1cbd0d43a6af75d73a8fadaf4c in term 4.
I20260710 11:00:35.378489  6933 raft_consensus.cc:2804] T ac9fd47b43704216846b0302048c508c P efa59e1cbd0d43a6af75d73a8fadaf4c [term 4 FOLLOWER]: Leader election won for term 4
I20260710 11:00:35.379118  6933 raft_consensus.cc:697] T ac9fd47b43704216846b0302048c508c P efa59e1cbd0d43a6af75d73a8fadaf4c [term 4 LEADER]: Becoming Leader. State: Replica: efa59e1cbd0d43a6af75d73a8fadaf4c, State: Running, Role: LEADER
I20260710 11:00:35.379947  6933 consensus_queue.cc:237] T ac9fd47b43704216846b0302048c508c P efa59e1cbd0d43a6af75d73a8fadaf4c [LEADER]: Queue going to LEADER mode. State: All replicated index: 0, Majority replicated index: 5, Committed index: 5, Last appended: 3.5, Last appended by leader: 5, Current term: 4, Majority size: 2, State: 0, Mode: LEADER, active raft config: opid_index: 4 OBSOLETE_local: false peers { permanent_uuid: "71d0019c7c2342e7b8828c9b3a3b0394" member_type: VOTER last_known_addr { host: "127.4.219.66" port: 33721 } } peers { permanent_uuid: "8b5055bd1f994a59a4323f50858cd504" member_type: VOTER last_known_addr { host: "127.4.219.67" port: 41867 } } peers { permanent_uuid: "efa59e1cbd0d43a6af75d73a8fadaf4c" member_type: VOTER last_known_addr { host: "127.4.219.68" port: 37287 } attrs { promote: false } }
I20260710 11:00:35.387638  5989 catalog_manager.cc:5697] T ac9fd47b43704216846b0302048c508c P efa59e1cbd0d43a6af75d73a8fadaf4c reported cstate change: term changed from 3 to 4, leader changed from 8b5055bd1f994a59a4323f50858cd504 (127.4.219.67) to efa59e1cbd0d43a6af75d73a8fadaf4c (127.4.219.68). New cstate: current_term: 4 leader_uuid: "efa59e1cbd0d43a6af75d73a8fadaf4c" committed_config { opid_index: 4 OBSOLETE_local: false peers { permanent_uuid: "71d0019c7c2342e7b8828c9b3a3b0394" member_type: VOTER last_known_addr { host: "127.4.219.66" port: 33721 } health_report { overall_health: UNKNOWN } } peers { permanent_uuid: "8b5055bd1f994a59a4323f50858cd504" member_type: VOTER last_known_addr { host: "127.4.219.67" port: 41867 } health_report { overall_health: UNKNOWN } } peers { permanent_uuid: "efa59e1cbd0d43a6af75d73a8fadaf4c" member_type: VOTER last_known_addr { host: "127.4.219.68" port: 37287 } attrs { promote: false } health_report { overall_health: HEALTHY } } }
I20260710 11:00:35.431463  6093 raft_consensus.cc:1275] T 96c3d28c1e6a4f87a0517b612550a116 P c7f5c55588904878a6103eee47c279aa [term 2 FOLLOWER]: Refusing update from remote peer efa59e1cbd0d43a6af75d73a8fadaf4c: Log matching property violated. Preceding OpId in replica: term: 1 index: 4. Preceding OpId from leader: term: 2 index: 5. (index mismatch)
I20260710 11:00:35.432673  6933 consensus_queue.cc:1048] T 96c3d28c1e6a4f87a0517b612550a116 P efa59e1cbd0d43a6af75d73a8fadaf4c [LEADER]: Connected to new peer: Peer: permanent_uuid: "c7f5c55588904878a6103eee47c279aa" member_type: VOTER last_known_addr { host: "127.4.219.65" port: 42757 }, Status: LMP_MISMATCH, Last received: 0.0, Next index: 5, Last known committed idx: 4, Time since last communication: 0.000s
I20260710 11:00:35.442739  6240 raft_consensus.cc:1275] T 96c3d28c1e6a4f87a0517b612550a116 P 8b5055bd1f994a59a4323f50858cd504 [term 2 FOLLOWER]: Refusing update from remote peer efa59e1cbd0d43a6af75d73a8fadaf4c: Log matching property violated. Preceding OpId in replica: term: 1 index: 4. Preceding OpId from leader: term: 2 index: 5. (index mismatch)
I20260710 11:00:35.448573  6933 consensus_queue.cc:1048] T 96c3d28c1e6a4f87a0517b612550a116 P efa59e1cbd0d43a6af75d73a8fadaf4c [LEADER]: Connected to new peer: Peer: permanent_uuid: "8b5055bd1f994a59a4323f50858cd504" member_type: VOTER last_known_addr { host: "127.4.219.67" port: 41867 }, Status: LMP_MISMATCH, Last received: 0.0, Next index: 5, Last known committed idx: 4, Time since last communication: 0.000s
I20260710 11:00:35.519163  6094 raft_consensus.cc:1275] T 323bb91e62224a8ba6a4e187fb989303 P c7f5c55588904878a6103eee47c279aa [term 2 FOLLOWER]: Refusing update from remote peer 71d0019c7c2342e7b8828c9b3a3b0394: Log matching property violated. Preceding OpId in replica: term: 1 index: 1. Preceding OpId from leader: term: 2 index: 2. (index mismatch)
I20260710 11:00:35.520267  6920 consensus_queue.cc:1048] T 323bb91e62224a8ba6a4e187fb989303 P 71d0019c7c2342e7b8828c9b3a3b0394 [LEADER]: Connected to new peer: Peer: permanent_uuid: "c7f5c55588904878a6103eee47c279aa" member_type: VOTER last_known_addr { host: "127.4.219.65" port: 42757 }, Status: LMP_MISMATCH, Last received: 0.0, Next index: 2, Last known committed idx: 1, Time since last communication: 0.000s
I20260710 11:00:35.533618  6241 raft_consensus.cc:1275] T 323bb91e62224a8ba6a4e187fb989303 P 8b5055bd1f994a59a4323f50858cd504 [term 2 FOLLOWER]: Refusing update from remote peer 71d0019c7c2342e7b8828c9b3a3b0394: Log matching property violated. Preceding OpId in replica: term: 1 index: 1. Preceding OpId from leader: term: 2 index: 2. (index mismatch)
I20260710 11:00:35.535535  6920 consensus_queue.cc:1048] T 323bb91e62224a8ba6a4e187fb989303 P 71d0019c7c2342e7b8828c9b3a3b0394 [LEADER]: Connected to new peer: Peer: permanent_uuid: "8b5055bd1f994a59a4323f50858cd504" member_type: VOTER last_known_addr { host: "127.4.219.67" port: 41867 }, Status: LMP_MISMATCH, Last received: 0.0, Next index: 2, Last known committed idx: 1, Time since last communication: 0.000s
I20260710 11:00:35.710523  6240 raft_consensus.cc:1275] T 34a6992cd8104e31a6810dfdac51bd63 P 8b5055bd1f994a59a4323f50858cd504 [term 2 FOLLOWER]: Refusing update from remote peer efa59e1cbd0d43a6af75d73a8fadaf4c: Log matching property violated. Preceding OpId in replica: term: 1 index: 4. Preceding OpId from leader: term: 2 index: 5. (index mismatch)
I20260710 11:00:35.713994  6933 consensus_queue.cc:1048] T 34a6992cd8104e31a6810dfdac51bd63 P efa59e1cbd0d43a6af75d73a8fadaf4c [LEADER]: Connected to new peer: Peer: permanent_uuid: "8b5055bd1f994a59a4323f50858cd504" member_type: VOTER last_known_addr { host: "127.4.219.67" port: 41867 }, Status: LMP_MISMATCH, Last received: 0.0, Next index: 5, Last known committed idx: 4, Time since last communication: 0.001s
