I20260710 11:01:51.007016 11127 tablet_bootstrap.cc:492] T e03fafc4d2884455a4c717d6627fc960 P fbe92fe31ab9429caf1fc8b1c9151097: Bootstrap starting.
I20260710 11:01:51.012523 11124 tablet_bootstrap.cc:654] T 35eb5eef600549489404e1c3426a5a00 P 56ea343fa6c540dda8a813ae91dbadff: Neither blocks nor log segments found. Creating new log.
I20260710 11:01:51.006937 11009 raft_consensus.cc:2468] T 6a99e4b868fc4d8bac7b18224279bdcd P fe9b663b1c434e27b35768077654b1a2 [term 1 FOLLOWER]: Leader election vote request: Granting yes vote for candidate fbe92fe31ab9429caf1fc8b1c9151097 in term 1.
I20260710 11:01:51.014640 11127 tablet_bootstrap.cc:654] T e03fafc4d2884455a4c717d6627fc960 P fbe92fe31ab9429caf1fc8b1c9151097: Neither blocks nor log segments found. Creating new log.
I20260710 11:01:51.015086 11046 leader_election.cc:304] T 6a99e4b868fc4d8bac7b18224279bdcd P fbe92fe31ab9429caf1fc8b1c9151097 [CANDIDATE]: Term 1 election: Election decided. Result: candidate won. Election summary: received 3 responses out of 3 voters: 2 yes votes; 1 no votes. yes voters: fbe92fe31ab9429caf1fc8b1c9151097, fe9b663b1c434e27b35768077654b1a2; no voters: 56ea343fa6c540dda8a813ae91dbadff
I20260710 11:01:51.016132 11140 raft_consensus.cc:2804] T 6a99e4b868fc4d8bac7b18224279bdcd P fbe92fe31ab9429caf1fc8b1c9151097 [term 1 FOLLOWER]: Leader election won for term 1
I20260710 11:01:51.016513 11140 raft_consensus.cc:697] T 6a99e4b868fc4d8bac7b18224279bdcd P fbe92fe31ab9429caf1fc8b1c9151097 [term 1 LEADER]: Becoming Leader. State: Replica: fbe92fe31ab9429caf1fc8b1c9151097, State: Running, Role: LEADER
I20260710 11:01:51.017269 11140 consensus_queue.cc:237] T 6a99e4b868fc4d8bac7b18224279bdcd P fbe92fe31ab9429caf1fc8b1c9151097 [LEADER]: Queue going to LEADER mode. State: All replicated index: 0, Majority replicated index: 0, Committed index: 0, Last appended: 0.0, Last appended by leader: 0, Current term: 1, Majority size: 2, State: 0, Mode: LEADER, active raft config: opid_index: -1 OBSOLETE_local: false peers { permanent_uuid: "fe9b663b1c434e27b35768077654b1a2" member_type: VOTER last_known_addr { host: "127.10.17.194" port: 35237 } } peers { permanent_uuid: "56ea343fa6c540dda8a813ae91dbadff" member_type: VOTER last_known_addr { host: "127.10.17.193" port: 37851 } } peers { permanent_uuid: "fbe92fe31ab9429caf1fc8b1c9151097" member_type: VOTER last_known_addr { host: "127.10.17.195" port: 46163 } }
I20260710 11:01:51.020025 11127 tablet_bootstrap.cc:492] T e03fafc4d2884455a4c717d6627fc960 P fbe92fe31ab9429caf1fc8b1c9151097: No bootstrap required, opened a new log
I20260710 11:01:51.020568 11127 ts_tablet_manager.cc:1403] T e03fafc4d2884455a4c717d6627fc960 P fbe92fe31ab9429caf1fc8b1c9151097: Time spent bootstrapping tablet: real 0.014s	user 0.009s	sys 0.002s
I20260710 11:01:51.021860 11123 tablet_bootstrap.cc:492] T 49a2918177834965aac9dfb5738151b2 P fe9b663b1c434e27b35768077654b1a2: No bootstrap required, opened a new log
I20260710 11:01:51.022315 11123 ts_tablet_manager.cc:1403] T 49a2918177834965aac9dfb5738151b2 P fe9b663b1c434e27b35768077654b1a2: Time spent bootstrapping tablet: real 0.041s	user 0.025s	sys 0.015s
I20260710 11:01:51.023617 11127 raft_consensus.cc:359] T e03fafc4d2884455a4c717d6627fc960 P fbe92fe31ab9429caf1fc8b1c9151097 [term 0 FOLLOWER]: Replica starting. Triggering 0 pending ops. Active config: opid_index: -1 OBSOLETE_local: false peers { permanent_uuid: "56ea343fa6c540dda8a813ae91dbadff" member_type: VOTER last_known_addr { host: "127.10.17.193" port: 37851 } } peers { permanent_uuid: "fe9b663b1c434e27b35768077654b1a2" member_type: VOTER last_known_addr { host: "127.10.17.194" port: 35237 } } peers { permanent_uuid: "fbe92fe31ab9429caf1fc8b1c9151097" member_type: VOTER last_known_addr { host: "127.10.17.195" port: 46163 } }
I20260710 11:01:51.024350 11127 raft_consensus.cc:385] T e03fafc4d2884455a4c717d6627fc960 P fbe92fe31ab9429caf1fc8b1c9151097 [term 0 FOLLOWER]: Consensus starting up: Expiring failure detector timer to make a prompt election more likely
I20260710 11:01:51.024667 11127 raft_consensus.cc:740] T e03fafc4d2884455a4c717d6627fc960 P fbe92fe31ab9429caf1fc8b1c9151097 [term 0 FOLLOWER]: Becoming Follower/Learner. State: Replica: fbe92fe31ab9429caf1fc8b1c9151097, State: Initialized, Role: FOLLOWER
I20260710 11:01:51.024981 11124 tablet_bootstrap.cc:492] T 35eb5eef600549489404e1c3426a5a00 P 56ea343fa6c540dda8a813ae91dbadff: No bootstrap required, opened a new log
I20260710 11:01:51.024734 11123 raft_consensus.cc:359] T 49a2918177834965aac9dfb5738151b2 P fe9b663b1c434e27b35768077654b1a2 [term 0 FOLLOWER]: Replica starting. Triggering 0 pending ops. Active config: opid_index: -1 OBSOLETE_local: false peers { permanent_uuid: "56ea343fa6c540dda8a813ae91dbadff" member_type: VOTER last_known_addr { host: "127.10.17.193" port: 37851 } } peers { permanent_uuid: "fe9b663b1c434e27b35768077654b1a2" member_type: VOTER last_known_addr { host: "127.10.17.194" port: 35237 } } peers { permanent_uuid: "fbe92fe31ab9429caf1fc8b1c9151097" member_type: VOTER last_known_addr { host: "127.10.17.195" port: 46163 } }
I20260710 11:01:51.025411 11124 ts_tablet_manager.cc:1403] T 35eb5eef600549489404e1c3426a5a00 P 56ea343fa6c540dda8a813ae91dbadff: Time spent bootstrapping tablet: real 0.031s	user 0.004s	sys 0.005s
I20260710 11:01:51.025463 11123 raft_consensus.cc:385] T 49a2918177834965aac9dfb5738151b2 P fe9b663b1c434e27b35768077654b1a2 [term 0 FOLLOWER]: Consensus starting up: Expiring failure detector timer to make a prompt election more likely
I20260710 11:01:51.025955 11123 raft_consensus.cc:740] T 49a2918177834965aac9dfb5738151b2 P fe9b663b1c434e27b35768077654b1a2 [term 0 FOLLOWER]: Becoming Follower/Learner. State: Replica: fe9b663b1c434e27b35768077654b1a2, State: Initialized, Role: FOLLOWER
I20260710 11:01:51.025535 11127 consensus_queue.cc:260] T e03fafc4d2884455a4c717d6627fc960 P fbe92fe31ab9429caf1fc8b1c9151097 [NON_LEADER]: Queue going to NON_LEADER mode. State: All replicated index: 0, Majority replicated index: 0, Committed index: 0, Last appended: 0.0, Last appended by leader: 0, Current term: 0, Majority size: -1, State: 0, Mode: NON_LEADER, active raft config: opid_index: -1 OBSOLETE_local: false peers { permanent_uuid: "56ea343fa6c540dda8a813ae91dbadff" member_type: VOTER last_known_addr { host: "127.10.17.193" port: 37851 } } peers { permanent_uuid: "fe9b663b1c434e27b35768077654b1a2" member_type: VOTER last_known_addr { host: "127.10.17.194" port: 35237 } } peers { permanent_uuid: "fbe92fe31ab9429caf1fc8b1c9151097" member_type: VOTER last_known_addr { host: "127.10.17.195" port: 46163 } }
I20260710 11:01:51.025959 10831 catalog_manager.cc:5697] T 6a99e4b868fc4d8bac7b18224279bdcd P fbe92fe31ab9429caf1fc8b1c9151097 reported cstate change: term changed from 0 to 1, leader changed from <none> to fbe92fe31ab9429caf1fc8b1c9151097 (127.10.17.195). New cstate: current_term: 1 leader_uuid: "fbe92fe31ab9429caf1fc8b1c9151097" committed_config { opid_index: -1 OBSOLETE_local: false peers { permanent_uuid: "fe9b663b1c434e27b35768077654b1a2" member_type: VOTER last_known_addr { host: "127.10.17.194" port: 35237 } health_report { overall_health: UNKNOWN } } peers { permanent_uuid: "56ea343fa6c540dda8a813ae91dbadff" member_type: VOTER last_known_addr { host: "127.10.17.193" port: 37851 } health_report { overall_health: UNKNOWN } } peers { permanent_uuid: "fbe92fe31ab9429caf1fc8b1c9151097" member_type: VOTER last_known_addr { host: "127.10.17.195" port: 46163 } health_report { overall_health: HEALTHY } } }
I20260710 11:01:51.026898 11123 consensus_queue.cc:260] T 49a2918177834965aac9dfb5738151b2 P fe9b663b1c434e27b35768077654b1a2 [NON_LEADER]: Queue going to NON_LEADER mode. State: All replicated index: 0, Majority replicated index: 0, Committed index: 0, Last appended: 0.0, Last appended by leader: 0, Current term: 0, Majority size: -1, State: 0, Mode: NON_LEADER, active raft config: opid_index: -1 OBSOLETE_local: false peers { permanent_uuid: "56ea343fa6c540dda8a813ae91dbadff" member_type: VOTER last_known_addr { host: "127.10.17.193" port: 37851 } } peers { permanent_uuid: "fe9b663b1c434e27b35768077654b1a2" member_type: VOTER last_known_addr { host: "127.10.17.194" port: 35237 } } peers { permanent_uuid: "fbe92fe31ab9429caf1fc8b1c9151097" member_type: VOTER last_known_addr { host: "127.10.17.195" port: 46163 } }
I20260710 11:01:51.028076 11127 ts_tablet_manager.cc:1434] T e03fafc4d2884455a4c717d6627fc960 P fbe92fe31ab9429caf1fc8b1c9151097: Time spent starting tablet: real 0.007s	user 0.006s	sys 0.000s
I20260710 11:01:51.028199 11124 raft_consensus.cc:359] T 35eb5eef600549489404e1c3426a5a00 P 56ea343fa6c540dda8a813ae91dbadff [term 0 FOLLOWER]: Replica starting. Triggering 0 pending ops. Active config: opid_index: -1 OBSOLETE_local: false peers { permanent_uuid: "56ea343fa6c540dda8a813ae91dbadff" member_type: VOTER last_known_addr { host: "127.10.17.193" port: 37851 } } peers { permanent_uuid: "fe9b663b1c434e27b35768077654b1a2" member_type: VOTER last_known_addr { host: "127.10.17.194" port: 35237 } } peers { permanent_uuid: "fbe92fe31ab9429caf1fc8b1c9151097" member_type: VOTER last_known_addr { host: "127.10.17.195" port: 46163 } }
I20260710 11:01:51.028846 11124 raft_consensus.cc:385] T 35eb5eef600549489404e1c3426a5a00 P 56ea343fa6c540dda8a813ae91dbadff [term 0 FOLLOWER]: Consensus starting up: Expiring failure detector timer to make a prompt election more likely
I20260710 11:01:51.029026 11127 tablet_bootstrap.cc:492] T 35eb5eef600549489404e1c3426a5a00 P fbe92fe31ab9429caf1fc8b1c9151097: Bootstrap starting.
I20260710 11:01:51.029117 11124 raft_consensus.cc:740] T 35eb5eef600549489404e1c3426a5a00 P 56ea343fa6c540dda8a813ae91dbadff [term 0 FOLLOWER]: Becoming Follower/Learner. State: Replica: 56ea343fa6c540dda8a813ae91dbadff, State: Initialized, Role: FOLLOWER
I20260710 11:01:51.030025 11124 consensus_queue.cc:260] T 35eb5eef600549489404e1c3426a5a00 P 56ea343fa6c540dda8a813ae91dbadff [NON_LEADER]: Queue going to NON_LEADER mode. State: All replicated index: 0, Majority replicated index: 0, Committed index: 0, Last appended: 0.0, Last appended by leader: 0, Current term: 0, Majority size: -1, State: 0, Mode: NON_LEADER, active raft config: opid_index: -1 OBSOLETE_local: false peers { permanent_uuid: "56ea343fa6c540dda8a813ae91dbadff" member_type: VOTER last_known_addr { host: "127.10.17.193" port: 37851 } } peers { permanent_uuid: "fe9b663b1c434e27b35768077654b1a2" member_type: VOTER last_known_addr { host: "127.10.17.194" port: 35237 } } peers { permanent_uuid: "fbe92fe31ab9429caf1fc8b1c9151097" member_type: VOTER last_known_addr { host: "127.10.17.195" port: 46163 } }
I20260710 11:01:51.031069 11123 ts_tablet_manager.cc:1434] T 49a2918177834965aac9dfb5738151b2 P fe9b663b1c434e27b35768077654b1a2: Time spent starting tablet: real 0.008s	user 0.006s	sys 0.000s
I20260710 11:01:51.031947 11123 tablet_bootstrap.cc:492] T a1dd9a2e3cef4cb3aa279a67ceb9feef P fe9b663b1c434e27b35768077654b1a2: Bootstrap starting.
I20260710 11:01:51.034261 11124 ts_tablet_manager.cc:1434] T 35eb5eef600549489404e1c3426a5a00 P 56ea343fa6c540dda8a813ae91dbadff: Time spent starting tablet: real 0.008s	user 0.002s	sys 0.002s
I20260710 11:01:51.035185 11124 tablet_bootstrap.cc:492] T 916a40942b2349ce9d691451c5823f7d P 56ea343fa6c540dda8a813ae91dbadff: Bootstrap starting.
I20260710 11:01:51.035981 11127 tablet_bootstrap.cc:654] T 35eb5eef600549489404e1c3426a5a00 P fbe92fe31ab9429caf1fc8b1c9151097: Neither blocks nor log segments found. Creating new log.
I20260710 11:01:51.037676 11123 tablet_bootstrap.cc:654] T a1dd9a2e3cef4cb3aa279a67ceb9feef P fe9b663b1c434e27b35768077654b1a2: Neither blocks nor log segments found. Creating new log.
I20260710 11:01:51.042007 11124 tablet_bootstrap.cc:654] T 916a40942b2349ce9d691451c5823f7d P 56ea343fa6c540dda8a813ae91dbadff: Neither blocks nor log segments found. Creating new log.
I20260710 11:01:51.048846 11123 tablet_bootstrap.cc:492] T a1dd9a2e3cef4cb3aa279a67ceb9feef P fe9b663b1c434e27b35768077654b1a2: No bootstrap required, opened a new log
I20260710 11:01:51.049309 11123 ts_tablet_manager.cc:1403] T a1dd9a2e3cef4cb3aa279a67ceb9feef P fe9b663b1c434e27b35768077654b1a2: Time spent bootstrapping tablet: real 0.018s	user 0.005s	sys 0.010s
I20260710 11:01:51.051970 11123 raft_consensus.cc:359] T a1dd9a2e3cef4cb3aa279a67ceb9feef P fe9b663b1c434e27b35768077654b1a2 [term 0 FOLLOWER]: Replica starting. Triggering 0 pending ops. Active config: opid_index: -1 OBSOLETE_local: false peers { permanent_uuid: "56ea343fa6c540dda8a813ae91dbadff" member_type: VOTER last_known_addr { host: "127.10.17.193" port: 37851 } } peers { permanent_uuid: "fe9b663b1c434e27b35768077654b1a2" member_type: VOTER last_known_addr { host: "127.10.17.194" port: 35237 } } peers { permanent_uuid: "fbe92fe31ab9429caf1fc8b1c9151097" member_type: VOTER last_known_addr { host: "127.10.17.195" port: 46163 } }
I20260710 11:01:51.052676 11123 raft_consensus.cc:385] T a1dd9a2e3cef4cb3aa279a67ceb9feef P fe9b663b1c434e27b35768077654b1a2 [term 0 FOLLOWER]: Consensus starting up: Expiring failure detector timer to make a prompt election more likely
I20260710 11:01:51.052968 11123 raft_consensus.cc:740] T a1dd9a2e3cef4cb3aa279a67ceb9feef P fe9b663b1c434e27b35768077654b1a2 [term 0 FOLLOWER]: Becoming Follower/Learner. State: Replica: fe9b663b1c434e27b35768077654b1a2, State: Initialized, Role: FOLLOWER
I20260710 11:01:51.053808 11123 consensus_queue.cc:260] T a1dd9a2e3cef4cb3aa279a67ceb9feef P fe9b663b1c434e27b35768077654b1a2 [NON_LEADER]: Queue going to NON_LEADER mode. State: All replicated index: 0, Majority replicated index: 0, Committed index: 0, Last appended: 0.0, Last appended by leader: 0, Current term: 0, Majority size: -1, State: 0, Mode: NON_LEADER, active raft config: opid_index: -1 OBSOLETE_local: false peers { permanent_uuid: "56ea343fa6c540dda8a813ae91dbadff" member_type: VOTER last_known_addr { host: "127.10.17.193" port: 37851 } } peers { permanent_uuid: "fe9b663b1c434e27b35768077654b1a2" member_type: VOTER last_known_addr { host: "127.10.17.194" port: 35237 } } peers { permanent_uuid: "fbe92fe31ab9429caf1fc8b1c9151097" member_type: VOTER last_known_addr { host: "127.10.17.195" port: 46163 } }
I20260710 11:01:51.058245 11124 tablet_bootstrap.cc:492] T 916a40942b2349ce9d691451c5823f7d P 56ea343fa6c540dda8a813ae91dbadff: No bootstrap required, opened a new log
I20260710 11:01:51.058722 11124 ts_tablet_manager.cc:1403] T 916a40942b2349ce9d691451c5823f7d P 56ea343fa6c540dda8a813ae91dbadff: Time spent bootstrapping tablet: real 0.024s	user 0.006s	sys 0.014s
I20260710 11:01:51.059373 11127 tablet_bootstrap.cc:492] T 35eb5eef600549489404e1c3426a5a00 P fbe92fe31ab9429caf1fc8b1c9151097: No bootstrap required, opened a new log
I20260710 11:01:51.059854 11127 ts_tablet_manager.cc:1403] T 35eb5eef600549489404e1c3426a5a00 P fbe92fe31ab9429caf1fc8b1c9151097: Time spent bootstrapping tablet: real 0.031s	user 0.016s	sys 0.013s
I20260710 11:01:51.061359 11124 raft_consensus.cc:359] T 916a40942b2349ce9d691451c5823f7d P 56ea343fa6c540dda8a813ae91dbadff [term 0 FOLLOWER]: Replica starting. Triggering 0 pending ops. Active config: opid_index: -1 OBSOLETE_local: false peers { permanent_uuid: "56ea343fa6c540dda8a813ae91dbadff" member_type: VOTER last_known_addr { host: "127.10.17.193" port: 37851 } } peers { permanent_uuid: "fe9b663b1c434e27b35768077654b1a2" member_type: VOTER last_known_addr { host: "127.10.17.194" port: 35237 } } peers { permanent_uuid: "fbe92fe31ab9429caf1fc8b1c9151097" member_type: VOTER last_known_addr { host: "127.10.17.195" port: 46163 } }
I20260710 11:01:51.062150 11124 raft_consensus.cc:385] T 916a40942b2349ce9d691451c5823f7d P 56ea343fa6c540dda8a813ae91dbadff [term 0 FOLLOWER]: Consensus starting up: Expiring failure detector timer to make a prompt election more likely
I20260710 11:01:51.062448 11124 raft_consensus.cc:740] T 916a40942b2349ce9d691451c5823f7d P 56ea343fa6c540dda8a813ae91dbadff [term 0 FOLLOWER]: Becoming Follower/Learner. State: Replica: 56ea343fa6c540dda8a813ae91dbadff, State: Initialized, Role: FOLLOWER
I20260710 11:01:51.062640 11127 raft_consensus.cc:359] T 35eb5eef600549489404e1c3426a5a00 P fbe92fe31ab9429caf1fc8b1c9151097 [term 0 FOLLOWER]: Replica starting. Triggering 0 pending ops. Active config: opid_index: -1 OBSOLETE_local: false peers { permanent_uuid: "56ea343fa6c540dda8a813ae91dbadff" member_type: VOTER last_known_addr { host: "127.10.17.193" port: 37851 } } peers { permanent_uuid: "fe9b663b1c434e27b35768077654b1a2" member_type: VOTER last_known_addr { host: "127.10.17.194" port: 35237 } } peers { permanent_uuid: "fbe92fe31ab9429caf1fc8b1c9151097" member_type: VOTER last_known_addr { host: "127.10.17.195" port: 46163 } }
I20260710 11:01:51.063212 11123 ts_tablet_manager.cc:1434] T a1dd9a2e3cef4cb3aa279a67ceb9feef P fe9b663b1c434e27b35768077654b1a2: Time spent starting tablet: real 0.014s	user 0.008s	sys 0.000s
I20260710 11:01:51.063421 11127 raft_consensus.cc:385] T 35eb5eef600549489404e1c3426a5a00 P fbe92fe31ab9429caf1fc8b1c9151097 [term 0 FOLLOWER]: Consensus starting up: Expiring failure detector timer to make a prompt election more likely
I20260710 11:01:51.063277 11124 consensus_queue.cc:260] T 916a40942b2349ce9d691451c5823f7d P 56ea343fa6c540dda8a813ae91dbadff [NON_LEADER]: Queue going to NON_LEADER mode. State: All replicated index: 0, Majority replicated index: 0, Committed index: 0, Last appended: 0.0, Last appended by leader: 0, Current term: 0, Majority size: -1, State: 0, Mode: NON_LEADER, active raft config: opid_index: -1 OBSOLETE_local: false peers { permanent_uuid: "56ea343fa6c540dda8a813ae91dbadff" member_type: VOTER last_known_addr { host: "127.10.17.193" port: 37851 } } peers { permanent_uuid: "fe9b663b1c434e27b35768077654b1a2" member_type: VOTER last_known_addr { host: "127.10.17.194" port: 35237 } } peers { permanent_uuid: "fbe92fe31ab9429caf1fc8b1c9151097" member_type: VOTER last_known_addr { host: "127.10.17.195" port: 46163 } }
I20260710 11:01:51.063879 11127 raft_consensus.cc:740] T 35eb5eef600549489404e1c3426a5a00 P fbe92fe31ab9429caf1fc8b1c9151097 [term 0 FOLLOWER]: Becoming Follower/Learner. State: Replica: fbe92fe31ab9429caf1fc8b1c9151097, State: Initialized, Role: FOLLOWER
I20260710 11:01:51.064285 11123 tablet_bootstrap.cc:492] T 8bb339450a9a469c80b80b3f2afafcba P fe9b663b1c434e27b35768077654b1a2: Bootstrap starting.
I20260710 11:01:51.064805 11127 consensus_queue.cc:260] T 35eb5eef600549489404e1c3426a5a00 P fbe92fe31ab9429caf1fc8b1c9151097 [NON_LEADER]: Queue going to NON_LEADER mode. State: All replicated index: 0, Majority replicated index: 0, Committed index: 0, Last appended: 0.0, Last appended by leader: 0, Current term: 0, Majority size: -1, State: 0, Mode: NON_LEADER, active raft config: opid_index: -1 OBSOLETE_local: false peers { permanent_uuid: "56ea343fa6c540dda8a813ae91dbadff" member_type: VOTER last_known_addr { host: "127.10.17.193" port: 37851 } } peers { permanent_uuid: "fe9b663b1c434e27b35768077654b1a2" member_type: VOTER last_known_addr { host: "127.10.17.194" port: 35237 } } peers { permanent_uuid: "fbe92fe31ab9429caf1fc8b1c9151097" member_type: VOTER last_known_addr { host: "127.10.17.195" port: 46163 } }
I20260710 11:01:51.065824 11124 ts_tablet_manager.cc:1434] T 916a40942b2349ce9d691451c5823f7d P 56ea343fa6c540dda8a813ae91dbadff: Time spent starting tablet: real 0.007s	user 0.006s	sys 0.000s
I20260710 11:01:51.066823 11124 tablet_bootstrap.cc:492] T 49a2918177834965aac9dfb5738151b2 P 56ea343fa6c540dda8a813ae91dbadff: Bootstrap starting.
I20260710 11:01:51.067402 11127 ts_tablet_manager.cc:1434] T 35eb5eef600549489404e1c3426a5a00 P fbe92fe31ab9429caf1fc8b1c9151097: Time spent starting tablet: real 0.007s	user 0.002s	sys 0.004s
I20260710 11:01:51.068353 11127 tablet_bootstrap.cc:492] T 916a40942b2349ce9d691451c5823f7d P fbe92fe31ab9429caf1fc8b1c9151097: Bootstrap starting.
I20260710 11:01:51.070137 11128 raft_consensus.cc:493] T 35eb5eef600549489404e1c3426a5a00 P 56ea343fa6c540dda8a813ae91dbadff [term 0 FOLLOWER]: Starting pre-election (no leader contacted us within the election timeout)
I20260710 11:01:51.070511 11123 tablet_bootstrap.cc:654] T 8bb339450a9a469c80b80b3f2afafcba P fe9b663b1c434e27b35768077654b1a2: Neither blocks nor log segments found. Creating new log.
I20260710 11:01:51.070596 11128 raft_consensus.cc:515] T 35eb5eef600549489404e1c3426a5a00 P 56ea343fa6c540dda8a813ae91dbadff [term 0 FOLLOWER]: Starting pre-election with config: opid_index: -1 OBSOLETE_local: false peers { permanent_uuid: "56ea343fa6c540dda8a813ae91dbadff" member_type: VOTER last_known_addr { host: "127.10.17.193" port: 37851 } } peers { permanent_uuid: "fe9b663b1c434e27b35768077654b1a2" member_type: VOTER last_known_addr { host: "127.10.17.194" port: 35237 } } peers { permanent_uuid: "fbe92fe31ab9429caf1fc8b1c9151097" member_type: VOTER last_known_addr { host: "127.10.17.195" port: 46163 } }
I20260710 11:01:51.073208 11128 leader_election.cc:290] T 35eb5eef600549489404e1c3426a5a00 P 56ea343fa6c540dda8a813ae91dbadff [CANDIDATE]: Term 1 pre-election: Requested pre-vote from peers fe9b663b1c434e27b35768077654b1a2 (127.10.17.194:35237), fbe92fe31ab9429caf1fc8b1c9151097 (127.10.17.195:46163)
I20260710 11:01:51.082121 11124 tablet_bootstrap.cc:654] T 49a2918177834965aac9dfb5738151b2 P 56ea343fa6c540dda8a813ae91dbadff: Neither blocks nor log segments found. Creating new log.
I20260710 11:01:51.091687 11127 tablet_bootstrap.cc:654] T 916a40942b2349ce9d691451c5823f7d P fbe92fe31ab9429caf1fc8b1c9151097: Neither blocks nor log segments found. Creating new log.
I20260710 11:01:51.099429 11009 tablet_service.cc:1917] Received RequestConsensusVote() RPC: tablet_id: "35eb5eef600549489404e1c3426a5a00" candidate_uuid: "56ea343fa6c540dda8a813ae91dbadff" candidate_term: 1 candidate_status { last_received { term: 0 index: 0 } } ignore_live_leader: false dest_uuid: "fe9b663b1c434e27b35768077654b1a2" is_pre_election: true
W20260710 11:01:51.100865 10897 leader_election.cc:343] T 35eb5eef600549489404e1c3426a5a00 P 56ea343fa6c540dda8a813ae91dbadff [CANDIDATE]: Term 1 pre-election: Tablet error from VoteRequest() call to peer fe9b663b1c434e27b35768077654b1a2 (127.10.17.194:35237): Illegal state: must be running to vote when last-logged opid is not known
I20260710 11:01:51.101058 11127 tablet_bootstrap.cc:492] T 916a40942b2349ce9d691451c5823f7d P fbe92fe31ab9429caf1fc8b1c9151097: No bootstrap required, opened a new log
I20260710 11:01:51.101643 11127 ts_tablet_manager.cc:1403] T 916a40942b2349ce9d691451c5823f7d P fbe92fe31ab9429caf1fc8b1c9151097: Time spent bootstrapping tablet: real 0.033s	user 0.012s	sys 0.001s
I20260710 11:01:51.103502 11124 tablet_bootstrap.cc:492] T 49a2918177834965aac9dfb5738151b2 P 56ea343fa6c540dda8a813ae91dbadff: No bootstrap required, opened a new log
I20260710 11:01:51.103996 11124 ts_tablet_manager.cc:1403] T 49a2918177834965aac9dfb5738151b2 P 56ea343fa6c540dda8a813ae91dbadff: Time spent bootstrapping tablet: real 0.037s	user 0.009s	sys 0.012s
I20260710 11:01:51.104136 11123 tablet_bootstrap.cc:492] T 8bb339450a9a469c80b80b3f2afafcba P fe9b663b1c434e27b35768077654b1a2: No bootstrap required, opened a new log
I20260710 11:01:51.104537 11123 ts_tablet_manager.cc:1403] T 8bb339450a9a469c80b80b3f2afafcba P fe9b663b1c434e27b35768077654b1a2: Time spent bootstrapping tablet: real 0.040s	user 0.023s	sys 0.008s
I20260710 11:01:51.104447 11127 raft_consensus.cc:359] T 916a40942b2349ce9d691451c5823f7d P fbe92fe31ab9429caf1fc8b1c9151097 [term 0 FOLLOWER]: Replica starting. Triggering 0 pending ops. Active config: opid_index: -1 OBSOLETE_local: false peers { permanent_uuid: "56ea343fa6c540dda8a813ae91dbadff" member_type: VOTER last_known_addr { host: "127.10.17.193" port: 37851 } } peers { permanent_uuid: "fe9b663b1c434e27b35768077654b1a2" member_type: VOTER last_known_addr { host: "127.10.17.194" port: 35237 } } peers { permanent_uuid: "fbe92fe31ab9429caf1fc8b1c9151097" member_type: VOTER last_known_addr { host: "127.10.17.195" port: 46163 } }
I20260710 11:01:51.105176 11127 raft_consensus.cc:385] T 916a40942b2349ce9d691451c5823f7d P fbe92fe31ab9429caf1fc8b1c9151097 [term 0 FOLLOWER]: Consensus starting up: Expiring failure detector timer to make a prompt election more likely
I20260710 11:01:51.105479 11127 raft_consensus.cc:740] T 916a40942b2349ce9d691451c5823f7d P fbe92fe31ab9429caf1fc8b1c9151097 [term 0 FOLLOWER]: Becoming Follower/Learner. State: Replica: fbe92fe31ab9429caf1fc8b1c9151097, State: Initialized, Role: FOLLOWER
I20260710 11:01:51.106328 11127 consensus_queue.cc:260] T 916a40942b2349ce9d691451c5823f7d P fbe92fe31ab9429caf1fc8b1c9151097 [NON_LEADER]: Queue going to NON_LEADER mode. State: All replicated index: 0, Majority replicated index: 0, Committed index: 0, Last appended: 0.0, Last appended by leader: 0, Current term: 0, Majority size: -1, State: 0, Mode: NON_LEADER, active raft config: opid_index: -1 OBSOLETE_local: false peers { permanent_uuid: "56ea343fa6c540dda8a813ae91dbadff" member_type: VOTER last_known_addr { host: "127.10.17.193" port: 37851 } } peers { permanent_uuid: "fe9b663b1c434e27b35768077654b1a2" member_type: VOTER last_known_addr { host: "127.10.17.194" port: 35237 } } peers { permanent_uuid: "fbe92fe31ab9429caf1fc8b1c9151097" member_type: VOTER last_known_addr { host: "127.10.17.195" port: 46163 } }
I20260710 11:01:51.107164 11083 tablet_service.cc:1917] Received RequestConsensusVote() RPC: tablet_id: "35eb5eef600549489404e1c3426a5a00" candidate_uuid: "56ea343fa6c540dda8a813ae91dbadff" candidate_term: 1 candidate_status { last_received { term: 0 index: 0 } } ignore_live_leader: false dest_uuid: "fbe92fe31ab9429caf1fc8b1c9151097" is_pre_election: true
I20260710 11:01:51.107105 11124 raft_consensus.cc:359] T 49a2918177834965aac9dfb5738151b2 P 56ea343fa6c540dda8a813ae91dbadff [term 0 FOLLOWER]: Replica starting. Triggering 0 pending ops. Active config: opid_index: -1 OBSOLETE_local: false peers { permanent_uuid: "56ea343fa6c540dda8a813ae91dbadff" member_type: VOTER last_known_addr { host: "127.10.17.193" port: 37851 } } peers { permanent_uuid: "fe9b663b1c434e27b35768077654b1a2" member_type: VOTER last_known_addr { host: "127.10.17.194" port: 35237 } } peers { permanent_uuid: "fbe92fe31ab9429caf1fc8b1c9151097" member_type: VOTER last_known_addr { host: "127.10.17.195" port: 46163 } }
I20260710 11:01:51.108071 11124 raft_consensus.cc:385] T 49a2918177834965aac9dfb5738151b2 P 56ea343fa6c540dda8a813ae91dbadff [term 0 FOLLOWER]: Consensus starting up: Expiring failure detector timer to make a prompt election more likely
I20260710 11:01:51.107949 11083 raft_consensus.cc:2468] T 35eb5eef600549489404e1c3426a5a00 P fbe92fe31ab9429caf1fc8b1c9151097 [term 0 FOLLOWER]: Leader pre-election vote request: Granting yes vote for candidate 56ea343fa6c540dda8a813ae91dbadff in term 0.
I20260710 11:01:51.108706 11127 ts_tablet_manager.cc:1434] T 916a40942b2349ce9d691451c5823f7d P fbe92fe31ab9429caf1fc8b1c9151097: Time spent starting tablet: real 0.007s	user 0.003s	sys 0.003s
I20260710 11:01:51.107208 11123 raft_consensus.cc:359] T 8bb339450a9a469c80b80b3f2afafcba P fe9b663b1c434e27b35768077654b1a2 [term 0 FOLLOWER]: Replica starting. Triggering 0 pending ops. Active config: opid_index: -1 OBSOLETE_local: false peers { permanent_uuid: "56ea343fa6c540dda8a813ae91dbadff" member_type: VOTER last_known_addr { host: "127.10.17.193" port: 37851 } } peers { permanent_uuid: "fe9b663b1c434e27b35768077654b1a2" member_type: VOTER last_known_addr { host: "127.10.17.194" port: 35237 } } peers { permanent_uuid: "fbe92fe31ab9429caf1fc8b1c9151097" member_type: VOTER last_known_addr { host: "127.10.17.195" port: 46163 } }
I20260710 11:01:51.109109 11123 raft_consensus.cc:385] T 8bb339450a9a469c80b80b3f2afafcba P fe9b663b1c434e27b35768077654b1a2 [term 0 FOLLOWER]: Consensus starting up: Expiring failure detector timer to make a prompt election more likely
I20260710 11:01:51.109398 11123 raft_consensus.cc:740] T 8bb339450a9a469c80b80b3f2afafcba P fe9b663b1c434e27b35768077654b1a2 [term 0 FOLLOWER]: Becoming Follower/Learner. State: Replica: fe9b663b1c434e27b35768077654b1a2, State: Initialized, Role: FOLLOWER
I20260710 11:01:51.109620 11127 tablet_bootstrap.cc:492] T 1485d05e49f842e0b29f0c959a39815b P fbe92fe31ab9429caf1fc8b1c9151097: Bootstrap starting.
I20260710 11:01:51.109613 10897 leader_election.cc:304] T 35eb5eef600549489404e1c3426a5a00 P 56ea343fa6c540dda8a813ae91dbadff [CANDIDATE]: Term 1 pre-election: Election decided. Result: candidate won. Election summary: received 3 responses out of 3 voters: 2 yes votes; 1 no votes. yes voters: 56ea343fa6c540dda8a813ae91dbadff, fbe92fe31ab9429caf1fc8b1c9151097; no voters: fe9b663b1c434e27b35768077654b1a2
I20260710 11:01:51.110070 11123 consensus_queue.cc:260] T 8bb339450a9a469c80b80b3f2afafcba P fe9b663b1c434e27b35768077654b1a2 [NON_LEADER]: Queue going to NON_LEADER mode. State: All replicated index: 0, Majority replicated index: 0, Committed index: 0, Last appended: 0.0, Last appended by leader: 0, Current term: 0, Majority size: -1, State: 0, Mode: NON_LEADER, active raft config: opid_index: -1 OBSOLETE_local: false peers { permanent_uuid: "56ea343fa6c540dda8a813ae91dbadff" member_type: VOTER last_known_addr { host: "127.10.17.193" port: 37851 } } peers { permanent_uuid: "fe9b663b1c434e27b35768077654b1a2" member_type: VOTER last_known_addr { host: "127.10.17.194" port: 35237 } } peers { permanent_uuid: "fbe92fe31ab9429caf1fc8b1c9151097" member_type: VOTER last_known_addr { host: "127.10.17.195" port: 46163 } }
I20260710 11:01:51.110682 11128 raft_consensus.cc:2804] T 35eb5eef600549489404e1c3426a5a00 P 56ea343fa6c540dda8a813ae91dbadff [term 0 FOLLOWER]: Leader pre-election won for term 1
I20260710 11:01:51.111018 11128 raft_consensus.cc:493] T 35eb5eef600549489404e1c3426a5a00 P 56ea343fa6c540dda8a813ae91dbadff [term 0 FOLLOWER]: Starting leader election (no leader contacted us within the election timeout)
I20260710 11:01:51.111363 11128 raft_consensus.cc:3060] T 35eb5eef600549489404e1c3426a5a00 P 56ea343fa6c540dda8a813ae91dbadff [term 0 FOLLOWER]: Advancing to term 1
I20260710 11:01:51.112417 11123 ts_tablet_manager.cc:1434] T 8bb339450a9a469c80b80b3f2afafcba P fe9b663b1c434e27b35768077654b1a2: Time spent starting tablet: real 0.008s	user 0.007s	sys 0.000s
I20260710 11:01:51.113309 11123 tablet_bootstrap.cc:492] T 35eb5eef600549489404e1c3426a5a00 P fe9b663b1c434e27b35768077654b1a2: Bootstrap starting.
I20260710 11:01:51.118232 11128 raft_consensus.cc:515] T 35eb5eef600549489404e1c3426a5a00 P 56ea343fa6c540dda8a813ae91dbadff [term 1 FOLLOWER]: Starting leader election with config: opid_index: -1 OBSOLETE_local: false peers { permanent_uuid: "56ea343fa6c540dda8a813ae91dbadff" member_type: VOTER last_known_addr { host: "127.10.17.193" port: 37851 } } peers { permanent_uuid: "fe9b663b1c434e27b35768077654b1a2" member_type: VOTER last_known_addr { host: "127.10.17.194" port: 35237 } } peers { permanent_uuid: "fbe92fe31ab9429caf1fc8b1c9151097" member_type: VOTER last_known_addr { host: "127.10.17.195" port: 46163 } }
I20260710 11:01:51.119481 11123 tablet_bootstrap.cc:654] T 35eb5eef600549489404e1c3426a5a00 P fe9b663b1c434e27b35768077654b1a2: Neither blocks nor log segments found. Creating new log.
I20260710 11:01:51.121376 11009 tablet_service.cc:1917] Received RequestConsensusVote() RPC: tablet_id: "35eb5eef600549489404e1c3426a5a00" candidate_uuid: "56ea343fa6c540dda8a813ae91dbadff" candidate_term: 1 candidate_status { last_received { term: 0 index: 0 } } ignore_live_leader: false dest_uuid: "fe9b663b1c434e27b35768077654b1a2"
I20260710 11:01:51.121781 11127 tablet_bootstrap.cc:654] T 1485d05e49f842e0b29f0c959a39815b P fbe92fe31ab9429caf1fc8b1c9151097: Neither blocks nor log segments found. Creating new log.
I20260710 11:01:51.122140 11083 tablet_service.cc:1917] Received RequestConsensusVote() RPC: tablet_id: "35eb5eef600549489404e1c3426a5a00" candidate_uuid: "56ea343fa6c540dda8a813ae91dbadff" candidate_term: 1 candidate_status { last_received { term: 0 index: 0 } } ignore_live_leader: false dest_uuid: "fbe92fe31ab9429caf1fc8b1c9151097"
I20260710 11:01:51.122676 11083 raft_consensus.cc:3060] T 35eb5eef600549489404e1c3426a5a00 P fbe92fe31ab9429caf1fc8b1c9151097 [term 0 FOLLOWER]: Advancing to term 1
I20260710 11:01:51.127054 11129 raft_consensus.cc:493] T a1dd9a2e3cef4cb3aa279a67ceb9feef P fe9b663b1c434e27b35768077654b1a2 [term 0 FOLLOWER]: Starting pre-election (no leader contacted us within the election timeout)
I20260710 11:01:51.127493 11129 raft_consensus.cc:515] T a1dd9a2e3cef4cb3aa279a67ceb9feef P fe9b663b1c434e27b35768077654b1a2 [term 0 FOLLOWER]: Starting pre-election with config: opid_index: -1 OBSOLETE_local: false peers { permanent_uuid: "56ea343fa6c540dda8a813ae91dbadff" member_type: VOTER last_known_addr { host: "127.10.17.193" port: 37851 } } peers { permanent_uuid: "fe9b663b1c434e27b35768077654b1a2" member_type: VOTER last_known_addr { host: "127.10.17.194" port: 35237 } } peers { permanent_uuid: "fbe92fe31ab9429caf1fc8b1c9151097" member_type: VOTER last_known_addr { host: "127.10.17.195" port: 46163 } }
I20260710 11:01:51.129849 11129 leader_election.cc:290] T a1dd9a2e3cef4cb3aa279a67ceb9feef P fe9b663b1c434e27b35768077654b1a2 [CANDIDATE]: Term 1 pre-election: Requested pre-vote from peers 56ea343fa6c540dda8a813ae91dbadff (127.10.17.193:37851), fbe92fe31ab9429caf1fc8b1c9151097 (127.10.17.195:46163)
W20260710 11:01:51.142895 10897 leader_election.cc:343] T 35eb5eef600549489404e1c3426a5a00 P 56ea343fa6c540dda8a813ae91dbadff [CANDIDATE]: Term 1 election: Tablet error from VoteRequest() call to peer fe9b663b1c434e27b35768077654b1a2 (127.10.17.194:35237): Illegal state: must be running to vote when last-logged opid is not known
I20260710 11:01:51.141950 11153 raft_consensus.cc:493] T 916a40942b2349ce9d691451c5823f7d P 56ea343fa6c540dda8a813ae91dbadff [term 0 FOLLOWER]: Starting pre-election (no leader contacted us within the election timeout)
I20260710 11:01:51.143678 11153 raft_consensus.cc:515] T 916a40942b2349ce9d691451c5823f7d P 56ea343fa6c540dda8a813ae91dbadff [term 0 FOLLOWER]: Starting pre-election with config: opid_index: -1 OBSOLETE_local: false peers { permanent_uuid: "56ea343fa6c540dda8a813ae91dbadff" member_type: VOTER last_known_addr { host: "127.10.17.193" port: 37851 } } peers { permanent_uuid: "fe9b663b1c434e27b35768077654b1a2" member_type: VOTER last_known_addr { host: "127.10.17.194" port: 35237 } } peers { permanent_uuid: "fbe92fe31ab9429caf1fc8b1c9151097" member_type: VOTER last_known_addr { host: "127.10.17.195" port: 46163 } }
I20260710 11:01:51.145741 11153 leader_election.cc:290] T 916a40942b2349ce9d691451c5823f7d P 56ea343fa6c540dda8a813ae91dbadff [CANDIDATE]: Term 1 pre-election: Requested pre-vote from peers fe9b663b1c434e27b35768077654b1a2 (127.10.17.194:35237), fbe92fe31ab9429caf1fc8b1c9151097 (127.10.17.195:46163)
I20260710 11:01:51.147543 11082 tablet_service.cc:1917] Received RequestConsensusVote() RPC: tablet_id: "916a40942b2349ce9d691451c5823f7d" candidate_uuid: "56ea343fa6c540dda8a813ae91dbadff" candidate_term: 1 candidate_status { last_received { term: 0 index: 0 } } ignore_live_leader: false dest_uuid: "fbe92fe31ab9429caf1fc8b1c9151097" is_pre_election: true
I20260710 11:01:51.148209 11082 raft_consensus.cc:2468] T 916a40942b2349ce9d691451c5823f7d P fbe92fe31ab9429caf1fc8b1c9151097 [term 0 FOLLOWER]: Leader pre-election vote request: Granting yes vote for candidate 56ea343fa6c540dda8a813ae91dbadff in term 0.
I20260710 11:01:51.149281 11123 tablet_bootstrap.cc:492] T 35eb5eef600549489404e1c3426a5a00 P fe9b663b1c434e27b35768077654b1a2: No bootstrap required, opened a new log
I20260710 11:01:51.149353 10897 leader_election.cc:304] T 916a40942b2349ce9d691451c5823f7d P 56ea343fa6c540dda8a813ae91dbadff [CANDIDATE]: Term 1 pre-election: Election decided. Result: candidate won. Election summary: received 2 responses out of 3 voters: 2 yes votes; 0 no votes. yes voters: 56ea343fa6c540dda8a813ae91dbadff, fbe92fe31ab9429caf1fc8b1c9151097; no voters: 
I20260710 11:01:51.149766 11123 ts_tablet_manager.cc:1403] T 35eb5eef600549489404e1c3426a5a00 P fe9b663b1c434e27b35768077654b1a2: Time spent bootstrapping tablet: real 0.037s	user 0.015s	sys 0.019s
I20260710 11:01:51.150243 11127 tablet_bootstrap.cc:492] T 1485d05e49f842e0b29f0c959a39815b P fbe92fe31ab9429caf1fc8b1c9151097: No bootstrap required, opened a new log
I20260710 11:01:51.150444 11153 raft_consensus.cc:2804] T 916a40942b2349ce9d691451c5823f7d P 56ea343fa6c540dda8a813ae91dbadff [term 0 FOLLOWER]: Leader pre-election won for term 1
I20260710 11:01:51.150519 11129 raft_consensus.cc:493] T 36469101640b4ab9979146f20288bf31 P fe9b663b1c434e27b35768077654b1a2 [term 0 FOLLOWER]: Starting pre-election (no leader contacted us within the election timeout)
I20260710 11:01:51.150712 11127 ts_tablet_manager.cc:1403] T 1485d05e49f842e0b29f0c959a39815b P fbe92fe31ab9429caf1fc8b1c9151097: Time spent bootstrapping tablet: real 0.041s	user 0.014s	sys 0.021s
I20260710 11:01:51.150920 11153 raft_consensus.cc:493] T 916a40942b2349ce9d691451c5823f7d P 56ea343fa6c540dda8a813ae91dbadff [term 0 FOLLOWER]: Starting leader election (no leader contacted us within the election timeout)
I20260710 11:01:51.151295 11153 raft_consensus.cc:3060] T 916a40942b2349ce9d691451c5823f7d P 56ea343fa6c540dda8a813ae91dbadff [term 0 FOLLOWER]: Advancing to term 1
I20260710 11:01:51.151170 11129 raft_consensus.cc:515] T 36469101640b4ab9979146f20288bf31 P fe9b663b1c434e27b35768077654b1a2 [term 0 FOLLOWER]: Starting pre-election with config: opid_index: -1 OBSOLETE_local: false peers { permanent_uuid: "56ea343fa6c540dda8a813ae91dbadff" member_type: VOTER last_known_addr { host: "127.10.17.193" port: 37851 } } peers { permanent_uuid: "fe9b663b1c434e27b35768077654b1a2" member_type: VOTER last_known_addr { host: "127.10.17.194" port: 35237 } } peers { permanent_uuid: "fbe92fe31ab9429caf1fc8b1c9151097" member_type: VOTER last_known_addr { host: "127.10.17.195" port: 46163 } }
I20260710 11:01:51.152504 11123 raft_consensus.cc:359] T 35eb5eef600549489404e1c3426a5a00 P fe9b663b1c434e27b35768077654b1a2 [term 0 FOLLOWER]: Replica starting. Triggering 0 pending ops. Active config: opid_index: -1 OBSOLETE_local: false peers { permanent_uuid: "56ea343fa6c540dda8a813ae91dbadff" member_type: VOTER last_known_addr { host: "127.10.17.193" port: 37851 } } peers { permanent_uuid: "fe9b663b1c434e27b35768077654b1a2" member_type: VOTER last_known_addr { host: "127.10.17.194" port: 35237 } } peers { permanent_uuid: "fbe92fe31ab9429caf1fc8b1c9151097" member_type: VOTER last_known_addr { host: "127.10.17.195" port: 46163 } }
I20260710 11:01:51.153175 11123 raft_consensus.cc:385] T 35eb5eef600549489404e1c3426a5a00 P fe9b663b1c434e27b35768077654b1a2 [term 0 FOLLOWER]: Consensus starting up: Expiring failure detector timer to make a prompt election more likely
I20260710 11:01:51.153385 11129 leader_election.cc:290] T 36469101640b4ab9979146f20288bf31 P fe9b663b1c434e27b35768077654b1a2 [CANDIDATE]: Term 1 pre-election: Requested pre-vote from peers 56ea343fa6c540dda8a813ae91dbadff (127.10.17.193:37851), fbe92fe31ab9429caf1fc8b1c9151097 (127.10.17.195:46163)
I20260710 11:01:51.153477 11123 raft_consensus.cc:740] T 35eb5eef600549489404e1c3426a5a00 P fe9b663b1c434e27b35768077654b1a2 [term 0 FOLLOWER]: Becoming Follower/Learner. State: Replica: fe9b663b1c434e27b35768077654b1a2, State: Initialized, Role: FOLLOWER
I20260710 11:01:51.153537 11127 raft_consensus.cc:359] T 1485d05e49f842e0b29f0c959a39815b P fbe92fe31ab9429caf1fc8b1c9151097 [term 0 FOLLOWER]: Replica starting. Triggering 0 pending ops. Active config: opid_index: -1 OBSOLETE_local: false peers { permanent_uuid: "56ea343fa6c540dda8a813ae91dbadff" member_type: VOTER last_known_addr { host: "127.10.17.193" port: 37851 } } peers { permanent_uuid: "fe9b663b1c434e27b35768077654b1a2" member_type: VOTER last_known_addr { host: "127.10.17.194" port: 35237 } } peers { permanent_uuid: "fbe92fe31ab9429caf1fc8b1c9151097" member_type: VOTER last_known_addr { host: "127.10.17.195" port: 46163 } }
I20260710 11:01:51.154366 11127 raft_consensus.cc:385] T 1485d05e49f842e0b29f0c959a39815b P fbe92fe31ab9429caf1fc8b1c9151097 [term 0 FOLLOWER]: Consensus starting up: Expiring failure detector timer to make a prompt election more likely
I20260710 11:01:51.154718 11127 raft_consensus.cc:740] T 1485d05e49f842e0b29f0c959a39815b P fbe92fe31ab9429caf1fc8b1c9151097 [term 0 FOLLOWER]: Becoming Follower/Learner. State: Replica: fbe92fe31ab9429caf1fc8b1c9151097, State: Initialized, Role: FOLLOWER
I20260710 11:01:51.154417 11123 consensus_queue.cc:260] T 35eb5eef600549489404e1c3426a5a00 P fe9b663b1c434e27b35768077654b1a2 [NON_LEADER]: Queue going to NON_LEADER mode. State: All replicated index: 0, Majority replicated index: 0, Committed index: 0, Last appended: 0.0, Last appended by leader: 0, Current term: 0, Majority size: -1, State: 0, Mode: NON_LEADER, active raft config: opid_index: -1 OBSOLETE_local: false peers { permanent_uuid: "56ea343fa6c540dda8a813ae91dbadff" member_type: VOTER last_known_addr { host: "127.10.17.193" port: 37851 } } peers { permanent_uuid: "fe9b663b1c434e27b35768077654b1a2" member_type: VOTER last_known_addr { host: "127.10.17.194" port: 35237 } } peers { permanent_uuid: "fbe92fe31ab9429caf1fc8b1c9151097" member_type: VOTER last_known_addr { host: "127.10.17.195" port: 46163 } }
I20260710 11:01:51.155406 11127 consensus_queue.cc:260] T 1485d05e49f842e0b29f0c959a39815b P fbe92fe31ab9429caf1fc8b1c9151097 [NON_LEADER]: Queue going to NON_LEADER mode. State: All replicated index: 0, Majority replicated index: 0, Committed index: 0, Last appended: 0.0, Last appended by leader: 0, Current term: 0, Majority size: -1, State: 0, Mode: NON_LEADER, active raft config: opid_index: -1 OBSOLETE_local: false peers { permanent_uuid: "56ea343fa6c540dda8a813ae91dbadff" member_type: VOTER last_known_addr { host: "127.10.17.193" port: 37851 } } peers { permanent_uuid: "fe9b663b1c434e27b35768077654b1a2" member_type: VOTER last_known_addr { host: "127.10.17.194" port: 35237 } } peers { permanent_uuid: "fbe92fe31ab9429caf1fc8b1c9151097" member_type: VOTER last_known_addr { host: "127.10.17.195" port: 46163 } }
I20260710 11:01:51.156600 11123 ts_tablet_manager.cc:1434] T 35eb5eef600549489404e1c3426a5a00 P fe9b663b1c434e27b35768077654b1a2: Time spent starting tablet: real 0.006s	user 0.006s	sys 0.000s
I20260710 11:01:51.157868 11153 raft_consensus.cc:515] T 916a40942b2349ce9d691451c5823f7d P 56ea343fa6c540dda8a813ae91dbadff [term 1 FOLLOWER]: Starting leader election with config: opid_index: -1 OBSOLETE_local: false peers { permanent_uuid: "56ea343fa6c540dda8a813ae91dbadff" member_type: VOTER last_known_addr { host: "127.10.17.193" port: 37851 } } peers { permanent_uuid: "fe9b663b1c434e27b35768077654b1a2" member_type: VOTER last_known_addr { host: "127.10.17.194" port: 35237 } } peers { permanent_uuid: "fbe92fe31ab9429caf1fc8b1c9151097" member_type: VOTER last_known_addr { host: "127.10.17.195" port: 46163 } }
I20260710 11:01:51.159303 11124 raft_consensus.cc:740] T 49a2918177834965aac9dfb5738151b2 P 56ea343fa6c540dda8a813ae91dbadff [term 0 FOLLOWER]: Becoming Follower/Learner. State: Replica: 56ea343fa6c540dda8a813ae91dbadff, State: Initialized, Role: FOLLOWER
I20260710 11:01:51.159795 11123 tablet_bootstrap.cc:492] T e03fafc4d2884455a4c717d6627fc960 P fe9b663b1c434e27b35768077654b1a2: Bootstrap starting.
I20260710 11:01:51.160552 11153 leader_election.cc:290] T 916a40942b2349ce9d691451c5823f7d P 56ea343fa6c540dda8a813ae91dbadff [CANDIDATE]: Term 1 election: Requested vote from peers fe9b663b1c434e27b35768077654b1a2 (127.10.17.194:35237), fbe92fe31ab9429caf1fc8b1c9151097 (127.10.17.195:46163)
I20260710 11:01:51.161121 11082 tablet_service.cc:1917] Received RequestConsensusVote() RPC: tablet_id: "916a40942b2349ce9d691451c5823f7d" candidate_uuid: "56ea343fa6c540dda8a813ae91dbadff" candidate_term: 1 candidate_status { last_received { term: 0 index: 0 } } ignore_live_leader: false dest_uuid: "fbe92fe31ab9429caf1fc8b1c9151097"
I20260710 11:01:51.161496 11082 raft_consensus.cc:3060] T 916a40942b2349ce9d691451c5823f7d P fbe92fe31ab9429caf1fc8b1c9151097 [term 0 FOLLOWER]: Advancing to term 1
I20260710 11:01:51.163172 11128 leader_election.cc:290] T 35eb5eef600549489404e1c3426a5a00 P 56ea343fa6c540dda8a813ae91dbadff [CANDIDATE]: Term 1 election: Requested vote from peers fe9b663b1c434e27b35768077654b1a2 (127.10.17.194:35237), fbe92fe31ab9429caf1fc8b1c9151097 (127.10.17.195:46163)
I20260710 11:01:51.163865 11083 raft_consensus.cc:2468] T 35eb5eef600549489404e1c3426a5a00 P fbe92fe31ab9429caf1fc8b1c9151097 [term 1 FOLLOWER]: Leader election vote request: Granting yes vote for candidate 56ea343fa6c540dda8a813ae91dbadff in term 1.
I20260710 11:01:51.165577 10897 leader_election.cc:304] T 35eb5eef600549489404e1c3426a5a00 P 56ea343fa6c540dda8a813ae91dbadff [CANDIDATE]: Term 1 election: Election decided. Result: candidate won. Election summary: received 3 responses out of 3 voters: 2 yes votes; 1 no votes. yes voters: 56ea343fa6c540dda8a813ae91dbadff, fbe92fe31ab9429caf1fc8b1c9151097; no voters: fe9b663b1c434e27b35768077654b1a2
I20260710 11:01:51.167069 11128 raft_consensus.cc:2804] T 35eb5eef600549489404e1c3426a5a00 P 56ea343fa6c540dda8a813ae91dbadff [term 1 FOLLOWER]: Leader election won for term 1
I20260710 11:01:51.167550 11128 raft_consensus.cc:697] T 35eb5eef600549489404e1c3426a5a00 P 56ea343fa6c540dda8a813ae91dbadff [term 1 LEADER]: Becoming Leader. State: Replica: 56ea343fa6c540dda8a813ae91dbadff, State: Running, Role: LEADER
I20260710 11:01:51.167794 11127 ts_tablet_manager.cc:1434] T 1485d05e49f842e0b29f0c959a39815b P fbe92fe31ab9429caf1fc8b1c9151097: Time spent starting tablet: real 0.017s	user 0.004s	sys 0.001s
I20260710 11:01:51.168016 11082 raft_consensus.cc:2468] T 916a40942b2349ce9d691451c5823f7d P fbe92fe31ab9429caf1fc8b1c9151097 [term 1 FOLLOWER]: Leader election vote request: Granting yes vote for candidate 56ea343fa6c540dda8a813ae91dbadff in term 1.
I20260710 11:01:51.168637 11123 tablet_bootstrap.cc:654] T e03fafc4d2884455a4c717d6627fc960 P fe9b663b1c434e27b35768077654b1a2: Neither blocks nor log segments found. Creating new log.
I20260710 11:01:51.168438 11128 consensus_queue.cc:237] T 35eb5eef600549489404e1c3426a5a00 P 56ea343fa6c540dda8a813ae91dbadff [LEADER]: Queue going to LEADER mode. State: All replicated index: 0, Majority replicated index: 0, Committed index: 0, Last appended: 0.0, Last appended by leader: 0, Current term: 1, Majority size: 2, State: 0, Mode: LEADER, active raft config: opid_index: -1 OBSOLETE_local: false peers { permanent_uuid: "56ea343fa6c540dda8a813ae91dbadff" member_type: VOTER last_known_addr { host: "127.10.17.193" port: 37851 } } peers { permanent_uuid: "fe9b663b1c434e27b35768077654b1a2" member_type: VOTER last_known_addr { host: "127.10.17.194" port: 35237 } } peers { permanent_uuid: "fbe92fe31ab9429caf1fc8b1c9151097" member_type: VOTER last_known_addr { host: "127.10.17.195" port: 46163 } }
I20260710 11:01:51.169193 10897 leader_election.cc:304] T 916a40942b2349ce9d691451c5823f7d P 56ea343fa6c540dda8a813ae91dbadff [CANDIDATE]: Term 1 election: Election decided. Result: candidate won. Election summary: received 2 responses out of 3 voters: 2 yes votes; 0 no votes. yes voters: 56ea343fa6c540dda8a813ae91dbadff, fbe92fe31ab9429caf1fc8b1c9151097; no voters: 
I20260710 11:01:51.170404 11153 raft_consensus.cc:2804] T 916a40942b2349ce9d691451c5823f7d P 56ea343fa6c540dda8a813ae91dbadff [term 1 FOLLOWER]: Leader election won for term 1
I20260710 11:01:51.170913 11153 raft_consensus.cc:697] T 916a40942b2349ce9d691451c5823f7d P 56ea343fa6c540dda8a813ae91dbadff [term 1 LEADER]: Becoming Leader. State: Replica: 56ea343fa6c540dda8a813ae91dbadff, State: Running, Role: LEADER
I20260710 11:01:51.171898 11153 consensus_queue.cc:237] T 916a40942b2349ce9d691451c5823f7d P 56ea343fa6c540dda8a813ae91dbadff [LEADER]: Queue going to LEADER mode. State: All replicated index: 0, Majority replicated index: 0, Committed index: 0, Last appended: 0.0, Last appended by leader: 0, Current term: 1, Majority size: 2, State: 0, Mode: LEADER, active raft config: opid_index: -1 OBSOLETE_local: false peers { permanent_uuid: "56ea343fa6c540dda8a813ae91dbadff" member_type: VOTER last_known_addr { host: "127.10.17.193" port: 37851 } } peers { permanent_uuid: "fe9b663b1c434e27b35768077654b1a2" member_type: VOTER last_known_addr { host: "127.10.17.194" port: 35237 } } peers { permanent_uuid: "fbe92fe31ab9429caf1fc8b1c9151097" member_type: VOTER last_known_addr { host: "127.10.17.195" port: 46163 } }
I20260710 11:01:51.160280 11124 consensus_queue.cc:260] T 49a2918177834965aac9dfb5738151b2 P 56ea343fa6c540dda8a813ae91dbadff [NON_LEADER]: Queue going to NON_LEADER mode. State: All replicated index: 0, Majority replicated index: 0, Committed index: 0, Last appended: 0.0, Last appended by leader: 0, Current term: 0, Majority size: -1, State: 0, Mode: NON_LEADER, active raft config: opid_index: -1 OBSOLETE_local: false peers { permanent_uuid: "56ea343fa6c540dda8a813ae91dbadff" member_type: VOTER last_known_addr { host: "127.10.17.193" port: 37851 } } peers { permanent_uuid: "fe9b663b1c434e27b35768077654b1a2" member_type: VOTER last_known_addr { host: "127.10.17.194" port: 35237 } } peers { permanent_uuid: "fbe92fe31ab9429caf1fc8b1c9151097" member_type: VOTER last_known_addr { host: "127.10.17.195" port: 46163 } }
I20260710 11:01:51.178318 11127 tablet_bootstrap.cc:492] T 36469101640b4ab9979146f20288bf31 P fbe92fe31ab9429caf1fc8b1c9151097: Bootstrap starting.
I20260710 11:01:51.179354 11124 ts_tablet_manager.cc:1434] T 49a2918177834965aac9dfb5738151b2 P 56ea343fa6c540dda8a813ae91dbadff: Time spent starting tablet: real 0.075s	user 0.007s	sys 0.000s
I20260710 11:01:51.180408 11124 tablet_bootstrap.cc:492] T 6a99e4b868fc4d8bac7b18224279bdcd P 56ea343fa6c540dda8a813ae91dbadff: Bootstrap starting.
