I20260710 11:01:59.591207 22293 tablet_service.cc:1511] Processing CreateTablet for tablet 3a71c991370f4d45bc6b9d7f45e66344 (DEFAULT_TABLE table=test-workload [id=5f2af0c841d34b59ad95d70b8c2c3ec7]), partition=RANGE (key) PARTITION 1879048185 <= VALUES < 1968526670
I20260710 11:01:59.591984 22292 tablet_service.cc:1511] Processing CreateTablet for tablet 7cf6e0dd09a2457db6021d6d35d5b75c (DEFAULT_TABLE table=test-workload [id=5f2af0c841d34b59ad95d70b8c2c3ec7]), partition=RANGE (key) PARTITION 1700091215 <= VALUES < 1789569700
I20260710 11:01:59.592396 22293 data_dirs.cc:400] Could only allocate 1 dirs of requested 3 for tablet 3a71c991370f4d45bc6b9d7f45e66344. 1 dirs total, 0 dirs full, 0 dirs failed
I20260710 11:01:59.598464 22292 data_dirs.cc:400] Could only allocate 1 dirs of requested 3 for tablet 7cf6e0dd09a2457db6021d6d35d5b75c. 1 dirs total, 0 dirs full, 0 dirs failed
I20260710 11:01:59.598968 22364 tablet_service.cc:1511] Processing CreateTablet for tablet 3a71c991370f4d45bc6b9d7f45e66344 (DEFAULT_TABLE table=test-workload [id=5f2af0c841d34b59ad95d70b8c2c3ec7]), partition=RANGE (key) PARTITION 1879048185 <= VALUES < 1968526670
I20260710 11:01:59.600081 22364 data_dirs.cc:400] Could only allocate 1 dirs of requested 3 for tablet 3a71c991370f4d45bc6b9d7f45e66344. 1 dirs total, 0 dirs full, 0 dirs failed
I20260710 11:01:59.603042 22500 ts_tablet_manager.cc:1434] T e8dca77ea308456c8c0b5264f9f7d1d3 P 715491c1ac9641b58a2b980b50a714f4: Time spent starting tablet: real 0.030s	user 0.007s	sys 0.000s
I20260710 11:01:59.604839 22495 tablet_bootstrap.cc:654] T cc3ab9b8be6a4d9ba44bff407fa61de5 P d8448bad60834bb0899a7b36a90a6903: Neither blocks nor log segments found. Creating new log.
I20260710 11:01:59.609956 22500 tablet_bootstrap.cc:492] T 1df3e3c7ba774749920a723817a81019 P 715491c1ac9641b58a2b980b50a714f4: Bootstrap starting.
I20260710 11:01:59.616391 22494 tablet_bootstrap.cc:492] T 4138de1a42c2444e99854c0b1ef963b8 P b127b1e6f6c240689d17290c1065f4aa: No bootstrap required, opened a new log
I20260710 11:01:59.616829 22494 ts_tablet_manager.cc:1403] T 4138de1a42c2444e99854c0b1ef963b8 P b127b1e6f6c240689d17290c1065f4aa: Time spent bootstrapping tablet: real 0.056s	user 0.010s	sys 0.000s
I20260710 11:01:59.616689 22443 tablet_service.cc:1511] Processing CreateTablet for tablet 3a71c991370f4d45bc6b9d7f45e66344 (DEFAULT_TABLE table=test-workload [id=5f2af0c841d34b59ad95d70b8c2c3ec7]), partition=RANGE (key) PARTITION 1879048185 <= VALUES < 1968526670
I20260710 11:01:59.617851 22443 data_dirs.cc:400] Could only allocate 1 dirs of requested 3 for tablet 3a71c991370f4d45bc6b9d7f45e66344. 1 dirs total, 0 dirs full, 0 dirs failed
I20260710 11:01:59.617703 22367 tablet_service.cc:1511] Processing CreateTablet for tablet c7af31688a1d4df5a75261856df61b48 (DEFAULT_TABLE table=test-workload [id=5f2af0c841d34b59ad95d70b8c2c3ec7]), partition=RANGE (key) PARTITION 1968526670 <= VALUES < 2058005155
I20260710 11:01:59.618906 22367 data_dirs.cc:400] Could only allocate 1 dirs of requested 3 for tablet c7af31688a1d4df5a75261856df61b48. 1 dirs total, 0 dirs full, 0 dirs failed
I20260710 11:01:59.620115 22500 tablet_bootstrap.cc:654] T 1df3e3c7ba774749920a723817a81019 P 715491c1ac9641b58a2b980b50a714f4: Neither blocks nor log segments found. Creating new log.
I20260710 11:01:59.623679 22494 raft_consensus.cc:359] T 4138de1a42c2444e99854c0b1ef963b8 P b127b1e6f6c240689d17290c1065f4aa [term 0 FOLLOWER]: Replica starting. Triggering 0 pending ops. Active config: opid_index: -1 OBSOLETE_local: false peers { permanent_uuid: "d8448bad60834bb0899a7b36a90a6903" member_type: VOTER last_known_addr { host: "127.20.183.1" port: 33683 } } peers { permanent_uuid: "715491c1ac9641b58a2b980b50a714f4" member_type: VOTER last_known_addr { host: "127.20.183.2" port: 37869 } } peers { permanent_uuid: "b127b1e6f6c240689d17290c1065f4aa" member_type: VOTER last_known_addr { host: "127.20.183.3" port: 43235 } }
I20260710 11:01:59.624362 22494 raft_consensus.cc:385] T 4138de1a42c2444e99854c0b1ef963b8 P b127b1e6f6c240689d17290c1065f4aa [term 0 FOLLOWER]: Consensus starting up: Expiring failure detector timer to make a prompt election more likely
I20260710 11:01:59.624670 22494 raft_consensus.cc:740] T 4138de1a42c2444e99854c0b1ef963b8 P b127b1e6f6c240689d17290c1065f4aa [term 0 FOLLOWER]: Becoming Follower/Learner. State: Replica: b127b1e6f6c240689d17290c1065f4aa, State: Initialized, Role: FOLLOWER
I20260710 11:01:59.624468 22295 tablet_service.cc:1511] Processing CreateTablet for tablet c7af31688a1d4df5a75261856df61b48 (DEFAULT_TABLE table=test-workload [id=5f2af0c841d34b59ad95d70b8c2c3ec7]), partition=RANGE (key) PARTITION 1968526670 <= VALUES < 2058005155
I20260710 11:01:59.625586 22295 data_dirs.cc:400] Could only allocate 1 dirs of requested 3 for tablet c7af31688a1d4df5a75261856df61b48. 1 dirs total, 0 dirs full, 0 dirs failed
I20260710 11:01:59.625474 22494 consensus_queue.cc:260] T 4138de1a42c2444e99854c0b1ef963b8 P b127b1e6f6c240689d17290c1065f4aa [NON_LEADER]: Queue going to NON_LEADER mode. State: All replicated index: 0, Majority replicated index: 0, Committed index: 0, Last appended: 0.0, Last appended by leader: 0, Current term: 0, Majority size: -1, State: 0, Mode: NON_LEADER, active raft config: opid_index: -1 OBSOLETE_local: false peers { permanent_uuid: "d8448bad60834bb0899a7b36a90a6903" member_type: VOTER last_known_addr { host: "127.20.183.1" port: 33683 } } peers { permanent_uuid: "715491c1ac9641b58a2b980b50a714f4" member_type: VOTER last_known_addr { host: "127.20.183.2" port: 37869 } } peers { permanent_uuid: "b127b1e6f6c240689d17290c1065f4aa" member_type: VOTER last_known_addr { host: "127.20.183.3" port: 43235 } }
I20260710 11:01:59.633854 22494 ts_tablet_manager.cc:1434] T 4138de1a42c2444e99854c0b1ef963b8 P b127b1e6f6c240689d17290c1065f4aa: Time spent starting tablet: real 0.016s	user 0.006s	sys 0.000s
I20260710 11:01:59.638597 22495 tablet_bootstrap.cc:492] T cc3ab9b8be6a4d9ba44bff407fa61de5 P d8448bad60834bb0899a7b36a90a6903: No bootstrap required, opened a new log
I20260710 11:01:59.639043 22495 ts_tablet_manager.cc:1403] T cc3ab9b8be6a4d9ba44bff407fa61de5 P d8448bad60834bb0899a7b36a90a6903: Time spent bootstrapping tablet: real 0.067s	user 0.008s	sys 0.012s
I20260710 11:01:59.640367 22494 tablet_bootstrap.cc:492] T d23570fd6aa84d2198193f7eaf8fdc4e P b127b1e6f6c240689d17290c1065f4aa: Bootstrap starting.
I20260710 11:01:59.641775 22495 raft_consensus.cc:359] T cc3ab9b8be6a4d9ba44bff407fa61de5 P d8448bad60834bb0899a7b36a90a6903 [term 0 FOLLOWER]: Replica starting. Triggering 0 pending ops. Active config: opid_index: -1 OBSOLETE_local: false peers { permanent_uuid: "d8448bad60834bb0899a7b36a90a6903" member_type: VOTER last_known_addr { host: "127.20.183.1" port: 33683 } } peers { permanent_uuid: "715491c1ac9641b58a2b980b50a714f4" member_type: VOTER last_known_addr { host: "127.20.183.2" port: 37869 } } peers { permanent_uuid: "b127b1e6f6c240689d17290c1065f4aa" member_type: VOTER last_known_addr { host: "127.20.183.3" port: 43235 } }
I20260710 11:01:59.642434 22495 raft_consensus.cc:385] T cc3ab9b8be6a4d9ba44bff407fa61de5 P d8448bad60834bb0899a7b36a90a6903 [term 0 FOLLOWER]: Consensus starting up: Expiring failure detector timer to make a prompt election more likely
I20260710 11:01:59.642716 22495 raft_consensus.cc:740] T cc3ab9b8be6a4d9ba44bff407fa61de5 P d8448bad60834bb0899a7b36a90a6903 [term 0 FOLLOWER]: Becoming Follower/Learner. State: Replica: d8448bad60834bb0899a7b36a90a6903, State: Initialized, Role: FOLLOWER
I20260710 11:01:59.643168 22444 tablet_service.cc:1511] Processing CreateTablet for tablet c7af31688a1d4df5a75261856df61b48 (DEFAULT_TABLE table=test-workload [id=5f2af0c841d34b59ad95d70b8c2c3ec7]), partition=RANGE (key) PARTITION 1968526670 <= VALUES < 2058005155
I20260710 11:01:59.643366 22495 consensus_queue.cc:260] T cc3ab9b8be6a4d9ba44bff407fa61de5 P d8448bad60834bb0899a7b36a90a6903 [NON_LEADER]: Queue going to NON_LEADER mode. State: All replicated index: 0, Majority replicated index: 0, Committed index: 0, Last appended: 0.0, Last appended by leader: 0, Current term: 0, Majority size: -1, State: 0, Mode: NON_LEADER, active raft config: opid_index: -1 OBSOLETE_local: false peers { permanent_uuid: "d8448bad60834bb0899a7b36a90a6903" member_type: VOTER last_known_addr { host: "127.20.183.1" port: 33683 } } peers { permanent_uuid: "715491c1ac9641b58a2b980b50a714f4" member_type: VOTER last_known_addr { host: "127.20.183.2" port: 37869 } } peers { permanent_uuid: "b127b1e6f6c240689d17290c1065f4aa" member_type: VOTER last_known_addr { host: "127.20.183.3" port: 43235 } }
I20260710 11:01:59.644351 22444 data_dirs.cc:400] Could only allocate 1 dirs of requested 3 for tablet c7af31688a1d4df5a75261856df61b48. 1 dirs total, 0 dirs full, 0 dirs failed
I20260710 11:01:59.644263 22295 tablet_service.cc:1511] Processing CreateTablet for tablet 59374bdf1413481fa5bfde77404990f0 (DEFAULT_TABLE table=test-workload [id=5f2af0c841d34b59ad95d70b8c2c3ec7]), partition=RANGE (key) PARTITION 2058005155 <= VALUES
I20260710 11:01:59.646493 22495 ts_tablet_manager.cc:1434] T cc3ab9b8be6a4d9ba44bff407fa61de5 P d8448bad60834bb0899a7b36a90a6903: Time spent starting tablet: real 0.007s	user 0.003s	sys 0.005s
I20260710 11:01:59.648453 22295 data_dirs.cc:400] Could only allocate 1 dirs of requested 3 for tablet 59374bdf1413481fa5bfde77404990f0. 1 dirs total, 0 dirs full, 0 dirs failed
I20260710 11:01:59.651767 22495 tablet_bootstrap.cc:492] T 5ae4e1571a55405a898315cd50228c02 P d8448bad60834bb0899a7b36a90a6903: Bootstrap starting.
I20260710 11:01:59.657100 22441 tablet_service.cc:1511] Processing CreateTablet for tablet 59374bdf1413481fa5bfde77404990f0 (DEFAULT_TABLE table=test-workload [id=5f2af0c841d34b59ad95d70b8c2c3ec7]), partition=RANGE (key) PARTITION 2058005155 <= VALUES
I20260710 11:01:59.658210 22441 data_dirs.cc:400] Could only allocate 1 dirs of requested 3 for tablet 59374bdf1413481fa5bfde77404990f0. 1 dirs total, 0 dirs full, 0 dirs failed
I20260710 11:01:59.659724 22495 tablet_bootstrap.cc:654] T 5ae4e1571a55405a898315cd50228c02 P d8448bad60834bb0899a7b36a90a6903: Neither blocks nor log segments found. Creating new log.
I20260710 11:01:59.660585 22499 raft_consensus.cc:493] T cc3ab9b8be6a4d9ba44bff407fa61de5 P d8448bad60834bb0899a7b36a90a6903 [term 0 FOLLOWER]: Starting pre-election (no leader contacted us within the election timeout)
I20260710 11:01:59.660735 22500 tablet_bootstrap.cc:492] T 1df3e3c7ba774749920a723817a81019 P 715491c1ac9641b58a2b980b50a714f4: No bootstrap required, opened a new log
I20260710 11:01:59.661190 22500 ts_tablet_manager.cc:1403] T 1df3e3c7ba774749920a723817a81019 P 715491c1ac9641b58a2b980b50a714f4: Time spent bootstrapping tablet: real 0.051s	user 0.010s	sys 0.000s
I20260710 11:01:59.661031 22499 raft_consensus.cc:515] T cc3ab9b8be6a4d9ba44bff407fa61de5 P d8448bad60834bb0899a7b36a90a6903 [term 0 FOLLOWER]: Starting pre-election with config: opid_index: -1 OBSOLETE_local: false peers { permanent_uuid: "d8448bad60834bb0899a7b36a90a6903" member_type: VOTER last_known_addr { host: "127.20.183.1" port: 33683 } } peers { permanent_uuid: "715491c1ac9641b58a2b980b50a714f4" member_type: VOTER last_known_addr { host: "127.20.183.2" port: 37869 } } peers { permanent_uuid: "b127b1e6f6c240689d17290c1065f4aa" member_type: VOTER last_known_addr { host: "127.20.183.3" port: 43235 } }
I20260710 11:01:59.663021 22499 leader_election.cc:290] T cc3ab9b8be6a4d9ba44bff407fa61de5 P d8448bad60834bb0899a7b36a90a6903 [CANDIDATE]: Term 1 pre-election: Requested pre-vote from peers 715491c1ac9641b58a2b980b50a714f4 (127.20.183.2:37869), b127b1e6f6c240689d17290c1065f4aa (127.20.183.3:43235)
I20260710 11:01:59.664793 22380 tablet_service.cc:1917] Received RequestConsensusVote() RPC: tablet_id: "cc3ab9b8be6a4d9ba44bff407fa61de5" candidate_uuid: "d8448bad60834bb0899a7b36a90a6903" candidate_term: 1 candidate_status { last_received { term: 0 index: 0 } } ignore_live_leader: false dest_uuid: "715491c1ac9641b58a2b980b50a714f4" is_pre_election: true
W20260710 11:01:59.666255 22268 leader_election.cc:343] T cc3ab9b8be6a4d9ba44bff407fa61de5 P d8448bad60834bb0899a7b36a90a6903 [CANDIDATE]: Term 1 pre-election: Tablet error from VoteRequest() call to peer 715491c1ac9641b58a2b980b50a714f4 (127.20.183.2:37869): Illegal state: must be running to vote when last-logged opid is not known
I20260710 11:01:59.667390 22454 tablet_service.cc:1917] Received RequestConsensusVote() RPC: tablet_id: "cc3ab9b8be6a4d9ba44bff407fa61de5" candidate_uuid: "d8448bad60834bb0899a7b36a90a6903" candidate_term: 1 candidate_status { last_received { term: 0 index: 0 } } ignore_live_leader: false dest_uuid: "b127b1e6f6c240689d17290c1065f4aa" is_pre_election: true
I20260710 11:01:59.668357 22361 tablet_service.cc:1511] Processing CreateTablet for tablet 59374bdf1413481fa5bfde77404990f0 (DEFAULT_TABLE table=test-workload [id=5f2af0c841d34b59ad95d70b8c2c3ec7]), partition=RANGE (key) PARTITION 2058005155 <= VALUES
W20260710 11:01:59.668762 22270 leader_election.cc:343] T cc3ab9b8be6a4d9ba44bff407fa61de5 P d8448bad60834bb0899a7b36a90a6903 [CANDIDATE]: Term 1 pre-election: Tablet error from VoteRequest() call to peer b127b1e6f6c240689d17290c1065f4aa (127.20.183.3:43235): Illegal state: must be running to vote when last-logged opid is not known
I20260710 11:01:59.672554 22270 leader_election.cc:304] T cc3ab9b8be6a4d9ba44bff407fa61de5 P d8448bad60834bb0899a7b36a90a6903 [CANDIDATE]: Term 1 pre-election: Election decided. Result: candidate lost. Election summary: received 3 responses out of 3 voters: 1 yes votes; 2 no votes. yes voters: d8448bad60834bb0899a7b36a90a6903; no voters: 715491c1ac9641b58a2b980b50a714f4, b127b1e6f6c240689d17290c1065f4aa
I20260710 11:01:59.669726 22499 raft_consensus.cc:493] T 1755324606684c65ad45d0511df2354a P d8448bad60834bb0899a7b36a90a6903 [term 0 FOLLOWER]: Starting pre-election (no leader contacted us within the election timeout)
I20260710 11:01:59.673739 22499 raft_consensus.cc:515] T 1755324606684c65ad45d0511df2354a P d8448bad60834bb0899a7b36a90a6903 [term 0 FOLLOWER]: Starting pre-election with config: opid_index: -1 OBSOLETE_local: false peers { permanent_uuid: "d8448bad60834bb0899a7b36a90a6903" member_type: VOTER last_known_addr { host: "127.20.183.1" port: 33683 } } peers { permanent_uuid: "715491c1ac9641b58a2b980b50a714f4" member_type: VOTER last_known_addr { host: "127.20.183.2" port: 37869 } } peers { permanent_uuid: "b127b1e6f6c240689d17290c1065f4aa" member_type: VOTER last_known_addr { host: "127.20.183.3" port: 43235 } }
I20260710 11:01:59.674389 22523 raft_consensus.cc:2749] T cc3ab9b8be6a4d9ba44bff407fa61de5 P d8448bad60834bb0899a7b36a90a6903 [term 0 FOLLOWER]: Leader pre-election lost for term 1. Reason: could not achieve majority
I20260710 11:01:59.675617 22499 leader_election.cc:290] T 1755324606684c65ad45d0511df2354a P d8448bad60834bb0899a7b36a90a6903 [CANDIDATE]: Term 1 pre-election: Requested pre-vote from peers 715491c1ac9641b58a2b980b50a714f4 (127.20.183.2:37869), b127b1e6f6c240689d17290c1065f4aa (127.20.183.3:43235)
I20260710 11:01:59.676218 22380 tablet_service.cc:1917] Received RequestConsensusVote() RPC: tablet_id: "1755324606684c65ad45d0511df2354a" candidate_uuid: "d8448bad60834bb0899a7b36a90a6903" candidate_term: 1 candidate_status { last_received { term: 0 index: 0 } } ignore_live_leader: false dest_uuid: "715491c1ac9641b58a2b980b50a714f4" is_pre_election: true
I20260710 11:01:59.676869 22494 tablet_bootstrap.cc:654] T d23570fd6aa84d2198193f7eaf8fdc4e P b127b1e6f6c240689d17290c1065f4aa: Neither blocks nor log segments found. Creating new log.
I20260710 11:01:59.670154 22495 tablet_bootstrap.cc:492] T 5ae4e1571a55405a898315cd50228c02 P d8448bad60834bb0899a7b36a90a6903: No bootstrap required, opened a new log
I20260710 11:01:59.676792 22380 raft_consensus.cc:2468] T 1755324606684c65ad45d0511df2354a P 715491c1ac9641b58a2b980b50a714f4 [term 0 FOLLOWER]: Leader pre-election vote request: Granting yes vote for candidate d8448bad60834bb0899a7b36a90a6903 in term 0.
I20260710 11:01:59.677421 22495 ts_tablet_manager.cc:1403] T 5ae4e1571a55405a898315cd50228c02 P d8448bad60834bb0899a7b36a90a6903: Time spent bootstrapping tablet: real 0.026s	user 0.007s	sys 0.009s
I20260710 11:01:59.669503 22500 raft_consensus.cc:359] T 1df3e3c7ba774749920a723817a81019 P 715491c1ac9641b58a2b980b50a714f4 [term 0 FOLLOWER]: Replica starting. Triggering 0 pending ops. Active config: opid_index: -1 OBSOLETE_local: false peers { permanent_uuid: "d8448bad60834bb0899a7b36a90a6903" member_type: VOTER last_known_addr { host: "127.20.183.1" port: 33683 } } peers { permanent_uuid: "715491c1ac9641b58a2b980b50a714f4" member_type: VOTER last_known_addr { host: "127.20.183.2" port: 37869 } } peers { permanent_uuid: "b127b1e6f6c240689d17290c1065f4aa" member_type: VOTER last_known_addr { host: "127.20.183.3" port: 43235 } }
I20260710 11:01:59.677819 22500 raft_consensus.cc:385] T 1df3e3c7ba774749920a723817a81019 P 715491c1ac9641b58a2b980b50a714f4 [term 0 FOLLOWER]: Consensus starting up: Expiring failure detector timer to make a prompt election more likely
I20260710 11:01:59.678109 22500 raft_consensus.cc:740] T 1df3e3c7ba774749920a723817a81019 P 715491c1ac9641b58a2b980b50a714f4 [term 0 FOLLOWER]: Becoming Follower/Learner. State: Replica: 715491c1ac9641b58a2b980b50a714f4, State: Initialized, Role: FOLLOWER
I20260710 11:01:59.678265 22268 leader_election.cc:304] T 1755324606684c65ad45d0511df2354a P d8448bad60834bb0899a7b36a90a6903 [CANDIDATE]: Term 1 pre-election: Election decided. Result: candidate won. Election summary: received 2 responses out of 3 voters: 2 yes votes; 0 no votes. yes voters: 715491c1ac9641b58a2b980b50a714f4, d8448bad60834bb0899a7b36a90a6903; no voters: 
I20260710 11:01:59.678859 22499 raft_consensus.cc:2804] T 1755324606684c65ad45d0511df2354a P d8448bad60834bb0899a7b36a90a6903 [term 0 FOLLOWER]: Leader pre-election won for term 1
I20260710 11:01:59.679057 22454 tablet_service.cc:1917] Received RequestConsensusVote() RPC: tablet_id: "1755324606684c65ad45d0511df2354a" candidate_uuid: "d8448bad60834bb0899a7b36a90a6903" candidate_term: 1 candidate_status { last_received { term: 0 index: 0 } } ignore_live_leader: false dest_uuid: "b127b1e6f6c240689d17290c1065f4aa" is_pre_election: true
I20260710 11:01:59.678790 22500 consensus_queue.cc:260] T 1df3e3c7ba774749920a723817a81019 P 715491c1ac9641b58a2b980b50a714f4 [NON_LEADER]: Queue going to NON_LEADER mode. State: All replicated index: 0, Majority replicated index: 0, Committed index: 0, Last appended: 0.0, Last appended by leader: 0, Current term: 0, Majority size: -1, State: 0, Mode: NON_LEADER, active raft config: opid_index: -1 OBSOLETE_local: false peers { permanent_uuid: "d8448bad60834bb0899a7b36a90a6903" member_type: VOTER last_known_addr { host: "127.20.183.1" port: 33683 } } peers { permanent_uuid: "715491c1ac9641b58a2b980b50a714f4" member_type: VOTER last_known_addr { host: "127.20.183.2" port: 37869 } } peers { permanent_uuid: "b127b1e6f6c240689d17290c1065f4aa" member_type: VOTER last_known_addr { host: "127.20.183.3" port: 43235 } }
I20260710 11:01:59.679621 22454 raft_consensus.cc:2468] T 1755324606684c65ad45d0511df2354a P b127b1e6f6c240689d17290c1065f4aa [term 0 FOLLOWER]: Leader pre-election vote request: Granting yes vote for candidate d8448bad60834bb0899a7b36a90a6903 in term 0.
I20260710 11:01:59.680119 22361 data_dirs.cc:400] Could only allocate 1 dirs of requested 3 for tablet 59374bdf1413481fa5bfde77404990f0. 1 dirs total, 0 dirs full, 0 dirs failed
I20260710 11:01:59.679774 22495 raft_consensus.cc:359] T 5ae4e1571a55405a898315cd50228c02 P d8448bad60834bb0899a7b36a90a6903 [term 0 FOLLOWER]: Replica starting. Triggering 0 pending ops. Active config: opid_index: -1 OBSOLETE_local: false peers { permanent_uuid: "d8448bad60834bb0899a7b36a90a6903" member_type: VOTER last_known_addr { host: "127.20.183.1" port: 33683 } } peers { permanent_uuid: "715491c1ac9641b58a2b980b50a714f4" member_type: VOTER last_known_addr { host: "127.20.183.2" port: 37869 } } peers { permanent_uuid: "b127b1e6f6c240689d17290c1065f4aa" member_type: VOTER last_known_addr { host: "127.20.183.3" port: 43235 } }
I20260710 11:01:59.680547 22495 raft_consensus.cc:385] T 5ae4e1571a55405a898315cd50228c02 P d8448bad60834bb0899a7b36a90a6903 [term 0 FOLLOWER]: Consensus starting up: Expiring failure detector timer to make a prompt election more likely
I20260710 11:01:59.679267 22499 raft_consensus.cc:493] T 1755324606684c65ad45d0511df2354a P d8448bad60834bb0899a7b36a90a6903 [term 0 FOLLOWER]: Starting leader election (no leader contacted us within the election timeout)
I20260710 11:01:59.680855 22495 raft_consensus.cc:740] T 5ae4e1571a55405a898315cd50228c02 P d8448bad60834bb0899a7b36a90a6903 [term 0 FOLLOWER]: Becoming Follower/Learner. State: Replica: d8448bad60834bb0899a7b36a90a6903, State: Initialized, Role: FOLLOWER
I20260710 11:01:59.681133 22499 raft_consensus.cc:3060] T 1755324606684c65ad45d0511df2354a P d8448bad60834bb0899a7b36a90a6903 [term 0 FOLLOWER]: Advancing to term 1
I20260710 11:01:59.681708 22495 consensus_queue.cc:260] T 5ae4e1571a55405a898315cd50228c02 P d8448bad60834bb0899a7b36a90a6903 [NON_LEADER]: Queue going to NON_LEADER mode. State: All replicated index: 0, Majority replicated index: 0, Committed index: 0, Last appended: 0.0, Last appended by leader: 0, Current term: 0, Majority size: -1, State: 0, Mode: NON_LEADER, active raft config: opid_index: -1 OBSOLETE_local: false peers { permanent_uuid: "d8448bad60834bb0899a7b36a90a6903" member_type: VOTER last_known_addr { host: "127.20.183.1" port: 33683 } } peers { permanent_uuid: "715491c1ac9641b58a2b980b50a714f4" member_type: VOTER last_known_addr { host: "127.20.183.2" port: 37869 } } peers { permanent_uuid: "b127b1e6f6c240689d17290c1065f4aa" member_type: VOTER last_known_addr { host: "127.20.183.3" port: 43235 } }
I20260710 11:01:59.683549 22495 ts_tablet_manager.cc:1434] T 5ae4e1571a55405a898315cd50228c02 P d8448bad60834bb0899a7b36a90a6903: Time spent starting tablet: real 0.006s	user 0.005s	sys 0.000s
I20260710 11:01:59.684366 22495 tablet_bootstrap.cc:492] T e8dca77ea308456c8c0b5264f9f7d1d3 P d8448bad60834bb0899a7b36a90a6903: Bootstrap starting.
I20260710 11:01:59.686836 22500 ts_tablet_manager.cc:1434] T 1df3e3c7ba774749920a723817a81019 P 715491c1ac9641b58a2b980b50a714f4: Time spent starting tablet: real 0.025s	user 0.006s	sys 0.000s
I20260710 11:01:59.687117 22499 raft_consensus.cc:515] T 1755324606684c65ad45d0511df2354a P d8448bad60834bb0899a7b36a90a6903 [term 1 FOLLOWER]: Starting leader election with config: opid_index: -1 OBSOLETE_local: false peers { permanent_uuid: "d8448bad60834bb0899a7b36a90a6903" member_type: VOTER last_known_addr { host: "127.20.183.1" port: 33683 } } peers { permanent_uuid: "715491c1ac9641b58a2b980b50a714f4" member_type: VOTER last_known_addr { host: "127.20.183.2" port: 37869 } } peers { permanent_uuid: "b127b1e6f6c240689d17290c1065f4aa" member_type: VOTER last_known_addr { host: "127.20.183.3" port: 43235 } }
I20260710 11:01:59.689491 22499 leader_election.cc:290] T 1755324606684c65ad45d0511df2354a P d8448bad60834bb0899a7b36a90a6903 [CANDIDATE]: Term 1 election: Requested vote from peers 715491c1ac9641b58a2b980b50a714f4 (127.20.183.2:37869), b127b1e6f6c240689d17290c1065f4aa (127.20.183.3:43235)
I20260710 11:01:59.689709 22500 tablet_bootstrap.cc:492] T d23570fd6aa84d2198193f7eaf8fdc4e P 715491c1ac9641b58a2b980b50a714f4: Bootstrap starting.
I20260710 11:01:59.689601 22380 tablet_service.cc:1917] Received RequestConsensusVote() RPC: tablet_id: "1755324606684c65ad45d0511df2354a" candidate_uuid: "d8448bad60834bb0899a7b36a90a6903" candidate_term: 1 candidate_status { last_received { term: 0 index: 0 } } ignore_live_leader: false dest_uuid: "715491c1ac9641b58a2b980b50a714f4"
I20260710 11:01:59.690146 22380 raft_consensus.cc:3060] T 1755324606684c65ad45d0511df2354a P 715491c1ac9641b58a2b980b50a714f4 [term 0 FOLLOWER]: Advancing to term 1
I20260710 11:01:59.690447 22454 tablet_service.cc:1917] Received RequestConsensusVote() RPC: tablet_id: "1755324606684c65ad45d0511df2354a" candidate_uuid: "d8448bad60834bb0899a7b36a90a6903" candidate_term: 1 candidate_status { last_received { term: 0 index: 0 } } ignore_live_leader: false dest_uuid: "b127b1e6f6c240689d17290c1065f4aa"
I20260710 11:01:59.690948 22454 raft_consensus.cc:3060] T 1755324606684c65ad45d0511df2354a P b127b1e6f6c240689d17290c1065f4aa [term 0 FOLLOWER]: Advancing to term 1
I20260710 11:01:59.695955 22500 tablet_bootstrap.cc:654] T d23570fd6aa84d2198193f7eaf8fdc4e P 715491c1ac9641b58a2b980b50a714f4: Neither blocks nor log segments found. Creating new log.
I20260710 11:01:59.696139 22380 raft_consensus.cc:2468] T 1755324606684c65ad45d0511df2354a P 715491c1ac9641b58a2b980b50a714f4 [term 1 FOLLOWER]: Leader election vote request: Granting yes vote for candidate d8448bad60834bb0899a7b36a90a6903 in term 1.
I20260710 11:01:59.697206 22268 leader_election.cc:304] T 1755324606684c65ad45d0511df2354a P d8448bad60834bb0899a7b36a90a6903 [CANDIDATE]: Term 1 election: Election decided. Result: candidate won. Election summary: received 2 responses out of 3 voters: 2 yes votes; 0 no votes. yes voters: 715491c1ac9641b58a2b980b50a714f4, d8448bad60834bb0899a7b36a90a6903; no voters: 
I20260710 11:01:59.697292 22454 raft_consensus.cc:2468] T 1755324606684c65ad45d0511df2354a P b127b1e6f6c240689d17290c1065f4aa [term 1 FOLLOWER]: Leader election vote request: Granting yes vote for candidate d8448bad60834bb0899a7b36a90a6903 in term 1.
I20260710 11:01:59.701503 22495 tablet_bootstrap.cc:654] T e8dca77ea308456c8c0b5264f9f7d1d3 P d8448bad60834bb0899a7b36a90a6903: Neither blocks nor log segments found. Creating new log.
I20260710 11:01:59.704525 22499 raft_consensus.cc:2804] T 1755324606684c65ad45d0511df2354a P d8448bad60834bb0899a7b36a90a6903 [term 1 FOLLOWER]: Leader election won for term 1
I20260710 11:01:59.705037 22499 raft_consensus.cc:697] T 1755324606684c65ad45d0511df2354a P d8448bad60834bb0899a7b36a90a6903 [term 1 LEADER]: Becoming Leader. State: Replica: d8448bad60834bb0899a7b36a90a6903, State: Running, Role: LEADER
I20260710 11:01:59.705808 22499 consensus_queue.cc:237] T 1755324606684c65ad45d0511df2354a P d8448bad60834bb0899a7b36a90a6903 [LEADER]: Queue going to LEADER mode. State: All replicated index: 0, Majority replicated index: 0, Committed index: 0, Last appended: 0.0, Last appended by leader: 0, Current term: 1, Majority size: 2, State: 0, Mode: LEADER, active raft config: opid_index: -1 OBSOLETE_local: false peers { permanent_uuid: "d8448bad60834bb0899a7b36a90a6903" member_type: VOTER last_known_addr { host: "127.20.183.1" port: 33683 } } peers { permanent_uuid: "715491c1ac9641b58a2b980b50a714f4" member_type: VOTER last_known_addr { host: "127.20.183.2" port: 37869 } } peers { permanent_uuid: "b127b1e6f6c240689d17290c1065f4aa" member_type: VOTER last_known_addr { host: "127.20.183.3" port: 43235 } }
I20260710 11:01:59.706770 22494 tablet_bootstrap.cc:492] T d23570fd6aa84d2198193f7eaf8fdc4e P b127b1e6f6c240689d17290c1065f4aa: No bootstrap required, opened a new log
I20260710 11:01:59.707247 22494 ts_tablet_manager.cc:1403] T d23570fd6aa84d2198193f7eaf8fdc4e P b127b1e6f6c240689d17290c1065f4aa: Time spent bootstrapping tablet: real 0.067s	user 0.009s	sys 0.000s
I20260710 11:01:59.707612 22500 tablet_bootstrap.cc:492] T d23570fd6aa84d2198193f7eaf8fdc4e P 715491c1ac9641b58a2b980b50a714f4: No bootstrap required, opened a new log
I20260710 11:01:59.708137 22500 ts_tablet_manager.cc:1403] T d23570fd6aa84d2198193f7eaf8fdc4e P 715491c1ac9641b58a2b980b50a714f4: Time spent bootstrapping tablet: real 0.019s	user 0.011s	sys 0.005s
I20260710 11:01:59.710079 22494 raft_consensus.cc:359] T d23570fd6aa84d2198193f7eaf8fdc4e P b127b1e6f6c240689d17290c1065f4aa [term 0 FOLLOWER]: Replica starting. Triggering 0 pending ops. Active config: opid_index: -1 OBSOLETE_local: false peers { permanent_uuid: "d8448bad60834bb0899a7b36a90a6903" member_type: VOTER last_known_addr { host: "127.20.183.1" port: 33683 } } peers { permanent_uuid: "715491c1ac9641b58a2b980b50a714f4" member_type: VOTER last_known_addr { host: "127.20.183.2" port: 37869 } } peers { permanent_uuid: "b127b1e6f6c240689d17290c1065f4aa" member_type: VOTER last_known_addr { host: "127.20.183.3" port: 43235 } }
I20260710 11:01:59.710781 22494 raft_consensus.cc:385] T d23570fd6aa84d2198193f7eaf8fdc4e P b127b1e6f6c240689d17290c1065f4aa [term 0 FOLLOWER]: Consensus starting up: Expiring failure detector timer to make a prompt election more likely
I20260710 11:01:59.711061 22494 raft_consensus.cc:740] T d23570fd6aa84d2198193f7eaf8fdc4e P b127b1e6f6c240689d17290c1065f4aa [term 0 FOLLOWER]: Becoming Follower/Learner. State: Replica: b127b1e6f6c240689d17290c1065f4aa, State: Initialized, Role: FOLLOWER
I20260710 11:01:59.711866 22494 consensus_queue.cc:260] T d23570fd6aa84d2198193f7eaf8fdc4e P b127b1e6f6c240689d17290c1065f4aa [NON_LEADER]: Queue going to NON_LEADER mode. State: All replicated index: 0, Majority replicated index: 0, Committed index: 0, Last appended: 0.0, Last appended by leader: 0, Current term: 0, Majority size: -1, State: 0, Mode: NON_LEADER, active raft config: opid_index: -1 OBSOLETE_local: false peers { permanent_uuid: "d8448bad60834bb0899a7b36a90a6903" member_type: VOTER last_known_addr { host: "127.20.183.1" port: 33683 } } peers { permanent_uuid: "715491c1ac9641b58a2b980b50a714f4" member_type: VOTER last_known_addr { host: "127.20.183.2" port: 37869 } } peers { permanent_uuid: "b127b1e6f6c240689d17290c1065f4aa" member_type: VOTER last_known_addr { host: "127.20.183.3" port: 43235 } }
I20260710 11:01:59.713888 22500 raft_consensus.cc:359] T d23570fd6aa84d2198193f7eaf8fdc4e P 715491c1ac9641b58a2b980b50a714f4 [term 0 FOLLOWER]: Replica starting. Triggering 0 pending ops. Active config: opid_index: -1 OBSOLETE_local: false peers { permanent_uuid: "d8448bad60834bb0899a7b36a90a6903" member_type: VOTER last_known_addr { host: "127.20.183.1" port: 33683 } } peers { permanent_uuid: "715491c1ac9641b58a2b980b50a714f4" member_type: VOTER last_known_addr { host: "127.20.183.2" port: 37869 } } peers { permanent_uuid: "b127b1e6f6c240689d17290c1065f4aa" member_type: VOTER last_known_addr { host: "127.20.183.3" port: 43235 } }
I20260710 11:01:59.714761 22500 raft_consensus.cc:385] T d23570fd6aa84d2198193f7eaf8fdc4e P 715491c1ac9641b58a2b980b50a714f4 [term 0 FOLLOWER]: Consensus starting up: Expiring failure detector timer to make a prompt election more likely
I20260710 11:01:59.715065 22500 raft_consensus.cc:740] T d23570fd6aa84d2198193f7eaf8fdc4e P 715491c1ac9641b58a2b980b50a714f4 [term 0 FOLLOWER]: Becoming Follower/Learner. State: Replica: 715491c1ac9641b58a2b980b50a714f4, State: Initialized, Role: FOLLOWER
I20260710 11:01:59.715744 22500 consensus_queue.cc:260] T d23570fd6aa84d2198193f7eaf8fdc4e P 715491c1ac9641b58a2b980b50a714f4 [NON_LEADER]: Queue going to NON_LEADER mode. State: All replicated index: 0, Majority replicated index: 0, Committed index: 0, Last appended: 0.0, Last appended by leader: 0, Current term: 0, Majority size: -1, State: 0, Mode: NON_LEADER, active raft config: opid_index: -1 OBSOLETE_local: false peers { permanent_uuid: "d8448bad60834bb0899a7b36a90a6903" member_type: VOTER last_known_addr { host: "127.20.183.1" port: 33683 } } peers { permanent_uuid: "715491c1ac9641b58a2b980b50a714f4" member_type: VOTER last_known_addr { host: "127.20.183.2" port: 37869 } } peers { permanent_uuid: "b127b1e6f6c240689d17290c1065f4aa" member_type: VOTER last_known_addr { host: "127.20.183.3" port: 43235 } }
I20260710 11:01:59.717895 22500 ts_tablet_manager.cc:1434] T d23570fd6aa84d2198193f7eaf8fdc4e P 715491c1ac9641b58a2b980b50a714f4: Time spent starting tablet: real 0.009s	user 0.005s	sys 0.000s
I20260710 11:01:59.718838 22500 tablet_bootstrap.cc:492] T 5ae4e1571a55405a898315cd50228c02 P 715491c1ac9641b58a2b980b50a714f4: Bootstrap starting.
I20260710 11:01:59.725046 22500 tablet_bootstrap.cc:654] T 5ae4e1571a55405a898315cd50228c02 P 715491c1ac9641b58a2b980b50a714f4: Neither blocks nor log segments found. Creating new log.
I20260710 11:01:59.728008 22494 ts_tablet_manager.cc:1434] T d23570fd6aa84d2198193f7eaf8fdc4e P b127b1e6f6c240689d17290c1065f4aa: Time spent starting tablet: real 0.020s	user 0.006s	sys 0.003s
I20260710 11:01:59.728193 22523 raft_consensus.cc:493] T eec529b4898b424389292a9877e54ec4 P d8448bad60834bb0899a7b36a90a6903 [term 0 FOLLOWER]: Starting pre-election (no leader contacted us within the election timeout)
I20260710 11:01:59.728636 22523 raft_consensus.cc:515] T eec529b4898b424389292a9877e54ec4 P d8448bad60834bb0899a7b36a90a6903 [term 0 FOLLOWER]: Starting pre-election with config: opid_index: -1 OBSOLETE_local: false peers { permanent_uuid: "d8448bad60834bb0899a7b36a90a6903" member_type: VOTER last_known_addr { host: "127.20.183.1" port: 33683 } } peers { permanent_uuid: "715491c1ac9641b58a2b980b50a714f4" member_type: VOTER last_known_addr { host: "127.20.183.2" port: 37869 } } peers { permanent_uuid: "b127b1e6f6c240689d17290c1065f4aa" member_type: VOTER last_known_addr { host: "127.20.183.3" port: 43235 } }
I20260710 11:01:59.730583 22523 leader_election.cc:290] T eec529b4898b424389292a9877e54ec4 P d8448bad60834bb0899a7b36a90a6903 [CANDIDATE]: Term 1 pre-election: Requested pre-vote from peers 715491c1ac9641b58a2b980b50a714f4 (127.20.183.2:37869), b127b1e6f6c240689d17290c1065f4aa (127.20.183.3:43235)
I20260710 11:01:59.732937 22454 tablet_service.cc:1917] Received RequestConsensusVote() RPC: tablet_id: "eec529b4898b424389292a9877e54ec4" candidate_uuid: "d8448bad60834bb0899a7b36a90a6903" candidate_term: 1 candidate_status { last_received { term: 0 index: 0 } } ignore_live_leader: false dest_uuid: "b127b1e6f6c240689d17290c1065f4aa" is_pre_election: true
I20260710 11:01:59.733498 22454 raft_consensus.cc:2468] T eec529b4898b424389292a9877e54ec4 P b127b1e6f6c240689d17290c1065f4aa [term 0 FOLLOWER]: Leader pre-election vote request: Granting yes vote for candidate d8448bad60834bb0899a7b36a90a6903 in term 0.
I20260710 11:01:59.733628 22380 tablet_service.cc:1917] Received RequestConsensusVote() RPC: tablet_id: "eec529b4898b424389292a9877e54ec4" candidate_uuid: "d8448bad60834bb0899a7b36a90a6903" candidate_term: 1 candidate_status { last_received { term: 0 index: 0 } } ignore_live_leader: false dest_uuid: "715491c1ac9641b58a2b980b50a714f4" is_pre_election: true
I20260710 11:01:59.734661 22270 leader_election.cc:304] T eec529b4898b424389292a9877e54ec4 P d8448bad60834bb0899a7b36a90a6903 [CANDIDATE]: Term 1 pre-election: Election decided. Result: candidate won. Election summary: received 2 responses out of 3 voters: 2 yes votes; 0 no votes. yes voters: b127b1e6f6c240689d17290c1065f4aa, d8448bad60834bb0899a7b36a90a6903; no voters: 
I20260710 11:01:59.735214 22494 tablet_bootstrap.cc:492] T cc3ab9b8be6a4d9ba44bff407fa61de5 P b127b1e6f6c240689d17290c1065f4aa: Bootstrap starting.
W20260710 11:01:59.735173 22268 leader_election.cc:343] T eec529b4898b424389292a9877e54ec4 P d8448bad60834bb0899a7b36a90a6903 [CANDIDATE]: Term 1 pre-election: Tablet error from VoteRequest() call to peer 715491c1ac9641b58a2b980b50a714f4 (127.20.183.2:37869): Illegal state: must be running to vote when last-logged opid is not known
I20260710 11:01:59.735441 22523 raft_consensus.cc:2804] T eec529b4898b424389292a9877e54ec4 P d8448bad60834bb0899a7b36a90a6903 [term 0 FOLLOWER]: Leader pre-election won for term 1
I20260710 11:01:59.735796 22523 raft_consensus.cc:493] T eec529b4898b424389292a9877e54ec4 P d8448bad60834bb0899a7b36a90a6903 [term 0 FOLLOWER]: Starting leader election (no leader contacted us within the election timeout)
I20260710 11:01:59.736090 22523 raft_consensus.cc:3060] T eec529b4898b424389292a9877e54ec4 P d8448bad60834bb0899a7b36a90a6903 [term 0 FOLLOWER]: Advancing to term 1
I20260710 11:01:59.736914 22202 catalog_manager.cc:5697] T 1755324606684c65ad45d0511df2354a P d8448bad60834bb0899a7b36a90a6903 reported cstate change: term changed from 0 to 1, leader changed from <none> to d8448bad60834bb0899a7b36a90a6903 (127.20.183.1). New cstate: current_term: 1 leader_uuid: "d8448bad60834bb0899a7b36a90a6903" committed_config { opid_index: -1 OBSOLETE_local: false peers { permanent_uuid: "d8448bad60834bb0899a7b36a90a6903" member_type: VOTER last_known_addr { host: "127.20.183.1" port: 33683 } health_report { overall_health: HEALTHY } } peers { permanent_uuid: "715491c1ac9641b58a2b980b50a714f4" member_type: VOTER last_known_addr { host: "127.20.183.2" port: 37869 } health_report { overall_health: UNKNOWN } } peers { permanent_uuid: "b127b1e6f6c240689d17290c1065f4aa" member_type: VOTER last_known_addr { host: "127.20.183.3" port: 43235 } health_report { overall_health: UNKNOWN } } }
I20260710 11:01:59.742089 22494 tablet_bootstrap.cc:654] T cc3ab9b8be6a4d9ba44bff407fa61de5 P b127b1e6f6c240689d17290c1065f4aa: Neither blocks nor log segments found. Creating new log.
I20260710 11:01:59.742870 22495 tablet_bootstrap.cc:492] T e8dca77ea308456c8c0b5264f9f7d1d3 P d8448bad60834bb0899a7b36a90a6903: No bootstrap required, opened a new log
I20260710 11:01:59.744549 22495 ts_tablet_manager.cc:1403] T e8dca77ea308456c8c0b5264f9f7d1d3 P d8448bad60834bb0899a7b36a90a6903: Time spent bootstrapping tablet: real 0.060s	user 0.025s	sys 0.007s
I20260710 11:01:59.743889 22500 tablet_bootstrap.cc:492] T 5ae4e1571a55405a898315cd50228c02 P 715491c1ac9641b58a2b980b50a714f4: No bootstrap required, opened a new log
I20260710 11:01:59.743577 22523 raft_consensus.cc:515] T eec529b4898b424389292a9877e54ec4 P d8448bad60834bb0899a7b36a90a6903 [term 1 FOLLOWER]: Starting leader election with config: opid_index: -1 OBSOLETE_local: false peers { permanent_uuid: "d8448bad60834bb0899a7b36a90a6903" member_type: VOTER last_known_addr { host: "127.20.183.1" port: 33683 } } peers { permanent_uuid: "715491c1ac9641b58a2b980b50a714f4" member_type: VOTER last_known_addr { host: "127.20.183.2" port: 37869 } } peers { permanent_uuid: "b127b1e6f6c240689d17290c1065f4aa" member_type: VOTER last_known_addr { host: "127.20.183.3" port: 43235 } }
I20260710 11:01:59.745836 22500 ts_tablet_manager.cc:1403] T 5ae4e1571a55405a898315cd50228c02 P 715491c1ac9641b58a2b980b50a714f4: Time spent bootstrapping tablet: real 0.027s	user 0.010s	sys 0.013s
I20260710 11:01:59.748288 22454 tablet_service.cc:1917] Received RequestConsensusVote() RPC: tablet_id: "eec529b4898b424389292a9877e54ec4" candidate_uuid: "d8448bad60834bb0899a7b36a90a6903" candidate_term: 1 candidate_status { last_received { term: 0 index: 0 } } ignore_live_leader: false dest_uuid: "b127b1e6f6c240689d17290c1065f4aa"
I20260710 11:01:59.747005 22495 raft_consensus.cc:359] T e8dca77ea308456c8c0b5264f9f7d1d3 P d8448bad60834bb0899a7b36a90a6903 [term 0 FOLLOWER]: Replica starting. Triggering 0 pending ops. Active config: opid_index: -1 OBSOLETE_local: false peers { permanent_uuid: "d8448bad60834bb0899a7b36a90a6903" member_type: VOTER last_known_addr { host: "127.20.183.1" port: 33683 } } peers { permanent_uuid: "715491c1ac9641b58a2b980b50a714f4" member_type: VOTER last_known_addr { host: "127.20.183.2" port: 37869 } } peers { permanent_uuid: "b127b1e6f6c240689d17290c1065f4aa" member_type: VOTER last_known_addr { host: "127.20.183.3" port: 43235 } }
I20260710 11:01:59.748378 22380 tablet_service.cc:1917] Received RequestConsensusVote() RPC: tablet_id: "eec529b4898b424389292a9877e54ec4" candidate_uuid: "d8448bad60834bb0899a7b36a90a6903" candidate_term: 1 candidate_status { last_received { term: 0 index: 0 } } ignore_live_leader: false dest_uuid: "715491c1ac9641b58a2b980b50a714f4"
I20260710 11:01:59.748891 22495 raft_consensus.cc:385] T e8dca77ea308456c8c0b5264f9f7d1d3 P d8448bad60834bb0899a7b36a90a6903 [term 0 FOLLOWER]: Consensus starting up: Expiring failure detector timer to make a prompt election more likely
I20260710 11:01:59.748888 22454 raft_consensus.cc:3060] T eec529b4898b424389292a9877e54ec4 P b127b1e6f6c240689d17290c1065f4aa [term 0 FOLLOWER]: Advancing to term 1
I20260710 11:01:59.749253 22495 raft_consensus.cc:740] T e8dca77ea308456c8c0b5264f9f7d1d3 P d8448bad60834bb0899a7b36a90a6903 [term 0 FOLLOWER]: Becoming Follower/Learner. State: Replica: d8448bad60834bb0899a7b36a90a6903, State: Initialized, Role: FOLLOWER
W20260710 11:01:59.749915 22268 leader_election.cc:343] T eec529b4898b424389292a9877e54ec4 P d8448bad60834bb0899a7b36a90a6903 [CANDIDATE]: Term 1 election: Tablet error from VoteRequest() call to peer 715491c1ac9641b58a2b980b50a714f4 (127.20.183.2:37869): Illegal state: must be running to vote when last-logged opid is not known
I20260710 11:01:59.748471 22500 raft_consensus.cc:359] T 5ae4e1571a55405a898315cd50228c02 P 715491c1ac9641b58a2b980b50a714f4 [term 0 FOLLOWER]: Replica starting. Triggering 0 pending ops. Active config: opid_index: -1 OBSOLETE_local: false peers { permanent_uuid: "d8448bad60834bb0899a7b36a90a6903" member_type: VOTER last_known_addr { host: "127.20.183.1" port: 33683 } } peers { permanent_uuid: "715491c1ac9641b58a2b980b50a714f4" member_type: VOTER last_known_addr { host: "127.20.183.2" port: 37869 } } peers { permanent_uuid: "b127b1e6f6c240689d17290c1065f4aa" member_type: VOTER last_known_addr { host: "127.20.183.3" port: 43235 } }
I20260710 11:01:59.749892 22495 consensus_queue.cc:260] T e8dca77ea308456c8c0b5264f9f7d1d3 P d8448bad60834bb0899a7b36a90a6903 [NON_LEADER]: Queue going to NON_LEADER mode. State: All replicated index: 0, Majority replicated index: 0, Committed index: 0, Last appended: 0.0, Last appended by leader: 0, Current term: 0, Majority size: -1, State: 0, Mode: NON_LEADER, active raft config: opid_index: -1 OBSOLETE_local: false peers { permanent_uuid: "d8448bad60834bb0899a7b36a90a6903" member_type: VOTER last_known_addr { host: "127.20.183.1" port: 33683 } } peers { permanent_uuid: "715491c1ac9641b58a2b980b50a714f4" member_type: VOTER last_known_addr { host: "127.20.183.2" port: 37869 } } peers { permanent_uuid: "b127b1e6f6c240689d17290c1065f4aa" member_type: VOTER last_known_addr { host: "127.20.183.3" port: 43235 } }
I20260710 11:01:59.750525 22500 raft_consensus.cc:385] T 5ae4e1571a55405a898315cd50228c02 P 715491c1ac9641b58a2b980b50a714f4 [term 0 FOLLOWER]: Consensus starting up: Expiring failure detector timer to make a prompt election more likely
I20260710 11:01:59.750831 22500 raft_consensus.cc:740] T 5ae4e1571a55405a898315cd50228c02 P 715491c1ac9641b58a2b980b50a714f4 [term 0 FOLLOWER]: Becoming Follower/Learner. State: Replica: 715491c1ac9641b58a2b980b50a714f4, State: Initialized, Role: FOLLOWER
I20260710 11:01:59.751608 22500 consensus_queue.cc:260] T 5ae4e1571a55405a898315cd50228c02 P 715491c1ac9641b58a2b980b50a714f4 [NON_LEADER]: Queue going to NON_LEADER mode. State: All replicated index: 0, Majority replicated index: 0, Committed index: 0, Last appended: 0.0, Last appended by leader: 0, Current term: 0, Majority size: -1, State: 0, Mode: NON_LEADER, active raft config: opid_index: -1 OBSOLETE_local: false peers { permanent_uuid: "d8448bad60834bb0899a7b36a90a6903" member_type: VOTER last_known_addr { host: "127.20.183.1" port: 33683 } } peers { permanent_uuid: "715491c1ac9641b58a2b980b50a714f4" member_type: VOTER last_known_addr { host: "127.20.183.2" port: 37869 } } peers { permanent_uuid: "b127b1e6f6c240689d17290c1065f4aa" member_type: VOTER last_known_addr { host: "127.20.183.3" port: 43235 } }
I20260710 11:01:59.752140 22495 ts_tablet_manager.cc:1434] T e8dca77ea308456c8c0b5264f9f7d1d3 P d8448bad60834bb0899a7b36a90a6903: Time spent starting tablet: real 0.007s	user 0.004s	sys 0.001s
I20260710 11:01:59.754046 22500 ts_tablet_manager.cc:1434] T 5ae4e1571a55405a898315cd50228c02 P 715491c1ac9641b58a2b980b50a714f4: Time spent starting tablet: real 0.008s	user 0.006s	sys 0.000s
I20260710 11:01:59.755196 22500 tablet_bootstrap.cc:492] T 4138de1a42c2444e99854c0b1ef963b8 P 715491c1ac9641b58a2b980b50a714f4: Bootstrap starting.
I20260710 11:01:59.755426 22495 tablet_bootstrap.cc:492] T 1df3e3c7ba774749920a723817a81019 P d8448bad60834bb0899a7b36a90a6903: Bootstrap starting.
I20260710 11:01:59.755748 22454 raft_consensus.cc:2468] T eec529b4898b424389292a9877e54ec4 P b127b1e6f6c240689d17290c1065f4aa [term 1 FOLLOWER]: Leader election vote request: Granting yes vote for candidate d8448bad60834bb0899a7b36a90a6903 in term 1.
I20260710 11:01:59.756805 22270 leader_election.cc:304] T eec529b4898b424389292a9877e54ec4 P d8448bad60834bb0899a7b36a90a6903 [CANDIDATE]: Term 1 election: Election decided. Result: candidate won. Election summary: received 3 responses out of 3 voters: 2 yes votes; 1 no votes. yes voters: b127b1e6f6c240689d17290c1065f4aa, d8448bad60834bb0899a7b36a90a6903; no voters: 715491c1ac9641b58a2b980b50a714f4
I20260710 11:01:59.757557 22499 raft_consensus.cc:2804] T eec529b4898b424389292a9877e54ec4 P d8448bad60834bb0899a7b36a90a6903 [term 1 FOLLOWER]: Leader election won for term 1
I20260710 11:01:59.760644 22495 tablet_bootstrap.cc:654] T 1df3e3c7ba774749920a723817a81019 P d8448bad60834bb0899a7b36a90a6903: Neither blocks nor log segments found. Creating new log.
I20260710 11:01:59.760808 22500 tablet_bootstrap.cc:654] T 4138de1a42c2444e99854c0b1ef963b8 P 715491c1ac9641b58a2b980b50a714f4: Neither blocks nor log segments found. Creating new log.
I20260710 11:01:59.763788 22530 raft_consensus.cc:493] T d23570fd6aa84d2198193f7eaf8fdc4e P d8448bad60834bb0899a7b36a90a6903 [term 0 FOLLOWER]: Starting pre-election (no leader contacted us within the election timeout)
I20260710 11:01:59.764205 22530 raft_consensus.cc:515] T d23570fd6aa84d2198193f7eaf8fdc4e P d8448bad60834bb0899a7b36a90a6903 [term 0 FOLLOWER]: Starting pre-election with config: opid_index: -1 OBSOLETE_local: false peers { permanent_uuid: "d8448bad60834bb0899a7b36a90a6903" member_type: VOTER last_known_addr { host: "127.20.183.1" port: 33683 } } peers { permanent_uuid: "715491c1ac9641b58a2b980b50a714f4" member_type: VOTER last_known_addr { host: "127.20.183.2" port: 37869 } } peers { permanent_uuid: "b127b1e6f6c240689d17290c1065f4aa" member_type: VOTER last_known_addr { host: "127.20.183.3" port: 43235 } }
I20260710 11:01:59.765468 22523 leader_election.cc:290] T eec529b4898b424389292a9877e54ec4 P d8448bad60834bb0899a7b36a90a6903 [CANDIDATE]: Term 1 election: Requested vote from peers 715491c1ac9641b58a2b980b50a714f4 (127.20.183.2:37869), b127b1e6f6c240689d17290c1065f4aa (127.20.183.3:43235)
I20260710 11:01:59.766680 22380 tablet_service.cc:1917] Received RequestConsensusVote() RPC: tablet_id: "d23570fd6aa84d2198193f7eaf8fdc4e" candidate_uuid: "d8448bad60834bb0899a7b36a90a6903" candidate_term: 1 candidate_status { last_received { term: 0 index: 0 } } ignore_live_leader: false dest_uuid: "715491c1ac9641b58a2b980b50a714f4" is_pre_election: true
I20260710 11:01:59.767234 22380 raft_consensus.cc:2468] T d23570fd6aa84d2198193f7eaf8fdc4e P 715491c1ac9641b58a2b980b50a714f4 [term 0 FOLLOWER]: Leader pre-election vote request: Granting yes vote for candidate d8448bad60834bb0899a7b36a90a6903 in term 0.
I20260710 11:01:59.768097 22499 raft_consensus.cc:697] T eec529b4898b424389292a9877e54ec4 P d8448bad60834bb0899a7b36a90a6903 [term 1 LEADER]: Becoming Leader. State: Replica: d8448bad60834bb0899a7b36a90a6903, State: Running, Role: LEADER
I20260710 11:01:59.768352 22268 leader_election.cc:304] T d23570fd6aa84d2198193f7eaf8fdc4e P d8448bad60834bb0899a7b36a90a6903 [CANDIDATE]: Term 1 pre-election: Election decided. Result: candidate won. Election summary: received 2 responses out of 3 voters: 2 yes votes; 0 no votes. yes voters: 715491c1ac9641b58a2b980b50a714f4, d8448bad60834bb0899a7b36a90a6903; no voters: 
I20260710 11:01:59.769194 22529 raft_consensus.cc:2804] T d23570fd6aa84d2198193f7eaf8fdc4e P d8448bad60834bb0899a7b36a90a6903 [term 0 FOLLOWER]: Leader pre-election won for term 1
I20260710 11:01:59.769678 22529 raft_consensus.cc:493] T d23570fd6aa84d2198193f7eaf8fdc4e P d8448bad60834bb0899a7b36a90a6903 [term 0 FOLLOWER]: Starting leader election (no leader contacted us within the election timeout)
I20260710 11:01:59.770010 22529 raft_consensus.cc:3060] T d23570fd6aa84d2198193f7eaf8fdc4e P d8448bad60834bb0899a7b36a90a6903 [term 0 FOLLOWER]: Advancing to term 1
I20260710 11:01:59.770291 22530 leader_election.cc:290] T d23570fd6aa84d2198193f7eaf8fdc4e P d8448bad60834bb0899a7b36a90a6903 [CANDIDATE]: Term 1 pre-election: Requested pre-vote from peers 715491c1ac9641b58a2b980b50a714f4 (127.20.183.2:37869), b127b1e6f6c240689d17290c1065f4aa (127.20.183.3:43235)
I20260710 11:01:59.771606 22454 tablet_service.cc:1917] Received RequestConsensusVote() RPC: tablet_id: "d23570fd6aa84d2198193f7eaf8fdc4e" candidate_uuid: "d8448bad60834bb0899a7b36a90a6903" candidate_term: 1 candidate_status { last_received { term: 0 index: 0 } } ignore_live_leader: false dest_uuid: "b127b1e6f6c240689d17290c1065f4aa" is_pre_election: true
I20260710 11:01:59.772332 22454 raft_consensus.cc:2468] T d23570fd6aa84d2198193f7eaf8fdc4e P b127b1e6f6c240689d17290c1065f4aa [term 0 FOLLOWER]: Leader pre-election vote request: Granting yes vote for candidate d8448bad60834bb0899a7b36a90a6903 in term 0.
I20260710 11:01:59.774681 22498 raft_consensus.cc:493] T 5ee8b584392341219cf308ff69519298 P b127b1e6f6c240689d17290c1065f4aa [term 0 FOLLOWER]: Starting pre-election (no leader contacted us within the election timeout)
I20260710 11:01:59.775048 22495 tablet_bootstrap.cc:492] T 1df3e3c7ba774749920a723817a81019 P d8448bad60834bb0899a7b36a90a6903: No bootstrap required, opened a new log
