I20260710 11:01:39.033694 21421 tablet_service.cc:1917] Received RequestConsensusVote() RPC: tablet_id: "177684f81c8b4ca59ab7018f0889a556" candidate_uuid: "a21e3494219041a38ad1add0ab4bb61f" candidate_term: 1 candidate_status { last_received { term: 0 index: 0 } } ignore_live_leader: false dest_uuid: "3d461f77e04641e38d345597ad29213a"
I20260710 11:01:39.032011 21575 raft_consensus.cc:515] T 2b97307f132b458696943ce141ae3562 P a21e3494219041a38ad1add0ab4bb61f [term 0 FOLLOWER]: Starting pre-election with config: opid_index: -1 OBSOLETE_local: false peers { permanent_uuid: "a21e3494219041a38ad1add0ab4bb61f" member_type: VOTER last_known_addr { host: "127.20.183.1" port: 41591 } } peers { permanent_uuid: "3d461f77e04641e38d345597ad29213a" member_type: VOTER last_known_addr { host: "127.20.183.2" port: 40859 } } peers { permanent_uuid: "9b3a01de91a34532a8153b0f34c80527" member_type: VOTER last_known_addr { host: "127.20.183.3" port: 34131 } }
I20260710 11:01:39.063462 21579 leader_election.cc:290] T 5500b98b3ec5419fb70321a70c885d3e P a21e3494219041a38ad1add0ab4bb61f [CANDIDATE]: Term 1 pre-election: Requested pre-vote from peers 3d461f77e04641e38d345597ad29213a (127.20.183.2:40859), 9b3a01de91a34532a8153b0f34c80527 (127.20.183.3:34131)
I20260710 11:01:39.066201 21422 raft_consensus.cc:3060] T c340a30a6d5f485fa8e4b35d26ddb766 P 3d461f77e04641e38d345597ad29213a [term 0 FOLLOWER]: Advancing to term 1
I20260710 11:01:39.070986 21540 tablet_bootstrap.cc:492] T 4a5a15cada5f487685b94fbb2be0a1b8 P 3d461f77e04641e38d345597ad29213a: No bootstrap required, opened a new log
I20260710 11:01:39.073001 21541 tablet_bootstrap.cc:492] T 1c0803d776554658b2c3be33fdb8b336 P a21e3494219041a38ad1add0ab4bb61f: Bootstrap starting.
I20260710 11:01:39.073170 21540 ts_tablet_manager.cc:1403] T 4a5a15cada5f487685b94fbb2be0a1b8 P 3d461f77e04641e38d345597ad29213a: Time spent bootstrapping tablet: real 0.311s	user 0.018s	sys 0.006s
I20260710 11:01:39.070173 21494 tablet_service.cc:1917] Received RequestConsensusVote() RPC: tablet_id: "5500b98b3ec5419fb70321a70c885d3e" candidate_uuid: "a21e3494219041a38ad1add0ab4bb61f" candidate_term: 1 candidate_status { last_received { term: 0 index: 0 } } ignore_live_leader: false dest_uuid: "9b3a01de91a34532a8153b0f34c80527" is_pre_election: true
I20260710 11:01:39.066637 21420 raft_consensus.cc:3060] T 177684f81c8b4ca59ab7018f0889a556 P 3d461f77e04641e38d345597ad29213a [term 0 FOLLOWER]: Advancing to term 1
I20260710 11:01:39.065613 21572 leader_election.cc:290] T 4a5a15cada5f487685b94fbb2be0a1b8 P 9b3a01de91a34532a8153b0f34c80527 [CANDIDATE]: Term 1 election: Requested vote from peers a21e3494219041a38ad1add0ab4bb61f (127.20.183.1:41591), 3d461f77e04641e38d345597ad29213a (127.20.183.2:40859)
I20260710 11:01:39.076963 21540 raft_consensus.cc:359] T 4a5a15cada5f487685b94fbb2be0a1b8 P 3d461f77e04641e38d345597ad29213a [term 0 FOLLOWER]: Replica starting. Triggering 0 pending ops. Active config: opid_index: -1 OBSOLETE_local: false peers { permanent_uuid: "a21e3494219041a38ad1add0ab4bb61f" member_type: VOTER last_known_addr { host: "127.20.183.1" port: 41591 } } peers { permanent_uuid: "3d461f77e04641e38d345597ad29213a" member_type: VOTER last_known_addr { host: "127.20.183.2" port: 40859 } } peers { permanent_uuid: "9b3a01de91a34532a8153b0f34c80527" member_type: VOTER last_known_addr { host: "127.20.183.3" port: 34131 } }
I20260710 11:01:39.080134 21347 raft_consensus.cc:2468] T 6e1bc5c52b1d4be0a0c90482e298560c P a21e3494219041a38ad1add0ab4bb61f [term 1 FOLLOWER]: Leader election vote request: Granting yes vote for candidate 9b3a01de91a34532a8153b0f34c80527 in term 1.
I20260710 11:01:39.081162 21459 leader_election.cc:304] T 6e1bc5c52b1d4be0a0c90482e298560c P 9b3a01de91a34532a8153b0f34c80527 [CANDIDATE]: Term 1 election: Election decided. Result: candidate won. Election summary: received 2 responses out of 3 voters: 2 yes votes; 0 no votes. yes voters: 9b3a01de91a34532a8153b0f34c80527, a21e3494219041a38ad1add0ab4bb61f; no voters: 
I20260710 11:01:39.082712 21539 raft_consensus.cc:359] T 1c0803d776554658b2c3be33fdb8b336 P 9b3a01de91a34532a8153b0f34c80527 [term 0 FOLLOWER]: Replica starting. Triggering 0 pending ops. Active config: opid_index: -1 OBSOLETE_local: false peers { permanent_uuid: "a21e3494219041a38ad1add0ab4bb61f" member_type: VOTER last_known_addr { host: "127.20.183.1" port: 41591 } } peers { permanent_uuid: "3d461f77e04641e38d345597ad29213a" member_type: VOTER last_known_addr { host: "127.20.183.2" port: 40859 } } peers { permanent_uuid: "9b3a01de91a34532a8153b0f34c80527" member_type: VOTER last_known_addr { host: "127.20.183.3" port: 34131 } }
I20260710 11:01:39.083302 21539 raft_consensus.cc:385] T 1c0803d776554658b2c3be33fdb8b336 P 9b3a01de91a34532a8153b0f34c80527 [term 0 FOLLOWER]: Consensus starting up: Expiring failure detector timer to make a prompt election more likely
I20260710 11:01:39.083544 21539 raft_consensus.cc:740] T 1c0803d776554658b2c3be33fdb8b336 P 9b3a01de91a34532a8153b0f34c80527 [term 0 FOLLOWER]: Becoming Follower/Learner. State: Replica: 9b3a01de91a34532a8153b0f34c80527, State: Initialized, Role: FOLLOWER
I20260710 11:01:39.084425 21572 raft_consensus.cc:2804] T 6e1bc5c52b1d4be0a0c90482e298560c P 9b3a01de91a34532a8153b0f34c80527 [term 1 FOLLOWER]: Leader election won for term 1
I20260710 11:01:39.084112 21539 consensus_queue.cc:260] T 1c0803d776554658b2c3be33fdb8b336 P 9b3a01de91a34532a8153b0f34c80527 [NON_LEADER]: Queue going to NON_LEADER mode. State: All replicated index: 0, Majority replicated index: 0, Committed index: 0, Last appended: 0.0, Last appended by leader: 0, Current term: 0, Majority size: -1, State: 0, Mode: NON_LEADER, active raft config: opid_index: -1 OBSOLETE_local: false peers { permanent_uuid: "a21e3494219041a38ad1add0ab4bb61f" member_type: VOTER last_known_addr { host: "127.20.183.1" port: 41591 } } peers { permanent_uuid: "3d461f77e04641e38d345597ad29213a" member_type: VOTER last_known_addr { host: "127.20.183.2" port: 40859 } } peers { permanent_uuid: "9b3a01de91a34532a8153b0f34c80527" member_type: VOTER last_known_addr { host: "127.20.183.3" port: 34131 } }
I20260710 11:01:39.084889 21572 raft_consensus.cc:697] T 6e1bc5c52b1d4be0a0c90482e298560c P 9b3a01de91a34532a8153b0f34c80527 [term 1 LEADER]: Becoming Leader. State: Replica: 9b3a01de91a34532a8153b0f34c80527, State: Running, Role: LEADER
I20260710 11:01:39.079489 21540 raft_consensus.cc:385] T 4a5a15cada5f487685b94fbb2be0a1b8 P 3d461f77e04641e38d345597ad29213a [term 0 FOLLOWER]: Consensus starting up: Expiring failure detector timer to make a prompt election more likely
I20260710 11:01:39.092100 21539 ts_tablet_manager.cc:1434] T 1c0803d776554658b2c3be33fdb8b336 P 9b3a01de91a34532a8153b0f34c80527: Time spent starting tablet: real 0.044s	user 0.005s	sys 0.000s
I20260710 11:01:39.092769 21539 tablet_bootstrap.cc:492] T 5500b98b3ec5419fb70321a70c885d3e P 9b3a01de91a34532a8153b0f34c80527: Bootstrap starting.
I20260710 11:01:39.090883 21494 tablet_service.cc:1917] Received RequestConsensusVote() RPC: tablet_id: "2b97307f132b458696943ce141ae3562" candidate_uuid: "3d461f77e04641e38d345597ad29213a" candidate_term: 1 candidate_status { last_received { term: 0 index: 0 } } ignore_live_leader: false dest_uuid: "9b3a01de91a34532a8153b0f34c80527"
I20260710 11:01:39.094496 21312 leader_election.cc:304] T 177684f81c8b4ca59ab7018f0889a556 P a21e3494219041a38ad1add0ab4bb61f [CANDIDATE]: Term 1 election: Election decided. Result: candidate lost. Election summary: received 3 responses out of 3 voters: 1 yes votes; 2 no votes. yes voters: a21e3494219041a38ad1add0ab4bb61f; no voters: 3d461f77e04641e38d345597ad29213a, 9b3a01de91a34532a8153b0f34c80527
I20260710 11:01:39.094945 21494 raft_consensus.cc:3060] T 2b97307f132b458696943ce141ae3562 P 9b3a01de91a34532a8153b0f34c80527 [term 0 FOLLOWER]: Advancing to term 1
I20260710 11:01:39.095481 21347 tablet_service.cc:1917] Received RequestConsensusVote() RPC: tablet_id: "2b97307f132b458696943ce141ae3562" candidate_uuid: "3d461f77e04641e38d345597ad29213a" candidate_term: 1 candidate_status { last_received { term: 0 index: 0 } } ignore_live_leader: false dest_uuid: "a21e3494219041a38ad1add0ab4bb61f"
I20260710 11:01:39.100595 21569 raft_consensus.cc:493] T 1c0803d776554658b2c3be33fdb8b336 P 9b3a01de91a34532a8153b0f34c80527 [term 0 FOLLOWER]: Starting pre-election (no leader contacted us within the election timeout)
I20260710 11:01:39.101550 21569 raft_consensus.cc:515] T 1c0803d776554658b2c3be33fdb8b336 P 9b3a01de91a34532a8153b0f34c80527 [term 0 FOLLOWER]: Starting pre-election with config: opid_index: -1 OBSOLETE_local: false peers { permanent_uuid: "a21e3494219041a38ad1add0ab4bb61f" member_type: VOTER last_known_addr { host: "127.20.183.1" port: 41591 } } peers { permanent_uuid: "3d461f77e04641e38d345597ad29213a" member_type: VOTER last_known_addr { host: "127.20.183.2" port: 40859 } } peers { permanent_uuid: "9b3a01de91a34532a8153b0f34c80527" member_type: VOTER last_known_addr { host: "127.20.183.3" port: 34131 } }
I20260710 11:01:39.105103 21569 leader_election.cc:290] T 1c0803d776554658b2c3be33fdb8b336 P 9b3a01de91a34532a8153b0f34c80527 [CANDIDATE]: Term 1 pre-election: Requested pre-vote from peers a21e3494219041a38ad1add0ab4bb61f (127.20.183.1:41591), 3d461f77e04641e38d345597ad29213a (127.20.183.2:40859)
I20260710 11:01:39.091856 21540 raft_consensus.cc:740] T 4a5a15cada5f487685b94fbb2be0a1b8 P 3d461f77e04641e38d345597ad29213a [term 0 FOLLOWER]: Becoming Follower/Learner. State: Replica: 3d461f77e04641e38d345597ad29213a, State: Initialized, Role: FOLLOWER
I20260710 11:01:39.093103 21346 raft_consensus.cc:2468] T 4a5a15cada5f487685b94fbb2be0a1b8 P a21e3494219041a38ad1add0ab4bb61f [term 1 FOLLOWER]: Leader election vote request: Granting yes vote for candidate 9b3a01de91a34532a8153b0f34c80527 in term 1.
I20260710 11:01:39.107498 21419 tablet_service.cc:1917] Received RequestConsensusVote() RPC: tablet_id: "1c0803d776554658b2c3be33fdb8b336" candidate_uuid: "9b3a01de91a34532a8153b0f34c80527" candidate_term: 1 candidate_status { last_received { term: 0 index: 0 } } ignore_live_leader: false dest_uuid: "3d461f77e04641e38d345597ad29213a" is_pre_election: true
I20260710 11:01:39.100803 21579 raft_consensus.cc:2749] T 177684f81c8b4ca59ab7018f0889a556 P a21e3494219041a38ad1add0ab4bb61f [term 1 FOLLOWER]: Leader election lost for term 1. Reason: could not achieve majority
I20260710 11:01:39.103351 21347 raft_consensus.cc:3060] T 2b97307f132b458696943ce141ae3562 P a21e3494219041a38ad1add0ab4bb61f [term 0 FOLLOWER]: Advancing to term 1
I20260710 11:01:39.110467 21345 tablet_service.cc:1917] Received RequestConsensusVote() RPC: tablet_id: "1c0803d776554658b2c3be33fdb8b336" candidate_uuid: "9b3a01de91a34532a8153b0f34c80527" candidate_term: 1 candidate_status { last_received { term: 0 index: 0 } } ignore_live_leader: false dest_uuid: "a21e3494219041a38ad1add0ab4bb61f" is_pre_election: true
I20260710 11:01:39.095816 21421 tablet_service.cc:1917] Received RequestConsensusVote() RPC: tablet_id: "4a5a15cada5f487685b94fbb2be0a1b8" candidate_uuid: "9b3a01de91a34532a8153b0f34c80527" candidate_term: 1 candidate_status { last_received { term: 0 index: 0 } } ignore_live_leader: false dest_uuid: "3d461f77e04641e38d345597ad29213a"
I20260710 11:01:39.113716 21417 tablet_service.cc:1917] Received RequestConsensusVote() RPC: tablet_id: "5500b98b3ec5419fb70321a70c885d3e" candidate_uuid: "a21e3494219041a38ad1add0ab4bb61f" candidate_term: 1 candidate_status { last_received { term: 0 index: 0 } } ignore_live_leader: false dest_uuid: "3d461f77e04641e38d345597ad29213a" is_pre_election: true
I20260710 11:01:39.114651 21540 consensus_queue.cc:260] T 4a5a15cada5f487685b94fbb2be0a1b8 P 3d461f77e04641e38d345597ad29213a [NON_LEADER]: Queue going to NON_LEADER mode. State: All replicated index: 0, Majority replicated index: 0, Committed index: 0, Last appended: 0.0, Last appended by leader: 0, Current term: 0, Majority size: -1, State: 0, Mode: NON_LEADER, active raft config: opid_index: -1 OBSOLETE_local: false peers { permanent_uuid: "a21e3494219041a38ad1add0ab4bb61f" member_type: VOTER last_known_addr { host: "127.20.183.1" port: 41591 } } peers { permanent_uuid: "3d461f77e04641e38d345597ad29213a" member_type: VOTER last_known_addr { host: "127.20.183.2" port: 40859 } } peers { permanent_uuid: "9b3a01de91a34532a8153b0f34c80527" member_type: VOTER last_known_addr { host: "127.20.183.3" port: 34131 } }
W20260710 11:01:39.116365 21461 leader_election.cc:343] T 1c0803d776554658b2c3be33fdb8b336 P 9b3a01de91a34532a8153b0f34c80527 [CANDIDATE]: Term 1 pre-election: Tablet error from VoteRequest() call to peer 3d461f77e04641e38d345597ad29213a (127.20.183.2:40859): Illegal state: must be running to vote when last-logged opid is not known
I20260710 11:01:39.117520 21459 leader_election.cc:304] T 4a5a15cada5f487685b94fbb2be0a1b8 P 9b3a01de91a34532a8153b0f34c80527 [CANDIDATE]: Term 1 election: Election decided. Result: candidate won. Election summary: received 2 responses out of 3 voters: 2 yes votes; 0 no votes. yes voters: 9b3a01de91a34532a8153b0f34c80527, a21e3494219041a38ad1add0ab4bb61f; no voters: 
W20260710 11:01:39.118371 21459 leader_election.cc:343] T 1c0803d776554658b2c3be33fdb8b336 P 9b3a01de91a34532a8153b0f34c80527 [CANDIDATE]: Term 1 pre-election: Tablet error from VoteRequest() call to peer a21e3494219041a38ad1add0ab4bb61f (127.20.183.1:41591): Illegal state: must be running to vote when last-logged opid is not known
W20260710 11:01:39.118446 21312 leader_election.cc:343] T 5500b98b3ec5419fb70321a70c885d3e P a21e3494219041a38ad1add0ab4bb61f [CANDIDATE]: Term 1 pre-election: Tablet error from VoteRequest() call to peer 3d461f77e04641e38d345597ad29213a (127.20.183.2:40859): Illegal state: must be running to vote when last-logged opid is not known
I20260710 11:01:39.118502 21569 raft_consensus.cc:2804] T 4a5a15cada5f487685b94fbb2be0a1b8 P 9b3a01de91a34532a8153b0f34c80527 [term 1 FOLLOWER]: Leader election won for term 1
I20260710 11:01:39.119340 21569 raft_consensus.cc:697] T 4a5a15cada5f487685b94fbb2be0a1b8 P 9b3a01de91a34532a8153b0f34c80527 [term 1 LEADER]: Becoming Leader. State: Replica: 9b3a01de91a34532a8153b0f34c80527, State: Running, Role: LEADER
I20260710 11:01:39.121873 21569 consensus_queue.cc:237] T 4a5a15cada5f487685b94fbb2be0a1b8 P 9b3a01de91a34532a8153b0f34c80527 [LEADER]: Queue going to LEADER mode. State: All replicated index: 0, Majority replicated index: 0, Committed index: 0, Last appended: 0.0, Last appended by leader: 0, Current term: 1, Majority size: 2, State: 0, Mode: LEADER, active raft config: opid_index: -1 OBSOLETE_local: false peers { permanent_uuid: "a21e3494219041a38ad1add0ab4bb61f" member_type: VOTER last_known_addr { host: "127.20.183.1" port: 41591 } } peers { permanent_uuid: "3d461f77e04641e38d345597ad29213a" member_type: VOTER last_known_addr { host: "127.20.183.2" port: 40859 } } peers { permanent_uuid: "9b3a01de91a34532a8153b0f34c80527" member_type: VOTER last_known_addr { host: "127.20.183.3" port: 34131 } }
I20260710 11:01:39.109984 21310 leader_election.cc:304] T 4a5a15cada5f487685b94fbb2be0a1b8 P a21e3494219041a38ad1add0ab4bb61f [CANDIDATE]: Term 1 pre-election: Election decided. Result: candidate lost. Election summary: received 3 responses out of 3 voters: 1 yes votes; 2 no votes. yes voters: a21e3494219041a38ad1add0ab4bb61f; no voters: 3d461f77e04641e38d345597ad29213a, 9b3a01de91a34532a8153b0f34c80527
I20260710 11:01:39.122222 21496 raft_consensus.cc:2468] T c340a30a6d5f485fa8e4b35d26ddb766 P 9b3a01de91a34532a8153b0f34c80527 [term 1 FOLLOWER]: Leader election vote request: Granting yes vote for candidate a21e3494219041a38ad1add0ab4bb61f in term 1.
I20260710 11:01:39.118824 21459 leader_election.cc:304] T 1c0803d776554658b2c3be33fdb8b336 P 9b3a01de91a34532a8153b0f34c80527 [CANDIDATE]: Term 1 pre-election: Election decided. Result: candidate lost. Election summary: received 3 responses out of 3 voters: 1 yes votes; 2 no votes. yes voters: 9b3a01de91a34532a8153b0f34c80527; no voters: 3d461f77e04641e38d345597ad29213a, a21e3494219041a38ad1add0ab4bb61f
I20260710 11:01:39.110878 21572 consensus_queue.cc:237] T 6e1bc5c52b1d4be0a0c90482e298560c P 9b3a01de91a34532a8153b0f34c80527 [LEADER]: Queue going to LEADER mode. State: All replicated index: 0, Majority replicated index: 0, Committed index: 0, Last appended: 0.0, Last appended by leader: 0, Current term: 1, Majority size: 2, State: 0, Mode: LEADER, active raft config: opid_index: -1 OBSOLETE_local: false peers { permanent_uuid: "a21e3494219041a38ad1add0ab4bb61f" member_type: VOTER last_known_addr { host: "127.20.183.1" port: 41591 } } peers { permanent_uuid: "3d461f77e04641e38d345597ad29213a" member_type: VOTER last_known_addr { host: "127.20.183.2" port: 40859 } } peers { permanent_uuid: "9b3a01de91a34532a8153b0f34c80527" member_type: VOTER last_known_addr { host: "127.20.183.3" port: 34131 } }
I20260710 11:01:39.126547 21570 raft_consensus.cc:2749] T 1c0803d776554658b2c3be33fdb8b336 P 9b3a01de91a34532a8153b0f34c80527 [term 0 FOLLOWER]: Leader pre-election lost for term 1. Reason: could not achieve majority
W20260710 11:01:39.126621 21310 leader_election.cc:343] T 5500b98b3ec5419fb70321a70c885d3e P a21e3494219041a38ad1add0ab4bb61f [CANDIDATE]: Term 1 pre-election: Tablet error from VoteRequest() call to peer 9b3a01de91a34532a8153b0f34c80527 (127.20.183.3:34131): Illegal state: must be running to vote when last-logged opid is not known
I20260710 11:01:39.127704 21310 leader_election.cc:304] T 5500b98b3ec5419fb70321a70c885d3e P a21e3494219041a38ad1add0ab4bb61f [CANDIDATE]: Term 1 pre-election: Election decided. Result: candidate lost. Election summary: received 3 responses out of 3 voters: 1 yes votes; 2 no votes. yes voters: a21e3494219041a38ad1add0ab4bb61f; no voters: 3d461f77e04641e38d345597ad29213a, 9b3a01de91a34532a8153b0f34c80527
I20260710 11:01:39.124833 21579 raft_consensus.cc:2749] T 4a5a15cada5f487685b94fbb2be0a1b8 P a21e3494219041a38ad1add0ab4bb61f [term 1 FOLLOWER]: Leader pre-election lost for term 1. Reason: could not achieve majority
I20260710 11:01:39.128716 21582 raft_consensus.cc:2749] T 5500b98b3ec5419fb70321a70c885d3e P a21e3494219041a38ad1add0ab4bb61f [term 0 FOLLOWER]: Leader pre-election lost for term 1. Reason: could not achieve majority
I20260710 11:01:39.129832 21417 tablet_service.cc:1917] Received RequestConsensusVote() RPC: tablet_id: "2b97307f132b458696943ce141ae3562" candidate_uuid: "a21e3494219041a38ad1add0ab4bb61f" candidate_term: 1 candidate_status { last_received { term: 0 index: 0 } } ignore_live_leader: false dest_uuid: "3d461f77e04641e38d345597ad29213a" is_pre_election: true
I20260710 11:01:39.131013 21417 raft_consensus.cc:2393] T 2b97307f132b458696943ce141ae3562 P 3d461f77e04641e38d345597ad29213a [term 1 FOLLOWER]: Leader pre-election vote request: Denying vote to candidate a21e3494219041a38ad1add0ab4bb61f in current term 1: Already voted for candidate 3d461f77e04641e38d345597ad29213a in this term.
I20260710 11:01:39.132926 21310 leader_election.cc:304] T c340a30a6d5f485fa8e4b35d26ddb766 P a21e3494219041a38ad1add0ab4bb61f [CANDIDATE]: Term 1 election: Election decided. Result: candidate won. Election summary: received 2 responses out of 3 voters: 2 yes votes; 0 no votes. yes voters: 9b3a01de91a34532a8153b0f34c80527, a21e3494219041a38ad1add0ab4bb61f; no voters: 
I20260710 11:01:39.134094 21539 tablet_bootstrap.cc:654] T 5500b98b3ec5419fb70321a70c885d3e P 9b3a01de91a34532a8153b0f34c80527: Neither blocks nor log segments found. Creating new log.
I20260710 11:01:39.125633 21421 raft_consensus.cc:3060] T 4a5a15cada5f487685b94fbb2be0a1b8 P 3d461f77e04641e38d345597ad29213a [term 0 FOLLOWER]: Advancing to term 1
I20260710 11:01:39.135254 21582 raft_consensus.cc:2804] T c340a30a6d5f485fa8e4b35d26ddb766 P a21e3494219041a38ad1add0ab4bb61f [term 1 FOLLOWER]: Leader election won for term 1
I20260710 11:01:39.136057 21582 raft_consensus.cc:697] T c340a30a6d5f485fa8e4b35d26ddb766 P a21e3494219041a38ad1add0ab4bb61f [term 1 LEADER]: Becoming Leader. State: Replica: a21e3494219041a38ad1add0ab4bb61f, State: Running, Role: LEADER
I20260710 11:01:39.136973 21540 ts_tablet_manager.cc:1434] T 4a5a15cada5f487685b94fbb2be0a1b8 P 3d461f77e04641e38d345597ad29213a: Time spent starting tablet: real 0.064s	user 0.007s	sys 0.001s
I20260710 11:01:39.126076 21578 raft_consensus.cc:515] T 6e1bc5c52b1d4be0a0c90482e298560c P 3d461f77e04641e38d345597ad29213a [term 1 FOLLOWER]: Starting leader election with config: opid_index: -1 OBSOLETE_local: false peers { permanent_uuid: "a21e3494219041a38ad1add0ab4bb61f" member_type: VOTER last_known_addr { host: "127.20.183.1" port: 41591 } } peers { permanent_uuid: "3d461f77e04641e38d345597ad29213a" member_type: VOTER last_known_addr { host: "127.20.183.2" port: 40859 } } peers { permanent_uuid: "9b3a01de91a34532a8153b0f34c80527" member_type: VOTER last_known_addr { host: "127.20.183.3" port: 34131 } }
I20260710 11:01:39.136884 21582 consensus_queue.cc:237] T c340a30a6d5f485fa8e4b35d26ddb766 P a21e3494219041a38ad1add0ab4bb61f [LEADER]: Queue going to LEADER mode. State: All replicated index: 0, Majority replicated index: 0, Committed index: 0, Last appended: 0.0, Last appended by leader: 0, Current term: 1, Majority size: 2, State: 0, Mode: LEADER, active raft config: opid_index: -1 OBSOLETE_local: false peers { permanent_uuid: "9b3a01de91a34532a8153b0f34c80527" member_type: VOTER last_known_addr { host: "127.20.183.3" port: 34131 } } peers { permanent_uuid: "a21e3494219041a38ad1add0ab4bb61f" member_type: VOTER last_known_addr { host: "127.20.183.1" port: 41591 } } peers { permanent_uuid: "3d461f77e04641e38d345597ad29213a" member_type: VOTER last_known_addr { host: "127.20.183.2" port: 40859 } }
I20260710 11:01:39.139283 21418 raft_consensus.cc:2393] T 6e1bc5c52b1d4be0a0c90482e298560c P 3d461f77e04641e38d345597ad29213a [term 1 FOLLOWER]: Leader election vote request: Denying vote to candidate 9b3a01de91a34532a8153b0f34c80527 in current term 1: Already voted for candidate 3d461f77e04641e38d345597ad29213a in this term.
I20260710 11:01:39.138070 21541 tablet_bootstrap.cc:654] T 1c0803d776554658b2c3be33fdb8b336 P a21e3494219041a38ad1add0ab4bb61f: Neither blocks nor log segments found. Creating new log.
I20260710 11:01:39.138217 21575 leader_election.cc:290] T 2b97307f132b458696943ce141ae3562 P a21e3494219041a38ad1add0ab4bb61f [CANDIDATE]: Term 1 pre-election: Requested pre-vote from peers 3d461f77e04641e38d345597ad29213a (127.20.183.2:40859), 9b3a01de91a34532a8153b0f34c80527 (127.20.183.3:34131)
I20260710 11:01:39.147393 21496 tablet_service.cc:1917] Received RequestConsensusVote() RPC: tablet_id: "2b97307f132b458696943ce141ae3562" candidate_uuid: "a21e3494219041a38ad1add0ab4bb61f" candidate_term: 1 candidate_status { last_received { term: 0 index: 0 } } ignore_live_leader: false dest_uuid: "9b3a01de91a34532a8153b0f34c80527" is_pre_election: true
I20260710 11:01:39.153374 21540 tablet_bootstrap.cc:492] T 5500b98b3ec5419fb70321a70c885d3e P 3d461f77e04641e38d345597ad29213a: Bootstrap starting.
I20260710 11:01:39.153213 21310 leader_election.cc:304] T 2b97307f132b458696943ce141ae3562 P a21e3494219041a38ad1add0ab4bb61f [CANDIDATE]: Term 1 pre-election: Election decided. Result: candidate lost. Election summary: received 3 responses out of 3 voters: 1 yes votes; 2 no votes. yes voters: a21e3494219041a38ad1add0ab4bb61f; no voters: 3d461f77e04641e38d345597ad29213a, 9b3a01de91a34532a8153b0f34c80527
I20260710 11:01:39.155205 21422 raft_consensus.cc:2468] T c340a30a6d5f485fa8e4b35d26ddb766 P 3d461f77e04641e38d345597ad29213a [term 1 FOLLOWER]: Leader election vote request: Granting yes vote for candidate a21e3494219041a38ad1add0ab4bb61f in term 1.
I20260710 11:01:39.163468 21541 tablet_bootstrap.cc:492] T 1c0803d776554658b2c3be33fdb8b336 P a21e3494219041a38ad1add0ab4bb61f: No bootstrap required, opened a new log
I20260710 11:01:39.163877 21541 ts_tablet_manager.cc:1403] T 1c0803d776554658b2c3be33fdb8b336 P a21e3494219041a38ad1add0ab4bb61f: Time spent bootstrapping tablet: real 0.095s	user 0.008s	sys 0.003s
I20260710 11:01:39.149113 21347 raft_consensus.cc:2468] T 2b97307f132b458696943ce141ae3562 P a21e3494219041a38ad1add0ab4bb61f [term 1 FOLLOWER]: Leader election vote request: Granting yes vote for candidate 3d461f77e04641e38d345597ad29213a in term 1.
I20260710 11:01:39.166095 21575 raft_consensus.cc:2749] T 2b97307f132b458696943ce141ae3562 P a21e3494219041a38ad1add0ab4bb61f [term 1 FOLLOWER]: Leader pre-election lost for term 1. Reason: could not achieve majority
I20260710 11:01:39.166155 21494 raft_consensus.cc:2468] T 2b97307f132b458696943ce141ae3562 P 9b3a01de91a34532a8153b0f34c80527 [term 1 FOLLOWER]: Leader election vote request: Granting yes vote for candidate 3d461f77e04641e38d345597ad29213a in term 1.
I20260710 11:01:39.166960 21420 raft_consensus.cc:2468] T 177684f81c8b4ca59ab7018f0889a556 P 3d461f77e04641e38d345597ad29213a [term 1 FOLLOWER]: Leader election vote request: Granting yes vote for candidate 9b3a01de91a34532a8153b0f34c80527 in term 1.
I20260710 11:01:39.167724 21385 leader_election.cc:304] T 2b97307f132b458696943ce141ae3562 P 3d461f77e04641e38d345597ad29213a [CANDIDATE]: Term 1 election: Election decided. Result: candidate won. Election summary: received 2 responses out of 3 voters: 2 yes votes; 0 no votes. yes voters: 3d461f77e04641e38d345597ad29213a, 9b3a01de91a34532a8153b0f34c80527; no voters: 
I20260710 11:01:39.168514 21547 raft_consensus.cc:2804] T 2b97307f132b458696943ce141ae3562 P 3d461f77e04641e38d345597ad29213a [term 1 FOLLOWER]: Leader election won for term 1
I20260710 11:01:39.169755 21461 leader_election.cc:304] T 177684f81c8b4ca59ab7018f0889a556 P 9b3a01de91a34532a8153b0f34c80527 [CANDIDATE]: Term 1 election: Election decided. Result: candidate won. Election summary: received 3 responses out of 3 voters: 2 yes votes; 1 no votes. yes voters: 3d461f77e04641e38d345597ad29213a, 9b3a01de91a34532a8153b0f34c80527; no voters: a21e3494219041a38ad1add0ab4bb61f
I20260710 11:01:39.173305 21578 leader_election.cc:290] T 6e1bc5c52b1d4be0a0c90482e298560c P 3d461f77e04641e38d345597ad29213a [CANDIDATE]: Term 1 election: Requested vote from peers a21e3494219041a38ad1add0ab4bb61f (127.20.183.1:41591), 9b3a01de91a34532a8153b0f34c80527 (127.20.183.3:34131)
I20260710 11:01:39.173897 21345 tablet_service.cc:1917] Received RequestConsensusVote() RPC: tablet_id: "6e1bc5c52b1d4be0a0c90482e298560c" candidate_uuid: "3d461f77e04641e38d345597ad29213a" candidate_term: 1 candidate_status { last_received { term: 0 index: 0 } } ignore_live_leader: false dest_uuid: "a21e3494219041a38ad1add0ab4bb61f"
I20260710 11:01:39.175680 21345 raft_consensus.cc:2393] T 6e1bc5c52b1d4be0a0c90482e298560c P a21e3494219041a38ad1add0ab4bb61f [term 1 FOLLOWER]: Leader election vote request: Denying vote to candidate 3d461f77e04641e38d345597ad29213a in current term 1: Already voted for candidate 9b3a01de91a34532a8153b0f34c80527 in this term.
I20260710 11:01:39.175743 21541 raft_consensus.cc:359] T 1c0803d776554658b2c3be33fdb8b336 P a21e3494219041a38ad1add0ab4bb61f [term 0 FOLLOWER]: Replica starting. Triggering 0 pending ops. Active config: opid_index: -1 OBSOLETE_local: false peers { permanent_uuid: "a21e3494219041a38ad1add0ab4bb61f" member_type: VOTER last_known_addr { host: "127.20.183.1" port: 41591 } } peers { permanent_uuid: "3d461f77e04641e38d345597ad29213a" member_type: VOTER last_known_addr { host: "127.20.183.2" port: 40859 } } peers { permanent_uuid: "9b3a01de91a34532a8153b0f34c80527" member_type: VOTER last_known_addr { host: "127.20.183.3" port: 34131 } }
I20260710 11:01:39.176496 21541 raft_consensus.cc:385] T 1c0803d776554658b2c3be33fdb8b336 P a21e3494219041a38ad1add0ab4bb61f [term 0 FOLLOWER]: Consensus starting up: Expiring failure detector timer to make a prompt election more likely
I20260710 11:01:39.176776 21541 raft_consensus.cc:740] T 1c0803d776554658b2c3be33fdb8b336 P a21e3494219041a38ad1add0ab4bb61f [term 0 FOLLOWER]: Becoming Follower/Learner. State: Replica: a21e3494219041a38ad1add0ab4bb61f, State: Initialized, Role: FOLLOWER
I20260710 11:01:39.177570 21541 consensus_queue.cc:260] T 1c0803d776554658b2c3be33fdb8b336 P a21e3494219041a38ad1add0ab4bb61f [NON_LEADER]: Queue going to NON_LEADER mode. State: All replicated index: 0, Majority replicated index: 0, Committed index: 0, Last appended: 0.0, Last appended by leader: 0, Current term: 0, Majority size: -1, State: 0, Mode: NON_LEADER, active raft config: opid_index: -1 OBSOLETE_local: false peers { permanent_uuid: "a21e3494219041a38ad1add0ab4bb61f" member_type: VOTER last_known_addr { host: "127.20.183.1" port: 41591 } } peers { permanent_uuid: "3d461f77e04641e38d345597ad29213a" member_type: VOTER last_known_addr { host: "127.20.183.2" port: 40859 } } peers { permanent_uuid: "9b3a01de91a34532a8153b0f34c80527" member_type: VOTER last_known_addr { host: "127.20.183.3" port: 34131 } }
I20260710 11:01:39.176601 21496 tablet_service.cc:1917] Received RequestConsensusVote() RPC: tablet_id: "6e1bc5c52b1d4be0a0c90482e298560c" candidate_uuid: "3d461f77e04641e38d345597ad29213a" candidate_term: 1 candidate_status { last_received { term: 0 index: 0 } } ignore_live_leader: false dest_uuid: "9b3a01de91a34532a8153b0f34c80527"
I20260710 11:01:39.180018 21539 tablet_bootstrap.cc:492] T 5500b98b3ec5419fb70321a70c885d3e P 9b3a01de91a34532a8153b0f34c80527: No bootstrap required, opened a new log
I20260710 11:01:39.180424 21539 ts_tablet_manager.cc:1403] T 5500b98b3ec5419fb70321a70c885d3e P 9b3a01de91a34532a8153b0f34c80527: Time spent bootstrapping tablet: real 0.088s	user 0.012s	sys 0.007s
I20260710 11:01:39.177973 21572 raft_consensus.cc:2804] T 177684f81c8b4ca59ab7018f0889a556 P 9b3a01de91a34532a8153b0f34c80527 [term 1 FOLLOWER]: Leader election won for term 1
I20260710 11:01:39.180766 21385 leader_election.cc:304] T 6e1bc5c52b1d4be0a0c90482e298560c P 3d461f77e04641e38d345597ad29213a [CANDIDATE]: Term 1 election: Election decided. Result: candidate lost. Election summary: received 3 responses out of 3 voters: 1 yes votes; 2 no votes. yes voters: 3d461f77e04641e38d345597ad29213a; no voters: 9b3a01de91a34532a8153b0f34c80527, a21e3494219041a38ad1add0ab4bb61f
I20260710 11:01:39.181962 21578 raft_consensus.cc:2749] T 6e1bc5c52b1d4be0a0c90482e298560c P 3d461f77e04641e38d345597ad29213a [term 1 FOLLOWER]: Leader election lost for term 1. Reason: could not achieve majority
I20260710 11:01:39.182302 21421 raft_consensus.cc:2468] T 4a5a15cada5f487685b94fbb2be0a1b8 P 3d461f77e04641e38d345597ad29213a [term 1 FOLLOWER]: Leader election vote request: Granting yes vote for candidate 9b3a01de91a34532a8153b0f34c80527 in term 1.
I20260710 11:01:39.181174 21572 raft_consensus.cc:697] T 177684f81c8b4ca59ab7018f0889a556 P 9b3a01de91a34532a8153b0f34c80527 [term 1 LEADER]: Becoming Leader. State: Replica: 9b3a01de91a34532a8153b0f34c80527, State: Running, Role: LEADER
I20260710 11:01:39.183470 21243 catalog_manager.cc:5697] T c340a30a6d5f485fa8e4b35d26ddb766 P a21e3494219041a38ad1add0ab4bb61f reported cstate change: term changed from 0 to 1, leader changed from <none> to a21e3494219041a38ad1add0ab4bb61f (127.20.183.1). New cstate: current_term: 1 leader_uuid: "a21e3494219041a38ad1add0ab4bb61f" committed_config { opid_index: -1 OBSOLETE_local: false peers { permanent_uuid: "9b3a01de91a34532a8153b0f34c80527" member_type: VOTER last_known_addr { host: "127.20.183.3" port: 34131 } health_report { overall_health: UNKNOWN } } peers { permanent_uuid: "a21e3494219041a38ad1add0ab4bb61f" member_type: VOTER last_known_addr { host: "127.20.183.1" port: 41591 } health_report { overall_health: HEALTHY } } peers { permanent_uuid: "3d461f77e04641e38d345597ad29213a" member_type: VOTER last_known_addr { host: "127.20.183.2" port: 40859 } health_report { overall_health: UNKNOWN } } }
I20260710 11:01:39.188329 21541 ts_tablet_manager.cc:1434] T 1c0803d776554658b2c3be33fdb8b336 P a21e3494219041a38ad1add0ab4bb61f: Time spent starting tablet: real 0.024s	user 0.008s	sys 0.000s
I20260710 11:01:39.189353 21541 tablet_bootstrap.cc:492] T 1d667cf363e941a7ab99b46b8ee8866f P a21e3494219041a38ad1add0ab4bb61f: Bootstrap starting.
I20260710 11:01:39.186630 21547 raft_consensus.cc:697] T 2b97307f132b458696943ce141ae3562 P 3d461f77e04641e38d345597ad29213a [term 1 LEADER]: Becoming Leader. State: Replica: 3d461f77e04641e38d345597ad29213a, State: Running, Role: LEADER
I20260710 11:01:39.192698 21547 consensus_queue.cc:237] T 2b97307f132b458696943ce141ae3562 P 3d461f77e04641e38d345597ad29213a [LEADER]: Queue going to LEADER mode. State: All replicated index: 0, Majority replicated index: 0, Committed index: 0, Last appended: 0.0, Last appended by leader: 0, Current term: 1, Majority size: 2, State: 0, Mode: LEADER, active raft config: opid_index: -1 OBSOLETE_local: false peers { permanent_uuid: "a21e3494219041a38ad1add0ab4bb61f" member_type: VOTER last_known_addr { host: "127.20.183.1" port: 41591 } } peers { permanent_uuid: "3d461f77e04641e38d345597ad29213a" member_type: VOTER last_known_addr { host: "127.20.183.2" port: 40859 } } peers { permanent_uuid: "9b3a01de91a34532a8153b0f34c80527" member_type: VOTER last_known_addr { host: "127.20.183.3" port: 34131 } }
I20260710 11:01:39.193329 21540 tablet_bootstrap.cc:654] T 5500b98b3ec5419fb70321a70c885d3e P 3d461f77e04641e38d345597ad29213a: Neither blocks nor log segments found. Creating new log.
I20260710 11:01:39.186708 21572 consensus_queue.cc:237] T 177684f81c8b4ca59ab7018f0889a556 P 9b3a01de91a34532a8153b0f34c80527 [LEADER]: Queue going to LEADER mode. State: All replicated index: 0, Majority replicated index: 0, Committed index: 0, Last appended: 0.0, Last appended by leader: 0, Current term: 1, Majority size: 2, State: 0, Mode: LEADER, active raft config: opid_index: -1 OBSOLETE_local: false peers { permanent_uuid: "a21e3494219041a38ad1add0ab4bb61f" member_type: VOTER last_known_addr { host: "127.20.183.1" port: 41591 } } peers { permanent_uuid: "3d461f77e04641e38d345597ad29213a" member_type: VOTER last_known_addr { host: "127.20.183.2" port: 40859 } } peers { permanent_uuid: "9b3a01de91a34532a8153b0f34c80527" member_type: VOTER last_known_addr { host: "127.20.183.3" port: 34131 } }
I20260710 11:01:39.206655 21539 raft_consensus.cc:359] T 5500b98b3ec5419fb70321a70c885d3e P 9b3a01de91a34532a8153b0f34c80527 [term 0 FOLLOWER]: Replica starting. Triggering 0 pending ops. Active config: opid_index: -1 OBSOLETE_local: false peers { permanent_uuid: "a21e3494219041a38ad1add0ab4bb61f" member_type: VOTER last_known_addr { host: "127.20.183.1" port: 41591 } } peers { permanent_uuid: "3d461f77e04641e38d345597ad29213a" member_type: VOTER last_known_addr { host: "127.20.183.2" port: 40859 } } peers { permanent_uuid: "9b3a01de91a34532a8153b0f34c80527" member_type: VOTER last_known_addr { host: "127.20.183.3" port: 34131 } }
I20260710 11:01:39.207350 21539 raft_consensus.cc:385] T 5500b98b3ec5419fb70321a70c885d3e P 9b3a01de91a34532a8153b0f34c80527 [term 0 FOLLOWER]: Consensus starting up: Expiring failure detector timer to make a prompt election more likely
I20260710 11:01:39.207551 21539 raft_consensus.cc:740] T 5500b98b3ec5419fb70321a70c885d3e P 9b3a01de91a34532a8153b0f34c80527 [term 0 FOLLOWER]: Becoming Follower/Learner. State: Replica: 9b3a01de91a34532a8153b0f34c80527, State: Initialized, Role: FOLLOWER
I20260710 11:01:39.208058 21539 consensus_queue.cc:260] T 5500b98b3ec5419fb70321a70c885d3e P 9b3a01de91a34532a8153b0f34c80527 [NON_LEADER]: Queue going to NON_LEADER mode. State: All replicated index: 0, Majority replicated index: 0, Committed index: 0, Last appended: 0.0, Last appended by leader: 0, Current term: 0, Majority size: -1, State: 0, Mode: NON_LEADER, active raft config: opid_index: -1 OBSOLETE_local: false peers { permanent_uuid: "a21e3494219041a38ad1add0ab4bb61f" member_type: VOTER last_known_addr { host: "127.20.183.1" port: 41591 } } peers { permanent_uuid: "3d461f77e04641e38d345597ad29213a" member_type: VOTER last_known_addr { host: "127.20.183.2" port: 40859 } } peers { permanent_uuid: "9b3a01de91a34532a8153b0f34c80527" member_type: VOTER last_known_addr { host: "127.20.183.3" port: 34131 } }
I20260710 11:01:39.209791 21539 ts_tablet_manager.cc:1434] T 5500b98b3ec5419fb70321a70c885d3e P 9b3a01de91a34532a8153b0f34c80527: Time spent starting tablet: real 0.029s	user 0.004s	sys 0.000s
I20260710 11:01:39.219533 21244 catalog_manager.cc:5697] T 2b97307f132b458696943ce141ae3562 P 3d461f77e04641e38d345597ad29213a reported cstate change: term changed from 0 to 1, leader changed from <none> to 3d461f77e04641e38d345597ad29213a (127.20.183.2). New cstate: current_term: 1 leader_uuid: "3d461f77e04641e38d345597ad29213a" committed_config { opid_index: -1 OBSOLETE_local: false peers { permanent_uuid: "a21e3494219041a38ad1add0ab4bb61f" member_type: VOTER last_known_addr { host: "127.20.183.1" port: 41591 } health_report { overall_health: UNKNOWN } } peers { permanent_uuid: "3d461f77e04641e38d345597ad29213a" member_type: VOTER last_known_addr { host: "127.20.183.2" port: 40859 } health_report { overall_health: HEALTHY } } peers { permanent_uuid: "9b3a01de91a34532a8153b0f34c80527" member_type: VOTER last_known_addr { host: "127.20.183.3" port: 34131 } health_report { overall_health: UNKNOWN } } }
I20260710 11:01:39.232350 21541 tablet_bootstrap.cc:654] T 1d667cf363e941a7ab99b46b8ee8866f P a21e3494219041a38ad1add0ab4bb61f: Neither blocks nor log segments found. Creating new log.
I20260710 11:01:39.232506 21242 catalog_manager.cc:5697] T 6e1bc5c52b1d4be0a0c90482e298560c P 9b3a01de91a34532a8153b0f34c80527 reported cstate change: term changed from 0 to 1, leader changed from <none> to 9b3a01de91a34532a8153b0f34c80527 (127.20.183.3). New cstate: current_term: 1 leader_uuid: "9b3a01de91a34532a8153b0f34c80527" committed_config { opid_index: -1 OBSOLETE_local: false peers { permanent_uuid: "a21e3494219041a38ad1add0ab4bb61f" member_type: VOTER last_known_addr { host: "127.20.183.1" port: 41591 } health_report { overall_health: UNKNOWN } } peers { permanent_uuid: "3d461f77e04641e38d345597ad29213a" member_type: VOTER last_known_addr { host: "127.20.183.2" port: 40859 } health_report { overall_health: UNKNOWN } } peers { permanent_uuid: "9b3a01de91a34532a8153b0f34c80527" member_type: VOTER last_known_addr { host: "127.20.183.3" port: 34131 } health_report { overall_health: HEALTHY } } }
I20260710 11:01:39.235244 21242 catalog_manager.cc:5697] T 4a5a15cada5f487685b94fbb2be0a1b8 P 9b3a01de91a34532a8153b0f34c80527 reported cstate change: term changed from 0 to 1, leader changed from <none> to 9b3a01de91a34532a8153b0f34c80527 (127.20.183.3). New cstate: current_term: 1 leader_uuid: "9b3a01de91a34532a8153b0f34c80527" committed_config { opid_index: -1 OBSOLETE_local: false peers { permanent_uuid: "a21e3494219041a38ad1add0ab4bb61f" member_type: VOTER last_known_addr { host: "127.20.183.1" port: 41591 } health_report { overall_health: UNKNOWN } } peers { permanent_uuid: "3d461f77e04641e38d345597ad29213a" member_type: VOTER last_known_addr { host: "127.20.183.2" port: 40859 } health_report { overall_health: UNKNOWN } } peers { permanent_uuid: "9b3a01de91a34532a8153b0f34c80527" member_type: VOTER last_known_addr { host: "127.20.183.3" port: 34131 } health_report { overall_health: HEALTHY } } }
I20260710 11:01:39.236850 21242 catalog_manager.cc:5697] T 177684f81c8b4ca59ab7018f0889a556 P 9b3a01de91a34532a8153b0f34c80527 reported cstate change: term changed from 0 to 1, leader changed from <none> to 9b3a01de91a34532a8153b0f34c80527 (127.20.183.3). New cstate: current_term: 1 leader_uuid: "9b3a01de91a34532a8153b0f34c80527" committed_config { opid_index: -1 OBSOLETE_local: false peers { permanent_uuid: "a21e3494219041a38ad1add0ab4bb61f" member_type: VOTER last_known_addr { host: "127.20.183.1" port: 41591 } health_report { overall_health: UNKNOWN } } peers { permanent_uuid: "3d461f77e04641e38d345597ad29213a" member_type: VOTER last_known_addr { host: "127.20.183.2" port: 40859 } health_report { overall_health: UNKNOWN } } peers { permanent_uuid: "9b3a01de91a34532a8153b0f34c80527" member_type: VOTER last_known_addr { host: "127.20.183.3" port: 34131 } health_report { overall_health: HEALTHY } } }
I20260710 11:01:39.241859 21541 tablet_bootstrap.cc:492] T 1d667cf363e941a7ab99b46b8ee8866f P a21e3494219041a38ad1add0ab4bb61f: No bootstrap required, opened a new log
I20260710 11:01:39.242264 21541 ts_tablet_manager.cc:1403] T 1d667cf363e941a7ab99b46b8ee8866f P a21e3494219041a38ad1add0ab4bb61f: Time spent bootstrapping tablet: real 0.053s	user 0.010s	sys 0.002s
I20260710 11:01:39.243619 21540 tablet_bootstrap.cc:492] T 5500b98b3ec5419fb70321a70c885d3e P 3d461f77e04641e38d345597ad29213a: No bootstrap required, opened a new log
I20260710 11:01:39.244029 21540 ts_tablet_manager.cc:1403] T 5500b98b3ec5419fb70321a70c885d3e P 3d461f77e04641e38d345597ad29213a: Time spent bootstrapping tablet: real 0.091s	user 0.017s	sys 0.016s
I20260710 11:01:39.246503 21541 raft_consensus.cc:359] T 1d667cf363e941a7ab99b46b8ee8866f P a21e3494219041a38ad1add0ab4bb61f [term 0 FOLLOWER]: Replica starting. Triggering 0 pending ops. Active config: opid_index: -1 OBSOLETE_local: false peers { permanent_uuid: "a21e3494219041a38ad1add0ab4bb61f" member_type: VOTER last_known_addr { host: "127.20.183.1" port: 41591 } } peers { permanent_uuid: "3d461f77e04641e38d345597ad29213a" member_type: VOTER last_known_addr { host: "127.20.183.2" port: 40859 } } peers { permanent_uuid: "9b3a01de91a34532a8153b0f34c80527" member_type: VOTER last_known_addr { host: "127.20.183.3" port: 34131 } }
I20260710 11:01:39.246522 21540 raft_consensus.cc:359] T 5500b98b3ec5419fb70321a70c885d3e P 3d461f77e04641e38d345597ad29213a [term 0 FOLLOWER]: Replica starting. Triggering 0 pending ops. Active config: opid_index: -1 OBSOLETE_local: false peers { permanent_uuid: "a21e3494219041a38ad1add0ab4bb61f" member_type: VOTER last_known_addr { host: "127.20.183.1" port: 41591 } } peers { permanent_uuid: "3d461f77e04641e38d345597ad29213a" member_type: VOTER last_known_addr { host: "127.20.183.2" port: 40859 } } peers { permanent_uuid: "9b3a01de91a34532a8153b0f34c80527" member_type: VOTER last_known_addr { host: "127.20.183.3" port: 34131 } }
I20260710 11:01:39.247363 21541 raft_consensus.cc:385] T 1d667cf363e941a7ab99b46b8ee8866f P a21e3494219041a38ad1add0ab4bb61f [term 0 FOLLOWER]: Consensus starting up: Expiring failure detector timer to make a prompt election more likely
I20260710 11:01:39.247387 21540 raft_consensus.cc:385] T 5500b98b3ec5419fb70321a70c885d3e P 3d461f77e04641e38d345597ad29213a [term 0 FOLLOWER]: Consensus starting up: Expiring failure detector timer to make a prompt election more likely
I20260710 11:01:39.248163 21541 raft_consensus.cc:740] T 1d667cf363e941a7ab99b46b8ee8866f P a21e3494219041a38ad1add0ab4bb61f [term 0 FOLLOWER]: Becoming Follower/Learner. State: Replica: a21e3494219041a38ad1add0ab4bb61f, State: Initialized, Role: FOLLOWER
I20260710 11:01:39.248191 21540 raft_consensus.cc:740] T 5500b98b3ec5419fb70321a70c885d3e P 3d461f77e04641e38d345597ad29213a [term 0 FOLLOWER]: Becoming Follower/Learner. State: Replica: 3d461f77e04641e38d345597ad29213a, State: Initialized, Role: FOLLOWER
I20260710 11:01:39.249135 21540 consensus_queue.cc:260] T 5500b98b3ec5419fb70321a70c885d3e P 3d461f77e04641e38d345597ad29213a [NON_LEADER]: Queue going to NON_LEADER mode. State: All replicated index: 0, Majority replicated index: 0, Committed index: 0, Last appended: 0.0, Last appended by leader: 0, Current term: 0, Majority size: -1, State: 0, Mode: NON_LEADER, active raft config: opid_index: -1 OBSOLETE_local: false peers { permanent_uuid: "a21e3494219041a38ad1add0ab4bb61f" member_type: VOTER last_known_addr { host: "127.20.183.1" port: 41591 } } peers { permanent_uuid: "3d461f77e04641e38d345597ad29213a" member_type: VOTER last_known_addr { host: "127.20.183.2" port: 40859 } } peers { permanent_uuid: "9b3a01de91a34532a8153b0f34c80527" member_type: VOTER last_known_addr { host: "127.20.183.3" port: 34131 } }
I20260710 11:01:39.249176 21541 consensus_queue.cc:260] T 1d667cf363e941a7ab99b46b8ee8866f P a21e3494219041a38ad1add0ab4bb61f [NON_LEADER]: Queue going to NON_LEADER mode. State: All replicated index: 0, Majority replicated index: 0, Committed index: 0, Last appended: 0.0, Last appended by leader: 0, Current term: 0, Majority size: -1, State: 0, Mode: NON_LEADER, active raft config: opid_index: -1 OBSOLETE_local: false peers { permanent_uuid: "a21e3494219041a38ad1add0ab4bb61f" member_type: VOTER last_known_addr { host: "127.20.183.1" port: 41591 } } peers { permanent_uuid: "3d461f77e04641e38d345597ad29213a" member_type: VOTER last_known_addr { host: "127.20.183.2" port: 40859 } } peers { permanent_uuid: "9b3a01de91a34532a8153b0f34c80527" member_type: VOTER last_known_addr { host: "127.20.183.3" port: 34131 } }
I20260710 11:01:39.253898 21572 raft_consensus.cc:493] T 5500b98b3ec5419fb70321a70c885d3e P 9b3a01de91a34532a8153b0f34c80527 [term 0 FOLLOWER]: Starting pre-election (no leader contacted us within the election timeout)
I20260710 11:01:39.254316 21572 raft_consensus.cc:515] T 5500b98b3ec5419fb70321a70c885d3e P 9b3a01de91a34532a8153b0f34c80527 [term 0 FOLLOWER]: Starting pre-election with config: opid_index: -1 OBSOLETE_local: false peers { permanent_uuid: "a21e3494219041a38ad1add0ab4bb61f" member_type: VOTER last_known_addr { host: "127.20.183.1" port: 41591 } } peers { permanent_uuid: "3d461f77e04641e38d345597ad29213a" member_type: VOTER last_known_addr { host: "127.20.183.2" port: 40859 } } peers { permanent_uuid: "9b3a01de91a34532a8153b0f34c80527" member_type: VOTER last_known_addr { host: "127.20.183.3" port: 34131 } }
I20260710 11:01:39.255139 21541 ts_tablet_manager.cc:1434] T 1d667cf363e941a7ab99b46b8ee8866f P a21e3494219041a38ad1add0ab4bb61f: Time spent starting tablet: real 0.013s	user 0.008s	sys 0.000s
I20260710 11:01:39.256228 21572 leader_election.cc:290] T 5500b98b3ec5419fb70321a70c885d3e P 9b3a01de91a34532a8153b0f34c80527 [CANDIDATE]: Term 1 pre-election: Requested pre-vote from peers a21e3494219041a38ad1add0ab4bb61f (127.20.183.1:41591), 3d461f77e04641e38d345597ad29213a (127.20.183.2:40859)
I20260710 11:01:39.256575 21540 ts_tablet_manager.cc:1434] T 5500b98b3ec5419fb70321a70c885d3e P 3d461f77e04641e38d345597ad29213a: Time spent starting tablet: real 0.012s	user 0.005s	sys 0.002s
I20260710 11:01:39.257603 21421 tablet_service.cc:1917] Received RequestConsensusVote() RPC: tablet_id: "5500b98b3ec5419fb70321a70c885d3e" candidate_uuid: "9b3a01de91a34532a8153b0f34c80527" candidate_term: 1 candidate_status { last_received { term: 0 index: 0 } } ignore_live_leader: false dest_uuid: "3d461f77e04641e38d345597ad29213a" is_pre_election: true
I20260710 11:01:39.257820 21540 tablet_bootstrap.cc:492] T 1d667cf363e941a7ab99b46b8ee8866f P 3d461f77e04641e38d345597ad29213a: Bootstrap starting.
I20260710 11:01:39.258162 21421 raft_consensus.cc:2468] T 5500b98b3ec5419fb70321a70c885d3e P 3d461f77e04641e38d345597ad29213a [term 0 FOLLOWER]: Leader pre-election vote request: Granting yes vote for candidate 9b3a01de91a34532a8153b0f34c80527 in term 0.
I20260710 11:01:39.259306 21461 leader_election.cc:304] T 5500b98b3ec5419fb70321a70c885d3e P 9b3a01de91a34532a8153b0f34c80527 [CANDIDATE]: Term 1 pre-election: Election decided. Result: candidate won. Election summary: received 2 responses out of 3 voters: 2 yes votes; 0 no votes. yes voters: 3d461f77e04641e38d345597ad29213a, 9b3a01de91a34532a8153b0f34c80527; no voters: 
I20260710 11:01:39.260318 21572 raft_consensus.cc:2804] T 5500b98b3ec5419fb70321a70c885d3e P 9b3a01de91a34532a8153b0f34c80527 [term 0 FOLLOWER]: Leader pre-election won for term 1
I20260710 11:01:39.260655 21572 raft_consensus.cc:493] T 5500b98b3ec5419fb70321a70c885d3e P 9b3a01de91a34532a8153b0f34c80527 [term 0 FOLLOWER]: Starting leader election (no leader contacted us within the election timeout)
I20260710 11:01:39.260617 21345 tablet_service.cc:1917] Received RequestConsensusVote() RPC: tablet_id: "5500b98b3ec5419fb70321a70c885d3e" candidate_uuid: "9b3a01de91a34532a8153b0f34c80527" candidate_term: 1 candidate_status { last_received { term: 0 index: 0 } } ignore_live_leader: false dest_uuid: "a21e3494219041a38ad1add0ab4bb61f" is_pre_election: true
I20260710 11:01:39.261080 21572 raft_consensus.cc:3060] T 5500b98b3ec5419fb70321a70c885d3e P 9b3a01de91a34532a8153b0f34c80527 [term 0 FOLLOWER]: Advancing to term 1
I20260710 11:01:39.261271 21345 raft_consensus.cc:2468] T 5500b98b3ec5419fb70321a70c885d3e P a21e3494219041a38ad1add0ab4bb61f [term 0 FOLLOWER]: Leader pre-election vote request: Granting yes vote for candidate 9b3a01de91a34532a8153b0f34c80527 in term 0.
I20260710 11:01:39.265801 21540 tablet_bootstrap.cc:654] T 1d667cf363e941a7ab99b46b8ee8866f P 3d461f77e04641e38d345597ad29213a: Neither blocks nor log segments found. Creating new log.
I20260710 11:01:39.266968 21572 raft_consensus.cc:515] T 5500b98b3ec5419fb70321a70c885d3e P 9b3a01de91a34532a8153b0f34c80527 [term 1 FOLLOWER]: Starting leader election with config: opid_index: -1 OBSOLETE_local: false peers { permanent_uuid: "a21e3494219041a38ad1add0ab4bb61f" member_type: VOTER last_known_addr { host: "127.20.183.1" port: 41591 } } peers { permanent_uuid: "3d461f77e04641e38d345597ad29213a" member_type: VOTER last_known_addr { host: "127.20.183.2" port: 40859 } } peers { permanent_uuid: "9b3a01de91a34532a8153b0f34c80527" member_type: VOTER last_known_addr { host: "127.20.183.3" port: 34131 } }
I20260710 11:01:39.269315 21345 tablet_service.cc:1917] Received RequestConsensusVote() RPC: tablet_id: "5500b98b3ec5419fb70321a70c885d3e" candidate_uuid: "9b3a01de91a34532a8153b0f34c80527" candidate_term: 1 candidate_status { last_received { term: 0 index: 0 } } ignore_live_leader: false dest_uuid: "a21e3494219041a38ad1add0ab4bb61f"
