I20260710 11:01:39.037828 14145 raft_consensus.cc:740] T 05c78c0cd1724644ac159fb918192f3d P 782426e2850043ccb5c686fbc7d171e6 [term 0 FOLLOWER]: Becoming Follower/Learner. State: Replica: 782426e2850043ccb5c686fbc7d171e6, State: Initialized, Role: FOLLOWER
I20260710 11:01:39.036926 13846 catalog_manager.cc:5697] T 05c78c0cd1724644ac159fb918192f3d P 88df5319c5d846f2903d3ed93fe9f693 reported cstate change: term changed from 0 to 1, leader changed from <none> to 88df5319c5d846f2903d3ed93fe9f693 (127.13.126.65). New cstate: current_term: 1 leader_uuid: "88df5319c5d846f2903d3ed93fe9f693" committed_config { opid_index: -1 OBSOLETE_local: false peers { permanent_uuid: "88df5319c5d846f2903d3ed93fe9f693" member_type: VOTER last_known_addr { host: "127.13.126.65" port: 34941 } health_report { overall_health: HEALTHY } } peers { permanent_uuid: "782426e2850043ccb5c686fbc7d171e6" member_type: VOTER last_known_addr { host: "127.13.126.66" port: 39797 } health_report { overall_health: UNKNOWN } } peers { permanent_uuid: "4caffb925a0d47c3ae6a0dc356e928c9" member_type: VOTER last_known_addr { host: "127.13.126.67" port: 45081 } health_report { overall_health: UNKNOWN } } }
I20260710 11:01:39.038465 14145 consensus_queue.cc:260] T 05c78c0cd1724644ac159fb918192f3d P 782426e2850043ccb5c686fbc7d171e6 [NON_LEADER]: Queue going to NON_LEADER mode. State: All replicated index: 0, Majority replicated index: 0, Committed index: 0, Last appended: 0.0, Last appended by leader: 0, Current term: 0, Majority size: -1, State: 0, Mode: NON_LEADER, active raft config: opid_index: -1 OBSOLETE_local: false peers { permanent_uuid: "88df5319c5d846f2903d3ed93fe9f693" member_type: VOTER last_known_addr { host: "127.13.126.65" port: 34941 } } peers { permanent_uuid: "782426e2850043ccb5c686fbc7d171e6" member_type: VOTER last_known_addr { host: "127.13.126.66" port: 39797 } } peers { permanent_uuid: "4caffb925a0d47c3ae6a0dc356e928c9" member_type: VOTER last_known_addr { host: "127.13.126.67" port: 45081 } }
I20260710 11:01:39.045403 14145 ts_tablet_manager.cc:1434] T 05c78c0cd1724644ac159fb918192f3d P 782426e2850043ccb5c686fbc7d171e6: Time spent starting tablet: real 0.011s	user 0.007s	sys 0.000s
I20260710 11:01:39.050529 14155 consensus_queue.cc:1048] T ae2edf91cdf6485a8e5ff70b287b4193 P 4caffb925a0d47c3ae6a0dc356e928c9 [LEADER]: Connected to new peer: Peer: permanent_uuid: "782426e2850043ccb5c686fbc7d171e6" member_type: VOTER last_known_addr { host: "127.13.126.66" port: 39797 }, Status: LMP_MISMATCH, Last received: 0.0, Next index: 1, Last known committed idx: 0, Time since last communication: 0.000s
I20260710 11:01:39.055877 14191 raft_consensus.cc:493] T 28dbe13211774132a3dce1b10283ccd3 P 88df5319c5d846f2903d3ed93fe9f693 [term 0 FOLLOWER]: Starting pre-election (no leader contacted us within the election timeout)
I20260710 11:01:39.056342 14191 raft_consensus.cc:515] T 28dbe13211774132a3dce1b10283ccd3 P 88df5319c5d846f2903d3ed93fe9f693 [term 0 FOLLOWER]: Starting pre-election with config: opid_index: -1 OBSOLETE_local: false peers { permanent_uuid: "88df5319c5d846f2903d3ed93fe9f693" member_type: VOTER last_known_addr { host: "127.13.126.65" port: 34941 } } peers { permanent_uuid: "782426e2850043ccb5c686fbc7d171e6" member_type: VOTER last_known_addr { host: "127.13.126.66" port: 39797 } } peers { permanent_uuid: "4caffb925a0d47c3ae6a0dc356e928c9" member_type: VOTER last_known_addr { host: "127.13.126.67" port: 45081 } }
I20260710 11:01:39.058338 14191 leader_election.cc:290] T 28dbe13211774132a3dce1b10283ccd3 P 88df5319c5d846f2903d3ed93fe9f693 [CANDIDATE]: Term 1 pre-election: Requested pre-vote from peers 782426e2850043ccb5c686fbc7d171e6 (127.13.126.66:39797), 4caffb925a0d47c3ae6a0dc356e928c9 (127.13.126.67:45081)
I20260710 11:01:39.059759 14100 tablet_service.cc:1917] Received RequestConsensusVote() RPC: tablet_id: "28dbe13211774132a3dce1b10283ccd3" candidate_uuid: "88df5319c5d846f2903d3ed93fe9f693" candidate_term: 1 candidate_status { last_received { term: 0 index: 0 } } ignore_live_leader: false dest_uuid: "4caffb925a0d47c3ae6a0dc356e928c9" is_pre_election: true
I20260710 11:01:39.060379 14100 raft_consensus.cc:2468] T 28dbe13211774132a3dce1b10283ccd3 P 4caffb925a0d47c3ae6a0dc356e928c9 [term 0 FOLLOWER]: Leader pre-election vote request: Granting yes vote for candidate 88df5319c5d846f2903d3ed93fe9f693 in term 0.
I20260710 11:01:39.061600 13918 leader_election.cc:304] T 28dbe13211774132a3dce1b10283ccd3 P 88df5319c5d846f2903d3ed93fe9f693 [CANDIDATE]: Term 1 pre-election: Election decided. Result: candidate won. Election summary: received 2 responses out of 3 voters: 2 yes votes; 0 no votes. yes voters: 4caffb925a0d47c3ae6a0dc356e928c9, 88df5319c5d846f2903d3ed93fe9f693; no voters: 
I20260710 11:01:39.062799 14191 raft_consensus.cc:2804] T 28dbe13211774132a3dce1b10283ccd3 P 88df5319c5d846f2903d3ed93fe9f693 [term 0 FOLLOWER]: Leader pre-election won for term 1
I20260710 11:01:39.063473 14191 raft_consensus.cc:493] T 28dbe13211774132a3dce1b10283ccd3 P 88df5319c5d846f2903d3ed93fe9f693 [term 0 FOLLOWER]: Starting leader election (no leader contacted us within the election timeout)
I20260710 11:01:39.064034 14191 raft_consensus.cc:3060] T 28dbe13211774132a3dce1b10283ccd3 P 88df5319c5d846f2903d3ed93fe9f693 [term 0 FOLLOWER]: Advancing to term 1
I20260710 11:01:39.068279 14025 tablet_service.cc:1917] Received RequestConsensusVote() RPC: tablet_id: "28dbe13211774132a3dce1b10283ccd3" candidate_uuid: "88df5319c5d846f2903d3ed93fe9f693" candidate_term: 1 candidate_status { last_received { term: 0 index: 0 } } ignore_live_leader: false dest_uuid: "782426e2850043ccb5c686fbc7d171e6" is_pre_election: true
I20260710 11:01:39.068897 14025 raft_consensus.cc:2468] T 28dbe13211774132a3dce1b10283ccd3 P 782426e2850043ccb5c686fbc7d171e6 [term 0 FOLLOWER]: Leader pre-election vote request: Granting yes vote for candidate 88df5319c5d846f2903d3ed93fe9f693 in term 0.
I20260710 11:01:39.074175 14191 raft_consensus.cc:515] T 28dbe13211774132a3dce1b10283ccd3 P 88df5319c5d846f2903d3ed93fe9f693 [term 1 FOLLOWER]: Starting leader election with config: opid_index: -1 OBSOLETE_local: false peers { permanent_uuid: "88df5319c5d846f2903d3ed93fe9f693" member_type: VOTER last_known_addr { host: "127.13.126.65" port: 34941 } } peers { permanent_uuid: "782426e2850043ccb5c686fbc7d171e6" member_type: VOTER last_known_addr { host: "127.13.126.66" port: 39797 } } peers { permanent_uuid: "4caffb925a0d47c3ae6a0dc356e928c9" member_type: VOTER last_known_addr { host: "127.13.126.67" port: 45081 } }
I20260710 11:01:39.077692 14191 leader_election.cc:290] T 28dbe13211774132a3dce1b10283ccd3 P 88df5319c5d846f2903d3ed93fe9f693 [CANDIDATE]: Term 1 election: Requested vote from peers 782426e2850043ccb5c686fbc7d171e6 (127.13.126.66:39797), 4caffb925a0d47c3ae6a0dc356e928c9 (127.13.126.67:45081)
I20260710 11:01:39.078209 14100 tablet_service.cc:1917] Received RequestConsensusVote() RPC: tablet_id: "28dbe13211774132a3dce1b10283ccd3" candidate_uuid: "88df5319c5d846f2903d3ed93fe9f693" candidate_term: 1 candidate_status { last_received { term: 0 index: 0 } } ignore_live_leader: false dest_uuid: "4caffb925a0d47c3ae6a0dc356e928c9"
I20260710 11:01:39.078784 14100 raft_consensus.cc:3060] T 28dbe13211774132a3dce1b10283ccd3 P 4caffb925a0d47c3ae6a0dc356e928c9 [term 0 FOLLOWER]: Advancing to term 1
I20260710 11:01:39.085294 14100 raft_consensus.cc:2468] T 28dbe13211774132a3dce1b10283ccd3 P 4caffb925a0d47c3ae6a0dc356e928c9 [term 1 FOLLOWER]: Leader election vote request: Granting yes vote for candidate 88df5319c5d846f2903d3ed93fe9f693 in term 1.
I20260710 11:01:39.086311 13918 leader_election.cc:304] T 28dbe13211774132a3dce1b10283ccd3 P 88df5319c5d846f2903d3ed93fe9f693 [CANDIDATE]: Term 1 election: Election decided. Result: candidate won. Election summary: received 2 responses out of 3 voters: 2 yes votes; 0 no votes. yes voters: 4caffb925a0d47c3ae6a0dc356e928c9, 88df5319c5d846f2903d3ed93fe9f693; no voters: 
I20260710 11:01:39.087085 14191 raft_consensus.cc:2804] T 28dbe13211774132a3dce1b10283ccd3 P 88df5319c5d846f2903d3ed93fe9f693 [term 1 FOLLOWER]: Leader election won for term 1
I20260710 11:01:39.087563 14191 raft_consensus.cc:697] T 28dbe13211774132a3dce1b10283ccd3 P 88df5319c5d846f2903d3ed93fe9f693 [term 1 LEADER]: Becoming Leader. State: Replica: 88df5319c5d846f2903d3ed93fe9f693, State: Running, Role: LEADER
I20260710 11:01:39.088323 14191 consensus_queue.cc:237] T 28dbe13211774132a3dce1b10283ccd3 P 88df5319c5d846f2903d3ed93fe9f693 [LEADER]: Queue going to LEADER mode. State: All replicated index: 0, Majority replicated index: 0, Committed index: 0, Last appended: 0.0, Last appended by leader: 0, Current term: 1, Majority size: 2, State: 0, Mode: LEADER, active raft config: opid_index: -1 OBSOLETE_local: false peers { permanent_uuid: "88df5319c5d846f2903d3ed93fe9f693" member_type: VOTER last_known_addr { host: "127.13.126.65" port: 34941 } } peers { permanent_uuid: "782426e2850043ccb5c686fbc7d171e6" member_type: VOTER last_known_addr { host: "127.13.126.66" port: 39797 } } peers { permanent_uuid: "4caffb925a0d47c3ae6a0dc356e928c9" member_type: VOTER last_known_addr { host: "127.13.126.67" port: 45081 } }
I20260710 11:01:39.086253 14025 tablet_service.cc:1917] Received RequestConsensusVote() RPC: tablet_id: "28dbe13211774132a3dce1b10283ccd3" candidate_uuid: "88df5319c5d846f2903d3ed93fe9f693" candidate_term: 1 candidate_status { last_received { term: 0 index: 0 } } ignore_live_leader: false dest_uuid: "782426e2850043ccb5c686fbc7d171e6"
I20260710 11:01:39.091825 14025 raft_consensus.cc:3060] T 28dbe13211774132a3dce1b10283ccd3 P 782426e2850043ccb5c686fbc7d171e6 [term 0 FOLLOWER]: Advancing to term 1
I20260710 11:01:39.096135 13849 catalog_manager.cc:5697] T 28dbe13211774132a3dce1b10283ccd3 P 88df5319c5d846f2903d3ed93fe9f693 reported cstate change: term changed from 0 to 1, leader changed from <none> to 88df5319c5d846f2903d3ed93fe9f693 (127.13.126.65). New cstate: current_term: 1 leader_uuid: "88df5319c5d846f2903d3ed93fe9f693" committed_config { opid_index: -1 OBSOLETE_local: false peers { permanent_uuid: "88df5319c5d846f2903d3ed93fe9f693" member_type: VOTER last_known_addr { host: "127.13.126.65" port: 34941 } health_report { overall_health: HEALTHY } } peers { permanent_uuid: "782426e2850043ccb5c686fbc7d171e6" member_type: VOTER last_known_addr { host: "127.13.126.66" port: 39797 } health_report { overall_health: UNKNOWN } } peers { permanent_uuid: "4caffb925a0d47c3ae6a0dc356e928c9" member_type: VOTER last_known_addr { host: "127.13.126.67" port: 45081 } health_report { overall_health: UNKNOWN } } }
I20260710 11:01:39.098263 14025 raft_consensus.cc:2468] T 28dbe13211774132a3dce1b10283ccd3 P 782426e2850043ccb5c686fbc7d171e6 [term 1 FOLLOWER]: Leader election vote request: Granting yes vote for candidate 88df5319c5d846f2903d3ed93fe9f693 in term 1.
I20260710 11:01:39.199306 14100 tablet_service.cc:2072] Received LeaderStepDown RPC: tablet_id: "ae2edf91cdf6485a8e5ff70b287b4193"
dest_uuid: "4caffb925a0d47c3ae6a0dc356e928c9"
mode: GRACEFUL
new_leader_uuid: "88df5319c5d846f2903d3ed93fe9f693"
 from {username='slave'} at 127.0.0.1:49598
I20260710 11:01:39.199990 14100 raft_consensus.cc:606] T ae2edf91cdf6485a8e5ff70b287b4193 P 4caffb925a0d47c3ae6a0dc356e928c9 [term 1 LEADER]: Received request to transfer leadership to TS 88df5319c5d846f2903d3ed93fe9f693
I20260710 11:01:39.205312 14100 tablet_service.cc:2072] Received LeaderStepDown RPC: tablet_id: "2035b17f53a24ca583028ccfc5b0108f"
dest_uuid: "4caffb925a0d47c3ae6a0dc356e928c9"
mode: GRACEFUL
new_leader_uuid: "88df5319c5d846f2903d3ed93fe9f693"
 from {username='slave'} at 127.0.0.1:49598
I20260710 11:01:39.205783 14100 raft_consensus.cc:606] T 2035b17f53a24ca583028ccfc5b0108f P 4caffb925a0d47c3ae6a0dc356e928c9 [term 1 LEADER]: Received request to transfer leadership to TS 88df5319c5d846f2903d3ed93fe9f693
I20260710 11:01:39.220084 14025 tablet_service.cc:2072] Received LeaderStepDown RPC: tablet_id: "58a12481505941dc8aa6044917da208f"
dest_uuid: "782426e2850043ccb5c686fbc7d171e6"
mode: GRACEFUL
new_leader_uuid: "88df5319c5d846f2903d3ed93fe9f693"
 from {username='slave'} at 127.0.0.1:36530
I20260710 11:01:39.220702 14025 raft_consensus.cc:606] T 58a12481505941dc8aa6044917da208f P 782426e2850043ccb5c686fbc7d171e6 [term 1 LEADER]: Received request to transfer leadership to TS 88df5319c5d846f2903d3ed93fe9f693
I20260710 11:01:39.224586 14178 raft_consensus.cc:493] T 05c78c0cd1724644ac159fb918192f3d P 782426e2850043ccb5c686fbc7d171e6 [term 0 FOLLOWER]: Starting pre-election (no leader contacted us within the election timeout)
I20260710 11:01:39.225062 14178 raft_consensus.cc:515] T 05c78c0cd1724644ac159fb918192f3d P 782426e2850043ccb5c686fbc7d171e6 [term 0 FOLLOWER]: Starting pre-election with config: opid_index: -1 OBSOLETE_local: false peers { permanent_uuid: "88df5319c5d846f2903d3ed93fe9f693" member_type: VOTER last_known_addr { host: "127.13.126.65" port: 34941 } } peers { permanent_uuid: "782426e2850043ccb5c686fbc7d171e6" member_type: VOTER last_known_addr { host: "127.13.126.66" port: 39797 } } peers { permanent_uuid: "4caffb925a0d47c3ae6a0dc356e928c9" member_type: VOTER last_known_addr { host: "127.13.126.67" port: 45081 } }
I20260710 11:01:39.227039 14178 leader_election.cc:290] T 05c78c0cd1724644ac159fb918192f3d P 782426e2850043ccb5c686fbc7d171e6 [CANDIDATE]: Term 1 pre-election: Requested pre-vote from peers 88df5319c5d846f2903d3ed93fe9f693 (127.13.126.65:34941), 4caffb925a0d47c3ae6a0dc356e928c9 (127.13.126.67:45081)
I20260710 11:01:39.227663 14025 tablet_service.cc:2072] Received LeaderStepDown RPC: tablet_id: "9c5a864e49ea4789a112eaa4b2d69688"
dest_uuid: "782426e2850043ccb5c686fbc7d171e6"
mode: GRACEFUL
new_leader_uuid: "88df5319c5d846f2903d3ed93fe9f693"
 from {username='slave'} at 127.0.0.1:36530
I20260710 11:01:39.227691 13952 tablet_service.cc:1917] Received RequestConsensusVote() RPC: tablet_id: "05c78c0cd1724644ac159fb918192f3d" candidate_uuid: "782426e2850043ccb5c686fbc7d171e6" candidate_term: 1 candidate_status { last_received { term: 0 index: 0 } } ignore_live_leader: false dest_uuid: "88df5319c5d846f2903d3ed93fe9f693" is_pre_election: true
I20260710 11:01:39.228168 14100 tablet_service.cc:1917] Received RequestConsensusVote() RPC: tablet_id: "05c78c0cd1724644ac159fb918192f3d" candidate_uuid: "782426e2850043ccb5c686fbc7d171e6" candidate_term: 1 candidate_status { last_received { term: 0 index: 0 } } ignore_live_leader: false dest_uuid: "4caffb925a0d47c3ae6a0dc356e928c9" is_pre_election: true
I20260710 11:01:39.228293 14025 raft_consensus.cc:606] T 9c5a864e49ea4789a112eaa4b2d69688 P 782426e2850043ccb5c686fbc7d171e6 [term 1 LEADER]: Received request to transfer leadership to TS 88df5319c5d846f2903d3ed93fe9f693
I20260710 11:01:39.228904 14100 raft_consensus.cc:2393] T 05c78c0cd1724644ac159fb918192f3d P 4caffb925a0d47c3ae6a0dc356e928c9 [term 1 FOLLOWER]: Leader pre-election vote request: Denying vote to candidate 782426e2850043ccb5c686fbc7d171e6 in current term 1: Already voted for candidate 88df5319c5d846f2903d3ed93fe9f693 in this term.
I20260710 11:01:39.229888 13993 leader_election.cc:304] T 05c78c0cd1724644ac159fb918192f3d P 782426e2850043ccb5c686fbc7d171e6 [CANDIDATE]: Term 1 pre-election: Election decided. Result: candidate lost. Election summary: received 3 responses out of 3 voters: 1 yes votes; 2 no votes. yes voters: 782426e2850043ccb5c686fbc7d171e6; no voters: 4caffb925a0d47c3ae6a0dc356e928c9, 88df5319c5d846f2903d3ed93fe9f693
I20260710 11:01:39.230564 14178 raft_consensus.cc:3060] T 05c78c0cd1724644ac159fb918192f3d P 782426e2850043ccb5c686fbc7d171e6 [term 0 FOLLOWER]: Advancing to term 1
I20260710 11:01:39.235594 14178 raft_consensus.cc:2749] T 05c78c0cd1724644ac159fb918192f3d P 782426e2850043ccb5c686fbc7d171e6 [term 1 FOLLOWER]: Leader pre-election lost for term 1. Reason: could not achieve majority
I20260710 11:01:39.241039 14178 consensus_queue.cc:1048] T 84e705c9b0ec4915b4afb1dc8cac37fe P 782426e2850043ccb5c686fbc7d171e6 [LEADER]: Connected to new peer: Peer: permanent_uuid: "4caffb925a0d47c3ae6a0dc356e928c9" member_type: VOTER last_known_addr { host: "127.13.126.67" port: 45081 }, Status: LMP_MISMATCH, Last received: 0.0, Next index: 1, Last known committed idx: 0, Time since last communication: 0.000s
I20260710 11:01:39.252556 14178 raft_consensus.cc:493] T b624133c71e949d180992ca1111be587 P 782426e2850043ccb5c686fbc7d171e6 [term 0 FOLLOWER]: Starting pre-election (no leader contacted us within the election timeout)
I20260710 11:01:39.253042 14178 raft_consensus.cc:515] T b624133c71e949d180992ca1111be587 P 782426e2850043ccb5c686fbc7d171e6 [term 0 FOLLOWER]: Starting pre-election with config: opid_index: -1 OBSOLETE_local: false peers { permanent_uuid: "88df5319c5d846f2903d3ed93fe9f693" member_type: VOTER last_known_addr { host: "127.13.126.65" port: 34941 } } peers { permanent_uuid: "782426e2850043ccb5c686fbc7d171e6" member_type: VOTER last_known_addr { host: "127.13.126.66" port: 39797 } } peers { permanent_uuid: "4caffb925a0d47c3ae6a0dc356e928c9" member_type: VOTER last_known_addr { host: "127.13.126.67" port: 45081 } }
I20260710 11:01:39.254073 13951 tablet_service.cc:2072] Received LeaderStepDown RPC: tablet_id: "28dbe13211774132a3dce1b10283ccd3"
dest_uuid: "88df5319c5d846f2903d3ed93fe9f693"
mode: GRACEFUL
new_leader_uuid: "782426e2850043ccb5c686fbc7d171e6"
 from {username='slave'} at 127.0.0.1:49966
I20260710 11:01:39.254626 13951 raft_consensus.cc:606] T 28dbe13211774132a3dce1b10283ccd3 P 88df5319c5d846f2903d3ed93fe9f693 [term 1 LEADER]: Received request to transfer leadership to TS 782426e2850043ccb5c686fbc7d171e6
I20260710 11:01:39.254944 14187 consensus_queue.cc:1048] T 84e705c9b0ec4915b4afb1dc8cac37fe P 782426e2850043ccb5c686fbc7d171e6 [LEADER]: Connected to new peer: Peer: permanent_uuid: "88df5319c5d846f2903d3ed93fe9f693" member_type: VOTER last_known_addr { host: "127.13.126.65" port: 34941 }, Status: LMP_MISMATCH, Last received: 0.0, Next index: 1, Last known committed idx: 0, Time since last communication: 0.001s
I20260710 11:01:39.258716 14151 consensus_queue.cc:1048] T 9c5a864e49ea4789a112eaa4b2d69688 P 782426e2850043ccb5c686fbc7d171e6 [LEADER]: Connected to new peer: Peer: permanent_uuid: "88df5319c5d846f2903d3ed93fe9f693" member_type: VOTER last_known_addr { host: "127.13.126.65" port: 34941 }, Status: LMP_MISMATCH, Last received: 0.0, Next index: 1, Last known committed idx: 0, Time since last communication: 0.000s
I20260710 11:01:39.260411 13951 tablet_service.cc:2072] Received LeaderStepDown RPC: tablet_id: "05c78c0cd1724644ac159fb918192f3d"
dest_uuid: "88df5319c5d846f2903d3ed93fe9f693"
mode: GRACEFUL
new_leader_uuid: "782426e2850043ccb5c686fbc7d171e6"
 from {username='slave'} at 127.0.0.1:49966
I20260710 11:01:39.261058 13951 raft_consensus.cc:606] T 05c78c0cd1724644ac159fb918192f3d P 88df5319c5d846f2903d3ed93fe9f693 [term 1 LEADER]: Received request to transfer leadership to TS 782426e2850043ccb5c686fbc7d171e6
I20260710 11:01:39.262804 14099 tablet_service.cc:1917] Received RequestConsensusVote() RPC: tablet_id: "b624133c71e949d180992ca1111be587" candidate_uuid: "782426e2850043ccb5c686fbc7d171e6" candidate_term: 1 candidate_status { last_received { term: 0 index: 0 } } ignore_live_leader: false dest_uuid: "4caffb925a0d47c3ae6a0dc356e928c9" is_pre_election: true
I20260710 11:01:39.263489 14025 raft_consensus.cc:3060] T b624133c71e949d180992ca1111be587 P 782426e2850043ccb5c686fbc7d171e6 [term 0 FOLLOWER]: Advancing to term 1
I20260710 11:01:39.263620 14099 raft_consensus.cc:2393] T b624133c71e949d180992ca1111be587 P 4caffb925a0d47c3ae6a0dc356e928c9 [term 1 FOLLOWER]: Leader pre-election vote request: Denying vote to candidate 782426e2850043ccb5c686fbc7d171e6 in current term 1: Already voted for candidate 88df5319c5d846f2903d3ed93fe9f693 in this term.
I20260710 11:01:39.261085 14178 leader_election.cc:290] T b624133c71e949d180992ca1111be587 P 782426e2850043ccb5c686fbc7d171e6 [CANDIDATE]: Term 1 pre-election: Requested pre-vote from peers 88df5319c5d846f2903d3ed93fe9f693 (127.13.126.65:34941), 4caffb925a0d47c3ae6a0dc356e928c9 (127.13.126.67:45081)
I20260710 11:01:39.267315 13951 tablet_service.cc:2072] Received LeaderStepDown RPC: tablet_id: "585003b71729473b80911732f06da205"
dest_uuid: "88df5319c5d846f2903d3ed93fe9f693"
mode: GRACEFUL
new_leader_uuid: "782426e2850043ccb5c686fbc7d171e6"
 from {username='slave'} at 127.0.0.1:49966
I20260710 11:01:39.267982 13951 raft_consensus.cc:606] T 585003b71729473b80911732f06da205 P 88df5319c5d846f2903d3ed93fe9f693 [term 1 LEADER]: Received request to transfer leadership to TS 782426e2850043ccb5c686fbc7d171e6
I20260710 11:01:39.270610 14151 consensus_queue.cc:1048] T 9c5a864e49ea4789a112eaa4b2d69688 P 782426e2850043ccb5c686fbc7d171e6 [LEADER]: Connected to new peer: Peer: permanent_uuid: "4caffb925a0d47c3ae6a0dc356e928c9" member_type: VOTER last_known_addr { host: "127.13.126.67" port: 45081 }, Status: LMP_MISMATCH, Last received: 0.0, Next index: 1, Last known committed idx: 0, Time since last communication: 0.000s
I20260710 11:01:39.272897 13951 tablet_service.cc:2072] Received LeaderStepDown RPC: tablet_id: "b624133c71e949d180992ca1111be587"
dest_uuid: "88df5319c5d846f2903d3ed93fe9f693"
mode: GRACEFUL
new_leader_uuid: "4caffb925a0d47c3ae6a0dc356e928c9"
 from {username='slave'} at 127.0.0.1:49966
I20260710 11:01:39.273499 13951 raft_consensus.cc:606] T b624133c71e949d180992ca1111be587 P 88df5319c5d846f2903d3ed93fe9f693 [term 1 LEADER]: Received request to transfer leadership to TS 4caffb925a0d47c3ae6a0dc356e928c9
I20260710 11:01:39.273695 13952 tablet_service.cc:1917] Received RequestConsensusVote() RPC: tablet_id: "b624133c71e949d180992ca1111be587" candidate_uuid: "782426e2850043ccb5c686fbc7d171e6" candidate_term: 1 candidate_status { last_received { term: 0 index: 0 } } ignore_live_leader: false dest_uuid: "88df5319c5d846f2903d3ed93fe9f693" is_pre_election: true
I20260710 11:01:39.277894 13992 leader_election.cc:304] T b624133c71e949d180992ca1111be587 P 782426e2850043ccb5c686fbc7d171e6 [CANDIDATE]: Term 1 pre-election: Election decided. Result: candidate lost. Election summary: received 3 responses out of 3 voters: 1 yes votes; 2 no votes. yes voters: 782426e2850043ccb5c686fbc7d171e6; no voters: 4caffb925a0d47c3ae6a0dc356e928c9, 88df5319c5d846f2903d3ed93fe9f693
I20260710 11:01:39.286226 14187 raft_consensus.cc:2749] T b624133c71e949d180992ca1111be587 P 782426e2850043ccb5c686fbc7d171e6 [term 1 FOLLOWER]: Leader pre-election lost for term 1. Reason: could not achieve majority
I20260710 11:01:39.290567 14191 consensus_queue.cc:1048] T b624133c71e949d180992ca1111be587 P 88df5319c5d846f2903d3ed93fe9f693 [LEADER]: Connected to new peer: Peer: permanent_uuid: "782426e2850043ccb5c686fbc7d171e6" member_type: VOTER last_known_addr { host: "127.13.126.66" port: 39797 }, Status: LMP_MISMATCH, Last received: 0.0, Next index: 1, Last known committed idx: 0, Time since last communication: 0.001s
I20260710 11:01:39.304744 14178 raft_consensus.cc:993] T 9c5a864e49ea4789a112eaa4b2d69688 P 782426e2850043ccb5c686fbc7d171e6: : Instructing follower 88df5319c5d846f2903d3ed93fe9f693 to start an election
I20260710 11:01:39.305183 14178 raft_consensus.cc:1081] T 9c5a864e49ea4789a112eaa4b2d69688 P 782426e2850043ccb5c686fbc7d171e6 [term 1 LEADER]: Signalling peer 88df5319c5d846f2903d3ed93fe9f693 to start an election
I20260710 11:01:39.310171 13952 tablet_service.cc:2044] Received Run Leader Election RPC: tablet_id: "9c5a864e49ea4789a112eaa4b2d69688"
dest_uuid: "88df5319c5d846f2903d3ed93fe9f693"
 from {username='slave'} at 127.0.0.1:49956
I20260710 11:01:39.310756 13952 raft_consensus.cc:493] T 9c5a864e49ea4789a112eaa4b2d69688 P 88df5319c5d846f2903d3ed93fe9f693 [term 1 FOLLOWER]: Starting forced leader election (received explicit request)
I20260710 11:01:39.311110 13952 raft_consensus.cc:3060] T 9c5a864e49ea4789a112eaa4b2d69688 P 88df5319c5d846f2903d3ed93fe9f693 [term 1 FOLLOWER]: Advancing to term 2
I20260710 11:01:39.322301 13952 raft_consensus.cc:515] T 9c5a864e49ea4789a112eaa4b2d69688 P 88df5319c5d846f2903d3ed93fe9f693 [term 2 FOLLOWER]: Starting forced leader election with config: opid_index: -1 OBSOLETE_local: false peers { permanent_uuid: "88df5319c5d846f2903d3ed93fe9f693" member_type: VOTER last_known_addr { host: "127.13.126.65" port: 34941 } } peers { permanent_uuid: "782426e2850043ccb5c686fbc7d171e6" member_type: VOTER last_known_addr { host: "127.13.126.66" port: 39797 } } peers { permanent_uuid: "4caffb925a0d47c3ae6a0dc356e928c9" member_type: VOTER last_known_addr { host: "127.13.126.67" port: 45081 } }
I20260710 11:01:39.324028 14190 consensus_queue.cc:1048] T b624133c71e949d180992ca1111be587 P 88df5319c5d846f2903d3ed93fe9f693 [LEADER]: Connected to new peer: Peer: permanent_uuid: "4caffb925a0d47c3ae6a0dc356e928c9" member_type: VOTER last_known_addr { host: "127.13.126.67" port: 45081 }, Status: LMP_MISMATCH, Last received: 0.0, Next index: 1, Last known committed idx: 0, Time since last communication: 0.000s
I20260710 11:01:39.324389 13952 leader_election.cc:290] T 9c5a864e49ea4789a112eaa4b2d69688 P 88df5319c5d846f2903d3ed93fe9f693 [CANDIDATE]: Term 2 election: Requested vote from peers 782426e2850043ccb5c686fbc7d171e6 (127.13.126.66:39797), 4caffb925a0d47c3ae6a0dc356e928c9 (127.13.126.67:45081)
I20260710 11:01:39.328297 14098 tablet_service.cc:1917] Received RequestConsensusVote() RPC: tablet_id: "9c5a864e49ea4789a112eaa4b2d69688" candidate_uuid: "88df5319c5d846f2903d3ed93fe9f693" candidate_term: 2 candidate_status { last_received { term: 1 index: 1 } } ignore_live_leader: true dest_uuid: "4caffb925a0d47c3ae6a0dc356e928c9"
I20260710 11:01:39.328974 14098 raft_consensus.cc:3060] T 9c5a864e49ea4789a112eaa4b2d69688 P 4caffb925a0d47c3ae6a0dc356e928c9 [term 1 FOLLOWER]: Advancing to term 2
I20260710 11:01:39.337345 14185 consensus_queue.cc:1048] T 58a12481505941dc8aa6044917da208f P 782426e2850043ccb5c686fbc7d171e6 [LEADER]: Connected to new peer: Peer: permanent_uuid: "4caffb925a0d47c3ae6a0dc356e928c9" member_type: VOTER last_known_addr { host: "127.13.126.67" port: 45081 }, Status: LMP_MISMATCH, Last received: 0.0, Next index: 1, Last known committed idx: 0, Time since last communication: 0.000s
I20260710 11:01:39.342643 14025 tablet_service.cc:1917] Received RequestConsensusVote() RPC: tablet_id: "9c5a864e49ea4789a112eaa4b2d69688" candidate_uuid: "88df5319c5d846f2903d3ed93fe9f693" candidate_term: 2 candidate_status { last_received { term: 1 index: 1 } } ignore_live_leader: true dest_uuid: "782426e2850043ccb5c686fbc7d171e6"
I20260710 11:01:39.343336 14025 raft_consensus.cc:3055] T 9c5a864e49ea4789a112eaa4b2d69688 P 782426e2850043ccb5c686fbc7d171e6 [term 1 LEADER]: Stepping down as leader of term 1
I20260710 11:01:39.343664 14025 raft_consensus.cc:740] T 9c5a864e49ea4789a112eaa4b2d69688 P 782426e2850043ccb5c686fbc7d171e6 [term 1 LEADER]: Becoming Follower/Learner. State: Replica: 782426e2850043ccb5c686fbc7d171e6, State: Running, Role: LEADER
I20260710 11:01:39.344465 14025 consensus_queue.cc:260] T 9c5a864e49ea4789a112eaa4b2d69688 P 782426e2850043ccb5c686fbc7d171e6 [NON_LEADER]: Queue going to NON_LEADER mode. State: All replicated index: 0, Majority replicated index: 1, Committed index: 1, Last appended: 1.1, Last appended by leader: 1, Current term: 1, Majority size: -1, State: 0, Mode: NON_LEADER, active raft config: opid_index: -1 OBSOLETE_local: false peers { permanent_uuid: "88df5319c5d846f2903d3ed93fe9f693" member_type: VOTER last_known_addr { host: "127.13.126.65" port: 34941 } } peers { permanent_uuid: "782426e2850043ccb5c686fbc7d171e6" member_type: VOTER last_known_addr { host: "127.13.126.66" port: 39797 } } peers { permanent_uuid: "4caffb925a0d47c3ae6a0dc356e928c9" member_type: VOTER last_known_addr { host: "127.13.126.67" port: 45081 } }
I20260710 11:01:39.345824 14025 raft_consensus.cc:3060] T 9c5a864e49ea4789a112eaa4b2d69688 P 782426e2850043ccb5c686fbc7d171e6 [term 1 FOLLOWER]: Advancing to term 2
I20260710 11:01:39.350299 14190 raft_consensus.cc:993] T b624133c71e949d180992ca1111be587 P 88df5319c5d846f2903d3ed93fe9f693: : Instructing follower 4caffb925a0d47c3ae6a0dc356e928c9 to start an election
I20260710 11:01:39.350737 14190 raft_consensus.cc:1081] T b624133c71e949d180992ca1111be587 P 88df5319c5d846f2903d3ed93fe9f693 [term 1 LEADER]: Signalling peer 4caffb925a0d47c3ae6a0dc356e928c9 to start an election
I20260710 11:01:39.352244 14025 raft_consensus.cc:2468] T 9c5a864e49ea4789a112eaa4b2d69688 P 782426e2850043ccb5c686fbc7d171e6 [term 2 FOLLOWER]: Leader election vote request: Granting yes vote for candidate 88df5319c5d846f2903d3ed93fe9f693 in term 2.
I20260710 11:01:39.352555 14101 tablet_service.cc:2044] Received Run Leader Election RPC: tablet_id: "b624133c71e949d180992ca1111be587"
dest_uuid: "4caffb925a0d47c3ae6a0dc356e928c9"
 from {username='slave'} at 127.0.0.1:49586
I20260710 11:01:39.353107 14101 raft_consensus.cc:493] T b624133c71e949d180992ca1111be587 P 4caffb925a0d47c3ae6a0dc356e928c9 [term 1 FOLLOWER]: Starting forced leader election (received explicit request)
I20260710 11:01:39.353266 13917 leader_election.cc:304] T 9c5a864e49ea4789a112eaa4b2d69688 P 88df5319c5d846f2903d3ed93fe9f693 [CANDIDATE]: Term 2 election: Election decided. Result: candidate won. Election summary: received 2 responses out of 3 voters: 2 yes votes; 0 no votes. yes voters: 782426e2850043ccb5c686fbc7d171e6, 88df5319c5d846f2903d3ed93fe9f693; no voters: 
I20260710 11:01:39.353505 14101 raft_consensus.cc:3060] T b624133c71e949d180992ca1111be587 P 4caffb925a0d47c3ae6a0dc356e928c9 [term 1 FOLLOWER]: Advancing to term 2
I20260710 11:01:39.355340 14150 raft_consensus.cc:2804] T 9c5a864e49ea4789a112eaa4b2d69688 P 88df5319c5d846f2903d3ed93fe9f693 [term 2 FOLLOWER]: Leader election won for term 2
I20260710 11:01:39.355880 14150 raft_consensus.cc:697] T 9c5a864e49ea4789a112eaa4b2d69688 P 88df5319c5d846f2903d3ed93fe9f693 [term 2 LEADER]: Becoming Leader. State: Replica: 88df5319c5d846f2903d3ed93fe9f693, State: Running, Role: LEADER
I20260710 11:01:39.356716 14150 consensus_queue.cc:237] T 9c5a864e49ea4789a112eaa4b2d69688 P 88df5319c5d846f2903d3ed93fe9f693 [LEADER]: Queue going to LEADER mode. State: All replicated index: 0, Majority replicated index: 1, Committed index: 1, Last appended: 1.1, Last appended by leader: 1, Current term: 2, Majority size: 2, State: 0, Mode: LEADER, active raft config: opid_index: -1 OBSOLETE_local: false peers { permanent_uuid: "88df5319c5d846f2903d3ed93fe9f693" member_type: VOTER last_known_addr { host: "127.13.126.65" port: 34941 } } peers { permanent_uuid: "782426e2850043ccb5c686fbc7d171e6" member_type: VOTER last_known_addr { host: "127.13.126.66" port: 39797 } } peers { permanent_uuid: "4caffb925a0d47c3ae6a0dc356e928c9" member_type: VOTER last_known_addr { host: "127.13.126.67" port: 45081 } }
I20260710 11:01:39.357997 14185 consensus_queue.cc:1048] T 58a12481505941dc8aa6044917da208f P 782426e2850043ccb5c686fbc7d171e6 [LEADER]: Connected to new peer: Peer: permanent_uuid: "88df5319c5d846f2903d3ed93fe9f693" member_type: VOTER last_known_addr { host: "127.13.126.65" port: 34941 }, Status: LMP_MISMATCH, Last received: 0.0, Next index: 1, Last known committed idx: 0, Time since last communication: 0.000s
I20260710 11:01:39.363574 14098 raft_consensus.cc:2468] T 9c5a864e49ea4789a112eaa4b2d69688 P 4caffb925a0d47c3ae6a0dc356e928c9 [term 2 FOLLOWER]: Leader election vote request: Granting yes vote for candidate 88df5319c5d846f2903d3ed93fe9f693 in term 2.
I20260710 11:01:39.367413 14101 raft_consensus.cc:515] T b624133c71e949d180992ca1111be587 P 4caffb925a0d47c3ae6a0dc356e928c9 [term 2 FOLLOWER]: Starting forced leader election with config: opid_index: -1 OBSOLETE_local: false peers { permanent_uuid: "88df5319c5d846f2903d3ed93fe9f693" member_type: VOTER last_known_addr { host: "127.13.126.65" port: 34941 } } peers { permanent_uuid: "782426e2850043ccb5c686fbc7d171e6" member_type: VOTER last_known_addr { host: "127.13.126.66" port: 39797 } } peers { permanent_uuid: "4caffb925a0d47c3ae6a0dc356e928c9" member_type: VOTER last_known_addr { host: "127.13.126.67" port: 45081 } }
I20260710 11:01:39.372879 13951 tablet_service.cc:1917] Received RequestConsensusVote() RPC: tablet_id: "b624133c71e949d180992ca1111be587" candidate_uuid: "4caffb925a0d47c3ae6a0dc356e928c9" candidate_term: 2 candidate_status { last_received { term: 1 index: 1 } } ignore_live_leader: true dest_uuid: "88df5319c5d846f2903d3ed93fe9f693"
I20260710 11:01:39.373464 13951 raft_consensus.cc:3055] T b624133c71e949d180992ca1111be587 P 88df5319c5d846f2903d3ed93fe9f693 [term 1 LEADER]: Stepping down as leader of term 1
I20260710 11:01:39.373795 13951 raft_consensus.cc:740] T b624133c71e949d180992ca1111be587 P 88df5319c5d846f2903d3ed93fe9f693 [term 1 LEADER]: Becoming Follower/Learner. State: Replica: 88df5319c5d846f2903d3ed93fe9f693, State: Running, Role: LEADER
I20260710 11:01:39.377002 13951 consensus_queue.cc:260] T b624133c71e949d180992ca1111be587 P 88df5319c5d846f2903d3ed93fe9f693 [NON_LEADER]: Queue going to NON_LEADER mode. State: All replicated index: 0, Majority replicated index: 1, Committed index: 1, Last appended: 1.1, Last appended by leader: 1, Current term: 1, Majority size: -1, State: 0, Mode: NON_LEADER, active raft config: opid_index: -1 OBSOLETE_local: false peers { permanent_uuid: "88df5319c5d846f2903d3ed93fe9f693" member_type: VOTER last_known_addr { host: "127.13.126.65" port: 34941 } } peers { permanent_uuid: "782426e2850043ccb5c686fbc7d171e6" member_type: VOTER last_known_addr { host: "127.13.126.66" port: 39797 } } peers { permanent_uuid: "4caffb925a0d47c3ae6a0dc356e928c9" member_type: VOTER last_known_addr { host: "127.13.126.67" port: 45081 } }
I20260710 11:01:39.377729 14190 consensus_queue.cc:1048] T 585003b71729473b80911732f06da205 P 88df5319c5d846f2903d3ed93fe9f693 [LEADER]: Connected to new peer: Peer: permanent_uuid: "782426e2850043ccb5c686fbc7d171e6" member_type: VOTER last_known_addr { host: "127.13.126.66" port: 39797 }, Status: LMP_MISMATCH, Last received: 0.0, Next index: 1, Last known committed idx: 0, Time since last communication: 0.000s
I20260710 11:01:39.378101 13951 raft_consensus.cc:3060] T b624133c71e949d180992ca1111be587 P 88df5319c5d846f2903d3ed93fe9f693 [term 1 FOLLOWER]: Advancing to term 2
I20260710 11:01:39.385653 14101 leader_election.cc:290] T b624133c71e949d180992ca1111be587 P 4caffb925a0d47c3ae6a0dc356e928c9 [CANDIDATE]: Term 2 election: Requested vote from peers 88df5319c5d846f2903d3ed93fe9f693 (127.13.126.65:34941), 782426e2850043ccb5c686fbc7d171e6 (127.13.126.66:39797)
I20260710 11:01:39.386801 14026 tablet_service.cc:1917] Received RequestConsensusVote() RPC: tablet_id: "b624133c71e949d180992ca1111be587" candidate_uuid: "4caffb925a0d47c3ae6a0dc356e928c9" candidate_term: 2 candidate_status { last_received { term: 1 index: 1 } } ignore_live_leader: true dest_uuid: "782426e2850043ccb5c686fbc7d171e6"
I20260710 11:01:39.387348 14026 raft_consensus.cc:3060] T b624133c71e949d180992ca1111be587 P 782426e2850043ccb5c686fbc7d171e6 [term 1 FOLLOWER]: Advancing to term 2
I20260710 11:01:39.401268 13951 raft_consensus.cc:2468] T b624133c71e949d180992ca1111be587 P 88df5319c5d846f2903d3ed93fe9f693 [term 2 FOLLOWER]: Leader election vote request: Granting yes vote for candidate 4caffb925a0d47c3ae6a0dc356e928c9 in term 2.
I20260710 11:01:39.402561 14066 leader_election.cc:304] T b624133c71e949d180992ca1111be587 P 4caffb925a0d47c3ae6a0dc356e928c9 [CANDIDATE]: Term 2 election: Election decided. Result: candidate won. Election summary: received 2 responses out of 3 voters: 2 yes votes; 0 no votes. yes voters: 4caffb925a0d47c3ae6a0dc356e928c9, 88df5319c5d846f2903d3ed93fe9f693; no voters: 
I20260710 11:01:39.403467 14205 raft_consensus.cc:2804] T b624133c71e949d180992ca1111be587 P 4caffb925a0d47c3ae6a0dc356e928c9 [term 2 FOLLOWER]: Leader election won for term 2
I20260710 11:01:39.403981 14205 raft_consensus.cc:697] T b624133c71e949d180992ca1111be587 P 4caffb925a0d47c3ae6a0dc356e928c9 [term 2 LEADER]: Becoming Leader. State: Replica: 4caffb925a0d47c3ae6a0dc356e928c9, State: Running, Role: LEADER
I20260710 11:01:39.404825 14205 consensus_queue.cc:237] T b624133c71e949d180992ca1111be587 P 4caffb925a0d47c3ae6a0dc356e928c9 [LEADER]: Queue going to LEADER mode. State: All replicated index: 0, Majority replicated index: 1, Committed index: 1, Last appended: 1.1, Last appended by leader: 1, Current term: 2, Majority size: 2, State: 0, Mode: LEADER, active raft config: opid_index: -1 OBSOLETE_local: false peers { permanent_uuid: "88df5319c5d846f2903d3ed93fe9f693" member_type: VOTER last_known_addr { host: "127.13.126.65" port: 34941 } } peers { permanent_uuid: "782426e2850043ccb5c686fbc7d171e6" member_type: VOTER last_known_addr { host: "127.13.126.66" port: 39797 } } peers { permanent_uuid: "4caffb925a0d47c3ae6a0dc356e928c9" member_type: VOTER last_known_addr { host: "127.13.126.67" port: 45081 } }
I20260710 11:01:39.405539 14026 raft_consensus.cc:2468] T b624133c71e949d180992ca1111be587 P 782426e2850043ccb5c686fbc7d171e6 [term 2 FOLLOWER]: Leader election vote request: Granting yes vote for candidate 4caffb925a0d47c3ae6a0dc356e928c9 in term 2.
I20260710 11:01:39.409554 14187 raft_consensus.cc:993] T 58a12481505941dc8aa6044917da208f P 782426e2850043ccb5c686fbc7d171e6: : Instructing follower 88df5319c5d846f2903d3ed93fe9f693 to start an election
I20260710 11:01:39.409981 14151 raft_consensus.cc:1081] T 58a12481505941dc8aa6044917da208f P 782426e2850043ccb5c686fbc7d171e6 [term 1 LEADER]: Signalling peer 88df5319c5d846f2903d3ed93fe9f693 to start an election
I20260710 11:01:39.410532 14150 raft_consensus.cc:993] T 585003b71729473b80911732f06da205 P 88df5319c5d846f2903d3ed93fe9f693: : Instructing follower 782426e2850043ccb5c686fbc7d171e6 to start an election
I20260710 11:01:39.410935 14150 raft_consensus.cc:1081] T 585003b71729473b80911732f06da205 P 88df5319c5d846f2903d3ed93fe9f693 [term 1 LEADER]: Signalling peer 782426e2850043ccb5c686fbc7d171e6 to start an election
I20260710 11:01:39.412917 14025 tablet_service.cc:2044] Received Run Leader Election RPC: tablet_id: "585003b71729473b80911732f06da205"
dest_uuid: "782426e2850043ccb5c686fbc7d171e6"
 from {username='slave'} at 127.0.0.1:36528
I20260710 11:01:39.413479 14025 raft_consensus.cc:493] T 585003b71729473b80911732f06da205 P 782426e2850043ccb5c686fbc7d171e6 [term 1 FOLLOWER]: Starting forced leader election (received explicit request)
I20260710 11:01:39.412807 13848 catalog_manager.cc:5697] T 9c5a864e49ea4789a112eaa4b2d69688 P 88df5319c5d846f2903d3ed93fe9f693 reported cstate change: term changed from 1 to 2, leader changed from 782426e2850043ccb5c686fbc7d171e6 (127.13.126.66) to 88df5319c5d846f2903d3ed93fe9f693 (127.13.126.65). New cstate: current_term: 2 leader_uuid: "88df5319c5d846f2903d3ed93fe9f693" committed_config { opid_index: -1 OBSOLETE_local: false peers { permanent_uuid: "88df5319c5d846f2903d3ed93fe9f693" member_type: VOTER last_known_addr { host: "127.13.126.65" port: 34941 } health_report { overall_health: HEALTHY } } peers { permanent_uuid: "782426e2850043ccb5c686fbc7d171e6" member_type: VOTER last_known_addr { host: "127.13.126.66" port: 39797 } health_report { overall_health: UNKNOWN } } peers { permanent_uuid: "4caffb925a0d47c3ae6a0dc356e928c9" member_type: VOTER last_known_addr { host: "127.13.126.67" port: 45081 } health_report { overall_health: UNKNOWN } } }
I20260710 11:01:39.413846 14025 raft_consensus.cc:3060] T 585003b71729473b80911732f06da205 P 782426e2850043ccb5c686fbc7d171e6 [term 1 FOLLOWER]: Advancing to term 2
I20260710 11:01:39.419054 14191 consensus_queue.cc:1048] T 585003b71729473b80911732f06da205 P 88df5319c5d846f2903d3ed93fe9f693 [LEADER]: Connected to new peer: Peer: permanent_uuid: "4caffb925a0d47c3ae6a0dc356e928c9" member_type: VOTER last_known_addr { host: "127.13.126.67" port: 45081 }, Status: LMP_MISMATCH, Last received: 0.0, Next index: 1, Last known committed idx: 0, Time since last communication: 0.000s
I20260710 11:01:39.420405 13952 tablet_service.cc:2044] Received Run Leader Election RPC: tablet_id: "58a12481505941dc8aa6044917da208f"
dest_uuid: "88df5319c5d846f2903d3ed93fe9f693"
 from {username='slave'} at 127.0.0.1:49956
I20260710 11:01:39.420926 13952 raft_consensus.cc:493] T 58a12481505941dc8aa6044917da208f P 88df5319c5d846f2903d3ed93fe9f693 [term 1 FOLLOWER]: Starting forced leader election (received explicit request)
I20260710 11:01:39.421283 13952 raft_consensus.cc:3060] T 58a12481505941dc8aa6044917da208f P 88df5319c5d846f2903d3ed93fe9f693 [term 1 FOLLOWER]: Advancing to term 2
I20260710 11:01:39.413870 13846 catalog_manager.cc:5697] T b624133c71e949d180992ca1111be587 P 4caffb925a0d47c3ae6a0dc356e928c9 reported cstate change: term changed from 1 to 2, leader changed from 88df5319c5d846f2903d3ed93fe9f693 (127.13.126.65) to 4caffb925a0d47c3ae6a0dc356e928c9 (127.13.126.67). New cstate: current_term: 2 leader_uuid: "4caffb925a0d47c3ae6a0dc356e928c9" committed_config { opid_index: -1 OBSOLETE_local: false peers { permanent_uuid: "88df5319c5d846f2903d3ed93fe9f693" member_type: VOTER last_known_addr { host: "127.13.126.65" port: 34941 } health_report { overall_health: UNKNOWN } } peers { permanent_uuid: "782426e2850043ccb5c686fbc7d171e6" member_type: VOTER last_known_addr { host: "127.13.126.66" port: 39797 } health_report { overall_health: UNKNOWN } } peers { permanent_uuid: "4caffb925a0d47c3ae6a0dc356e928c9" member_type: VOTER last_known_addr { host: "127.13.126.67" port: 45081 } health_report { overall_health: HEALTHY } } }
I20260710 11:01:39.425459 14025 raft_consensus.cc:515] T 585003b71729473b80911732f06da205 P 782426e2850043ccb5c686fbc7d171e6 [term 2 FOLLOWER]: Starting forced leader election with config: opid_index: -1 OBSOLETE_local: false peers { permanent_uuid: "88df5319c5d846f2903d3ed93fe9f693" member_type: VOTER last_known_addr { host: "127.13.126.65" port: 34941 } } peers { permanent_uuid: "782426e2850043ccb5c686fbc7d171e6" member_type: VOTER last_known_addr { host: "127.13.126.66" port: 39797 } } peers { permanent_uuid: "4caffb925a0d47c3ae6a0dc356e928c9" member_type: VOTER last_known_addr { host: "127.13.126.67" port: 45081 } }
I20260710 11:01:39.426580 14026 raft_consensus.cc:1240] T 585003b71729473b80911732f06da205 P 782426e2850043ccb5c686fbc7d171e6 [term 2 FOLLOWER]: Rejecting Update request from peer 88df5319c5d846f2903d3ed93fe9f693 for earlier term 1. Current term is 2. Ops: []
I20260710 11:01:39.427634 13952 raft_consensus.cc:515] T 58a12481505941dc8aa6044917da208f P 88df5319c5d846f2903d3ed93fe9f693 [term 2 FOLLOWER]: Starting forced leader election with config: opid_index: -1 OBSOLETE_local: false peers { permanent_uuid: "88df5319c5d846f2903d3ed93fe9f693" member_type: VOTER last_known_addr { host: "127.13.126.65" port: 34941 } } peers { permanent_uuid: "782426e2850043ccb5c686fbc7d171e6" member_type: VOTER last_known_addr { host: "127.13.126.66" port: 39797 } } peers { permanent_uuid: "4caffb925a0d47c3ae6a0dc356e928c9" member_type: VOTER last_known_addr { host: "127.13.126.67" port: 45081 } }
I20260710 11:01:39.430505 14027 tablet_service.cc:1917] Received RequestConsensusVote() RPC: tablet_id: "58a12481505941dc8aa6044917da208f" candidate_uuid: "88df5319c5d846f2903d3ed93fe9f693" candidate_term: 2 candidate_status { last_received { term: 1 index: 1 } } ignore_live_leader: true dest_uuid: "782426e2850043ccb5c686fbc7d171e6"
I20260710 11:01:39.431058 14027 raft_consensus.cc:3055] T 58a12481505941dc8aa6044917da208f P 782426e2850043ccb5c686fbc7d171e6 [term 1 LEADER]: Stepping down as leader of term 1
I20260710 11:01:39.431382 14027 raft_consensus.cc:740] T 58a12481505941dc8aa6044917da208f P 782426e2850043ccb5c686fbc7d171e6 [term 1 LEADER]: Becoming Follower/Learner. State: Replica: 782426e2850043ccb5c686fbc7d171e6, State: Running, Role: LEADER
I20260710 11:01:39.432363 14027 consensus_queue.cc:260] T 58a12481505941dc8aa6044917da208f P 782426e2850043ccb5c686fbc7d171e6 [NON_LEADER]: Queue going to NON_LEADER mode. State: All replicated index: 0, Majority replicated index: 1, Committed index: 1, Last appended: 1.1, Last appended by leader: 1, Current term: 1, Majority size: -1, State: 0, Mode: NON_LEADER, active raft config: opid_index: -1 OBSOLETE_local: false peers { permanent_uuid: "88df5319c5d846f2903d3ed93fe9f693" member_type: VOTER last_known_addr { host: "127.13.126.65" port: 34941 } } peers { permanent_uuid: "782426e2850043ccb5c686fbc7d171e6" member_type: VOTER last_known_addr { host: "127.13.126.66" port: 39797 } } peers { permanent_uuid: "4caffb925a0d47c3ae6a0dc356e928c9" member_type: VOTER last_known_addr { host: "127.13.126.67" port: 45081 } }
I20260710 11:01:39.438134 14027 raft_consensus.cc:3060] T 58a12481505941dc8aa6044917da208f P 782426e2850043ccb5c686fbc7d171e6 [term 1 FOLLOWER]: Advancing to term 2
I20260710 11:01:39.443002 13951 tablet_service.cc:1917] Received RequestConsensusVote() RPC: tablet_id: "585003b71729473b80911732f06da205" candidate_uuid: "782426e2850043ccb5c686fbc7d171e6" candidate_term: 2 candidate_status { last_received { term: 1 index: 1 } } ignore_live_leader: true dest_uuid: "88df5319c5d846f2903d3ed93fe9f693"
I20260710 11:01:39.444168 13951 raft_consensus.cc:3055] T 585003b71729473b80911732f06da205 P 88df5319c5d846f2903d3ed93fe9f693 [term 1 LEADER]: Stepping down as leader of term 1
I20260710 11:01:39.444731 13951 raft_consensus.cc:740] T 585003b71729473b80911732f06da205 P 88df5319c5d846f2903d3ed93fe9f693 [term 1 LEADER]: Becoming Follower/Learner. State: Replica: 88df5319c5d846f2903d3ed93fe9f693, State: Running, Role: LEADER
I20260710 11:01:39.444929 13952 leader_election.cc:290] T 58a12481505941dc8aa6044917da208f P 88df5319c5d846f2903d3ed93fe9f693 [CANDIDATE]: Term 2 election: Requested vote from peers 782426e2850043ccb5c686fbc7d171e6 (127.13.126.66:39797), 4caffb925a0d47c3ae6a0dc356e928c9 (127.13.126.67:45081)
I20260710 11:01:39.445605 13951 consensus_queue.cc:260] T 585003b71729473b80911732f06da205 P 88df5319c5d846f2903d3ed93fe9f693 [NON_LEADER]: Queue going to NON_LEADER mode. State: All replicated index: 0, Majority replicated index: 1, Committed index: 1, Last appended: 1.1, Last appended by leader: 1, Current term: 1, Majority size: -1, State: 0, Mode: NON_LEADER, active raft config: opid_index: -1 OBSOLETE_local: false peers { permanent_uuid: "88df5319c5d846f2903d3ed93fe9f693" member_type: VOTER last_known_addr { host: "127.13.126.65" port: 34941 } } peers { permanent_uuid: "782426e2850043ccb5c686fbc7d171e6" member_type: VOTER last_known_addr { host: "127.13.126.66" port: 39797 } } peers { permanent_uuid: "4caffb925a0d47c3ae6a0dc356e928c9" member_type: VOTER last_known_addr { host: "127.13.126.67" port: 45081 } }
I20260710 11:01:39.445984 14099 tablet_service.cc:1917] Received RequestConsensusVote() RPC: tablet_id: "58a12481505941dc8aa6044917da208f" candidate_uuid: "88df5319c5d846f2903d3ed93fe9f693" candidate_term: 2 candidate_status { last_received { term: 1 index: 1 } } ignore_live_leader: true dest_uuid: "4caffb925a0d47c3ae6a0dc356e928c9"
I20260710 11:01:39.447482 14099 raft_consensus.cc:3060] T 58a12481505941dc8aa6044917da208f P 4caffb925a0d47c3ae6a0dc356e928c9 [term 1 FOLLOWER]: Advancing to term 2
I20260710 11:01:39.447526 13951 raft_consensus.cc:3060] T 585003b71729473b80911732f06da205 P 88df5319c5d846f2903d3ed93fe9f693 [term 1 FOLLOWER]: Advancing to term 2
I20260710 11:01:39.453521 14149 raft_consensus.cc:993] T ae2edf91cdf6485a8e5ff70b287b4193 P 4caffb925a0d47c3ae6a0dc356e928c9: : Instructing follower 88df5319c5d846f2903d3ed93fe9f693 to start an election
I20260710 11:01:39.453954 14149 raft_consensus.cc:1081] T ae2edf91cdf6485a8e5ff70b287b4193 P 4caffb925a0d47c3ae6a0dc356e928c9 [term 1 LEADER]: Signalling peer 88df5319c5d846f2903d3ed93fe9f693 to start an election
I20260710 11:01:39.455664 13952 tablet_service.cc:2044] Received Run Leader Election RPC: tablet_id: "ae2edf91cdf6485a8e5ff70b287b4193"
dest_uuid: "88df5319c5d846f2903d3ed93fe9f693"
 from {username='slave'} at 127.0.0.1:49946
I20260710 11:01:39.456262 13952 raft_consensus.cc:493] T ae2edf91cdf6485a8e5ff70b287b4193 P 88df5319c5d846f2903d3ed93fe9f693 [term 1 FOLLOWER]: Starting forced leader election (received explicit request)
I20260710 11:01:39.456671 13952 raft_consensus.cc:3060] T ae2edf91cdf6485a8e5ff70b287b4193 P 88df5319c5d846f2903d3ed93fe9f693 [term 1 FOLLOWER]: Advancing to term 2
I20260710 11:01:39.462409 14100 tablet_service.cc:1917] Received RequestConsensusVote() RPC: tablet_id: "585003b71729473b80911732f06da205" candidate_uuid: "782426e2850043ccb5c686fbc7d171e6" candidate_term: 2 candidate_status { last_received { term: 1 index: 1 } } ignore_live_leader: true dest_uuid: "4caffb925a0d47c3ae6a0dc356e928c9"
I20260710 11:01:39.463841 14025 leader_election.cc:290] T 585003b71729473b80911732f06da205 P 782426e2850043ccb5c686fbc7d171e6 [CANDIDATE]: Term 2 election: Requested vote from peers 88df5319c5d846f2903d3ed93fe9f693 (127.13.126.65:34941), 4caffb925a0d47c3ae6a0dc356e928c9 (127.13.126.67:45081)
I20260710 11:01:39.464638 14149 consensus_queue.cc:1048] T 2035b17f53a24ca583028ccfc5b0108f P 4caffb925a0d47c3ae6a0dc356e928c9 [LEADER]: Connected to new peer: Peer: permanent_uuid: "782426e2850043ccb5c686fbc7d171e6" member_type: VOTER last_known_addr { host: "127.13.126.66" port: 39797 }, Status: LMP_MISMATCH, Last received: 0.0, Next index: 1, Last known committed idx: 0, Time since last communication: 0.000s
I20260710 11:01:39.465041 14099 raft_consensus.cc:2468] T 58a12481505941dc8aa6044917da208f P 4caffb925a0d47c3ae6a0dc356e928c9 [term 2 FOLLOWER]: Leader election vote request: Granting yes vote for candidate 88df5319c5d846f2903d3ed93fe9f693 in term 2.
