I20260710 11:01:48.869336 25318 consensus_queue.cc:260] T 715f789dfc614860bd26781e030c002c P 53b45f7b6e414364af2f9e0f25b02cc6 [NON_LEADER]: Queue going to NON_LEADER mode. State: All replicated index: 0, Majority replicated index: 0, Committed index: 0, Last appended: 0.0, Last appended by leader: 0, Current term: 0, Majority size: -1, State: 0, Mode: NON_LEADER, active raft config: opid_index: -1 OBSOLETE_local: false peers { permanent_uuid: "53b45f7b6e414364af2f9e0f25b02cc6" member_type: VOTER last_known_addr { host: "127.23.237.65" port: 37819 } } peers { permanent_uuid: "b13b2321e4fd41c7b936aec83d5a0b4f" member_type: VOTER last_known_addr { host: "127.23.237.66" port: 36653 } } peers { permanent_uuid: "2f1165c19eb94679985b14793a870e49" member_type: VOTER last_known_addr { host: "127.23.237.67" port: 44021 } }
I20260710 11:01:48.869831 25317 ts_tablet_manager.cc:1434] T 4787b4abbb7343c4a12c9486660b2200 P b13b2321e4fd41c7b936aec83d5a0b4f: Time spent starting tablet: real 0.006s	user 0.005s	sys 0.000s
I20260710 11:01:48.869732 25316 consensus_queue.cc:260] T 3be5daf5123646cbba75a5185d994757 P 2f1165c19eb94679985b14793a870e49 [NON_LEADER]: Queue going to NON_LEADER mode. State: All replicated index: 0, Majority replicated index: 0, Committed index: 0, Last appended: 0.0, Last appended by leader: 0, Current term: 0, Majority size: -1, State: 0, Mode: NON_LEADER, active raft config: opid_index: -1 OBSOLETE_local: false peers { permanent_uuid: "53b45f7b6e414364af2f9e0f25b02cc6" member_type: VOTER last_known_addr { host: "127.23.237.65" port: 37819 } } peers { permanent_uuid: "b13b2321e4fd41c7b936aec83d5a0b4f" member_type: VOTER last_known_addr { host: "127.23.237.66" port: 36653 } } peers { permanent_uuid: "2f1165c19eb94679985b14793a870e49" member_type: VOTER last_known_addr { host: "127.23.237.67" port: 44021 } }
I20260710 11:01:48.871021 25317 tablet_bootstrap.cc:492] T 715f789dfc614860bd26781e030c002c P b13b2321e4fd41c7b936aec83d5a0b4f: Bootstrap starting.
I20260710 11:01:48.871562 25316 ts_tablet_manager.cc:1434] T 3be5daf5123646cbba75a5185d994757 P 2f1165c19eb94679985b14793a870e49: Time spent starting tablet: real 0.006s	user 0.004s	sys 0.000s
I20260710 11:01:48.872428 25316 tablet_bootstrap.cc:492] T 12af5b0f2de14aa6bb6b0c8802905056 P 2f1165c19eb94679985b14793a870e49: Bootstrap starting.
I20260710 11:01:48.876704 25317 tablet_bootstrap.cc:654] T 715f789dfc614860bd26781e030c002c P b13b2321e4fd41c7b936aec83d5a0b4f: Neither blocks nor log segments found. Creating new log.
I20260710 11:01:48.877405 25316 tablet_bootstrap.cc:654] T 12af5b0f2de14aa6bb6b0c8802905056 P 2f1165c19eb94679985b14793a870e49: Neither blocks nor log segments found. Creating new log.
I20260710 11:01:48.878029 25318 ts_tablet_manager.cc:1434] T 715f789dfc614860bd26781e030c002c P 53b45f7b6e414364af2f9e0f25b02cc6: Time spent starting tablet: real 0.013s	user 0.006s	sys 0.000s
I20260710 11:01:48.880630 25318 tablet_bootstrap.cc:492] T e7b5c61de000459fb04a721d5b04ad29 P 53b45f7b6e414364af2f9e0f25b02cc6: Bootstrap starting.
I20260710 11:01:48.886734 25318 tablet_bootstrap.cc:654] T e7b5c61de000459fb04a721d5b04ad29 P 53b45f7b6e414364af2f9e0f25b02cc6: Neither blocks nor log segments found. Creating new log.
I20260710 11:01:48.893096 25317 tablet_bootstrap.cc:492] T 715f789dfc614860bd26781e030c002c P b13b2321e4fd41c7b936aec83d5a0b4f: No bootstrap required, opened a new log
I20260710 11:01:48.893100 25318 tablet_bootstrap.cc:492] T e7b5c61de000459fb04a721d5b04ad29 P 53b45f7b6e414364af2f9e0f25b02cc6: No bootstrap required, opened a new log
I20260710 11:01:48.893710 25317 ts_tablet_manager.cc:1403] T 715f789dfc614860bd26781e030c002c P b13b2321e4fd41c7b936aec83d5a0b4f: Time spent bootstrapping tablet: real 0.023s	user 0.015s	sys 0.001s
I20260710 11:01:48.893754 25318 ts_tablet_manager.cc:1403] T e7b5c61de000459fb04a721d5b04ad29 P 53b45f7b6e414364af2f9e0f25b02cc6: Time spent bootstrapping tablet: real 0.013s	user 0.008s	sys 0.004s
I20260710 11:01:48.895316 25316 tablet_bootstrap.cc:492] T 12af5b0f2de14aa6bb6b0c8802905056 P 2f1165c19eb94679985b14793a870e49: No bootstrap required, opened a new log
I20260710 11:01:48.895738 25316 ts_tablet_manager.cc:1403] T 12af5b0f2de14aa6bb6b0c8802905056 P 2f1165c19eb94679985b14793a870e49: Time spent bootstrapping tablet: real 0.023s	user 0.001s	sys 0.015s
I20260710 11:01:48.895780 25317 raft_consensus.cc:359] T 715f789dfc614860bd26781e030c002c P b13b2321e4fd41c7b936aec83d5a0b4f [term 0 FOLLOWER]: Replica starting. Triggering 0 pending ops. Active config: opid_index: -1 OBSOLETE_local: false peers { permanent_uuid: "53b45f7b6e414364af2f9e0f25b02cc6" member_type: VOTER last_known_addr { host: "127.23.237.65" port: 37819 } } peers { permanent_uuid: "b13b2321e4fd41c7b936aec83d5a0b4f" member_type: VOTER last_known_addr { host: "127.23.237.66" port: 36653 } } peers { permanent_uuid: "2f1165c19eb94679985b14793a870e49" member_type: VOTER last_known_addr { host: "127.23.237.67" port: 44021 } }
I20260710 11:01:48.896447 25317 raft_consensus.cc:385] T 715f789dfc614860bd26781e030c002c P b13b2321e4fd41c7b936aec83d5a0b4f [term 0 FOLLOWER]: Consensus starting up: Expiring failure detector timer to make a prompt election more likely
I20260710 11:01:48.896832 25317 raft_consensus.cc:740] T 715f789dfc614860bd26781e030c002c P b13b2321e4fd41c7b936aec83d5a0b4f [term 0 FOLLOWER]: Becoming Follower/Learner. State: Replica: b13b2321e4fd41c7b936aec83d5a0b4f, State: Initialized, Role: FOLLOWER
I20260710 11:01:48.896433 25318 raft_consensus.cc:359] T e7b5c61de000459fb04a721d5b04ad29 P 53b45f7b6e414364af2f9e0f25b02cc6 [term 0 FOLLOWER]: Replica starting. Triggering 0 pending ops. Active config: opid_index: -1 OBSOLETE_local: false peers { permanent_uuid: "53b45f7b6e414364af2f9e0f25b02cc6" member_type: VOTER last_known_addr { host: "127.23.237.65" port: 37819 } } peers { permanent_uuid: "b13b2321e4fd41c7b936aec83d5a0b4f" member_type: VOTER last_known_addr { host: "127.23.237.66" port: 36653 } } peers { permanent_uuid: "2f1165c19eb94679985b14793a870e49" member_type: VOTER last_known_addr { host: "127.23.237.67" port: 44021 } }
I20260710 11:01:48.897207 25318 raft_consensus.cc:385] T e7b5c61de000459fb04a721d5b04ad29 P 53b45f7b6e414364af2f9e0f25b02cc6 [term 0 FOLLOWER]: Consensus starting up: Expiring failure detector timer to make a prompt election more likely
I20260710 11:01:48.897492 25318 raft_consensus.cc:740] T e7b5c61de000459fb04a721d5b04ad29 P 53b45f7b6e414364af2f9e0f25b02cc6 [term 0 FOLLOWER]: Becoming Follower/Learner. State: Replica: 53b45f7b6e414364af2f9e0f25b02cc6, State: Initialized, Role: FOLLOWER
I20260710 11:01:48.897405 25317 consensus_queue.cc:260] T 715f789dfc614860bd26781e030c002c P b13b2321e4fd41c7b936aec83d5a0b4f [NON_LEADER]: Queue going to NON_LEADER mode. State: All replicated index: 0, Majority replicated index: 0, Committed index: 0, Last appended: 0.0, Last appended by leader: 0, Current term: 0, Majority size: -1, State: 0, Mode: NON_LEADER, active raft config: opid_index: -1 OBSOLETE_local: false peers { permanent_uuid: "53b45f7b6e414364af2f9e0f25b02cc6" member_type: VOTER last_known_addr { host: "127.23.237.65" port: 37819 } } peers { permanent_uuid: "b13b2321e4fd41c7b936aec83d5a0b4f" member_type: VOTER last_known_addr { host: "127.23.237.66" port: 36653 } } peers { permanent_uuid: "2f1165c19eb94679985b14793a870e49" member_type: VOTER last_known_addr { host: "127.23.237.67" port: 44021 } }
I20260710 11:01:48.898293 25316 raft_consensus.cc:359] T 12af5b0f2de14aa6bb6b0c8802905056 P 2f1165c19eb94679985b14793a870e49 [term 0 FOLLOWER]: Replica starting. Triggering 0 pending ops. Active config: opid_index: -1 OBSOLETE_local: false peers { permanent_uuid: "53b45f7b6e414364af2f9e0f25b02cc6" member_type: VOTER last_known_addr { host: "127.23.237.65" port: 37819 } } peers { permanent_uuid: "b13b2321e4fd41c7b936aec83d5a0b4f" member_type: VOTER last_known_addr { host: "127.23.237.66" port: 36653 } } peers { permanent_uuid: "2f1165c19eb94679985b14793a870e49" member_type: VOTER last_known_addr { host: "127.23.237.67" port: 44021 } }
I20260710 11:01:48.898934 25317 ts_tablet_manager.cc:1434] T 715f789dfc614860bd26781e030c002c P b13b2321e4fd41c7b936aec83d5a0b4f: Time spent starting tablet: real 0.005s	user 0.003s	sys 0.000s
I20260710 11:01:48.899358 25318 consensus_queue.cc:260] T e7b5c61de000459fb04a721d5b04ad29 P 53b45f7b6e414364af2f9e0f25b02cc6 [NON_LEADER]: Queue going to NON_LEADER mode. State: All replicated index: 0, Majority replicated index: 0, Committed index: 0, Last appended: 0.0, Last appended by leader: 0, Current term: 0, Majority size: -1, State: 0, Mode: NON_LEADER, active raft config: opid_index: -1 OBSOLETE_local: false peers { permanent_uuid: "53b45f7b6e414364af2f9e0f25b02cc6" member_type: VOTER last_known_addr { host: "127.23.237.65" port: 37819 } } peers { permanent_uuid: "b13b2321e4fd41c7b936aec83d5a0b4f" member_type: VOTER last_known_addr { host: "127.23.237.66" port: 36653 } } peers { permanent_uuid: "2f1165c19eb94679985b14793a870e49" member_type: VOTER last_known_addr { host: "127.23.237.67" port: 44021 } }
I20260710 11:01:48.900050 25317 tablet_bootstrap.cc:492] T e7b5c61de000459fb04a721d5b04ad29 P b13b2321e4fd41c7b936aec83d5a0b4f: Bootstrap starting.
I20260710 11:01:48.901245 25318 ts_tablet_manager.cc:1434] T e7b5c61de000459fb04a721d5b04ad29 P 53b45f7b6e414364af2f9e0f25b02cc6: Time spent starting tablet: real 0.007s	user 0.005s	sys 0.000s
I20260710 11:01:48.898897 25316 raft_consensus.cc:385] T 12af5b0f2de14aa6bb6b0c8802905056 P 2f1165c19eb94679985b14793a870e49 [term 0 FOLLOWER]: Consensus starting up: Expiring failure detector timer to make a prompt election more likely
I20260710 11:01:48.901575 25316 raft_consensus.cc:740] T 12af5b0f2de14aa6bb6b0c8802905056 P 2f1165c19eb94679985b14793a870e49 [term 0 FOLLOWER]: Becoming Follower/Learner. State: Replica: 2f1165c19eb94679985b14793a870e49, State: Initialized, Role: FOLLOWER
I20260710 11:01:48.902230 25316 consensus_queue.cc:260] T 12af5b0f2de14aa6bb6b0c8802905056 P 2f1165c19eb94679985b14793a870e49 [NON_LEADER]: Queue going to NON_LEADER mode. State: All replicated index: 0, Majority replicated index: 0, Committed index: 0, Last appended: 0.0, Last appended by leader: 0, Current term: 0, Majority size: -1, State: 0, Mode: NON_LEADER, active raft config: opid_index: -1 OBSOLETE_local: false peers { permanent_uuid: "53b45f7b6e414364af2f9e0f25b02cc6" member_type: VOTER last_known_addr { host: "127.23.237.65" port: 37819 } } peers { permanent_uuid: "b13b2321e4fd41c7b936aec83d5a0b4f" member_type: VOTER last_known_addr { host: "127.23.237.66" port: 36653 } } peers { permanent_uuid: "2f1165c19eb94679985b14793a870e49" member_type: VOTER last_known_addr { host: "127.23.237.67" port: 44021 } }
I20260710 11:01:48.902951 25318 tablet_bootstrap.cc:492] T 7492c9d2243b42258408952c7064d305 P 53b45f7b6e414364af2f9e0f25b02cc6: Bootstrap starting.
I20260710 11:01:48.905845 25317 tablet_bootstrap.cc:654] T e7b5c61de000459fb04a721d5b04ad29 P b13b2321e4fd41c7b936aec83d5a0b4f: Neither blocks nor log segments found. Creating new log.
I20260710 11:01:48.908870 25318 tablet_bootstrap.cc:654] T 7492c9d2243b42258408952c7064d305 P 53b45f7b6e414364af2f9e0f25b02cc6: Neither blocks nor log segments found. Creating new log.
I20260710 11:01:48.908921 25316 ts_tablet_manager.cc:1434] T 12af5b0f2de14aa6bb6b0c8802905056 P 2f1165c19eb94679985b14793a870e49: Time spent starting tablet: real 0.013s	user 0.004s	sys 0.001s
I20260710 11:01:48.917202 25317 tablet_bootstrap.cc:492] T e7b5c61de000459fb04a721d5b04ad29 P b13b2321e4fd41c7b936aec83d5a0b4f: No bootstrap required, opened a new log
I20260710 11:01:48.917721 25317 ts_tablet_manager.cc:1403] T e7b5c61de000459fb04a721d5b04ad29 P b13b2321e4fd41c7b936aec83d5a0b4f: Time spent bootstrapping tablet: real 0.018s	user 0.008s	sys 0.008s
I20260710 11:01:48.918756 25352 raft_consensus.cc:493] T 4787b4abbb7343c4a12c9486660b2200 P 2f1165c19eb94679985b14793a870e49 [term 0 FOLLOWER]: Starting pre-election (no leader contacted us within the election timeout)
I20260710 11:01:48.919152 25352 raft_consensus.cc:515] T 4787b4abbb7343c4a12c9486660b2200 P 2f1165c19eb94679985b14793a870e49 [term 0 FOLLOWER]: Starting pre-election with config: opid_index: -1 OBSOLETE_local: false peers { permanent_uuid: "53b45f7b6e414364af2f9e0f25b02cc6" member_type: VOTER last_known_addr { host: "127.23.237.65" port: 37819 } } peers { permanent_uuid: "b13b2321e4fd41c7b936aec83d5a0b4f" member_type: VOTER last_known_addr { host: "127.23.237.66" port: 36653 } } peers { permanent_uuid: "2f1165c19eb94679985b14793a870e49" member_type: VOTER last_known_addr { host: "127.23.237.67" port: 44021 } }
I20260710 11:01:48.920401 25317 raft_consensus.cc:359] T e7b5c61de000459fb04a721d5b04ad29 P b13b2321e4fd41c7b936aec83d5a0b4f [term 0 FOLLOWER]: Replica starting. Triggering 0 pending ops. Active config: opid_index: -1 OBSOLETE_local: false peers { permanent_uuid: "53b45f7b6e414364af2f9e0f25b02cc6" member_type: VOTER last_known_addr { host: "127.23.237.65" port: 37819 } } peers { permanent_uuid: "b13b2321e4fd41c7b936aec83d5a0b4f" member_type: VOTER last_known_addr { host: "127.23.237.66" port: 36653 } } peers { permanent_uuid: "2f1165c19eb94679985b14793a870e49" member_type: VOTER last_known_addr { host: "127.23.237.67" port: 44021 } }
I20260710 11:01:48.921109 25317 raft_consensus.cc:385] T e7b5c61de000459fb04a721d5b04ad29 P b13b2321e4fd41c7b936aec83d5a0b4f [term 0 FOLLOWER]: Consensus starting up: Expiring failure detector timer to make a prompt election more likely
I20260710 11:01:48.921406 25317 raft_consensus.cc:740] T e7b5c61de000459fb04a721d5b04ad29 P b13b2321e4fd41c7b936aec83d5a0b4f [term 0 FOLLOWER]: Becoming Follower/Learner. State: Replica: b13b2321e4fd41c7b936aec83d5a0b4f, State: Initialized, Role: FOLLOWER
I20260710 11:01:48.921882 25126 tablet_service.cc:1917] Received RequestConsensusVote() RPC: tablet_id: "4787b4abbb7343c4a12c9486660b2200" candidate_uuid: "2f1165c19eb94679985b14793a870e49" candidate_term: 1 candidate_status { last_received { term: 0 index: 0 } } ignore_live_leader: false dest_uuid: "53b45f7b6e414364af2f9e0f25b02cc6" is_pre_election: true
I20260710 11:01:48.922319 25317 consensus_queue.cc:260] T e7b5c61de000459fb04a721d5b04ad29 P b13b2321e4fd41c7b936aec83d5a0b4f [NON_LEADER]: Queue going to NON_LEADER mode. State: All replicated index: 0, Majority replicated index: 0, Committed index: 0, Last appended: 0.0, Last appended by leader: 0, Current term: 0, Majority size: -1, State: 0, Mode: NON_LEADER, active raft config: opid_index: -1 OBSOLETE_local: false peers { permanent_uuid: "53b45f7b6e414364af2f9e0f25b02cc6" member_type: VOTER last_known_addr { host: "127.23.237.65" port: 37819 } } peers { permanent_uuid: "b13b2321e4fd41c7b936aec83d5a0b4f" member_type: VOTER last_known_addr { host: "127.23.237.66" port: 36653 } } peers { permanent_uuid: "2f1165c19eb94679985b14793a870e49" member_type: VOTER last_known_addr { host: "127.23.237.67" port: 44021 } }
I20260710 11:01:48.921186 25352 leader_election.cc:290] T 4787b4abbb7343c4a12c9486660b2200 P 2f1165c19eb94679985b14793a870e49 [CANDIDATE]: Term 1 pre-election: Requested pre-vote from peers 53b45f7b6e414364af2f9e0f25b02cc6 (127.23.237.65:37819), b13b2321e4fd41c7b936aec83d5a0b4f (127.23.237.66:36653)
W20260710 11:01:48.923378 25241 leader_election.cc:343] T 4787b4abbb7343c4a12c9486660b2200 P 2f1165c19eb94679985b14793a870e49 [CANDIDATE]: Term 1 pre-election: Tablet error from VoteRequest() call to peer 53b45f7b6e414364af2f9e0f25b02cc6 (127.23.237.65:37819): Illegal state: must be running to vote when last-logged opid is not known
I20260710 11:01:48.924563 25317 ts_tablet_manager.cc:1434] T e7b5c61de000459fb04a721d5b04ad29 P b13b2321e4fd41c7b936aec83d5a0b4f: Time spent starting tablet: real 0.007s	user 0.008s	sys 0.000s
I20260710 11:01:48.922303 25202 tablet_service.cc:1917] Received RequestConsensusVote() RPC: tablet_id: "4787b4abbb7343c4a12c9486660b2200" candidate_uuid: "2f1165c19eb94679985b14793a870e49" candidate_term: 1 candidate_status { last_received { term: 0 index: 0 } } ignore_live_leader: false dest_uuid: "b13b2321e4fd41c7b936aec83d5a0b4f" is_pre_election: true
I20260710 11:01:48.924813 25323 raft_consensus.cc:493] T 715f789dfc614860bd26781e030c002c P b13b2321e4fd41c7b936aec83d5a0b4f [term 0 FOLLOWER]: Starting pre-election (no leader contacted us within the election timeout)
I20260710 11:01:48.925201 25202 raft_consensus.cc:2468] T 4787b4abbb7343c4a12c9486660b2200 P b13b2321e4fd41c7b936aec83d5a0b4f [term 0 FOLLOWER]: Leader pre-election vote request: Granting yes vote for candidate 2f1165c19eb94679985b14793a870e49 in term 0.
I20260710 11:01:48.926380 25239 leader_election.cc:304] T 4787b4abbb7343c4a12c9486660b2200 P 2f1165c19eb94679985b14793a870e49 [CANDIDATE]: Term 1 pre-election: Election decided. Result: candidate won. Election summary: received 3 responses out of 3 voters: 2 yes votes; 1 no votes. yes voters: 2f1165c19eb94679985b14793a870e49, b13b2321e4fd41c7b936aec83d5a0b4f; no voters: 53b45f7b6e414364af2f9e0f25b02cc6
I20260710 11:01:48.926959 25352 raft_consensus.cc:2804] T 4787b4abbb7343c4a12c9486660b2200 P 2f1165c19eb94679985b14793a870e49 [term 0 FOLLOWER]: Leader pre-election won for term 1
I20260710 11:01:48.927241 25352 raft_consensus.cc:493] T 4787b4abbb7343c4a12c9486660b2200 P 2f1165c19eb94679985b14793a870e49 [term 0 FOLLOWER]: Starting leader election (no leader contacted us within the election timeout)
I20260710 11:01:48.927450 25352 raft_consensus.cc:3060] T 4787b4abbb7343c4a12c9486660b2200 P 2f1165c19eb94679985b14793a870e49 [term 0 FOLLOWER]: Advancing to term 1
I20260710 11:01:48.925247 25323 raft_consensus.cc:515] T 715f789dfc614860bd26781e030c002c P b13b2321e4fd41c7b936aec83d5a0b4f [term 0 FOLLOWER]: Starting pre-election with config: opid_index: -1 OBSOLETE_local: false peers { permanent_uuid: "53b45f7b6e414364af2f9e0f25b02cc6" member_type: VOTER last_known_addr { host: "127.23.237.65" port: 37819 } } peers { permanent_uuid: "b13b2321e4fd41c7b936aec83d5a0b4f" member_type: VOTER last_known_addr { host: "127.23.237.66" port: 36653 } } peers { permanent_uuid: "2f1165c19eb94679985b14793a870e49" member_type: VOTER last_known_addr { host: "127.23.237.67" port: 44021 } }
I20260710 11:01:48.931373 25323 leader_election.cc:290] T 715f789dfc614860bd26781e030c002c P b13b2321e4fd41c7b936aec83d5a0b4f [CANDIDATE]: Term 1 pre-election: Requested pre-vote from peers 53b45f7b6e414364af2f9e0f25b02cc6 (127.23.237.65:37819), 2f1165c19eb94679985b14793a870e49 (127.23.237.67:44021)
I20260710 11:01:48.932705 25126 tablet_service.cc:1917] Received RequestConsensusVote() RPC: tablet_id: "715f789dfc614860bd26781e030c002c" candidate_uuid: "b13b2321e4fd41c7b936aec83d5a0b4f" candidate_term: 1 candidate_status { last_received { term: 0 index: 0 } } ignore_live_leader: false dest_uuid: "53b45f7b6e414364af2f9e0f25b02cc6" is_pre_election: true
I20260710 11:01:48.933089 25318 tablet_bootstrap.cc:492] T 7492c9d2243b42258408952c7064d305 P 53b45f7b6e414364af2f9e0f25b02cc6: No bootstrap required, opened a new log
I20260710 11:01:48.933296 25126 raft_consensus.cc:2468] T 715f789dfc614860bd26781e030c002c P 53b45f7b6e414364af2f9e0f25b02cc6 [term 0 FOLLOWER]: Leader pre-election vote request: Granting yes vote for candidate b13b2321e4fd41c7b936aec83d5a0b4f in term 0.
I20260710 11:01:48.933507 25318 ts_tablet_manager.cc:1403] T 7492c9d2243b42258408952c7064d305 P 53b45f7b6e414364af2f9e0f25b02cc6: Time spent bootstrapping tablet: real 0.031s	user 0.019s	sys 0.002s
I20260710 11:01:48.933495 25352 raft_consensus.cc:515] T 4787b4abbb7343c4a12c9486660b2200 P 2f1165c19eb94679985b14793a870e49 [term 1 FOLLOWER]: Starting leader election with config: opid_index: -1 OBSOLETE_local: false peers { permanent_uuid: "53b45f7b6e414364af2f9e0f25b02cc6" member_type: VOTER last_known_addr { host: "127.23.237.65" port: 37819 } } peers { permanent_uuid: "b13b2321e4fd41c7b936aec83d5a0b4f" member_type: VOTER last_known_addr { host: "127.23.237.66" port: 36653 } } peers { permanent_uuid: "2f1165c19eb94679985b14793a870e49" member_type: VOTER last_known_addr { host: "127.23.237.67" port: 44021 } }
I20260710 11:01:48.933990 25275 tablet_service.cc:1917] Received RequestConsensusVote() RPC: tablet_id: "715f789dfc614860bd26781e030c002c" candidate_uuid: "b13b2321e4fd41c7b936aec83d5a0b4f" candidate_term: 1 candidate_status { last_received { term: 0 index: 0 } } ignore_live_leader: false dest_uuid: "2f1165c19eb94679985b14793a870e49" is_pre_election: true
I20260710 11:01:48.934569 25275 raft_consensus.cc:2468] T 715f789dfc614860bd26781e030c002c P 2f1165c19eb94679985b14793a870e49 [term 0 FOLLOWER]: Leader pre-election vote request: Granting yes vote for candidate b13b2321e4fd41c7b936aec83d5a0b4f in term 0.
I20260710 11:01:48.935861 25168 leader_election.cc:304] T 715f789dfc614860bd26781e030c002c P b13b2321e4fd41c7b936aec83d5a0b4f [CANDIDATE]: Term 1 pre-election: Election decided. Result: candidate won. Election summary: received 2 responses out of 3 voters: 2 yes votes; 0 no votes. yes voters: 2f1165c19eb94679985b14793a870e49, b13b2321e4fd41c7b936aec83d5a0b4f; no voters: 
I20260710 11:01:48.936151 25127 tablet_service.cc:1917] Received RequestConsensusVote() RPC: tablet_id: "4787b4abbb7343c4a12c9486660b2200" candidate_uuid: "2f1165c19eb94679985b14793a870e49" candidate_term: 1 candidate_status { last_received { term: 0 index: 0 } } ignore_live_leader: false dest_uuid: "53b45f7b6e414364af2f9e0f25b02cc6"
I20260710 11:01:48.936208 25318 raft_consensus.cc:359] T 7492c9d2243b42258408952c7064d305 P 53b45f7b6e414364af2f9e0f25b02cc6 [term 0 FOLLOWER]: Replica starting. Triggering 0 pending ops. Active config: opid_index: -1 OBSOLETE_local: false peers { permanent_uuid: "53b45f7b6e414364af2f9e0f25b02cc6" member_type: VOTER last_known_addr { host: "127.23.237.65" port: 37819 } } peers { permanent_uuid: "b13b2321e4fd41c7b936aec83d5a0b4f" member_type: VOTER last_known_addr { host: "127.23.237.66" port: 36653 } } peers { permanent_uuid: "2f1165c19eb94679985b14793a870e49" member_type: VOTER last_known_addr { host: "127.23.237.67" port: 44021 } }
I20260710 11:01:48.936729 25352 leader_election.cc:290] T 4787b4abbb7343c4a12c9486660b2200 P 2f1165c19eb94679985b14793a870e49 [CANDIDATE]: Term 1 election: Requested vote from peers 53b45f7b6e414364af2f9e0f25b02cc6 (127.23.237.65:37819), b13b2321e4fd41c7b936aec83d5a0b4f (127.23.237.66:36653)
I20260710 11:01:48.936976 25318 raft_consensus.cc:385] T 7492c9d2243b42258408952c7064d305 P 53b45f7b6e414364af2f9e0f25b02cc6 [term 0 FOLLOWER]: Consensus starting up: Expiring failure detector timer to make a prompt election more likely
I20260710 11:01:48.937260 25318 raft_consensus.cc:740] T 7492c9d2243b42258408952c7064d305 P 53b45f7b6e414364af2f9e0f25b02cc6 [term 0 FOLLOWER]: Becoming Follower/Learner. State: Replica: 53b45f7b6e414364af2f9e0f25b02cc6, State: Initialized, Role: FOLLOWER
I20260710 11:01:48.937561 25323 raft_consensus.cc:2804] T 715f789dfc614860bd26781e030c002c P b13b2321e4fd41c7b936aec83d5a0b4f [term 0 FOLLOWER]: Leader pre-election won for term 1
W20260710 11:01:48.937713 25241 leader_election.cc:343] T 4787b4abbb7343c4a12c9486660b2200 P 2f1165c19eb94679985b14793a870e49 [CANDIDATE]: Term 1 election: Tablet error from VoteRequest() call to peer 53b45f7b6e414364af2f9e0f25b02cc6 (127.23.237.65:37819): Illegal state: must be running to vote when last-logged opid is not known
I20260710 11:01:48.937901 25323 raft_consensus.cc:493] T 715f789dfc614860bd26781e030c002c P b13b2321e4fd41c7b936aec83d5a0b4f [term 0 FOLLOWER]: Starting leader election (no leader contacted us within the election timeout)
I20260710 11:01:48.938345 25323 raft_consensus.cc:3060] T 715f789dfc614860bd26781e030c002c P b13b2321e4fd41c7b936aec83d5a0b4f [term 0 FOLLOWER]: Advancing to term 1
I20260710 11:01:48.938500 25202 tablet_service.cc:1917] Received RequestConsensusVote() RPC: tablet_id: "4787b4abbb7343c4a12c9486660b2200" candidate_uuid: "2f1165c19eb94679985b14793a870e49" candidate_term: 1 candidate_status { last_received { term: 0 index: 0 } } ignore_live_leader: false dest_uuid: "b13b2321e4fd41c7b936aec83d5a0b4f"
I20260710 11:01:48.937942 25318 consensus_queue.cc:260] T 7492c9d2243b42258408952c7064d305 P 53b45f7b6e414364af2f9e0f25b02cc6 [NON_LEADER]: Queue going to NON_LEADER mode. State: All replicated index: 0, Majority replicated index: 0, Committed index: 0, Last appended: 0.0, Last appended by leader: 0, Current term: 0, Majority size: -1, State: 0, Mode: NON_LEADER, active raft config: opid_index: -1 OBSOLETE_local: false peers { permanent_uuid: "53b45f7b6e414364af2f9e0f25b02cc6" member_type: VOTER last_known_addr { host: "127.23.237.65" port: 37819 } } peers { permanent_uuid: "b13b2321e4fd41c7b936aec83d5a0b4f" member_type: VOTER last_known_addr { host: "127.23.237.66" port: 36653 } } peers { permanent_uuid: "2f1165c19eb94679985b14793a870e49" member_type: VOTER last_known_addr { host: "127.23.237.67" port: 44021 } }
I20260710 11:01:48.939029 25202 raft_consensus.cc:3060] T 4787b4abbb7343c4a12c9486660b2200 P b13b2321e4fd41c7b936aec83d5a0b4f [term 0 FOLLOWER]: Advancing to term 1
I20260710 11:01:48.940574 25318 ts_tablet_manager.cc:1434] T 7492c9d2243b42258408952c7064d305 P 53b45f7b6e414364af2f9e0f25b02cc6: Time spent starting tablet: real 0.007s	user 0.006s	sys 0.000s
I20260710 11:01:48.941416 25318 tablet_bootstrap.cc:492] T 4787b4abbb7343c4a12c9486660b2200 P 53b45f7b6e414364af2f9e0f25b02cc6: Bootstrap starting.
I20260710 11:01:48.945276 25202 raft_consensus.cc:2468] T 4787b4abbb7343c4a12c9486660b2200 P b13b2321e4fd41c7b936aec83d5a0b4f [term 1 FOLLOWER]: Leader election vote request: Granting yes vote for candidate 2f1165c19eb94679985b14793a870e49 in term 1.
I20260710 11:01:48.945128 25323 raft_consensus.cc:515] T 715f789dfc614860bd26781e030c002c P b13b2321e4fd41c7b936aec83d5a0b4f [term 1 FOLLOWER]: Starting leader election with config: opid_index: -1 OBSOLETE_local: false peers { permanent_uuid: "53b45f7b6e414364af2f9e0f25b02cc6" member_type: VOTER last_known_addr { host: "127.23.237.65" port: 37819 } } peers { permanent_uuid: "b13b2321e4fd41c7b936aec83d5a0b4f" member_type: VOTER last_known_addr { host: "127.23.237.66" port: 36653 } } peers { permanent_uuid: "2f1165c19eb94679985b14793a870e49" member_type: VOTER last_known_addr { host: "127.23.237.67" port: 44021 } }
I20260710 11:01:48.946331 25239 leader_election.cc:304] T 4787b4abbb7343c4a12c9486660b2200 P 2f1165c19eb94679985b14793a870e49 [CANDIDATE]: Term 1 election: Election decided. Result: candidate won. Election summary: received 3 responses out of 3 voters: 2 yes votes; 1 no votes. yes voters: 2f1165c19eb94679985b14793a870e49, b13b2321e4fd41c7b936aec83d5a0b4f; no voters: 53b45f7b6e414364af2f9e0f25b02cc6
I20260710 11:01:48.946671 25318 tablet_bootstrap.cc:654] T 4787b4abbb7343c4a12c9486660b2200 P 53b45f7b6e414364af2f9e0f25b02cc6: Neither blocks nor log segments found. Creating new log.
I20260710 11:01:48.947398 25352 raft_consensus.cc:2804] T 4787b4abbb7343c4a12c9486660b2200 P 2f1165c19eb94679985b14793a870e49 [term 1 FOLLOWER]: Leader election won for term 1
I20260710 11:01:48.947876 25352 raft_consensus.cc:697] T 4787b4abbb7343c4a12c9486660b2200 P 2f1165c19eb94679985b14793a870e49 [term 1 LEADER]: Becoming Leader. State: Replica: 2f1165c19eb94679985b14793a870e49, State: Running, Role: LEADER
I20260710 11:01:48.948670 25352 consensus_queue.cc:237] T 4787b4abbb7343c4a12c9486660b2200 P 2f1165c19eb94679985b14793a870e49 [LEADER]: Queue going to LEADER mode. State: All replicated index: 0, Majority replicated index: 0, Committed index: 0, Last appended: 0.0, Last appended by leader: 0, Current term: 1, Majority size: 2, State: 0, Mode: LEADER, active raft config: opid_index: -1 OBSOLETE_local: false peers { permanent_uuid: "53b45f7b6e414364af2f9e0f25b02cc6" member_type: VOTER last_known_addr { host: "127.23.237.65" port: 37819 } } peers { permanent_uuid: "b13b2321e4fd41c7b936aec83d5a0b4f" member_type: VOTER last_known_addr { host: "127.23.237.66" port: 36653 } } peers { permanent_uuid: "2f1165c19eb94679985b14793a870e49" member_type: VOTER last_known_addr { host: "127.23.237.67" port: 44021 } }
I20260710 11:01:48.948980 25127 tablet_service.cc:1917] Received RequestConsensusVote() RPC: tablet_id: "715f789dfc614860bd26781e030c002c" candidate_uuid: "b13b2321e4fd41c7b936aec83d5a0b4f" candidate_term: 1 candidate_status { last_received { term: 0 index: 0 } } ignore_live_leader: false dest_uuid: "53b45f7b6e414364af2f9e0f25b02cc6"
I20260710 11:01:48.949570 25127 raft_consensus.cc:3060] T 715f789dfc614860bd26781e030c002c P 53b45f7b6e414364af2f9e0f25b02cc6 [term 0 FOLLOWER]: Advancing to term 1
I20260710 11:01:48.950326 25275 tablet_service.cc:1917] Received RequestConsensusVote() RPC: tablet_id: "715f789dfc614860bd26781e030c002c" candidate_uuid: "b13b2321e4fd41c7b936aec83d5a0b4f" candidate_term: 1 candidate_status { last_received { term: 0 index: 0 } } ignore_live_leader: false dest_uuid: "2f1165c19eb94679985b14793a870e49"
I20260710 11:01:48.950877 25275 raft_consensus.cc:3060] T 715f789dfc614860bd26781e030c002c P 2f1165c19eb94679985b14793a870e49 [term 0 FOLLOWER]: Advancing to term 1
I20260710 11:01:48.955731 25275 raft_consensus.cc:2468] T 715f789dfc614860bd26781e030c002c P 2f1165c19eb94679985b14793a870e49 [term 1 FOLLOWER]: Leader election vote request: Granting yes vote for candidate b13b2321e4fd41c7b936aec83d5a0b4f in term 1.
I20260710 11:01:48.956364 25323 leader_election.cc:290] T 715f789dfc614860bd26781e030c002c P b13b2321e4fd41c7b936aec83d5a0b4f [CANDIDATE]: Term 1 election: Requested vote from peers 53b45f7b6e414364af2f9e0f25b02cc6 (127.23.237.65:37819), 2f1165c19eb94679985b14793a870e49 (127.23.237.67:44021)
I20260710 11:01:48.956739 25168 leader_election.cc:304] T 715f789dfc614860bd26781e030c002c P b13b2321e4fd41c7b936aec83d5a0b4f [CANDIDATE]: Term 1 election: Election decided. Result: candidate won. Election summary: received 2 responses out of 3 voters: 2 yes votes; 0 no votes. yes voters: 2f1165c19eb94679985b14793a870e49, b13b2321e4fd41c7b936aec83d5a0b4f; no voters: 
I20260710 11:01:48.957360 25127 raft_consensus.cc:2468] T 715f789dfc614860bd26781e030c002c P 53b45f7b6e414364af2f9e0f25b02cc6 [term 1 FOLLOWER]: Leader election vote request: Granting yes vote for candidate b13b2321e4fd41c7b936aec83d5a0b4f in term 1.
I20260710 11:01:48.957535 25323 raft_consensus.cc:2804] T 715f789dfc614860bd26781e030c002c P b13b2321e4fd41c7b936aec83d5a0b4f [term 1 FOLLOWER]: Leader election won for term 1
I20260710 11:01:48.959775 25323 raft_consensus.cc:697] T 715f789dfc614860bd26781e030c002c P b13b2321e4fd41c7b936aec83d5a0b4f [term 1 LEADER]: Becoming Leader. State: Replica: b13b2321e4fd41c7b936aec83d5a0b4f, State: Running, Role: LEADER
I20260710 11:01:48.960418 25318 tablet_bootstrap.cc:492] T 4787b4abbb7343c4a12c9486660b2200 P 53b45f7b6e414364af2f9e0f25b02cc6: No bootstrap required, opened a new log
I20260710 11:01:48.960959 25318 ts_tablet_manager.cc:1403] T 4787b4abbb7343c4a12c9486660b2200 P 53b45f7b6e414364af2f9e0f25b02cc6: Time spent bootstrapping tablet: real 0.020s	user 0.011s	sys 0.007s
I20260710 11:01:48.960680 25323 consensus_queue.cc:237] T 715f789dfc614860bd26781e030c002c P b13b2321e4fd41c7b936aec83d5a0b4f [LEADER]: Queue going to LEADER mode. State: All replicated index: 0, Majority replicated index: 0, Committed index: 0, Last appended: 0.0, Last appended by leader: 0, Current term: 1, Majority size: 2, State: 0, Mode: LEADER, active raft config: opid_index: -1 OBSOLETE_local: false peers { permanent_uuid: "53b45f7b6e414364af2f9e0f25b02cc6" member_type: VOTER last_known_addr { host: "127.23.237.65" port: 37819 } } peers { permanent_uuid: "b13b2321e4fd41c7b936aec83d5a0b4f" member_type: VOTER last_known_addr { host: "127.23.237.66" port: 36653 } } peers { permanent_uuid: "2f1165c19eb94679985b14793a870e49" member_type: VOTER last_known_addr { host: "127.23.237.67" port: 44021 } }
I20260710 11:01:48.963371 25318 raft_consensus.cc:359] T 4787b4abbb7343c4a12c9486660b2200 P 53b45f7b6e414364af2f9e0f25b02cc6 [term 0 FOLLOWER]: Replica starting. Triggering 0 pending ops. Active config: opid_index: -1 OBSOLETE_local: false peers { permanent_uuid: "53b45f7b6e414364af2f9e0f25b02cc6" member_type: VOTER last_known_addr { host: "127.23.237.65" port: 37819 } } peers { permanent_uuid: "b13b2321e4fd41c7b936aec83d5a0b4f" member_type: VOTER last_known_addr { host: "127.23.237.66" port: 36653 } } peers { permanent_uuid: "2f1165c19eb94679985b14793a870e49" member_type: VOTER last_known_addr { host: "127.23.237.67" port: 44021 } }
I20260710 11:01:48.964021 25318 raft_consensus.cc:385] T 4787b4abbb7343c4a12c9486660b2200 P 53b45f7b6e414364af2f9e0f25b02cc6 [term 0 FOLLOWER]: Consensus starting up: Expiring failure detector timer to make a prompt election more likely
I20260710 11:01:48.964341 25318 raft_consensus.cc:740] T 4787b4abbb7343c4a12c9486660b2200 P 53b45f7b6e414364af2f9e0f25b02cc6 [term 0 FOLLOWER]: Becoming Follower/Learner. State: Replica: 53b45f7b6e414364af2f9e0f25b02cc6, State: Initialized, Role: FOLLOWER
I20260710 11:01:48.965050 25318 consensus_queue.cc:260] T 4787b4abbb7343c4a12c9486660b2200 P 53b45f7b6e414364af2f9e0f25b02cc6 [NON_LEADER]: Queue going to NON_LEADER mode. State: All replicated index: 0, Majority replicated index: 0, Committed index: 0, Last appended: 0.0, Last appended by leader: 0, Current term: 0, Majority size: -1, State: 0, Mode: NON_LEADER, active raft config: opid_index: -1 OBSOLETE_local: false peers { permanent_uuid: "53b45f7b6e414364af2f9e0f25b02cc6" member_type: VOTER last_known_addr { host: "127.23.237.65" port: 37819 } } peers { permanent_uuid: "b13b2321e4fd41c7b936aec83d5a0b4f" member_type: VOTER last_known_addr { host: "127.23.237.66" port: 36653 } } peers { permanent_uuid: "2f1165c19eb94679985b14793a870e49" member_type: VOTER last_known_addr { host: "127.23.237.67" port: 44021 } }
I20260710 11:01:48.965562 25023 catalog_manager.cc:5697] T 4787b4abbb7343c4a12c9486660b2200 P 2f1165c19eb94679985b14793a870e49 reported cstate change: term changed from 0 to 1, leader changed from <none> to 2f1165c19eb94679985b14793a870e49 (127.23.237.67). New cstate: current_term: 1 leader_uuid: "2f1165c19eb94679985b14793a870e49" committed_config { opid_index: -1 OBSOLETE_local: false peers { permanent_uuid: "53b45f7b6e414364af2f9e0f25b02cc6" member_type: VOTER last_known_addr { host: "127.23.237.65" port: 37819 } health_report { overall_health: UNKNOWN } } peers { permanent_uuid: "b13b2321e4fd41c7b936aec83d5a0b4f" member_type: VOTER last_known_addr { host: "127.23.237.66" port: 36653 } health_report { overall_health: UNKNOWN } } peers { permanent_uuid: "2f1165c19eb94679985b14793a870e49" member_type: VOTER last_known_addr { host: "127.23.237.67" port: 44021 } health_report { overall_health: HEALTHY } } }
I20260710 11:01:48.967511 25318 ts_tablet_manager.cc:1434] T 4787b4abbb7343c4a12c9486660b2200 P 53b45f7b6e414364af2f9e0f25b02cc6: Time spent starting tablet: real 0.006s	user 0.001s	sys 0.004s
I20260710 11:01:48.969772 25025 catalog_manager.cc:5697] T 715f789dfc614860bd26781e030c002c P b13b2321e4fd41c7b936aec83d5a0b4f reported cstate change: term changed from 0 to 1, leader changed from <none> to b13b2321e4fd41c7b936aec83d5a0b4f (127.23.237.66). New cstate: current_term: 1 leader_uuid: "b13b2321e4fd41c7b936aec83d5a0b4f" committed_config { opid_index: -1 OBSOLETE_local: false peers { permanent_uuid: "53b45f7b6e414364af2f9e0f25b02cc6" member_type: VOTER last_known_addr { host: "127.23.237.65" port: 37819 } health_report { overall_health: UNKNOWN } } peers { permanent_uuid: "b13b2321e4fd41c7b936aec83d5a0b4f" member_type: VOTER last_known_addr { host: "127.23.237.66" port: 36653 } health_report { overall_health: HEALTHY } } peers { permanent_uuid: "2f1165c19eb94679985b14793a870e49" member_type: VOTER last_known_addr { host: "127.23.237.67" port: 44021 } health_report { overall_health: UNKNOWN } } }
I20260710 11:01:49.010749 25352 raft_consensus.cc:493] T 12af5b0f2de14aa6bb6b0c8802905056 P 2f1165c19eb94679985b14793a870e49 [term 0 FOLLOWER]: Starting pre-election (no leader contacted us within the election timeout)
I20260710 11:01:49.011229 25352 raft_consensus.cc:515] T 12af5b0f2de14aa6bb6b0c8802905056 P 2f1165c19eb94679985b14793a870e49 [term 0 FOLLOWER]: Starting pre-election with config: opid_index: -1 OBSOLETE_local: false peers { permanent_uuid: "53b45f7b6e414364af2f9e0f25b02cc6" member_type: VOTER last_known_addr { host: "127.23.237.65" port: 37819 } } peers { permanent_uuid: "b13b2321e4fd41c7b936aec83d5a0b4f" member_type: VOTER last_known_addr { host: "127.23.237.66" port: 36653 } } peers { permanent_uuid: "2f1165c19eb94679985b14793a870e49" member_type: VOTER last_known_addr { host: "127.23.237.67" port: 44021 } }
I20260710 11:01:49.013139 25352 leader_election.cc:290] T 12af5b0f2de14aa6bb6b0c8802905056 P 2f1165c19eb94679985b14793a870e49 [CANDIDATE]: Term 1 pre-election: Requested pre-vote from peers 53b45f7b6e414364af2f9e0f25b02cc6 (127.23.237.65:37819), b13b2321e4fd41c7b936aec83d5a0b4f (127.23.237.66:36653)
I20260710 11:01:49.013792 25127 tablet_service.cc:1917] Received RequestConsensusVote() RPC: tablet_id: "12af5b0f2de14aa6bb6b0c8802905056" candidate_uuid: "2f1165c19eb94679985b14793a870e49" candidate_term: 1 candidate_status { last_received { term: 0 index: 0 } } ignore_live_leader: false dest_uuid: "53b45f7b6e414364af2f9e0f25b02cc6" is_pre_election: true
I20260710 11:01:49.014114 25202 tablet_service.cc:1917] Received RequestConsensusVote() RPC: tablet_id: "12af5b0f2de14aa6bb6b0c8802905056" candidate_uuid: "2f1165c19eb94679985b14793a870e49" candidate_term: 1 candidate_status { last_received { term: 0 index: 0 } } ignore_live_leader: false dest_uuid: "b13b2321e4fd41c7b936aec83d5a0b4f" is_pre_election: true
I20260710 11:01:49.014464 25127 raft_consensus.cc:2468] T 12af5b0f2de14aa6bb6b0c8802905056 P 53b45f7b6e414364af2f9e0f25b02cc6 [term 0 FOLLOWER]: Leader pre-election vote request: Granting yes vote for candidate 2f1165c19eb94679985b14793a870e49 in term 0.
I20260710 11:01:49.014679 25202 raft_consensus.cc:2468] T 12af5b0f2de14aa6bb6b0c8802905056 P b13b2321e4fd41c7b936aec83d5a0b4f [term 0 FOLLOWER]: Leader pre-election vote request: Granting yes vote for candidate 2f1165c19eb94679985b14793a870e49 in term 0.
I20260710 11:01:49.015443 25241 leader_election.cc:304] T 12af5b0f2de14aa6bb6b0c8802905056 P 2f1165c19eb94679985b14793a870e49 [CANDIDATE]: Term 1 pre-election: Election decided. Result: candidate won. Election summary: received 2 responses out of 3 voters: 2 yes votes; 0 no votes. yes voters: 2f1165c19eb94679985b14793a870e49, 53b45f7b6e414364af2f9e0f25b02cc6; no voters: 
I20260710 11:01:49.016075 25352 raft_consensus.cc:2804] T 12af5b0f2de14aa6bb6b0c8802905056 P 2f1165c19eb94679985b14793a870e49 [term 0 FOLLOWER]: Leader pre-election won for term 1
I20260710 11:01:49.016378 25352 raft_consensus.cc:493] T 12af5b0f2de14aa6bb6b0c8802905056 P 2f1165c19eb94679985b14793a870e49 [term 0 FOLLOWER]: Starting leader election (no leader contacted us within the election timeout)
I20260710 11:01:49.016741 25352 raft_consensus.cc:3060] T 12af5b0f2de14aa6bb6b0c8802905056 P 2f1165c19eb94679985b14793a870e49 [term 0 FOLLOWER]: Advancing to term 1
I20260710 11:01:49.021196 25352 raft_consensus.cc:515] T 12af5b0f2de14aa6bb6b0c8802905056 P 2f1165c19eb94679985b14793a870e49 [term 1 FOLLOWER]: Starting leader election with config: opid_index: -1 OBSOLETE_local: false peers { permanent_uuid: "53b45f7b6e414364af2f9e0f25b02cc6" member_type: VOTER last_known_addr { host: "127.23.237.65" port: 37819 } } peers { permanent_uuid: "b13b2321e4fd41c7b936aec83d5a0b4f" member_type: VOTER last_known_addr { host: "127.23.237.66" port: 36653 } } peers { permanent_uuid: "2f1165c19eb94679985b14793a870e49" member_type: VOTER last_known_addr { host: "127.23.237.67" port: 44021 } }
I20260710 11:01:49.022662 25352 leader_election.cc:290] T 12af5b0f2de14aa6bb6b0c8802905056 P 2f1165c19eb94679985b14793a870e49 [CANDIDATE]: Term 1 election: Requested vote from peers 53b45f7b6e414364af2f9e0f25b02cc6 (127.23.237.65:37819), b13b2321e4fd41c7b936aec83d5a0b4f (127.23.237.66:36653)
I20260710 11:01:49.023403 25127 tablet_service.cc:1917] Received RequestConsensusVote() RPC: tablet_id: "12af5b0f2de14aa6bb6b0c8802905056" candidate_uuid: "2f1165c19eb94679985b14793a870e49" candidate_term: 1 candidate_status { last_received { term: 0 index: 0 } } ignore_live_leader: false dest_uuid: "53b45f7b6e414364af2f9e0f25b02cc6"
I20260710 11:01:49.023533 25202 tablet_service.cc:1917] Received RequestConsensusVote() RPC: tablet_id: "12af5b0f2de14aa6bb6b0c8802905056" candidate_uuid: "2f1165c19eb94679985b14793a870e49" candidate_term: 1 candidate_status { last_received { term: 0 index: 0 } } ignore_live_leader: false dest_uuid: "b13b2321e4fd41c7b936aec83d5a0b4f"
I20260710 11:01:49.023864 25127 raft_consensus.cc:3060] T 12af5b0f2de14aa6bb6b0c8802905056 P 53b45f7b6e414364af2f9e0f25b02cc6 [term 0 FOLLOWER]: Advancing to term 1
I20260710 11:01:49.024003 25202 raft_consensus.cc:3060] T 12af5b0f2de14aa6bb6b0c8802905056 P b13b2321e4fd41c7b936aec83d5a0b4f [term 0 FOLLOWER]: Advancing to term 1
I20260710 11:01:49.028645 25202 raft_consensus.cc:2468] T 12af5b0f2de14aa6bb6b0c8802905056 P b13b2321e4fd41c7b936aec83d5a0b4f [term 1 FOLLOWER]: Leader election vote request: Granting yes vote for candidate 2f1165c19eb94679985b14793a870e49 in term 1.
I20260710 11:01:49.028600 25127 raft_consensus.cc:2468] T 12af5b0f2de14aa6bb6b0c8802905056 P 53b45f7b6e414364af2f9e0f25b02cc6 [term 1 FOLLOWER]: Leader election vote request: Granting yes vote for candidate 2f1165c19eb94679985b14793a870e49 in term 1.
I20260710 11:01:49.029719 25241 leader_election.cc:304] T 12af5b0f2de14aa6bb6b0c8802905056 P 2f1165c19eb94679985b14793a870e49 [CANDIDATE]: Term 1 election: Election decided. Result: candidate won. Election summary: received 2 responses out of 3 voters: 2 yes votes; 0 no votes. yes voters: 2f1165c19eb94679985b14793a870e49, 53b45f7b6e414364af2f9e0f25b02cc6; no voters: 
I20260710 11:01:49.030388 25352 raft_consensus.cc:2804] T 12af5b0f2de14aa6bb6b0c8802905056 P 2f1165c19eb94679985b14793a870e49 [term 1 FOLLOWER]: Leader election won for term 1
I20260710 11:01:49.030777 25352 raft_consensus.cc:697] T 12af5b0f2de14aa6bb6b0c8802905056 P 2f1165c19eb94679985b14793a870e49 [term 1 LEADER]: Becoming Leader. State: Replica: 2f1165c19eb94679985b14793a870e49, State: Running, Role: LEADER
I20260710 11:01:49.031350 25352 consensus_queue.cc:237] T 12af5b0f2de14aa6bb6b0c8802905056 P 2f1165c19eb94679985b14793a870e49 [LEADER]: Queue going to LEADER mode. State: All replicated index: 0, Majority replicated index: 0, Committed index: 0, Last appended: 0.0, Last appended by leader: 0, Current term: 1, Majority size: 2, State: 0, Mode: LEADER, active raft config: opid_index: -1 OBSOLETE_local: false peers { permanent_uuid: "53b45f7b6e414364af2f9e0f25b02cc6" member_type: VOTER last_known_addr { host: "127.23.237.65" port: 37819 } } peers { permanent_uuid: "b13b2321e4fd41c7b936aec83d5a0b4f" member_type: VOTER last_known_addr { host: "127.23.237.66" port: 36653 } } peers { permanent_uuid: "2f1165c19eb94679985b14793a870e49" member_type: VOTER last_known_addr { host: "127.23.237.67" port: 44021 } }
I20260710 11:01:49.037921 25023 catalog_manager.cc:5697] T 12af5b0f2de14aa6bb6b0c8802905056 P 2f1165c19eb94679985b14793a870e49 reported cstate change: term changed from 0 to 1, leader changed from <none> to 2f1165c19eb94679985b14793a870e49 (127.23.237.67). New cstate: current_term: 1 leader_uuid: "2f1165c19eb94679985b14793a870e49" committed_config { opid_index: -1 OBSOLETE_local: false peers { permanent_uuid: "53b45f7b6e414364af2f9e0f25b02cc6" member_type: VOTER last_known_addr { host: "127.23.237.65" port: 37819 } health_report { overall_health: UNKNOWN } } peers { permanent_uuid: "b13b2321e4fd41c7b936aec83d5a0b4f" member_type: VOTER last_known_addr { host: "127.23.237.66" port: 36653 } health_report { overall_health: UNKNOWN } } peers { permanent_uuid: "2f1165c19eb94679985b14793a870e49" member_type: VOTER last_known_addr { host: "127.23.237.67" port: 44021 } health_report { overall_health: HEALTHY } } }
I20260710 11:01:49.040200 25323 raft_consensus.cc:493] T 3be5daf5123646cbba75a5185d994757 P b13b2321e4fd41c7b936aec83d5a0b4f [term 0 FOLLOWER]: Starting pre-election (no leader contacted us within the election timeout)
I20260710 11:01:49.040705 25323 raft_consensus.cc:515] T 3be5daf5123646cbba75a5185d994757 P b13b2321e4fd41c7b936aec83d5a0b4f [term 0 FOLLOWER]: Starting pre-election with config: opid_index: -1 OBSOLETE_local: false peers { permanent_uuid: "53b45f7b6e414364af2f9e0f25b02cc6" member_type: VOTER last_known_addr { host: "127.23.237.65" port: 37819 } } peers { permanent_uuid: "b13b2321e4fd41c7b936aec83d5a0b4f" member_type: VOTER last_known_addr { host: "127.23.237.66" port: 36653 } } peers { permanent_uuid: "2f1165c19eb94679985b14793a870e49" member_type: VOTER last_known_addr { host: "127.23.237.67" port: 44021 } }
I20260710 11:01:49.042658 25323 leader_election.cc:290] T 3be5daf5123646cbba75a5185d994757 P b13b2321e4fd41c7b936aec83d5a0b4f [CANDIDATE]: Term 1 pre-election: Requested pre-vote from peers 53b45f7b6e414364af2f9e0f25b02cc6 (127.23.237.65:37819), 2f1165c19eb94679985b14793a870e49 (127.23.237.67:44021)
I20260710 11:01:49.043473 25127 tablet_service.cc:1917] Received RequestConsensusVote() RPC: tablet_id: "3be5daf5123646cbba75a5185d994757" candidate_uuid: "b13b2321e4fd41c7b936aec83d5a0b4f" candidate_term: 1 candidate_status { last_received { term: 0 index: 0 } } ignore_live_leader: false dest_uuid: "53b45f7b6e414364af2f9e0f25b02cc6" is_pre_election: true
I20260710 11:01:49.043725 25275 tablet_service.cc:1917] Received RequestConsensusVote() RPC: tablet_id: "3be5daf5123646cbba75a5185d994757" candidate_uuid: "b13b2321e4fd41c7b936aec83d5a0b4f" candidate_term: 1 candidate_status { last_received { term: 0 index: 0 } } ignore_live_leader: false dest_uuid: "2f1165c19eb94679985b14793a870e49" is_pre_election: true
I20260710 11:01:49.044078 25127 raft_consensus.cc:2468] T 3be5daf5123646cbba75a5185d994757 P 53b45f7b6e414364af2f9e0f25b02cc6 [term 0 FOLLOWER]: Leader pre-election vote request: Granting yes vote for candidate b13b2321e4fd41c7b936aec83d5a0b4f in term 0.
I20260710 11:01:49.044288 25275 raft_consensus.cc:2468] T 3be5daf5123646cbba75a5185d994757 P 2f1165c19eb94679985b14793a870e49 [term 0 FOLLOWER]: Leader pre-election vote request: Granting yes vote for candidate b13b2321e4fd41c7b936aec83d5a0b4f in term 0.
I20260710 11:01:49.045310 25167 leader_election.cc:304] T 3be5daf5123646cbba75a5185d994757 P b13b2321e4fd41c7b936aec83d5a0b4f [CANDIDATE]: Term 1 pre-election: Election decided. Result: candidate won. Election summary: received 2 responses out of 3 voters: 2 yes votes; 0 no votes. yes voters: 53b45f7b6e414364af2f9e0f25b02cc6, b13b2321e4fd41c7b936aec83d5a0b4f; no voters: 
I20260710 11:01:49.046056 25323 raft_consensus.cc:2804] T 3be5daf5123646cbba75a5185d994757 P b13b2321e4fd41c7b936aec83d5a0b4f [term 0 FOLLOWER]: Leader pre-election won for term 1
I20260710 11:01:49.046351 25323 raft_consensus.cc:493] T 3be5daf5123646cbba75a5185d994757 P b13b2321e4fd41c7b936aec83d5a0b4f [term 0 FOLLOWER]: Starting leader election (no leader contacted us within the election timeout)
I20260710 11:01:49.046676 25323 raft_consensus.cc:3060] T 3be5daf5123646cbba75a5185d994757 P b13b2321e4fd41c7b936aec83d5a0b4f [term 0 FOLLOWER]: Advancing to term 1
I20260710 11:01:49.051044 25323 raft_consensus.cc:515] T 3be5daf5123646cbba75a5185d994757 P b13b2321e4fd41c7b936aec83d5a0b4f [term 1 FOLLOWER]: Starting leader election with config: opid_index: -1 OBSOLETE_local: false peers { permanent_uuid: "53b45f7b6e414364af2f9e0f25b02cc6" member_type: VOTER last_known_addr { host: "127.23.237.65" port: 37819 } } peers { permanent_uuid: "b13b2321e4fd41c7b936aec83d5a0b4f" member_type: VOTER last_known_addr { host: "127.23.237.66" port: 36653 } } peers { permanent_uuid: "2f1165c19eb94679985b14793a870e49" member_type: VOTER last_known_addr { host: "127.23.237.67" port: 44021 } }
I20260710 11:01:49.052595 25323 leader_election.cc:290] T 3be5daf5123646cbba75a5185d994757 P b13b2321e4fd41c7b936aec83d5a0b4f [CANDIDATE]: Term 1 election: Requested vote from peers 53b45f7b6e414364af2f9e0f25b02cc6 (127.23.237.65:37819), 2f1165c19eb94679985b14793a870e49 (127.23.237.67:44021)
I20260710 11:01:49.053360 25127 tablet_service.cc:1917] Received RequestConsensusVote() RPC: tablet_id: "3be5daf5123646cbba75a5185d994757" candidate_uuid: "b13b2321e4fd41c7b936aec83d5a0b4f" candidate_term: 1 candidate_status { last_received { term: 0 index: 0 } } ignore_live_leader: false dest_uuid: "53b45f7b6e414364af2f9e0f25b02cc6"
I20260710 11:01:49.053541 25275 tablet_service.cc:1917] Received RequestConsensusVote() RPC: tablet_id: "3be5daf5123646cbba75a5185d994757" candidate_uuid: "b13b2321e4fd41c7b936aec83d5a0b4f" candidate_term: 1 candidate_status { last_received { term: 0 index: 0 } } ignore_live_leader: false dest_uuid: "2f1165c19eb94679985b14793a870e49"
I20260710 11:01:49.053828 25127 raft_consensus.cc:3060] T 3be5daf5123646cbba75a5185d994757 P 53b45f7b6e414364af2f9e0f25b02cc6 [term 0 FOLLOWER]: Advancing to term 1
I20260710 11:01:49.054036 25275 raft_consensus.cc:3060] T 3be5daf5123646cbba75a5185d994757 P 2f1165c19eb94679985b14793a870e49 [term 0 FOLLOWER]: Advancing to term 1
I20260710 11:01:49.058141 25127 raft_consensus.cc:2468] T 3be5daf5123646cbba75a5185d994757 P 53b45f7b6e414364af2f9e0f25b02cc6 [term 1 FOLLOWER]: Leader election vote request: Granting yes vote for candidate b13b2321e4fd41c7b936aec83d5a0b4f in term 1.
I20260710 11:01:49.058209 25275 raft_consensus.cc:2468] T 3be5daf5123646cbba75a5185d994757 P 2f1165c19eb94679985b14793a870e49 [term 1 FOLLOWER]: Leader election vote request: Granting yes vote for candidate b13b2321e4fd41c7b936aec83d5a0b4f in term 1.
