I20260710 11:01:42.589318 14636 catalog_manager.cc:5697] T f1e8da78a72345f095db6d76fddcf5be P eb6d7f197a184ef2861c1b13f3eef7ea reported cstate change: term changed from 2 to 3, leader changed from 162ffc19231b479fb1749bee5b96a567 (127.14.67.65) to eb6d7f197a184ef2861c1b13f3eef7ea (127.14.67.66). New cstate: current_term: 3 leader_uuid: "eb6d7f197a184ef2861c1b13f3eef7ea" committed_config { opid_index: -1 OBSOLETE_local: false peers { permanent_uuid: "162ffc19231b479fb1749bee5b96a567" member_type: VOTER last_known_addr { host: "127.14.67.65" port: 37471 } health_report { overall_health: UNKNOWN } } peers { permanent_uuid: "eb6d7f197a184ef2861c1b13f3eef7ea" member_type: VOTER last_known_addr { host: "127.14.67.66" port: 45699 } health_report { overall_health: HEALTHY } } peers { permanent_uuid: "4972539090ee4bf9a124d3072fb22332" member_type: VOTER last_known_addr { host: "127.14.67.67" port: 33543 } health_report { overall_health: UNKNOWN } } }
I20260710 11:01:42.719276 14738 raft_consensus.cc:1275] T 4a7f698643ff4695814a0375ca9c629d P 162ffc19231b479fb1749bee5b96a567 [term 3 FOLLOWER]: Refusing update from remote peer eb6d7f197a184ef2861c1b13f3eef7ea: Log matching property violated. Preceding OpId in replica: term: 2 index: 2. Preceding OpId from leader: term: 3 index: 3. (index mismatch)
I20260710 11:01:42.720501 14959 consensus_queue.cc:1048] T 4a7f698643ff4695814a0375ca9c629d P eb6d7f197a184ef2861c1b13f3eef7ea [LEADER]: Connected to new peer: Peer: permanent_uuid: "162ffc19231b479fb1749bee5b96a567" member_type: VOTER last_known_addr { host: "127.14.67.65" port: 37471 }, Status: LMP_MISMATCH, Last received: 0.0, Next index: 3, Last known committed idx: 2, Time since last communication: 0.000s
I20260710 11:01:42.728044 14887 raft_consensus.cc:1275] T 4a7f698643ff4695814a0375ca9c629d P 4972539090ee4bf9a124d3072fb22332 [term 3 FOLLOWER]: Refusing update from remote peer eb6d7f197a184ef2861c1b13f3eef7ea: Log matching property violated. Preceding OpId in replica: term: 2 index: 2. Preceding OpId from leader: term: 3 index: 3. (index mismatch)
I20260710 11:01:42.729473 14959 consensus_queue.cc:1048] T 4a7f698643ff4695814a0375ca9c629d P eb6d7f197a184ef2861c1b13f3eef7ea [LEADER]: Connected to new peer: Peer: permanent_uuid: "4972539090ee4bf9a124d3072fb22332" member_type: VOTER last_known_addr { host: "127.14.67.67" port: 33543 }, Status: LMP_MISMATCH, Last received: 0.0, Next index: 3, Last known committed idx: 2, Time since last communication: 0.000s
I20260710 11:01:42.800824 14738 raft_consensus.cc:1275] T 73c039d1933548aca2ef43681ebf77c2 P 162ffc19231b479fb1749bee5b96a567 [term 3 FOLLOWER]: Refusing update from remote peer eb6d7f197a184ef2861c1b13f3eef7ea: Log matching property violated. Preceding OpId in replica: term: 2 index: 2. Preceding OpId from leader: term: 3 index: 3. (index mismatch)
I20260710 11:01:42.802083 14959 consensus_queue.cc:1048] T 73c039d1933548aca2ef43681ebf77c2 P eb6d7f197a184ef2861c1b13f3eef7ea [LEADER]: Connected to new peer: Peer: permanent_uuid: "162ffc19231b479fb1749bee5b96a567" member_type: VOTER last_known_addr { host: "127.14.67.65" port: 37471 }, Status: LMP_MISMATCH, Last received: 0.0, Next index: 3, Last known committed idx: 2, Time since last communication: 0.000s
I20260710 11:01:42.811631 14887 raft_consensus.cc:1275] T 73c039d1933548aca2ef43681ebf77c2 P 4972539090ee4bf9a124d3072fb22332 [term 3 FOLLOWER]: Refusing update from remote peer eb6d7f197a184ef2861c1b13f3eef7ea: Log matching property violated. Preceding OpId in replica: term: 2 index: 2. Preceding OpId from leader: term: 3 index: 3. (index mismatch)
I20260710 11:01:42.813015 15070 consensus_queue.cc:1048] T 73c039d1933548aca2ef43681ebf77c2 P eb6d7f197a184ef2861c1b13f3eef7ea [LEADER]: Connected to new peer: Peer: permanent_uuid: "4972539090ee4bf9a124d3072fb22332" member_type: VOTER last_known_addr { host: "127.14.67.67" port: 33543 }, Status: LMP_MISMATCH, Last received: 0.0, Next index: 3, Last known committed idx: 2, Time since last communication: 0.000s
I20260710 11:01:42.933912 14738 raft_consensus.cc:1275] T a990dbcd154844d3b8fb5bca87caa027 P 162ffc19231b479fb1749bee5b96a567 [term 4 FOLLOWER]: Refusing update from remote peer eb6d7f197a184ef2861c1b13f3eef7ea: Log matching property violated. Preceding OpId in replica: term: 3 index: 3. Preceding OpId from leader: term: 4 index: 4. (index mismatch)
I20260710 11:01:42.935034 15070 consensus_queue.cc:1048] T a990dbcd154844d3b8fb5bca87caa027 P eb6d7f197a184ef2861c1b13f3eef7ea [LEADER]: Connected to new peer: Peer: permanent_uuid: "162ffc19231b479fb1749bee5b96a567" member_type: VOTER last_known_addr { host: "127.14.67.65" port: 37471 }, Status: LMP_MISMATCH, Last received: 0.0, Next index: 4, Last known committed idx: 3, Time since last communication: 0.000s
I20260710 11:01:42.942456 14887 raft_consensus.cc:1275] T a990dbcd154844d3b8fb5bca87caa027 P 4972539090ee4bf9a124d3072fb22332 [term 4 FOLLOWER]: Refusing update from remote peer eb6d7f197a184ef2861c1b13f3eef7ea: Log matching property violated. Preceding OpId in replica: term: 3 index: 3. Preceding OpId from leader: term: 4 index: 4. (index mismatch)
I20260710 11:01:42.944764 14959 consensus_queue.cc:1048] T a990dbcd154844d3b8fb5bca87caa027 P eb6d7f197a184ef2861c1b13f3eef7ea [LEADER]: Connected to new peer: Peer: permanent_uuid: "4972539090ee4bf9a124d3072fb22332" member_type: VOTER last_known_addr { host: "127.14.67.67" port: 33543 }, Status: LMP_MISMATCH, Last received: 0.0, Next index: 4, Last known committed idx: 3, Time since last communication: 0.000s
I20260710 11:01:42.961162 14738 raft_consensus.cc:1275] T 9b4d41871e474fb3a2d20bc667bebffc P 162ffc19231b479fb1749bee5b96a567 [term 2 FOLLOWER]: Refusing update from remote peer eb6d7f197a184ef2861c1b13f3eef7ea: Log matching property violated. Preceding OpId in replica: term: 1 index: 1. Preceding OpId from leader: term: 2 index: 2. (index mismatch)
I20260710 11:01:42.962163 15063 consensus_queue.cc:1048] T 9b4d41871e474fb3a2d20bc667bebffc P eb6d7f197a184ef2861c1b13f3eef7ea [LEADER]: Connected to new peer: Peer: permanent_uuid: "162ffc19231b479fb1749bee5b96a567" member_type: VOTER last_known_addr { host: "127.14.67.65" port: 37471 }, Status: LMP_MISMATCH, Last received: 0.0, Next index: 2, Last known committed idx: 1, Time since last communication: 0.000s
I20260710 11:01:42.969981 14887 raft_consensus.cc:1275] T 9b4d41871e474fb3a2d20bc667bebffc P 4972539090ee4bf9a124d3072fb22332 [term 2 FOLLOWER]: Refusing update from remote peer eb6d7f197a184ef2861c1b13f3eef7ea: Log matching property violated. Preceding OpId in replica: term: 1 index: 1. Preceding OpId from leader: term: 2 index: 2. (index mismatch)
I20260710 11:01:42.971376 15063 consensus_queue.cc:1048] T 9b4d41871e474fb3a2d20bc667bebffc P eb6d7f197a184ef2861c1b13f3eef7ea [LEADER]: Connected to new peer: Peer: permanent_uuid: "4972539090ee4bf9a124d3072fb22332" member_type: VOTER last_known_addr { host: "127.14.67.67" port: 33543 }, Status: LMP_MISMATCH, Last received: 0.0, Next index: 2, Last known committed idx: 1, Time since last communication: 0.000s
I20260710 11:01:43.034209 14887 raft_consensus.cc:1275] T f1e8da78a72345f095db6d76fddcf5be P 4972539090ee4bf9a124d3072fb22332 [term 3 FOLLOWER]: Refusing update from remote peer eb6d7f197a184ef2861c1b13f3eef7ea: Log matching property violated. Preceding OpId in replica: term: 2 index: 2. Preceding OpId from leader: term: 3 index: 3. (index mismatch)
I20260710 11:01:43.035746 15063 consensus_queue.cc:1048] T f1e8da78a72345f095db6d76fddcf5be P eb6d7f197a184ef2861c1b13f3eef7ea [LEADER]: Connected to new peer: Peer: permanent_uuid: "4972539090ee4bf9a124d3072fb22332" member_type: VOTER last_known_addr { host: "127.14.67.67" port: 33543 }, Status: LMP_MISMATCH, Last received: 0.0, Next index: 3, Last known committed idx: 2, Time since last communication: 0.001s
I20260710 11:01:43.046967 14738 raft_consensus.cc:1275] T f1e8da78a72345f095db6d76fddcf5be P 162ffc19231b479fb1749bee5b96a567 [term 3 FOLLOWER]: Refusing update from remote peer eb6d7f197a184ef2861c1b13f3eef7ea: Log matching property violated. Preceding OpId in replica: term: 2 index: 2. Preceding OpId from leader: term: 3 index: 3. (index mismatch)
I20260710 11:01:43.048755 15057 consensus_queue.cc:1048] T f1e8da78a72345f095db6d76fddcf5be P eb6d7f197a184ef2861c1b13f3eef7ea [LEADER]: Connected to new peer: Peer: permanent_uuid: "162ffc19231b479fb1749bee5b96a567" member_type: VOTER last_known_addr { host: "127.14.67.65" port: 37471 }, Status: LMP_MISMATCH, Last received: 0.0, Next index: 3, Last known committed idx: 2, Time since last communication: 0.000s
I20260710 11:01:45.098374 14605 auto_leader_rebalancer.cc:141] leader rebalance for table test-workload
I20260710 11:01:45.105369 14815 tablet_service.cc:2072] Received LeaderStepDown RPC: tablet_id: "46939b4a3f97440d83590a2ddfc038eb"
dest_uuid: "eb6d7f197a184ef2861c1b13f3eef7ea"
mode: GRACEFUL
new_leader_uuid: "162ffc19231b479fb1749bee5b96a567"
 from {username='slave'} at 127.0.0.1:59710
I20260710 11:01:45.106038 14815 raft_consensus.cc:606] T 46939b4a3f97440d83590a2ddfc038eb P eb6d7f197a184ef2861c1b13f3eef7ea [term 2 LEADER]: Received request to transfer leadership to TS 162ffc19231b479fb1749bee5b96a567
I20260710 11:01:45.108409 14815 tablet_service.cc:2072] Received LeaderStepDown RPC: tablet_id: "73c039d1933548aca2ef43681ebf77c2"
dest_uuid: "eb6d7f197a184ef2861c1b13f3eef7ea"
mode: GRACEFUL
new_leader_uuid: "162ffc19231b479fb1749bee5b96a567"
 from {username='slave'} at 127.0.0.1:59710
I20260710 11:01:45.108742 14815 raft_consensus.cc:606] T 73c039d1933548aca2ef43681ebf77c2 P eb6d7f197a184ef2861c1b13f3eef7ea [term 3 LEADER]: Received request to transfer leadership to TS 162ffc19231b479fb1749bee5b96a567
I20260710 11:01:45.110687 14815 tablet_service.cc:2072] Received LeaderStepDown RPC: tablet_id: "914994f9fbc642b1a3efd51b2aa6d183"
dest_uuid: "eb6d7f197a184ef2861c1b13f3eef7ea"
mode: GRACEFUL
new_leader_uuid: "162ffc19231b479fb1749bee5b96a567"
 from {username='slave'} at 127.0.0.1:59710
I20260710 11:01:45.111013 14815 raft_consensus.cc:606] T 914994f9fbc642b1a3efd51b2aa6d183 P eb6d7f197a184ef2861c1b13f3eef7ea [term 2 LEADER]: Received request to transfer leadership to TS 162ffc19231b479fb1749bee5b96a567
I20260710 11:01:45.112812 14815 tablet_service.cc:2072] Received LeaderStepDown RPC: tablet_id: "9b4d41871e474fb3a2d20bc667bebffc"
dest_uuid: "eb6d7f197a184ef2861c1b13f3eef7ea"
mode: GRACEFUL
new_leader_uuid: "4972539090ee4bf9a124d3072fb22332"
 from {username='slave'} at 127.0.0.1:59710
I20260710 11:01:45.113129 14815 raft_consensus.cc:606] T 9b4d41871e474fb3a2d20bc667bebffc P eb6d7f197a184ef2861c1b13f3eef7ea [term 2 LEADER]: Received request to transfer leadership to TS 4972539090ee4bf9a124d3072fb22332
I20260710 11:01:45.115003 14815 tablet_service.cc:2072] Received LeaderStepDown RPC: tablet_id: "a990dbcd154844d3b8fb5bca87caa027"
dest_uuid: "eb6d7f197a184ef2861c1b13f3eef7ea"
mode: GRACEFUL
new_leader_uuid: "4972539090ee4bf9a124d3072fb22332"
 from {username='slave'} at 127.0.0.1:59710
I20260710 11:01:45.115334 14815 raft_consensus.cc:606] T a990dbcd154844d3b8fb5bca87caa027 P eb6d7f197a184ef2861c1b13f3eef7ea [term 4 LEADER]: Received request to transfer leadership to TS 4972539090ee4bf9a124d3072fb22332
I20260710 11:01:45.116179 14605 auto_leader_rebalancer.cc:452] table: test-workload, leader rebalance finish, leader transfer count: 5
I20260710 11:01:45.116578 14605 auto_leader_rebalancer.cc:527] All tables' leader rebalancing finished this round
I20260710 11:01:45.207192 15078 raft_consensus.cc:993] T 9b4d41871e474fb3a2d20bc667bebffc P eb6d7f197a184ef2861c1b13f3eef7ea: : Instructing follower 4972539090ee4bf9a124d3072fb22332 to start an election
I20260710 11:01:45.207787 15081 raft_consensus.cc:1081] T 9b4d41871e474fb3a2d20bc667bebffc P eb6d7f197a184ef2861c1b13f3eef7ea [term 2 LEADER]: Signalling peer 4972539090ee4bf9a124d3072fb22332 to start an election
I20260710 11:01:45.209136 14887 tablet_service.cc:2044] Received Run Leader Election RPC: tablet_id: "9b4d41871e474fb3a2d20bc667bebffc"
dest_uuid: "4972539090ee4bf9a124d3072fb22332"
 from {username='slave'} at 127.0.0.1:47676
I20260710 11:01:45.209575 14887 raft_consensus.cc:493] T 9b4d41871e474fb3a2d20bc667bebffc P 4972539090ee4bf9a124d3072fb22332 [term 2 FOLLOWER]: Starting forced leader election (received explicit request)
I20260710 11:01:45.209885 14887 raft_consensus.cc:3060] T 9b4d41871e474fb3a2d20bc667bebffc P 4972539090ee4bf9a124d3072fb22332 [term 2 FOLLOWER]: Advancing to term 3
I20260710 11:01:45.214391 14887 raft_consensus.cc:515] T 9b4d41871e474fb3a2d20bc667bebffc P 4972539090ee4bf9a124d3072fb22332 [term 3 FOLLOWER]: Starting forced leader election with config: opid_index: -1 OBSOLETE_local: false peers { permanent_uuid: "162ffc19231b479fb1749bee5b96a567" member_type: VOTER last_known_addr { host: "127.14.67.65" port: 37471 } } peers { permanent_uuid: "eb6d7f197a184ef2861c1b13f3eef7ea" member_type: VOTER last_known_addr { host: "127.14.67.66" port: 45699 } } peers { permanent_uuid: "4972539090ee4bf9a124d3072fb22332" member_type: VOTER last_known_addr { host: "127.14.67.67" port: 33543 } }
I20260710 11:01:45.215775 14887 leader_election.cc:290] T 9b4d41871e474fb3a2d20bc667bebffc P 4972539090ee4bf9a124d3072fb22332 [CANDIDATE]: Term 3 election: Requested vote from peers 162ffc19231b479fb1749bee5b96a567 (127.14.67.65:37471), eb6d7f197a184ef2861c1b13f3eef7ea (127.14.67.66:45699)
I20260710 11:01:45.216745 14738 tablet_service.cc:1917] Received RequestConsensusVote() RPC: tablet_id: "9b4d41871e474fb3a2d20bc667bebffc" candidate_uuid: "4972539090ee4bf9a124d3072fb22332" candidate_term: 3 candidate_status { last_received { term: 2 index: 2 } } ignore_live_leader: true dest_uuid: "162ffc19231b479fb1749bee5b96a567"
I20260710 11:01:45.216962 14815 tablet_service.cc:1917] Received RequestConsensusVote() RPC: tablet_id: "9b4d41871e474fb3a2d20bc667bebffc" candidate_uuid: "4972539090ee4bf9a124d3072fb22332" candidate_term: 3 candidate_status { last_received { term: 2 index: 2 } } ignore_live_leader: true dest_uuid: "eb6d7f197a184ef2861c1b13f3eef7ea"
I20260710 11:01:45.217424 14738 raft_consensus.cc:3060] T 9b4d41871e474fb3a2d20bc667bebffc P 162ffc19231b479fb1749bee5b96a567 [term 2 FOLLOWER]: Advancing to term 3
I20260710 11:01:45.217449 14815 raft_consensus.cc:3055] T 9b4d41871e474fb3a2d20bc667bebffc P eb6d7f197a184ef2861c1b13f3eef7ea [term 2 LEADER]: Stepping down as leader of term 2
I20260710 11:01:45.217934 14815 raft_consensus.cc:740] T 9b4d41871e474fb3a2d20bc667bebffc P eb6d7f197a184ef2861c1b13f3eef7ea [term 2 LEADER]: Becoming Follower/Learner. State: Replica: eb6d7f197a184ef2861c1b13f3eef7ea, State: Running, Role: LEADER
I20260710 11:01:45.218694 14815 consensus_queue.cc:260] T 9b4d41871e474fb3a2d20bc667bebffc P eb6d7f197a184ef2861c1b13f3eef7ea [NON_LEADER]: Queue going to NON_LEADER mode. State: All replicated index: 0, Majority replicated index: 2, Committed index: 2, Last appended: 2.2, Last appended by leader: 2, Current term: 2, Majority size: -1, State: 0, Mode: NON_LEADER, active raft config: opid_index: -1 OBSOLETE_local: false peers { permanent_uuid: "162ffc19231b479fb1749bee5b96a567" member_type: VOTER last_known_addr { host: "127.14.67.65" port: 37471 } } peers { permanent_uuid: "eb6d7f197a184ef2861c1b13f3eef7ea" member_type: VOTER last_known_addr { host: "127.14.67.66" port: 45699 } } peers { permanent_uuid: "4972539090ee4bf9a124d3072fb22332" member_type: VOTER last_known_addr { host: "127.14.67.67" port: 33543 } }
I20260710 11:01:45.219908 14815 raft_consensus.cc:3060] T 9b4d41871e474fb3a2d20bc667bebffc P eb6d7f197a184ef2861c1b13f3eef7ea [term 2 FOLLOWER]: Advancing to term 3
I20260710 11:01:45.223603 14738 raft_consensus.cc:2468] T 9b4d41871e474fb3a2d20bc667bebffc P 162ffc19231b479fb1749bee5b96a567 [term 3 FOLLOWER]: Leader election vote request: Granting yes vote for candidate 4972539090ee4bf9a124d3072fb22332 in term 3.
I20260710 11:01:45.224730 14854 leader_election.cc:304] T 9b4d41871e474fb3a2d20bc667bebffc P 4972539090ee4bf9a124d3072fb22332 [CANDIDATE]: Term 3 election: Election decided. Result: candidate won. Election summary: received 2 responses out of 3 voters: 2 yes votes; 0 no votes. yes voters: 162ffc19231b479fb1749bee5b96a567, 4972539090ee4bf9a124d3072fb22332; no voters: 
I20260710 11:01:45.225518 15051 raft_consensus.cc:2804] T 9b4d41871e474fb3a2d20bc667bebffc P 4972539090ee4bf9a124d3072fb22332 [term 3 FOLLOWER]: Leader election won for term 3
I20260710 11:01:45.225667 14815 raft_consensus.cc:2468] T 9b4d41871e474fb3a2d20bc667bebffc P eb6d7f197a184ef2861c1b13f3eef7ea [term 3 FOLLOWER]: Leader election vote request: Granting yes vote for candidate 4972539090ee4bf9a124d3072fb22332 in term 3.
I20260710 11:01:45.226488 15051 raft_consensus.cc:697] T 9b4d41871e474fb3a2d20bc667bebffc P 4972539090ee4bf9a124d3072fb22332 [term 3 LEADER]: Becoming Leader. State: Replica: 4972539090ee4bf9a124d3072fb22332, State: Running, Role: LEADER
I20260710 11:01:45.227401 15051 consensus_queue.cc:237] T 9b4d41871e474fb3a2d20bc667bebffc P 4972539090ee4bf9a124d3072fb22332 [LEADER]: Queue going to LEADER mode. State: All replicated index: 0, Majority replicated index: 2, Committed index: 2, Last appended: 2.2, Last appended by leader: 2, Current term: 3, Majority size: 2, State: 0, Mode: LEADER, active raft config: opid_index: -1 OBSOLETE_local: false peers { permanent_uuid: "162ffc19231b479fb1749bee5b96a567" member_type: VOTER last_known_addr { host: "127.14.67.65" port: 37471 } } peers { permanent_uuid: "eb6d7f197a184ef2861c1b13f3eef7ea" member_type: VOTER last_known_addr { host: "127.14.67.66" port: 45699 } } peers { permanent_uuid: "4972539090ee4bf9a124d3072fb22332" member_type: VOTER last_known_addr { host: "127.14.67.67" port: 33543 } }
I20260710 11:01:45.234968 14636 catalog_manager.cc:5697] T 9b4d41871e474fb3a2d20bc667bebffc P 4972539090ee4bf9a124d3072fb22332 reported cstate change: term changed from 2 to 3, leader changed from eb6d7f197a184ef2861c1b13f3eef7ea (127.14.67.66) to 4972539090ee4bf9a124d3072fb22332 (127.14.67.67). New cstate: current_term: 3 leader_uuid: "4972539090ee4bf9a124d3072fb22332" committed_config { opid_index: -1 OBSOLETE_local: false peers { permanent_uuid: "162ffc19231b479fb1749bee5b96a567" member_type: VOTER last_known_addr { host: "127.14.67.65" port: 37471 } health_report { overall_health: UNKNOWN } } peers { permanent_uuid: "eb6d7f197a184ef2861c1b13f3eef7ea" member_type: VOTER last_known_addr { host: "127.14.67.66" port: 45699 } health_report { overall_health: UNKNOWN } } peers { permanent_uuid: "4972539090ee4bf9a124d3072fb22332" member_type: VOTER last_known_addr { host: "127.14.67.67" port: 33543 } health_report { overall_health: HEALTHY } } }
I20260710 11:01:45.264564 15078 raft_consensus.cc:993] T a990dbcd154844d3b8fb5bca87caa027 P eb6d7f197a184ef2861c1b13f3eef7ea: : Instructing follower 4972539090ee4bf9a124d3072fb22332 to start an election
I20260710 11:01:45.264952 15081 raft_consensus.cc:1081] T a990dbcd154844d3b8fb5bca87caa027 P eb6d7f197a184ef2861c1b13f3eef7ea [term 4 LEADER]: Signalling peer 4972539090ee4bf9a124d3072fb22332 to start an election
I20260710 11:01:45.266238 14887 tablet_service.cc:2044] Received Run Leader Election RPC: tablet_id: "a990dbcd154844d3b8fb5bca87caa027"
dest_uuid: "4972539090ee4bf9a124d3072fb22332"
 from {username='slave'} at 127.0.0.1:47676
I20260710 11:01:45.266624 14887 raft_consensus.cc:493] T a990dbcd154844d3b8fb5bca87caa027 P 4972539090ee4bf9a124d3072fb22332 [term 4 FOLLOWER]: Starting forced leader election (received explicit request)
I20260710 11:01:45.266887 14887 raft_consensus.cc:3060] T a990dbcd154844d3b8fb5bca87caa027 P 4972539090ee4bf9a124d3072fb22332 [term 4 FOLLOWER]: Advancing to term 5
I20260710 11:01:45.270526 14887 raft_consensus.cc:515] T a990dbcd154844d3b8fb5bca87caa027 P 4972539090ee4bf9a124d3072fb22332 [term 5 FOLLOWER]: Starting forced leader election with config: opid_index: -1 OBSOLETE_local: false peers { permanent_uuid: "162ffc19231b479fb1749bee5b96a567" member_type: VOTER last_known_addr { host: "127.14.67.65" port: 37471 } } peers { permanent_uuid: "eb6d7f197a184ef2861c1b13f3eef7ea" member_type: VOTER last_known_addr { host: "127.14.67.66" port: 45699 } } peers { permanent_uuid: "4972539090ee4bf9a124d3072fb22332" member_type: VOTER last_known_addr { host: "127.14.67.67" port: 33543 } }
I20260710 11:01:45.271839 14887 leader_election.cc:290] T a990dbcd154844d3b8fb5bca87caa027 P 4972539090ee4bf9a124d3072fb22332 [CANDIDATE]: Term 5 election: Requested vote from peers 162ffc19231b479fb1749bee5b96a567 (127.14.67.65:37471), eb6d7f197a184ef2861c1b13f3eef7ea (127.14.67.66:45699)
I20260710 11:01:45.272442 14738 tablet_service.cc:1917] Received RequestConsensusVote() RPC: tablet_id: "a990dbcd154844d3b8fb5bca87caa027" candidate_uuid: "4972539090ee4bf9a124d3072fb22332" candidate_term: 5 candidate_status { last_received { term: 4 index: 4 } } ignore_live_leader: true dest_uuid: "162ffc19231b479fb1749bee5b96a567"
I20260710 11:01:45.272744 14815 tablet_service.cc:1917] Received RequestConsensusVote() RPC: tablet_id: "a990dbcd154844d3b8fb5bca87caa027" candidate_uuid: "4972539090ee4bf9a124d3072fb22332" candidate_term: 5 candidate_status { last_received { term: 4 index: 4 } } ignore_live_leader: true dest_uuid: "eb6d7f197a184ef2861c1b13f3eef7ea"
I20260710 11:01:45.273018 14738 raft_consensus.cc:3060] T a990dbcd154844d3b8fb5bca87caa027 P 162ffc19231b479fb1749bee5b96a567 [term 4 FOLLOWER]: Advancing to term 5
I20260710 11:01:45.273286 14815 raft_consensus.cc:3055] T a990dbcd154844d3b8fb5bca87caa027 P eb6d7f197a184ef2861c1b13f3eef7ea [term 4 LEADER]: Stepping down as leader of term 4
I20260710 11:01:45.273589 14815 raft_consensus.cc:740] T a990dbcd154844d3b8fb5bca87caa027 P eb6d7f197a184ef2861c1b13f3eef7ea [term 4 LEADER]: Becoming Follower/Learner. State: Replica: eb6d7f197a184ef2861c1b13f3eef7ea, State: Running, Role: LEADER
I20260710 11:01:45.274215 14815 consensus_queue.cc:260] T a990dbcd154844d3b8fb5bca87caa027 P eb6d7f197a184ef2861c1b13f3eef7ea [NON_LEADER]: Queue going to NON_LEADER mode. State: All replicated index: 0, Majority replicated index: 4, Committed index: 4, Last appended: 4.4, Last appended by leader: 4, Current term: 4, Majority size: -1, State: 0, Mode: NON_LEADER, active raft config: opid_index: -1 OBSOLETE_local: false peers { permanent_uuid: "162ffc19231b479fb1749bee5b96a567" member_type: VOTER last_known_addr { host: "127.14.67.65" port: 37471 } } peers { permanent_uuid: "eb6d7f197a184ef2861c1b13f3eef7ea" member_type: VOTER last_known_addr { host: "127.14.67.66" port: 45699 } } peers { permanent_uuid: "4972539090ee4bf9a124d3072fb22332" member_type: VOTER last_known_addr { host: "127.14.67.67" port: 33543 } }
I20260710 11:01:45.274938 14815 raft_consensus.cc:3060] T a990dbcd154844d3b8fb5bca87caa027 P eb6d7f197a184ef2861c1b13f3eef7ea [term 4 FOLLOWER]: Advancing to term 5
I20260710 11:01:45.276908 14738 raft_consensus.cc:2468] T a990dbcd154844d3b8fb5bca87caa027 P 162ffc19231b479fb1749bee5b96a567 [term 5 FOLLOWER]: Leader election vote request: Granting yes vote for candidate 4972539090ee4bf9a124d3072fb22332 in term 5.
I20260710 11:01:45.277738 14854 leader_election.cc:304] T a990dbcd154844d3b8fb5bca87caa027 P 4972539090ee4bf9a124d3072fb22332 [CANDIDATE]: Term 5 election: Election decided. Result: candidate won. Election summary: received 2 responses out of 3 voters: 2 yes votes; 0 no votes. yes voters: 162ffc19231b479fb1749bee5b96a567, 4972539090ee4bf9a124d3072fb22332; no voters: 
I20260710 11:01:45.278460 15051 raft_consensus.cc:2804] T a990dbcd154844d3b8fb5bca87caa027 P 4972539090ee4bf9a124d3072fb22332 [term 5 FOLLOWER]: Leader election won for term 5
I20260710 11:01:45.278854 15051 raft_consensus.cc:697] T a990dbcd154844d3b8fb5bca87caa027 P 4972539090ee4bf9a124d3072fb22332 [term 5 LEADER]: Becoming Leader. State: Replica: 4972539090ee4bf9a124d3072fb22332, State: Running, Role: LEADER
I20260710 11:01:45.279134 14815 raft_consensus.cc:2468] T a990dbcd154844d3b8fb5bca87caa027 P eb6d7f197a184ef2861c1b13f3eef7ea [term 5 FOLLOWER]: Leader election vote request: Granting yes vote for candidate 4972539090ee4bf9a124d3072fb22332 in term 5.
I20260710 11:01:45.279603 15051 consensus_queue.cc:237] T a990dbcd154844d3b8fb5bca87caa027 P 4972539090ee4bf9a124d3072fb22332 [LEADER]: Queue going to LEADER mode. State: All replicated index: 0, Majority replicated index: 4, Committed index: 4, Last appended: 4.4, Last appended by leader: 4, Current term: 5, Majority size: 2, State: 0, Mode: LEADER, active raft config: opid_index: -1 OBSOLETE_local: false peers { permanent_uuid: "162ffc19231b479fb1749bee5b96a567" member_type: VOTER last_known_addr { host: "127.14.67.65" port: 37471 } } peers { permanent_uuid: "eb6d7f197a184ef2861c1b13f3eef7ea" member_type: VOTER last_known_addr { host: "127.14.67.66" port: 45699 } } peers { permanent_uuid: "4972539090ee4bf9a124d3072fb22332" member_type: VOTER last_known_addr { host: "127.14.67.67" port: 33543 } }
I20260710 11:01:45.285720 14636 catalog_manager.cc:5697] T a990dbcd154844d3b8fb5bca87caa027 P 4972539090ee4bf9a124d3072fb22332 reported cstate change: term changed from 4 to 5, leader changed from eb6d7f197a184ef2861c1b13f3eef7ea (127.14.67.66) to 4972539090ee4bf9a124d3072fb22332 (127.14.67.67). New cstate: current_term: 5 leader_uuid: "4972539090ee4bf9a124d3072fb22332" committed_config { opid_index: -1 OBSOLETE_local: false peers { permanent_uuid: "162ffc19231b479fb1749bee5b96a567" member_type: VOTER last_known_addr { host: "127.14.67.65" port: 37471 } health_report { overall_health: UNKNOWN } } peers { permanent_uuid: "eb6d7f197a184ef2861c1b13f3eef7ea" member_type: VOTER last_known_addr { host: "127.14.67.66" port: 45699 } health_report { overall_health: UNKNOWN } } peers { permanent_uuid: "4972539090ee4bf9a124d3072fb22332" member_type: VOTER last_known_addr { host: "127.14.67.67" port: 33543 } health_report { overall_health: HEALTHY } } }
I20260710 11:01:45.299451 15078 raft_consensus.cc:993] T 914994f9fbc642b1a3efd51b2aa6d183 P eb6d7f197a184ef2861c1b13f3eef7ea: : Instructing follower 162ffc19231b479fb1749bee5b96a567 to start an election
I20260710 11:01:45.299803 15081 raft_consensus.cc:1081] T 914994f9fbc642b1a3efd51b2aa6d183 P eb6d7f197a184ef2861c1b13f3eef7ea [term 2 LEADER]: Signalling peer 162ffc19231b479fb1749bee5b96a567 to start an election
I20260710 11:01:45.301163 14738 tablet_service.cc:2044] Received Run Leader Election RPC: tablet_id: "914994f9fbc642b1a3efd51b2aa6d183"
dest_uuid: "162ffc19231b479fb1749bee5b96a567"
 from {username='slave'} at 127.0.0.1:50080
I20260710 11:01:45.301558 14738 raft_consensus.cc:493] T 914994f9fbc642b1a3efd51b2aa6d183 P 162ffc19231b479fb1749bee5b96a567 [term 2 FOLLOWER]: Starting forced leader election (received explicit request)
I20260710 11:01:45.301823 14738 raft_consensus.cc:3060] T 914994f9fbc642b1a3efd51b2aa6d183 P 162ffc19231b479fb1749bee5b96a567 [term 2 FOLLOWER]: Advancing to term 3
I20260710 11:01:45.305320 14738 raft_consensus.cc:515] T 914994f9fbc642b1a3efd51b2aa6d183 P 162ffc19231b479fb1749bee5b96a567 [term 3 FOLLOWER]: Starting forced leader election with config: opid_index: -1 OBSOLETE_local: false peers { permanent_uuid: "162ffc19231b479fb1749bee5b96a567" member_type: VOTER last_known_addr { host: "127.14.67.65" port: 37471 } } peers { permanent_uuid: "eb6d7f197a184ef2861c1b13f3eef7ea" member_type: VOTER last_known_addr { host: "127.14.67.66" port: 45699 } } peers { permanent_uuid: "4972539090ee4bf9a124d3072fb22332" member_type: VOTER last_known_addr { host: "127.14.67.67" port: 33543 } }
I20260710 11:01:45.307648 14738 leader_election.cc:290] T 914994f9fbc642b1a3efd51b2aa6d183 P 162ffc19231b479fb1749bee5b96a567 [CANDIDATE]: Term 3 election: Requested vote from peers eb6d7f197a184ef2861c1b13f3eef7ea (127.14.67.66:45699), 4972539090ee4bf9a124d3072fb22332 (127.14.67.67:33543)
I20260710 11:01:45.307864 14815 tablet_service.cc:1917] Received RequestConsensusVote() RPC: tablet_id: "914994f9fbc642b1a3efd51b2aa6d183" candidate_uuid: "162ffc19231b479fb1749bee5b96a567" candidate_term: 3 candidate_status { last_received { term: 2 index: 2 } } ignore_live_leader: true dest_uuid: "eb6d7f197a184ef2861c1b13f3eef7ea"
I20260710 11:01:45.308373 14815 raft_consensus.cc:3055] T 914994f9fbc642b1a3efd51b2aa6d183 P eb6d7f197a184ef2861c1b13f3eef7ea [term 2 LEADER]: Stepping down as leader of term 2
I20260710 11:01:45.308398 14887 tablet_service.cc:1917] Received RequestConsensusVote() RPC: tablet_id: "914994f9fbc642b1a3efd51b2aa6d183" candidate_uuid: "162ffc19231b479fb1749bee5b96a567" candidate_term: 3 candidate_status { last_received { term: 2 index: 2 } } ignore_live_leader: true dest_uuid: "4972539090ee4bf9a124d3072fb22332"
I20260710 11:01:45.308626 14815 raft_consensus.cc:740] T 914994f9fbc642b1a3efd51b2aa6d183 P eb6d7f197a184ef2861c1b13f3eef7ea [term 2 LEADER]: Becoming Follower/Learner. State: Replica: eb6d7f197a184ef2861c1b13f3eef7ea, State: Running, Role: LEADER
I20260710 11:01:45.308934 14887 raft_consensus.cc:3060] T 914994f9fbc642b1a3efd51b2aa6d183 P 4972539090ee4bf9a124d3072fb22332 [term 2 FOLLOWER]: Advancing to term 3
I20260710 11:01:45.309406 14815 consensus_queue.cc:260] T 914994f9fbc642b1a3efd51b2aa6d183 P eb6d7f197a184ef2861c1b13f3eef7ea [NON_LEADER]: Queue going to NON_LEADER mode. State: All replicated index: 0, Majority replicated index: 2, Committed index: 2, Last appended: 2.2, Last appended by leader: 2, Current term: 2, Majority size: -1, State: 0, Mode: NON_LEADER, active raft config: opid_index: -1 OBSOLETE_local: false peers { permanent_uuid: "162ffc19231b479fb1749bee5b96a567" member_type: VOTER last_known_addr { host: "127.14.67.65" port: 37471 } } peers { permanent_uuid: "eb6d7f197a184ef2861c1b13f3eef7ea" member_type: VOTER last_known_addr { host: "127.14.67.66" port: 45699 } } peers { permanent_uuid: "4972539090ee4bf9a124d3072fb22332" member_type: VOTER last_known_addr { host: "127.14.67.67" port: 33543 } }
I20260710 11:01:45.310222 14815 raft_consensus.cc:3060] T 914994f9fbc642b1a3efd51b2aa6d183 P eb6d7f197a184ef2861c1b13f3eef7ea [term 2 FOLLOWER]: Advancing to term 3
I20260710 11:01:45.312626 14887 raft_consensus.cc:2468] T 914994f9fbc642b1a3efd51b2aa6d183 P 4972539090ee4bf9a124d3072fb22332 [term 3 FOLLOWER]: Leader election vote request: Granting yes vote for candidate 162ffc19231b479fb1749bee5b96a567 in term 3.
I20260710 11:01:45.313711 14704 leader_election.cc:304] T 914994f9fbc642b1a3efd51b2aa6d183 P 162ffc19231b479fb1749bee5b96a567 [CANDIDATE]: Term 3 election: Election decided. Result: candidate won. Election summary: received 2 responses out of 3 voters: 2 yes votes; 0 no votes. yes voters: 162ffc19231b479fb1749bee5b96a567, 4972539090ee4bf9a124d3072fb22332; no voters: 
I20260710 11:01:45.314126 14815 raft_consensus.cc:2468] T 914994f9fbc642b1a3efd51b2aa6d183 P eb6d7f197a184ef2861c1b13f3eef7ea [term 3 FOLLOWER]: Leader election vote request: Granting yes vote for candidate 162ffc19231b479fb1749bee5b96a567 in term 3.
I20260710 11:01:45.315796 15089 raft_consensus.cc:2804] T 914994f9fbc642b1a3efd51b2aa6d183 P 162ffc19231b479fb1749bee5b96a567 [term 3 FOLLOWER]: Leader election won for term 3
I20260710 11:01:45.316865 15089 raft_consensus.cc:697] T 914994f9fbc642b1a3efd51b2aa6d183 P 162ffc19231b479fb1749bee5b96a567 [term 3 LEADER]: Becoming Leader. State: Replica: 162ffc19231b479fb1749bee5b96a567, State: Running, Role: LEADER
I20260710 11:01:45.317723 15089 consensus_queue.cc:237] T 914994f9fbc642b1a3efd51b2aa6d183 P 162ffc19231b479fb1749bee5b96a567 [LEADER]: Queue going to LEADER mode. State: All replicated index: 0, Majority replicated index: 2, Committed index: 2, Last appended: 2.2, Last appended by leader: 2, Current term: 3, Majority size: 2, State: 0, Mode: LEADER, active raft config: opid_index: -1 OBSOLETE_local: false peers { permanent_uuid: "162ffc19231b479fb1749bee5b96a567" member_type: VOTER last_known_addr { host: "127.14.67.65" port: 37471 } } peers { permanent_uuid: "eb6d7f197a184ef2861c1b13f3eef7ea" member_type: VOTER last_known_addr { host: "127.14.67.66" port: 45699 } } peers { permanent_uuid: "4972539090ee4bf9a124d3072fb22332" member_type: VOTER last_known_addr { host: "127.14.67.67" port: 33543 } }
I20260710 11:01:45.323510 14636 catalog_manager.cc:5697] T 914994f9fbc642b1a3efd51b2aa6d183 P 162ffc19231b479fb1749bee5b96a567 reported cstate change: term changed from 2 to 3, leader changed from eb6d7f197a184ef2861c1b13f3eef7ea (127.14.67.66) to 162ffc19231b479fb1749bee5b96a567 (127.14.67.65). New cstate: current_term: 3 leader_uuid: "162ffc19231b479fb1749bee5b96a567" committed_config { opid_index: -1 OBSOLETE_local: false peers { permanent_uuid: "162ffc19231b479fb1749bee5b96a567" member_type: VOTER last_known_addr { host: "127.14.67.65" port: 37471 } health_report { overall_health: HEALTHY } } peers { permanent_uuid: "eb6d7f197a184ef2861c1b13f3eef7ea" member_type: VOTER last_known_addr { host: "127.14.67.66" port: 45699 } health_report { overall_health: UNKNOWN } } peers { permanent_uuid: "4972539090ee4bf9a124d3072fb22332" member_type: VOTER last_known_addr { host: "127.14.67.67" port: 33543 } health_report { overall_health: UNKNOWN } } }
I20260710 11:01:45.508665 15078 raft_consensus.cc:993] T 73c039d1933548aca2ef43681ebf77c2 P eb6d7f197a184ef2861c1b13f3eef7ea: : Instructing follower 162ffc19231b479fb1749bee5b96a567 to start an election
I20260710 11:01:45.509069 15081 raft_consensus.cc:1081] T 73c039d1933548aca2ef43681ebf77c2 P eb6d7f197a184ef2861c1b13f3eef7ea [term 3 LEADER]: Signalling peer 162ffc19231b479fb1749bee5b96a567 to start an election
I20260710 11:01:45.510309 14738 tablet_service.cc:2044] Received Run Leader Election RPC: tablet_id: "73c039d1933548aca2ef43681ebf77c2"
dest_uuid: "162ffc19231b479fb1749bee5b96a567"
 from {username='slave'} at 127.0.0.1:50080
I20260710 11:01:45.510715 14738 raft_consensus.cc:493] T 73c039d1933548aca2ef43681ebf77c2 P 162ffc19231b479fb1749bee5b96a567 [term 3 FOLLOWER]: Starting forced leader election (received explicit request)
I20260710 11:01:45.510978 14738 raft_consensus.cc:3060] T 73c039d1933548aca2ef43681ebf77c2 P 162ffc19231b479fb1749bee5b96a567 [term 3 FOLLOWER]: Advancing to term 4
I20260710 11:01:45.515115 14738 raft_consensus.cc:515] T 73c039d1933548aca2ef43681ebf77c2 P 162ffc19231b479fb1749bee5b96a567 [term 4 FOLLOWER]: Starting forced leader election with config: opid_index: -1 OBSOLETE_local: false peers { permanent_uuid: "162ffc19231b479fb1749bee5b96a567" member_type: VOTER last_known_addr { host: "127.14.67.65" port: 37471 } } peers { permanent_uuid: "eb6d7f197a184ef2861c1b13f3eef7ea" member_type: VOTER last_known_addr { host: "127.14.67.66" port: 45699 } } peers { permanent_uuid: "4972539090ee4bf9a124d3072fb22332" member_type: VOTER last_known_addr { host: "127.14.67.67" port: 33543 } }
I20260710 11:01:45.516441 14738 leader_election.cc:290] T 73c039d1933548aca2ef43681ebf77c2 P 162ffc19231b479fb1749bee5b96a567 [CANDIDATE]: Term 4 election: Requested vote from peers eb6d7f197a184ef2861c1b13f3eef7ea (127.14.67.66:45699), 4972539090ee4bf9a124d3072fb22332 (127.14.67.67:33543)
I20260710 11:01:45.517123 14815 tablet_service.cc:1917] Received RequestConsensusVote() RPC: tablet_id: "73c039d1933548aca2ef43681ebf77c2" candidate_uuid: "162ffc19231b479fb1749bee5b96a567" candidate_term: 4 candidate_status { last_received { term: 3 index: 3 } } ignore_live_leader: true dest_uuid: "eb6d7f197a184ef2861c1b13f3eef7ea"
I20260710 11:01:45.517364 14887 tablet_service.cc:1917] Received RequestConsensusVote() RPC: tablet_id: "73c039d1933548aca2ef43681ebf77c2" candidate_uuid: "162ffc19231b479fb1749bee5b96a567" candidate_term: 4 candidate_status { last_received { term: 3 index: 3 } } ignore_live_leader: true dest_uuid: "4972539090ee4bf9a124d3072fb22332"
I20260710 11:01:45.517617 14815 raft_consensus.cc:3055] T 73c039d1933548aca2ef43681ebf77c2 P eb6d7f197a184ef2861c1b13f3eef7ea [term 3 LEADER]: Stepping down as leader of term 3
I20260710 11:01:45.517815 14887 raft_consensus.cc:3060] T 73c039d1933548aca2ef43681ebf77c2 P 4972539090ee4bf9a124d3072fb22332 [term 3 FOLLOWER]: Advancing to term 4
I20260710 11:01:45.517933 14815 raft_consensus.cc:740] T 73c039d1933548aca2ef43681ebf77c2 P eb6d7f197a184ef2861c1b13f3eef7ea [term 3 LEADER]: Becoming Follower/Learner. State: Replica: eb6d7f197a184ef2861c1b13f3eef7ea, State: Running, Role: LEADER
I20260710 11:01:45.518657 14815 consensus_queue.cc:260] T 73c039d1933548aca2ef43681ebf77c2 P eb6d7f197a184ef2861c1b13f3eef7ea [NON_LEADER]: Queue going to NON_LEADER mode. State: All replicated index: 0, Majority replicated index: 3, Committed index: 3, Last appended: 3.3, Last appended by leader: 3, Current term: 3, Majority size: -1, State: 0, Mode: NON_LEADER, active raft config: opid_index: -1 OBSOLETE_local: false peers { permanent_uuid: "162ffc19231b479fb1749bee5b96a567" member_type: VOTER last_known_addr { host: "127.14.67.65" port: 37471 } } peers { permanent_uuid: "eb6d7f197a184ef2861c1b13f3eef7ea" member_type: VOTER last_known_addr { host: "127.14.67.66" port: 45699 } } peers { permanent_uuid: "4972539090ee4bf9a124d3072fb22332" member_type: VOTER last_known_addr { host: "127.14.67.67" port: 33543 } }
I20260710 11:01:45.519670 14815 raft_consensus.cc:3060] T 73c039d1933548aca2ef43681ebf77c2 P eb6d7f197a184ef2861c1b13f3eef7ea [term 3 FOLLOWER]: Advancing to term 4
I20260710 11:01:45.523279 14887 raft_consensus.cc:2468] T 73c039d1933548aca2ef43681ebf77c2 P 4972539090ee4bf9a124d3072fb22332 [term 4 FOLLOWER]: Leader election vote request: Granting yes vote for candidate 162ffc19231b479fb1749bee5b96a567 in term 4.
I20260710 11:01:45.524186 14704 leader_election.cc:304] T 73c039d1933548aca2ef43681ebf77c2 P 162ffc19231b479fb1749bee5b96a567 [CANDIDATE]: Term 4 election: Election decided. Result: candidate won. Election summary: received 2 responses out of 3 voters: 2 yes votes; 0 no votes. yes voters: 162ffc19231b479fb1749bee5b96a567, 4972539090ee4bf9a124d3072fb22332; no voters: 
I20260710 11:01:45.524781 14815 raft_consensus.cc:2468] T 73c039d1933548aca2ef43681ebf77c2 P eb6d7f197a184ef2861c1b13f3eef7ea [term 4 FOLLOWER]: Leader election vote request: Granting yes vote for candidate 162ffc19231b479fb1749bee5b96a567 in term 4.
I20260710 11:01:45.524825 15089 raft_consensus.cc:2804] T 73c039d1933548aca2ef43681ebf77c2 P 162ffc19231b479fb1749bee5b96a567 [term 4 FOLLOWER]: Leader election won for term 4
I20260710 11:01:45.525410 15089 raft_consensus.cc:697] T 73c039d1933548aca2ef43681ebf77c2 P 162ffc19231b479fb1749bee5b96a567 [term 4 LEADER]: Becoming Leader. State: Replica: 162ffc19231b479fb1749bee5b96a567, State: Running, Role: LEADER
I20260710 11:01:45.526412 15089 consensus_queue.cc:237] T 73c039d1933548aca2ef43681ebf77c2 P 162ffc19231b479fb1749bee5b96a567 [LEADER]: Queue going to LEADER mode. State: All replicated index: 0, Majority replicated index: 3, Committed index: 3, Last appended: 3.3, Last appended by leader: 3, Current term: 4, Majority size: 2, State: 0, Mode: LEADER, active raft config: opid_index: -1 OBSOLETE_local: false peers { permanent_uuid: "162ffc19231b479fb1749bee5b96a567" member_type: VOTER last_known_addr { host: "127.14.67.65" port: 37471 } } peers { permanent_uuid: "eb6d7f197a184ef2861c1b13f3eef7ea" member_type: VOTER last_known_addr { host: "127.14.67.66" port: 45699 } } peers { permanent_uuid: "4972539090ee4bf9a124d3072fb22332" member_type: VOTER last_known_addr { host: "127.14.67.67" port: 33543 } }
I20260710 11:01:45.532116 14636 catalog_manager.cc:5697] T 73c039d1933548aca2ef43681ebf77c2 P 162ffc19231b479fb1749bee5b96a567 reported cstate change: term changed from 3 to 4, leader changed from eb6d7f197a184ef2861c1b13f3eef7ea (127.14.67.66) to 162ffc19231b479fb1749bee5b96a567 (127.14.67.65). New cstate: current_term: 4 leader_uuid: "162ffc19231b479fb1749bee5b96a567" committed_config { opid_index: -1 OBSOLETE_local: false peers { permanent_uuid: "162ffc19231b479fb1749bee5b96a567" member_type: VOTER last_known_addr { host: "127.14.67.65" port: 37471 } health_report { overall_health: HEALTHY } } peers { permanent_uuid: "eb6d7f197a184ef2861c1b13f3eef7ea" member_type: VOTER last_known_addr { host: "127.14.67.66" port: 45699 } health_report { overall_health: UNKNOWN } } peers { permanent_uuid: "4972539090ee4bf9a124d3072fb22332" member_type: VOTER last_known_addr { host: "127.14.67.67" port: 33543 } health_report { overall_health: UNKNOWN } } }
I20260710 11:01:45.537868 15078 raft_consensus.cc:993] T 46939b4a3f97440d83590a2ddfc038eb P eb6d7f197a184ef2861c1b13f3eef7ea: : Instructing follower 162ffc19231b479fb1749bee5b96a567 to start an election
I20260710 11:01:45.538327 15081 raft_consensus.cc:1081] T 46939b4a3f97440d83590a2ddfc038eb P eb6d7f197a184ef2861c1b13f3eef7ea [term 2 LEADER]: Signalling peer 162ffc19231b479fb1749bee5b96a567 to start an election
I20260710 11:01:45.539896 14738 tablet_service.cc:2044] Received Run Leader Election RPC: tablet_id: "46939b4a3f97440d83590a2ddfc038eb"
dest_uuid: "162ffc19231b479fb1749bee5b96a567"
 from {username='slave'} at 127.0.0.1:50080
I20260710 11:01:45.540360 14738 raft_consensus.cc:493] T 46939b4a3f97440d83590a2ddfc038eb P 162ffc19231b479fb1749bee5b96a567 [term 2 FOLLOWER]: Starting forced leader election (received explicit request)
I20260710 11:01:45.540619 14738 raft_consensus.cc:3060] T 46939b4a3f97440d83590a2ddfc038eb P 162ffc19231b479fb1749bee5b96a567 [term 2 FOLLOWER]: Advancing to term 3
I20260710 11:01:45.544111 14738 raft_consensus.cc:515] T 46939b4a3f97440d83590a2ddfc038eb P 162ffc19231b479fb1749bee5b96a567 [term 3 FOLLOWER]: Starting forced leader election with config: opid_index: -1 OBSOLETE_local: false peers { permanent_uuid: "162ffc19231b479fb1749bee5b96a567" member_type: VOTER last_known_addr { host: "127.14.67.65" port: 37471 } } peers { permanent_uuid: "eb6d7f197a184ef2861c1b13f3eef7ea" member_type: VOTER last_known_addr { host: "127.14.67.66" port: 45699 } } peers { permanent_uuid: "4972539090ee4bf9a124d3072fb22332" member_type: VOTER last_known_addr { host: "127.14.67.67" port: 33543 } }
I20260710 11:01:45.546172 14738 leader_election.cc:290] T 46939b4a3f97440d83590a2ddfc038eb P 162ffc19231b479fb1749bee5b96a567 [CANDIDATE]: Term 3 election: Requested vote from peers eb6d7f197a184ef2861c1b13f3eef7ea (127.14.67.66:45699), 4972539090ee4bf9a124d3072fb22332 (127.14.67.67:33543)
I20260710 11:01:45.546618 14887 tablet_service.cc:1917] Received RequestConsensusVote() RPC: tablet_id: "46939b4a3f97440d83590a2ddfc038eb" candidate_uuid: "162ffc19231b479fb1749bee5b96a567" candidate_term: 3 candidate_status { last_received { term: 2 index: 2 } } ignore_live_leader: true dest_uuid: "4972539090ee4bf9a124d3072fb22332"
I20260710 11:01:45.546730 14815 tablet_service.cc:1917] Received RequestConsensusVote() RPC: tablet_id: "46939b4a3f97440d83590a2ddfc038eb" candidate_uuid: "162ffc19231b479fb1749bee5b96a567" candidate_term: 3 candidate_status { last_received { term: 2 index: 2 } } ignore_live_leader: true dest_uuid: "eb6d7f197a184ef2861c1b13f3eef7ea"
I20260710 11:01:45.547181 14815 raft_consensus.cc:3055] T 46939b4a3f97440d83590a2ddfc038eb P eb6d7f197a184ef2861c1b13f3eef7ea [term 2 LEADER]: Stepping down as leader of term 2
I20260710 11:01:45.547148 14887 raft_consensus.cc:3060] T 46939b4a3f97440d83590a2ddfc038eb P 4972539090ee4bf9a124d3072fb22332 [term 2 FOLLOWER]: Advancing to term 3
I20260710 11:01:45.547549 14815 raft_consensus.cc:740] T 46939b4a3f97440d83590a2ddfc038eb P eb6d7f197a184ef2861c1b13f3eef7ea [term 2 LEADER]: Becoming Follower/Learner. State: Replica: eb6d7f197a184ef2861c1b13f3eef7ea, State: Running, Role: LEADER
I20260710 11:01:45.548298 14815 consensus_queue.cc:260] T 46939b4a3f97440d83590a2ddfc038eb P eb6d7f197a184ef2861c1b13f3eef7ea [NON_LEADER]: Queue going to NON_LEADER mode. State: All replicated index: 0, Majority replicated index: 2, Committed index: 2, Last appended: 2.2, Last appended by leader: 2, Current term: 2, Majority size: -1, State: 0, Mode: NON_LEADER, active raft config: opid_index: -1 OBSOLETE_local: false peers { permanent_uuid: "162ffc19231b479fb1749bee5b96a567" member_type: VOTER last_known_addr { host: "127.14.67.65" port: 37471 } } peers { permanent_uuid: "eb6d7f197a184ef2861c1b13f3eef7ea" member_type: VOTER last_known_addr { host: "127.14.67.66" port: 45699 } } peers { permanent_uuid: "4972539090ee4bf9a124d3072fb22332" member_type: VOTER last_known_addr { host: "127.14.67.67" port: 33543 } }
I20260710 11:01:45.549058 14815 raft_consensus.cc:3060] T 46939b4a3f97440d83590a2ddfc038eb P eb6d7f197a184ef2861c1b13f3eef7ea [term 2 FOLLOWER]: Advancing to term 3
I20260710 11:01:45.551105 14887 raft_consensus.cc:2468] T 46939b4a3f97440d83590a2ddfc038eb P 4972539090ee4bf9a124d3072fb22332 [term 3 FOLLOWER]: Leader election vote request: Granting yes vote for candidate 162ffc19231b479fb1749bee5b96a567 in term 3.
I20260710 11:01:45.551891 14704 leader_election.cc:304] T 46939b4a3f97440d83590a2ddfc038eb P 162ffc19231b479fb1749bee5b96a567 [CANDIDATE]: Term 3 election: Election decided. Result: candidate won. Election summary: received 2 responses out of 3 voters: 2 yes votes; 0 no votes. yes voters: 162ffc19231b479fb1749bee5b96a567, 4972539090ee4bf9a124d3072fb22332; no voters: 
I20260710 11:01:45.552590 15089 raft_consensus.cc:2804] T 46939b4a3f97440d83590a2ddfc038eb P 162ffc19231b479fb1749bee5b96a567 [term 3 FOLLOWER]: Leader election won for term 3
I20260710 11:01:45.552865 14815 raft_consensus.cc:2468] T 46939b4a3f97440d83590a2ddfc038eb P eb6d7f197a184ef2861c1b13f3eef7ea [term 3 FOLLOWER]: Leader election vote request: Granting yes vote for candidate 162ffc19231b479fb1749bee5b96a567 in term 3.
I20260710 11:01:45.553079 15089 raft_consensus.cc:697] T 46939b4a3f97440d83590a2ddfc038eb P 162ffc19231b479fb1749bee5b96a567 [term 3 LEADER]: Becoming Leader. State: Replica: 162ffc19231b479fb1749bee5b96a567, State: Running, Role: LEADER
I20260710 11:01:45.554162 15089 consensus_queue.cc:237] T 46939b4a3f97440d83590a2ddfc038eb P 162ffc19231b479fb1749bee5b96a567 [LEADER]: Queue going to LEADER mode. State: All replicated index: 0, Majority replicated index: 2, Committed index: 2, Last appended: 2.2, Last appended by leader: 2, Current term: 3, Majority size: 2, State: 0, Mode: LEADER, active raft config: opid_index: -1 OBSOLETE_local: false peers { permanent_uuid: "162ffc19231b479fb1749bee5b96a567" member_type: VOTER last_known_addr { host: "127.14.67.65" port: 37471 } } peers { permanent_uuid: "eb6d7f197a184ef2861c1b13f3eef7ea" member_type: VOTER last_known_addr { host: "127.14.67.66" port: 45699 } } peers { permanent_uuid: "4972539090ee4bf9a124d3072fb22332" member_type: VOTER last_known_addr { host: "127.14.67.67" port: 33543 } }
I20260710 11:01:45.559979 14636 catalog_manager.cc:5697] T 46939b4a3f97440d83590a2ddfc038eb P 162ffc19231b479fb1749bee5b96a567 reported cstate change: term changed from 2 to 3, leader changed from eb6d7f197a184ef2861c1b13f3eef7ea (127.14.67.66) to 162ffc19231b479fb1749bee5b96a567 (127.14.67.65). New cstate: current_term: 3 leader_uuid: "162ffc19231b479fb1749bee5b96a567" committed_config { opid_index: -1 OBSOLETE_local: false peers { permanent_uuid: "162ffc19231b479fb1749bee5b96a567" member_type: VOTER last_known_addr { host: "127.14.67.65" port: 37471 } health_report { overall_health: HEALTHY } } peers { permanent_uuid: "eb6d7f197a184ef2861c1b13f3eef7ea" member_type: VOTER last_known_addr { host: "127.14.67.66" port: 45699 } health_report { overall_health: UNKNOWN } } peers { permanent_uuid: "4972539090ee4bf9a124d3072fb22332" member_type: VOTER last_known_addr { host: "127.14.67.67" port: 33543 } health_report { overall_health: UNKNOWN } } }
I20260710 11:01:45.608915 14815 raft_consensus.cc:1275] T 9b4d41871e474fb3a2d20bc667bebffc P eb6d7f197a184ef2861c1b13f3eef7ea [term 3 FOLLOWER]: Refusing update from remote peer 4972539090ee4bf9a124d3072fb22332: Log matching property violated. Preceding OpId in replica: term: 2 index: 2. Preceding OpId from leader: term: 3 index: 3. (index mismatch)
I20260710 11:01:45.610008 15051 consensus_queue.cc:1048] T 9b4d41871e474fb3a2d20bc667bebffc P 4972539090ee4bf9a124d3072fb22332 [LEADER]: Connected to new peer: Peer: permanent_uuid: "eb6d7f197a184ef2861c1b13f3eef7ea" member_type: VOTER last_known_addr { host: "127.14.67.66" port: 45699 }, Status: LMP_MISMATCH, Last received: 0.0, Next index: 3, Last known committed idx: 2, Time since last communication: 0.000s
I20260710 11:01:45.618373 14738 raft_consensus.cc:1275] T 9b4d41871e474fb3a2d20bc667bebffc P 162ffc19231b479fb1749bee5b96a567 [term 3 FOLLOWER]: Refusing update from remote peer 4972539090ee4bf9a124d3072fb22332: Log matching property violated. Preceding OpId in replica: term: 2 index: 2. Preceding OpId from leader: term: 3 index: 3. (index mismatch)
I20260710 11:01:45.620122 15082 consensus_queue.cc:1048] T 9b4d41871e474fb3a2d20bc667bebffc P 4972539090ee4bf9a124d3072fb22332 [LEADER]: Connected to new peer: Peer: permanent_uuid: "162ffc19231b479fb1749bee5b96a567" member_type: VOTER last_known_addr { host: "127.14.67.65" port: 37471 }, Status: LMP_MISMATCH, Last received: 0.0, Next index: 3, Last known committed idx: 2, Time since last communication: 0.001s
I20260710 11:01:45.672451 14815 raft_consensus.cc:1275] T a990dbcd154844d3b8fb5bca87caa027 P eb6d7f197a184ef2861c1b13f3eef7ea [term 5 FOLLOWER]: Refusing update from remote peer 4972539090ee4bf9a124d3072fb22332: Log matching property violated. Preceding OpId in replica: term: 4 index: 4. Preceding OpId from leader: term: 5 index: 5. (index mismatch)
I20260710 11:01:45.673558 15096 consensus_queue.cc:1048] T a990dbcd154844d3b8fb5bca87caa027 P 4972539090ee4bf9a124d3072fb22332 [LEADER]: Connected to new peer: Peer: permanent_uuid: "eb6d7f197a184ef2861c1b13f3eef7ea" member_type: VOTER last_known_addr { host: "127.14.67.66" port: 45699 }, Status: LMP_MISMATCH, Last received: 0.0, Next index: 5, Last known committed idx: 4, Time since last communication: 0.000s
