I20260710 11:01:58.985425 15884 raft_consensus.cc:2468] T 6ee0961b520b4e509d38ff0d04a4c59f P 4d847ff392954984a6fbbcb4e0679d8d [term 1 FOLLOWER]: Leader election vote request: Granting yes vote for candidate c460cd63f6b844018bc5e69018ffba5f in term 1.
W20260710 11:01:58.986032 15848 leader_election.cc:343] T c760fe3f344447e893ba80346ca06ce0 P 4d847ff392954984a6fbbcb4e0679d8d [CANDIDATE]: Term 1 pre-election: Tablet error from VoteRequest() call to peer ed8b1a336fe84b6685b6008581be0ee3 (127.14.67.65:46737): Illegal state: must be running to vote when last-logged opid is not known
I20260710 11:01:58.983717 15736 tablet_service.cc:1917] Received RequestConsensusVote() RPC: tablet_id: "0c9339ce233044ce95065dbc2cb5e0c7" candidate_uuid: "c460cd63f6b844018bc5e69018ffba5f" candidate_term: 1 candidate_status { last_received { term: 0 index: 0 } } ignore_live_leader: false dest_uuid: "ed8b1a336fe84b6685b6008581be0ee3" is_pre_election: true
I20260710 11:01:58.985998 15885 raft_consensus.cc:2468] T c3e12f27f7fc476bbb0864a00013b1a1 P 4d847ff392954984a6fbbcb4e0679d8d [term 0 FOLLOWER]: Leader pre-election vote request: Granting yes vote for candidate ed8b1a336fe84b6685b6008581be0ee3 in term 0.
W20260710 11:01:58.986616 15850 leader_election.cc:343] T c760fe3f344447e893ba80346ca06ce0 P 4d847ff392954984a6fbbcb4e0679d8d [CANDIDATE]: Term 1 pre-election: Tablet error from VoteRequest() call to peer c460cd63f6b844018bc5e69018ffba5f (127.14.67.66:43447): Illegal state: must be running to vote when last-logged opid is not known
I20260710 11:01:58.987048 15850 leader_election.cc:304] T c760fe3f344447e893ba80346ca06ce0 P 4d847ff392954984a6fbbcb4e0679d8d [CANDIDATE]: Term 1 pre-election: Election decided. Result: candidate lost. Election summary: received 3 responses out of 3 voters: 1 yes votes; 2 no votes. yes voters: 4d847ff392954984a6fbbcb4e0679d8d; no voters: c460cd63f6b844018bc5e69018ffba5f, ed8b1a336fe84b6685b6008581be0ee3
I20260710 11:01:58.987481 15933 leader_election.cc:290] T 6ee0961b520b4e509d38ff0d04a4c59f P c460cd63f6b844018bc5e69018ffba5f [CANDIDATE]: Term 1 election: Requested vote from peers ed8b1a336fe84b6685b6008581be0ee3 (127.14.67.65:46737), 4d847ff392954984a6fbbcb4e0679d8d (127.14.67.67:38759)
I20260710 11:01:58.988188 15699 leader_election.cc:304] T c3e12f27f7fc476bbb0864a00013b1a1 P ed8b1a336fe84b6685b6008581be0ee3 [CANDIDATE]: Term 1 pre-election: Election decided. Result: candidate won. Election summary: received 2 responses out of 3 voters: 2 yes votes; 0 no votes. yes voters: 4d847ff392954984a6fbbcb4e0679d8d, ed8b1a336fe84b6685b6008581be0ee3; no voters: 
I20260710 11:01:58.988977 15932 raft_consensus.cc:2804] T c3e12f27f7fc476bbb0864a00013b1a1 P ed8b1a336fe84b6685b6008581be0ee3 [term 0 FOLLOWER]: Leader pre-election won for term 1
I20260710 11:01:58.989521 15932 raft_consensus.cc:493] T c3e12f27f7fc476bbb0864a00013b1a1 P ed8b1a336fe84b6685b6008581be0ee3 [term 0 FOLLOWER]: Starting leader election (no leader contacted us within the election timeout)
I20260710 11:01:58.989929 15932 raft_consensus.cc:3060] T c3e12f27f7fc476bbb0864a00013b1a1 P ed8b1a336fe84b6685b6008581be0ee3 [term 0 FOLLOWER]: Advancing to term 1
W20260710 11:01:58.990453 15774 leader_election.cc:343] T 0c9339ce233044ce95065dbc2cb5e0c7 P c460cd63f6b844018bc5e69018ffba5f [CANDIDATE]: Term 1 pre-election: Tablet error from VoteRequest() call to peer ed8b1a336fe84b6685b6008581be0ee3 (127.14.67.65:46737): Illegal state: must be running to vote when last-logged opid is not known
I20260710 11:01:58.990859 15774 leader_election.cc:304] T 0c9339ce233044ce95065dbc2cb5e0c7 P c460cd63f6b844018bc5e69018ffba5f [CANDIDATE]: Term 1 pre-election: Election decided. Result: candidate lost. Election summary: received 3 responses out of 3 voters: 1 yes votes; 2 no votes. yes voters: c460cd63f6b844018bc5e69018ffba5f; no voters: 4d847ff392954984a6fbbcb4e0679d8d, ed8b1a336fe84b6685b6008581be0ee3
I20260710 11:01:58.991065 15960 raft_consensus.cc:2749] T c760fe3f344447e893ba80346ca06ce0 P 4d847ff392954984a6fbbcb4e0679d8d [term 0 FOLLOWER]: Leader pre-election lost for term 1. Reason: could not achieve majority
I20260710 11:01:58.992223 15983 raft_consensus.cc:2749] T 0c9339ce233044ce95065dbc2cb5e0c7 P c460cd63f6b844018bc5e69018ffba5f [term 0 FOLLOWER]: Leader pre-election lost for term 1. Reason: could not achieve majority
I20260710 11:01:58.992132 15925 raft_consensus.cc:359] T cb41149e9cc048e89cb68661b5ebff30 P 4d847ff392954984a6fbbcb4e0679d8d [term 0 FOLLOWER]: Replica starting. Triggering 0 pending ops. Active config: opid_index: -1 OBSOLETE_local: false peers { permanent_uuid: "ed8b1a336fe84b6685b6008581be0ee3" member_type: VOTER last_known_addr { host: "127.14.67.65" port: 46737 } } peers { permanent_uuid: "c460cd63f6b844018bc5e69018ffba5f" member_type: VOTER last_known_addr { host: "127.14.67.66" port: 43447 } } peers { permanent_uuid: "4d847ff392954984a6fbbcb4e0679d8d" member_type: VOTER last_known_addr { host: "127.14.67.67" port: 38759 } }
I20260710 11:01:58.992792 15925 raft_consensus.cc:385] T cb41149e9cc048e89cb68661b5ebff30 P 4d847ff392954984a6fbbcb4e0679d8d [term 0 FOLLOWER]: Consensus starting up: Expiring failure detector timer to make a prompt election more likely
I20260710 11:01:58.993062 15925 raft_consensus.cc:740] T cb41149e9cc048e89cb68661b5ebff30 P 4d847ff392954984a6fbbcb4e0679d8d [term 0 FOLLOWER]: Becoming Follower/Learner. State: Replica: 4d847ff392954984a6fbbcb4e0679d8d, State: Initialized, Role: FOLLOWER
I20260710 11:01:58.993842 15925 consensus_queue.cc:260] T cb41149e9cc048e89cb68661b5ebff30 P 4d847ff392954984a6fbbcb4e0679d8d [NON_LEADER]: Queue going to NON_LEADER mode. State: All replicated index: 0, Majority replicated index: 0, Committed index: 0, Last appended: 0.0, Last appended by leader: 0, Current term: 0, Majority size: -1, State: 0, Mode: NON_LEADER, active raft config: opid_index: -1 OBSOLETE_local: false peers { permanent_uuid: "ed8b1a336fe84b6685b6008581be0ee3" member_type: VOTER last_known_addr { host: "127.14.67.65" port: 46737 } } peers { permanent_uuid: "c460cd63f6b844018bc5e69018ffba5f" member_type: VOTER last_known_addr { host: "127.14.67.66" port: 43447 } } peers { permanent_uuid: "4d847ff392954984a6fbbcb4e0679d8d" member_type: VOTER last_known_addr { host: "127.14.67.67" port: 38759 } }
I20260710 11:01:58.996136 15925 ts_tablet_manager.cc:1434] T cb41149e9cc048e89cb68661b5ebff30 P 4d847ff392954984a6fbbcb4e0679d8d: Time spent starting tablet: real 0.013s	user 0.006s	sys 0.000s
I20260710 11:01:58.996968 15925 tablet_bootstrap.cc:492] T dee9cd8150754cf6a9d43d9292267dc3 P 4d847ff392954984a6fbbcb4e0679d8d: Bootstrap starting.
I20260710 11:01:58.997990 15810 tablet_service.cc:1917] Received RequestConsensusVote() RPC: tablet_id: "c3e12f27f7fc476bbb0864a00013b1a1" candidate_uuid: "ed8b1a336fe84b6685b6008581be0ee3" candidate_term: 1 candidate_status { last_received { term: 0 index: 0 } } ignore_live_leader: false dest_uuid: "c460cd63f6b844018bc5e69018ffba5f" is_pre_election: true
I20260710 11:01:58.998564 15810 raft_consensus.cc:2468] T c3e12f27f7fc476bbb0864a00013b1a1 P c460cd63f6b844018bc5e69018ffba5f [term 0 FOLLOWER]: Leader pre-election vote request: Granting yes vote for candidate ed8b1a336fe84b6685b6008581be0ee3 in term 0.
I20260710 11:01:59.004283 15925 tablet_bootstrap.cc:654] T dee9cd8150754cf6a9d43d9292267dc3 P 4d847ff392954984a6fbbcb4e0679d8d: Neither blocks nor log segments found. Creating new log.
I20260710 11:01:58.982703 15927 ts_tablet_manager.cc:1434] T 24a28c126b8f4e229d244236eba69b75 P c460cd63f6b844018bc5e69018ffba5f: Time spent starting tablet: real 0.007s	user 0.003s	sys 0.000s
I20260710 11:01:59.011551 15927 tablet_bootstrap.cc:492] T e85ba7ecd5aa41f2a8b7a70e248d5080 P c460cd63f6b844018bc5e69018ffba5f: Bootstrap starting.
I20260710 11:01:59.001478 15932 raft_consensus.cc:515] T c3e12f27f7fc476bbb0864a00013b1a1 P ed8b1a336fe84b6685b6008581be0ee3 [term 1 FOLLOWER]: Starting leader election with config: opid_index: -1 OBSOLETE_local: false peers { permanent_uuid: "ed8b1a336fe84b6685b6008581be0ee3" member_type: VOTER last_known_addr { host: "127.14.67.65" port: 46737 } } peers { permanent_uuid: "c460cd63f6b844018bc5e69018ffba5f" member_type: VOTER last_known_addr { host: "127.14.67.66" port: 43447 } } peers { permanent_uuid: "4d847ff392954984a6fbbcb4e0679d8d" member_type: VOTER last_known_addr { host: "127.14.67.67" port: 38759 } }
I20260710 11:01:59.014837 15932 leader_election.cc:290] T c3e12f27f7fc476bbb0864a00013b1a1 P ed8b1a336fe84b6685b6008581be0ee3 [CANDIDATE]: Term 1 election: Requested vote from peers c460cd63f6b844018bc5e69018ffba5f (127.14.67.66:43447), 4d847ff392954984a6fbbcb4e0679d8d (127.14.67.67:38759)
I20260710 11:01:59.002713 15633 catalog_manager.cc:5697] T 6ee0961b520b4e509d38ff0d04a4c59f P c460cd63f6b844018bc5e69018ffba5f reported cstate change: term changed from 0 to 1, leader changed from <none> to c460cd63f6b844018bc5e69018ffba5f (127.14.67.66). New cstate: current_term: 1 leader_uuid: "c460cd63f6b844018bc5e69018ffba5f" committed_config { opid_index: -1 OBSOLETE_local: false peers { permanent_uuid: "ed8b1a336fe84b6685b6008581be0ee3" member_type: VOTER last_known_addr { host: "127.14.67.65" port: 46737 } health_report { overall_health: UNKNOWN } } peers { permanent_uuid: "c460cd63f6b844018bc5e69018ffba5f" member_type: VOTER last_known_addr { host: "127.14.67.66" port: 43447 } health_report { overall_health: HEALTHY } } peers { permanent_uuid: "4d847ff392954984a6fbbcb4e0679d8d" member_type: VOTER last_known_addr { host: "127.14.67.67" port: 38759 } health_report { overall_health: UNKNOWN } } }
I20260710 11:01:59.018069 15926 tablet_bootstrap.cc:492] T 20cfa92056d84b80839625b97ee5dbdc P ed8b1a336fe84b6685b6008581be0ee3: No bootstrap required, opened a new log
I20260710 11:01:59.018606 15926 ts_tablet_manager.cc:1403] T 20cfa92056d84b80839625b97ee5dbdc P ed8b1a336fe84b6685b6008581be0ee3: Time spent bootstrapping tablet: real 0.089s	user 0.026s	sys 0.009s
I20260710 11:01:59.016710 15884 tablet_service.cc:1917] Received RequestConsensusVote() RPC: tablet_id: "c3e12f27f7fc476bbb0864a00013b1a1" candidate_uuid: "ed8b1a336fe84b6685b6008581be0ee3" candidate_term: 1 candidate_status { last_received { term: 0 index: 0 } } ignore_live_leader: false dest_uuid: "4d847ff392954984a6fbbcb4e0679d8d"
I20260710 11:01:59.020537 15810 tablet_service.cc:1917] Received RequestConsensusVote() RPC: tablet_id: "c3e12f27f7fc476bbb0864a00013b1a1" candidate_uuid: "ed8b1a336fe84b6685b6008581be0ee3" candidate_term: 1 candidate_status { last_received { term: 0 index: 0 } } ignore_live_leader: false dest_uuid: "c460cd63f6b844018bc5e69018ffba5f"
I20260710 11:01:59.020690 15927 tablet_bootstrap.cc:654] T e85ba7ecd5aa41f2a8b7a70e248d5080 P c460cd63f6b844018bc5e69018ffba5f: Neither blocks nor log segments found. Creating new log.
I20260710 11:01:59.021087 15810 raft_consensus.cc:3060] T c3e12f27f7fc476bbb0864a00013b1a1 P c460cd63f6b844018bc5e69018ffba5f [term 0 FOLLOWER]: Advancing to term 1
I20260710 11:01:59.024055 15925 tablet_bootstrap.cc:492] T dee9cd8150754cf6a9d43d9292267dc3 P 4d847ff392954984a6fbbcb4e0679d8d: No bootstrap required, opened a new log
I20260710 11:01:59.023641 15926 raft_consensus.cc:359] T 20cfa92056d84b80839625b97ee5dbdc P ed8b1a336fe84b6685b6008581be0ee3 [term 0 FOLLOWER]: Replica starting. Triggering 0 pending ops. Active config: opid_index: -1 OBSOLETE_local: false peers { permanent_uuid: "ed8b1a336fe84b6685b6008581be0ee3" member_type: VOTER last_known_addr { host: "127.14.67.65" port: 46737 } } peers { permanent_uuid: "c460cd63f6b844018bc5e69018ffba5f" member_type: VOTER last_known_addr { host: "127.14.67.66" port: 43447 } } peers { permanent_uuid: "4d847ff392954984a6fbbcb4e0679d8d" member_type: VOTER last_known_addr { host: "127.14.67.67" port: 38759 } }
I20260710 11:01:59.024420 15926 raft_consensus.cc:385] T 20cfa92056d84b80839625b97ee5dbdc P ed8b1a336fe84b6685b6008581be0ee3 [term 0 FOLLOWER]: Consensus starting up: Expiring failure detector timer to make a prompt election more likely
I20260710 11:01:59.024469 15925 ts_tablet_manager.cc:1403] T dee9cd8150754cf6a9d43d9292267dc3 P 4d847ff392954984a6fbbcb4e0679d8d: Time spent bootstrapping tablet: real 0.028s	user 0.015s	sys 0.004s
I20260710 11:01:59.024837 15926 raft_consensus.cc:740] T 20cfa92056d84b80839625b97ee5dbdc P ed8b1a336fe84b6685b6008581be0ee3 [term 0 FOLLOWER]: Becoming Follower/Learner. State: Replica: ed8b1a336fe84b6685b6008581be0ee3, State: Initialized, Role: FOLLOWER
I20260710 11:01:59.025589 15926 consensus_queue.cc:260] T 20cfa92056d84b80839625b97ee5dbdc P ed8b1a336fe84b6685b6008581be0ee3 [NON_LEADER]: Queue going to NON_LEADER mode. State: All replicated index: 0, Majority replicated index: 0, Committed index: 0, Last appended: 0.0, Last appended by leader: 0, Current term: 0, Majority size: -1, State: 0, Mode: NON_LEADER, active raft config: opid_index: -1 OBSOLETE_local: false peers { permanent_uuid: "ed8b1a336fe84b6685b6008581be0ee3" member_type: VOTER last_known_addr { host: "127.14.67.65" port: 46737 } } peers { permanent_uuid: "c460cd63f6b844018bc5e69018ffba5f" member_type: VOTER last_known_addr { host: "127.14.67.66" port: 43447 } } peers { permanent_uuid: "4d847ff392954984a6fbbcb4e0679d8d" member_type: VOTER last_known_addr { host: "127.14.67.67" port: 38759 } }
I20260710 11:01:59.027112 15925 raft_consensus.cc:359] T dee9cd8150754cf6a9d43d9292267dc3 P 4d847ff392954984a6fbbcb4e0679d8d [term 0 FOLLOWER]: Replica starting. Triggering 0 pending ops. Active config: opid_index: -1 OBSOLETE_local: false peers { permanent_uuid: "ed8b1a336fe84b6685b6008581be0ee3" member_type: VOTER last_known_addr { host: "127.14.67.65" port: 46737 } } peers { permanent_uuid: "c460cd63f6b844018bc5e69018ffba5f" member_type: VOTER last_known_addr { host: "127.14.67.66" port: 43447 } } peers { permanent_uuid: "4d847ff392954984a6fbbcb4e0679d8d" member_type: VOTER last_known_addr { host: "127.14.67.67" port: 38759 } }
I20260710 11:01:59.027743 15925 raft_consensus.cc:385] T dee9cd8150754cf6a9d43d9292267dc3 P 4d847ff392954984a6fbbcb4e0679d8d [term 0 FOLLOWER]: Consensus starting up: Expiring failure detector timer to make a prompt election more likely
I20260710 11:01:59.028010 15925 raft_consensus.cc:740] T dee9cd8150754cf6a9d43d9292267dc3 P 4d847ff392954984a6fbbcb4e0679d8d [term 0 FOLLOWER]: Becoming Follower/Learner. State: Replica: 4d847ff392954984a6fbbcb4e0679d8d, State: Initialized, Role: FOLLOWER
I20260710 11:01:59.028631 15947 raft_consensus.cc:493] T 20cfa92056d84b80839625b97ee5dbdc P c460cd63f6b844018bc5e69018ffba5f [term 0 FOLLOWER]: Starting pre-election (no leader contacted us within the election timeout)
I20260710 11:01:59.028699 15925 consensus_queue.cc:260] T dee9cd8150754cf6a9d43d9292267dc3 P 4d847ff392954984a6fbbcb4e0679d8d [NON_LEADER]: Queue going to NON_LEADER mode. State: All replicated index: 0, Majority replicated index: 0, Committed index: 0, Last appended: 0.0, Last appended by leader: 0, Current term: 0, Majority size: -1, State: 0, Mode: NON_LEADER, active raft config: opid_index: -1 OBSOLETE_local: false peers { permanent_uuid: "ed8b1a336fe84b6685b6008581be0ee3" member_type: VOTER last_known_addr { host: "127.14.67.65" port: 46737 } } peers { permanent_uuid: "c460cd63f6b844018bc5e69018ffba5f" member_type: VOTER last_known_addr { host: "127.14.67.66" port: 43447 } } peers { permanent_uuid: "4d847ff392954984a6fbbcb4e0679d8d" member_type: VOTER last_known_addr { host: "127.14.67.67" port: 38759 } }
I20260710 11:01:59.030568 15925 ts_tablet_manager.cc:1434] T dee9cd8150754cf6a9d43d9292267dc3 P 4d847ff392954984a6fbbcb4e0679d8d: Time spent starting tablet: real 0.006s	user 0.003s	sys 0.000s
I20260710 11:01:59.030684 15926 ts_tablet_manager.cc:1434] T 20cfa92056d84b80839625b97ee5dbdc P ed8b1a336fe84b6685b6008581be0ee3: Time spent starting tablet: real 0.012s	user 0.006s	sys 0.001s
I20260710 11:01:59.031574 15926 tablet_bootstrap.cc:492] T c760fe3f344447e893ba80346ca06ce0 P ed8b1a336fe84b6685b6008581be0ee3: Bootstrap starting.
I20260710 11:01:59.031819 15925 tablet_bootstrap.cc:492] T e85ba7ecd5aa41f2a8b7a70e248d5080 P 4d847ff392954984a6fbbcb4e0679d8d: Bootstrap starting.
I20260710 11:01:59.031919 15884 raft_consensus.cc:3060] T c3e12f27f7fc476bbb0864a00013b1a1 P 4d847ff392954984a6fbbcb4e0679d8d [term 0 FOLLOWER]: Advancing to term 1
I20260710 11:01:59.029150 15947 raft_consensus.cc:515] T 20cfa92056d84b80839625b97ee5dbdc P c460cd63f6b844018bc5e69018ffba5f [term 0 FOLLOWER]: Starting pre-election with config: opid_index: -1 OBSOLETE_local: false peers { permanent_uuid: "ed8b1a336fe84b6685b6008581be0ee3" member_type: VOTER last_known_addr { host: "127.14.67.65" port: 46737 } } peers { permanent_uuid: "c460cd63f6b844018bc5e69018ffba5f" member_type: VOTER last_known_addr { host: "127.14.67.66" port: 43447 } } peers { permanent_uuid: "4d847ff392954984a6fbbcb4e0679d8d" member_type: VOTER last_known_addr { host: "127.14.67.67" port: 38759 } }
I20260710 11:01:59.037153 15926 tablet_bootstrap.cc:654] T c760fe3f344447e893ba80346ca06ce0 P ed8b1a336fe84b6685b6008581be0ee3: Neither blocks nor log segments found. Creating new log.
I20260710 11:01:59.037077 15736 tablet_service.cc:1917] Received RequestConsensusVote() RPC: tablet_id: "20cfa92056d84b80839625b97ee5dbdc" candidate_uuid: "c460cd63f6b844018bc5e69018ffba5f" candidate_term: 1 candidate_status { last_received { term: 0 index: 0 } } ignore_live_leader: false dest_uuid: "ed8b1a336fe84b6685b6008581be0ee3" is_pre_election: true
I20260710 11:01:59.037412 15933 raft_consensus.cc:493] T dee9cd8150754cf6a9d43d9292267dc3 P c460cd63f6b844018bc5e69018ffba5f [term 0 FOLLOWER]: Starting pre-election (no leader contacted us within the election timeout)
I20260710 11:01:59.037739 15736 raft_consensus.cc:2468] T 20cfa92056d84b80839625b97ee5dbdc P ed8b1a336fe84b6685b6008581be0ee3 [term 0 FOLLOWER]: Leader pre-election vote request: Granting yes vote for candidate c460cd63f6b844018bc5e69018ffba5f in term 0.
I20260710 11:01:59.037876 15933 raft_consensus.cc:515] T dee9cd8150754cf6a9d43d9292267dc3 P c460cd63f6b844018bc5e69018ffba5f [term 0 FOLLOWER]: Starting pre-election with config: opid_index: -1 OBSOLETE_local: false peers { permanent_uuid: "ed8b1a336fe84b6685b6008581be0ee3" member_type: VOTER last_known_addr { host: "127.14.67.65" port: 46737 } } peers { permanent_uuid: "c460cd63f6b844018bc5e69018ffba5f" member_type: VOTER last_known_addr { host: "127.14.67.66" port: 43447 } } peers { permanent_uuid: "4d847ff392954984a6fbbcb4e0679d8d" member_type: VOTER last_known_addr { host: "127.14.67.67" port: 38759 } }
I20260710 11:01:59.038295 15925 tablet_bootstrap.cc:654] T e85ba7ecd5aa41f2a8b7a70e248d5080 P 4d847ff392954984a6fbbcb4e0679d8d: Neither blocks nor log segments found. Creating new log.
I20260710 11:01:59.038923 15774 leader_election.cc:304] T 20cfa92056d84b80839625b97ee5dbdc P c460cd63f6b844018bc5e69018ffba5f [CANDIDATE]: Term 1 pre-election: Election decided. Result: candidate won. Election summary: received 2 responses out of 3 voters: 2 yes votes; 0 no votes. yes voters: c460cd63f6b844018bc5e69018ffba5f, ed8b1a336fe84b6685b6008581be0ee3; no voters: 
I20260710 11:01:59.039805 15933 leader_election.cc:290] T dee9cd8150754cf6a9d43d9292267dc3 P c460cd63f6b844018bc5e69018ffba5f [CANDIDATE]: Term 1 pre-election: Requested pre-vote from peers ed8b1a336fe84b6685b6008581be0ee3 (127.14.67.65:46737), 4d847ff392954984a6fbbcb4e0679d8d (127.14.67.67:38759)
I20260710 11:01:59.040326 15933 raft_consensus.cc:2804] T 20cfa92056d84b80839625b97ee5dbdc P c460cd63f6b844018bc5e69018ffba5f [term 0 FOLLOWER]: Leader pre-election won for term 1
I20260710 11:01:59.040649 15933 raft_consensus.cc:493] T 20cfa92056d84b80839625b97ee5dbdc P c460cd63f6b844018bc5e69018ffba5f [term 0 FOLLOWER]: Starting leader election (no leader contacted us within the election timeout)
I20260710 11:01:59.040978 15933 raft_consensus.cc:3060] T 20cfa92056d84b80839625b97ee5dbdc P c460cd63f6b844018bc5e69018ffba5f [term 0 FOLLOWER]: Advancing to term 1
I20260710 11:01:59.041679 15736 tablet_service.cc:1917] Received RequestConsensusVote() RPC: tablet_id: "dee9cd8150754cf6a9d43d9292267dc3" candidate_uuid: "c460cd63f6b844018bc5e69018ffba5f" candidate_term: 1 candidate_status { last_received { term: 0 index: 0 } } ignore_live_leader: false dest_uuid: "ed8b1a336fe84b6685b6008581be0ee3" is_pre_election: true
I20260710 11:01:59.042263 15736 raft_consensus.cc:2468] T dee9cd8150754cf6a9d43d9292267dc3 P ed8b1a336fe84b6685b6008581be0ee3 [term 0 FOLLOWER]: Leader pre-election vote request: Granting yes vote for candidate c460cd63f6b844018bc5e69018ffba5f in term 0.
I20260710 11:01:59.043392 15774 leader_election.cc:304] T dee9cd8150754cf6a9d43d9292267dc3 P c460cd63f6b844018bc5e69018ffba5f [CANDIDATE]: Term 1 pre-election: Election decided. Result: candidate won. Election summary: received 2 responses out of 3 voters: 2 yes votes; 0 no votes. yes voters: c460cd63f6b844018bc5e69018ffba5f, ed8b1a336fe84b6685b6008581be0ee3; no voters: 
I20260710 11:01:59.044185 15983 raft_consensus.cc:2804] T dee9cd8150754cf6a9d43d9292267dc3 P c460cd63f6b844018bc5e69018ffba5f [term 0 FOLLOWER]: Leader pre-election won for term 1
I20260710 11:01:59.044548 15983 raft_consensus.cc:493] T dee9cd8150754cf6a9d43d9292267dc3 P c460cd63f6b844018bc5e69018ffba5f [term 0 FOLLOWER]: Starting leader election (no leader contacted us within the election timeout)
I20260710 11:01:59.044878 15983 raft_consensus.cc:3060] T dee9cd8150754cf6a9d43d9292267dc3 P c460cd63f6b844018bc5e69018ffba5f [term 0 FOLLOWER]: Advancing to term 1
I20260710 11:01:59.045424 15885 tablet_service.cc:1917] Received RequestConsensusVote() RPC: tablet_id: "dee9cd8150754cf6a9d43d9292267dc3" candidate_uuid: "c460cd63f6b844018bc5e69018ffba5f" candidate_term: 1 candidate_status { last_received { term: 0 index: 0 } } ignore_live_leader: false dest_uuid: "4d847ff392954984a6fbbcb4e0679d8d" is_pre_election: true
I20260710 11:01:59.046003 15885 raft_consensus.cc:2468] T dee9cd8150754cf6a9d43d9292267dc3 P 4d847ff392954984a6fbbcb4e0679d8d [term 0 FOLLOWER]: Leader pre-election vote request: Granting yes vote for candidate c460cd63f6b844018bc5e69018ffba5f in term 0.
I20260710 11:01:59.028076 15810 raft_consensus.cc:2468] T c3e12f27f7fc476bbb0864a00013b1a1 P c460cd63f6b844018bc5e69018ffba5f [term 1 FOLLOWER]: Leader election vote request: Granting yes vote for candidate ed8b1a336fe84b6685b6008581be0ee3 in term 1.
I20260710 11:01:59.049981 15701 leader_election.cc:304] T c3e12f27f7fc476bbb0864a00013b1a1 P ed8b1a336fe84b6685b6008581be0ee3 [CANDIDATE]: Term 1 election: Election decided. Result: candidate won. Election summary: received 2 responses out of 3 voters: 2 yes votes; 0 no votes. yes voters: c460cd63f6b844018bc5e69018ffba5f, ed8b1a336fe84b6685b6008581be0ee3; no voters: 
I20260710 11:01:59.050714 15932 raft_consensus.cc:2804] T c3e12f27f7fc476bbb0864a00013b1a1 P ed8b1a336fe84b6685b6008581be0ee3 [term 1 FOLLOWER]: Leader election won for term 1
I20260710 11:01:59.051195 15932 raft_consensus.cc:697] T c3e12f27f7fc476bbb0864a00013b1a1 P ed8b1a336fe84b6685b6008581be0ee3 [term 1 LEADER]: Becoming Leader. State: Replica: ed8b1a336fe84b6685b6008581be0ee3, State: Running, Role: LEADER
I20260710 11:01:59.052338 15885 tablet_service.cc:1917] Received RequestConsensusVote() RPC: tablet_id: "20cfa92056d84b80839625b97ee5dbdc" candidate_uuid: "c460cd63f6b844018bc5e69018ffba5f" candidate_term: 1 candidate_status { last_received { term: 0 index: 0 } } ignore_live_leader: false dest_uuid: "4d847ff392954984a6fbbcb4e0679d8d" is_pre_election: true
I20260710 11:01:59.052228 15932 consensus_queue.cc:237] T c3e12f27f7fc476bbb0864a00013b1a1 P ed8b1a336fe84b6685b6008581be0ee3 [LEADER]: Queue going to LEADER mode. State: All replicated index: 0, Majority replicated index: 0, Committed index: 0, Last appended: 0.0, Last appended by leader: 0, Current term: 1, Majority size: 2, State: 0, Mode: LEADER, active raft config: opid_index: -1 OBSOLETE_local: false peers { permanent_uuid: "ed8b1a336fe84b6685b6008581be0ee3" member_type: VOTER last_known_addr { host: "127.14.67.65" port: 46737 } } peers { permanent_uuid: "c460cd63f6b844018bc5e69018ffba5f" member_type: VOTER last_known_addr { host: "127.14.67.66" port: 43447 } } peers { permanent_uuid: "4d847ff392954984a6fbbcb4e0679d8d" member_type: VOTER last_known_addr { host: "127.14.67.67" port: 38759 } }
I20260710 11:01:59.052968 15885 raft_consensus.cc:2468] T 20cfa92056d84b80839625b97ee5dbdc P 4d847ff392954984a6fbbcb4e0679d8d [term 0 FOLLOWER]: Leader pre-election vote request: Granting yes vote for candidate c460cd63f6b844018bc5e69018ffba5f in term 0.
I20260710 11:01:59.056948 15947 leader_election.cc:290] T 20cfa92056d84b80839625b97ee5dbdc P c460cd63f6b844018bc5e69018ffba5f [CANDIDATE]: Term 1 pre-election: Requested pre-vote from peers ed8b1a336fe84b6685b6008581be0ee3 (127.14.67.65:46737), 4d847ff392954984a6fbbcb4e0679d8d (127.14.67.67:38759)
I20260710 11:01:59.061687 15884 raft_consensus.cc:2468] T c3e12f27f7fc476bbb0864a00013b1a1 P 4d847ff392954984a6fbbcb4e0679d8d [term 1 FOLLOWER]: Leader election vote request: Granting yes vote for candidate ed8b1a336fe84b6685b6008581be0ee3 in term 1.
I20260710 11:01:59.068528 15927 tablet_bootstrap.cc:492] T e85ba7ecd5aa41f2a8b7a70e248d5080 P c460cd63f6b844018bc5e69018ffba5f: No bootstrap required, opened a new log
I20260710 11:01:59.068975 15927 ts_tablet_manager.cc:1403] T e85ba7ecd5aa41f2a8b7a70e248d5080 P c460cd63f6b844018bc5e69018ffba5f: Time spent bootstrapping tablet: real 0.058s	user 0.006s	sys 0.003s
I20260710 11:01:59.071581 15927 raft_consensus.cc:359] T e85ba7ecd5aa41f2a8b7a70e248d5080 P c460cd63f6b844018bc5e69018ffba5f [term 0 FOLLOWER]: Replica starting. Triggering 0 pending ops. Active config: opid_index: -1 OBSOLETE_local: false peers { permanent_uuid: "ed8b1a336fe84b6685b6008581be0ee3" member_type: VOTER last_known_addr { host: "127.14.67.65" port: 46737 } } peers { permanent_uuid: "c460cd63f6b844018bc5e69018ffba5f" member_type: VOTER last_known_addr { host: "127.14.67.66" port: 43447 } } peers { permanent_uuid: "4d847ff392954984a6fbbcb4e0679d8d" member_type: VOTER last_known_addr { host: "127.14.67.67" port: 38759 } }
I20260710 11:01:59.072350 15927 raft_consensus.cc:385] T e85ba7ecd5aa41f2a8b7a70e248d5080 P c460cd63f6b844018bc5e69018ffba5f [term 0 FOLLOWER]: Consensus starting up: Expiring failure detector timer to make a prompt election more likely
I20260710 11:01:59.073666 15925 tablet_bootstrap.cc:492] T e85ba7ecd5aa41f2a8b7a70e248d5080 P 4d847ff392954984a6fbbcb4e0679d8d: No bootstrap required, opened a new log
I20260710 11:01:59.074088 15925 ts_tablet_manager.cc:1403] T e85ba7ecd5aa41f2a8b7a70e248d5080 P 4d847ff392954984a6fbbcb4e0679d8d: Time spent bootstrapping tablet: real 0.042s	user 0.025s	sys 0.009s
I20260710 11:01:59.073999 15933 raft_consensus.cc:515] T 20cfa92056d84b80839625b97ee5dbdc P c460cd63f6b844018bc5e69018ffba5f [term 1 FOLLOWER]: Starting leader election with config: opid_index: -1 OBSOLETE_local: false peers { permanent_uuid: "ed8b1a336fe84b6685b6008581be0ee3" member_type: VOTER last_known_addr { host: "127.14.67.65" port: 46737 } } peers { permanent_uuid: "c460cd63f6b844018bc5e69018ffba5f" member_type: VOTER last_known_addr { host: "127.14.67.66" port: 43447 } } peers { permanent_uuid: "4d847ff392954984a6fbbcb4e0679d8d" member_type: VOTER last_known_addr { host: "127.14.67.67" port: 38759 } }
I20260710 11:01:59.076623 15925 raft_consensus.cc:359] T e85ba7ecd5aa41f2a8b7a70e248d5080 P 4d847ff392954984a6fbbcb4e0679d8d [term 0 FOLLOWER]: Replica starting. Triggering 0 pending ops. Active config: opid_index: -1 OBSOLETE_local: false peers { permanent_uuid: "ed8b1a336fe84b6685b6008581be0ee3" member_type: VOTER last_known_addr { host: "127.14.67.65" port: 46737 } } peers { permanent_uuid: "c460cd63f6b844018bc5e69018ffba5f" member_type: VOTER last_known_addr { host: "127.14.67.66" port: 43447 } } peers { permanent_uuid: "4d847ff392954984a6fbbcb4e0679d8d" member_type: VOTER last_known_addr { host: "127.14.67.67" port: 38759 } }
I20260710 11:01:59.076767 15736 tablet_service.cc:1917] Received RequestConsensusVote() RPC: tablet_id: "20cfa92056d84b80839625b97ee5dbdc" candidate_uuid: "c460cd63f6b844018bc5e69018ffba5f" candidate_term: 1 candidate_status { last_received { term: 0 index: 0 } } ignore_live_leader: false dest_uuid: "ed8b1a336fe84b6685b6008581be0ee3"
I20260710 11:01:59.077304 15925 raft_consensus.cc:385] T e85ba7ecd5aa41f2a8b7a70e248d5080 P 4d847ff392954984a6fbbcb4e0679d8d [term 0 FOLLOWER]: Consensus starting up: Expiring failure detector timer to make a prompt election more likely
I20260710 11:01:59.077348 15885 tablet_service.cc:1917] Received RequestConsensusVote() RPC: tablet_id: "20cfa92056d84b80839625b97ee5dbdc" candidate_uuid: "c460cd63f6b844018bc5e69018ffba5f" candidate_term: 1 candidate_status { last_received { term: 0 index: 0 } } ignore_live_leader: false dest_uuid: "4d847ff392954984a6fbbcb4e0679d8d"
I20260710 11:01:59.077508 15736 raft_consensus.cc:3060] T 20cfa92056d84b80839625b97ee5dbdc P ed8b1a336fe84b6685b6008581be0ee3 [term 0 FOLLOWER]: Advancing to term 1
I20260710 11:01:59.077703 15925 raft_consensus.cc:740] T e85ba7ecd5aa41f2a8b7a70e248d5080 P 4d847ff392954984a6fbbcb4e0679d8d [term 0 FOLLOWER]: Becoming Follower/Learner. State: Replica: 4d847ff392954984a6fbbcb4e0679d8d, State: Initialized, Role: FOLLOWER
I20260710 11:01:59.077920 15885 raft_consensus.cc:3060] T 20cfa92056d84b80839625b97ee5dbdc P 4d847ff392954984a6fbbcb4e0679d8d [term 0 FOLLOWER]: Advancing to term 1
I20260710 11:01:59.078398 15925 consensus_queue.cc:260] T e85ba7ecd5aa41f2a8b7a70e248d5080 P 4d847ff392954984a6fbbcb4e0679d8d [NON_LEADER]: Queue going to NON_LEADER mode. State: All replicated index: 0, Majority replicated index: 0, Committed index: 0, Last appended: 0.0, Last appended by leader: 0, Current term: 0, Majority size: -1, State: 0, Mode: NON_LEADER, active raft config: opid_index: -1 OBSOLETE_local: false peers { permanent_uuid: "ed8b1a336fe84b6685b6008581be0ee3" member_type: VOTER last_known_addr { host: "127.14.67.65" port: 46737 } } peers { permanent_uuid: "c460cd63f6b844018bc5e69018ffba5f" member_type: VOTER last_known_addr { host: "127.14.67.66" port: 43447 } } peers { permanent_uuid: "4d847ff392954984a6fbbcb4e0679d8d" member_type: VOTER last_known_addr { host: "127.14.67.67" port: 38759 } }
I20260710 11:01:59.080350 15925 ts_tablet_manager.cc:1434] T e85ba7ecd5aa41f2a8b7a70e248d5080 P 4d847ff392954984a6fbbcb4e0679d8d: Time spent starting tablet: real 0.006s	user 0.006s	sys 0.000s
I20260710 11:01:59.081300 15925 tablet_bootstrap.cc:492] T 2d9d33e0b98e489089b7d4eb8cb48e0b P 4d847ff392954984a6fbbcb4e0679d8d: Bootstrap starting.
I20260710 11:01:59.087077 15925 tablet_bootstrap.cc:654] T 2d9d33e0b98e489089b7d4eb8cb48e0b P 4d847ff392954984a6fbbcb4e0679d8d: Neither blocks nor log segments found. Creating new log.
I20260710 11:01:59.086910 15736 raft_consensus.cc:2468] T 20cfa92056d84b80839625b97ee5dbdc P ed8b1a336fe84b6685b6008581be0ee3 [term 1 FOLLOWER]: Leader election vote request: Granting yes vote for candidate c460cd63f6b844018bc5e69018ffba5f in term 1.
I20260710 11:01:59.088272 15774 leader_election.cc:304] T 20cfa92056d84b80839625b97ee5dbdc P c460cd63f6b844018bc5e69018ffba5f [CANDIDATE]: Term 1 election: Election decided. Result: candidate won. Election summary: received 2 responses out of 3 voters: 2 yes votes; 0 no votes. yes voters: c460cd63f6b844018bc5e69018ffba5f, ed8b1a336fe84b6685b6008581be0ee3; no voters: 
I20260710 11:01:59.075215 15634 catalog_manager.cc:5697] T c3e12f27f7fc476bbb0864a00013b1a1 P ed8b1a336fe84b6685b6008581be0ee3 reported cstate change: term changed from 0 to 1, leader changed from <none> to ed8b1a336fe84b6685b6008581be0ee3 (127.14.67.65). New cstate: current_term: 1 leader_uuid: "ed8b1a336fe84b6685b6008581be0ee3" committed_config { opid_index: -1 OBSOLETE_local: false peers { permanent_uuid: "ed8b1a336fe84b6685b6008581be0ee3" member_type: VOTER last_known_addr { host: "127.14.67.65" port: 46737 } health_report { overall_health: HEALTHY } } peers { permanent_uuid: "c460cd63f6b844018bc5e69018ffba5f" member_type: VOTER last_known_addr { host: "127.14.67.66" port: 43447 } health_report { overall_health: UNKNOWN } } peers { permanent_uuid: "4d847ff392954984a6fbbcb4e0679d8d" member_type: VOTER last_known_addr { host: "127.14.67.67" port: 38759 } health_report { overall_health: UNKNOWN } } }
I20260710 11:01:59.094581 15932 raft_consensus.cc:493] T e85ba7ecd5aa41f2a8b7a70e248d5080 P ed8b1a336fe84b6685b6008581be0ee3 [term 0 FOLLOWER]: Starting pre-election (no leader contacted us within the election timeout)
I20260710 11:01:59.095184 15932 raft_consensus.cc:515] T e85ba7ecd5aa41f2a8b7a70e248d5080 P ed8b1a336fe84b6685b6008581be0ee3 [term 0 FOLLOWER]: Starting pre-election with config: opid_index: -1 OBSOLETE_local: false peers { permanent_uuid: "ed8b1a336fe84b6685b6008581be0ee3" member_type: VOTER last_known_addr { host: "127.14.67.65" port: 46737 } } peers { permanent_uuid: "c460cd63f6b844018bc5e69018ffba5f" member_type: VOTER last_known_addr { host: "127.14.67.66" port: 43447 } } peers { permanent_uuid: "4d847ff392954984a6fbbcb4e0679d8d" member_type: VOTER last_known_addr { host: "127.14.67.67" port: 38759 } }
I20260710 11:01:59.095737 15947 raft_consensus.cc:2804] T 20cfa92056d84b80839625b97ee5dbdc P c460cd63f6b844018bc5e69018ffba5f [term 1 FOLLOWER]: Leader election won for term 1
I20260710 11:01:59.096402 15947 raft_consensus.cc:697] T 20cfa92056d84b80839625b97ee5dbdc P c460cd63f6b844018bc5e69018ffba5f [term 1 LEADER]: Becoming Leader. State: Replica: c460cd63f6b844018bc5e69018ffba5f, State: Running, Role: LEADER
I20260710 11:01:59.097795 15932 leader_election.cc:290] T e85ba7ecd5aa41f2a8b7a70e248d5080 P ed8b1a336fe84b6685b6008581be0ee3 [CANDIDATE]: Term 1 pre-election: Requested pre-vote from peers c460cd63f6b844018bc5e69018ffba5f (127.14.67.66:43447), 4d847ff392954984a6fbbcb4e0679d8d (127.14.67.67:38759)
I20260710 11:01:59.097441 15947 consensus_queue.cc:237] T 20cfa92056d84b80839625b97ee5dbdc P c460cd63f6b844018bc5e69018ffba5f [LEADER]: Queue going to LEADER mode. State: All replicated index: 0, Majority replicated index: 0, Committed index: 0, Last appended: 0.0, Last appended by leader: 0, Current term: 1, Majority size: 2, State: 0, Mode: LEADER, active raft config: opid_index: -1 OBSOLETE_local: false peers { permanent_uuid: "ed8b1a336fe84b6685b6008581be0ee3" member_type: VOTER last_known_addr { host: "127.14.67.65" port: 46737 } } peers { permanent_uuid: "c460cd63f6b844018bc5e69018ffba5f" member_type: VOTER last_known_addr { host: "127.14.67.66" port: 43447 } } peers { permanent_uuid: "4d847ff392954984a6fbbcb4e0679d8d" member_type: VOTER last_known_addr { host: "127.14.67.67" port: 38759 } }
I20260710 11:01:59.100237 15883 tablet_service.cc:1917] Received RequestConsensusVote() RPC: tablet_id: "e85ba7ecd5aa41f2a8b7a70e248d5080" candidate_uuid: "ed8b1a336fe84b6685b6008581be0ee3" candidate_term: 1 candidate_status { last_received { term: 0 index: 0 } } ignore_live_leader: false dest_uuid: "4d847ff392954984a6fbbcb4e0679d8d" is_pre_election: true
I20260710 11:01:59.101011 15883 raft_consensus.cc:2468] T e85ba7ecd5aa41f2a8b7a70e248d5080 P 4d847ff392954984a6fbbcb4e0679d8d [term 0 FOLLOWER]: Leader pre-election vote request: Granting yes vote for candidate ed8b1a336fe84b6685b6008581be0ee3 in term 0.
I20260710 11:01:59.102190 15699 leader_election.cc:304] T e85ba7ecd5aa41f2a8b7a70e248d5080 P ed8b1a336fe84b6685b6008581be0ee3 [CANDIDATE]: Term 1 pre-election: Election decided. Result: candidate won. Election summary: received 2 responses out of 3 voters: 2 yes votes; 0 no votes. yes voters: 4d847ff392954984a6fbbcb4e0679d8d, ed8b1a336fe84b6685b6008581be0ee3; no voters: 
I20260710 11:01:59.102986 15932 raft_consensus.cc:2804] T e85ba7ecd5aa41f2a8b7a70e248d5080 P ed8b1a336fe84b6685b6008581be0ee3 [term 0 FOLLOWER]: Leader pre-election won for term 1
I20260710 11:01:59.103402 15932 raft_consensus.cc:493] T e85ba7ecd5aa41f2a8b7a70e248d5080 P ed8b1a336fe84b6685b6008581be0ee3 [term 0 FOLLOWER]: Starting leader election (no leader contacted us within the election timeout)
I20260710 11:01:59.103772 15932 raft_consensus.cc:3060] T e85ba7ecd5aa41f2a8b7a70e248d5080 P ed8b1a336fe84b6685b6008581be0ee3 [term 0 FOLLOWER]: Advancing to term 1
I20260710 11:01:59.107192 15885 raft_consensus.cc:2468] T 20cfa92056d84b80839625b97ee5dbdc P 4d847ff392954984a6fbbcb4e0679d8d [term 1 FOLLOWER]: Leader election vote request: Granting yes vote for candidate c460cd63f6b844018bc5e69018ffba5f in term 1.
I20260710 11:01:59.108018 15933 leader_election.cc:290] T 20cfa92056d84b80839625b97ee5dbdc P c460cd63f6b844018bc5e69018ffba5f [CANDIDATE]: Term 1 election: Requested vote from peers ed8b1a336fe84b6685b6008581be0ee3 (127.14.67.65:46737), 4d847ff392954984a6fbbcb4e0679d8d (127.14.67.67:38759)
I20260710 11:01:59.073047 15983 raft_consensus.cc:515] T dee9cd8150754cf6a9d43d9292267dc3 P c460cd63f6b844018bc5e69018ffba5f [term 1 FOLLOWER]: Starting leader election with config: opid_index: -1 OBSOLETE_local: false peers { permanent_uuid: "ed8b1a336fe84b6685b6008581be0ee3" member_type: VOTER last_known_addr { host: "127.14.67.65" port: 46737 } } peers { permanent_uuid: "c460cd63f6b844018bc5e69018ffba5f" member_type: VOTER last_known_addr { host: "127.14.67.66" port: 43447 } } peers { permanent_uuid: "4d847ff392954984a6fbbcb4e0679d8d" member_type: VOTER last_known_addr { host: "127.14.67.67" port: 38759 } }
I20260710 11:01:59.111759 15983 leader_election.cc:290] T dee9cd8150754cf6a9d43d9292267dc3 P c460cd63f6b844018bc5e69018ffba5f [CANDIDATE]: Term 1 election: Requested vote from peers ed8b1a336fe84b6685b6008581be0ee3 (127.14.67.65:46737), 4d847ff392954984a6fbbcb4e0679d8d (127.14.67.67:38759)
I20260710 11:01:59.111423 15932 raft_consensus.cc:515] T e85ba7ecd5aa41f2a8b7a70e248d5080 P ed8b1a336fe84b6685b6008581be0ee3 [term 1 FOLLOWER]: Starting leader election with config: opid_index: -1 OBSOLETE_local: false peers { permanent_uuid: "ed8b1a336fe84b6685b6008581be0ee3" member_type: VOTER last_known_addr { host: "127.14.67.65" port: 46737 } } peers { permanent_uuid: "c460cd63f6b844018bc5e69018ffba5f" member_type: VOTER last_known_addr { host: "127.14.67.66" port: 43447 } } peers { permanent_uuid: "4d847ff392954984a6fbbcb4e0679d8d" member_type: VOTER last_known_addr { host: "127.14.67.67" port: 38759 } }
I20260710 11:01:59.072613 15927 raft_consensus.cc:740] T e85ba7ecd5aa41f2a8b7a70e248d5080 P c460cd63f6b844018bc5e69018ffba5f [term 0 FOLLOWER]: Becoming Follower/Learner. State: Replica: c460cd63f6b844018bc5e69018ffba5f, State: Initialized, Role: FOLLOWER
I20260710 11:01:59.115512 15932 leader_election.cc:290] T e85ba7ecd5aa41f2a8b7a70e248d5080 P ed8b1a336fe84b6685b6008581be0ee3 [CANDIDATE]: Term 1 election: Requested vote from peers c460cd63f6b844018bc5e69018ffba5f (127.14.67.66:43447), 4d847ff392954984a6fbbcb4e0679d8d (127.14.67.67:38759)
I20260710 11:01:59.114990 15927 consensus_queue.cc:260] T e85ba7ecd5aa41f2a8b7a70e248d5080 P c460cd63f6b844018bc5e69018ffba5f [NON_LEADER]: Queue going to NON_LEADER mode. State: All replicated index: 0, Majority replicated index: 0, Committed index: 0, Last appended: 0.0, Last appended by leader: 0, Current term: 0, Majority size: -1, State: 0, Mode: NON_LEADER, active raft config: opid_index: -1 OBSOLETE_local: false peers { permanent_uuid: "ed8b1a336fe84b6685b6008581be0ee3" member_type: VOTER last_known_addr { host: "127.14.67.65" port: 46737 } } peers { permanent_uuid: "c460cd63f6b844018bc5e69018ffba5f" member_type: VOTER last_known_addr { host: "127.14.67.66" port: 43447 } } peers { permanent_uuid: "4d847ff392954984a6fbbcb4e0679d8d" member_type: VOTER last_known_addr { host: "127.14.67.67" port: 38759 } }
I20260710 11:01:59.116844 15885 tablet_service.cc:1917] Received RequestConsensusVote() RPC: tablet_id: "e85ba7ecd5aa41f2a8b7a70e248d5080" candidate_uuid: "ed8b1a336fe84b6685b6008581be0ee3" candidate_term: 1 candidate_status { last_received { term: 0 index: 0 } } ignore_live_leader: false dest_uuid: "4d847ff392954984a6fbbcb4e0679d8d"
I20260710 11:01:59.117456 15885 raft_consensus.cc:3060] T e85ba7ecd5aa41f2a8b7a70e248d5080 P 4d847ff392954984a6fbbcb4e0679d8d [term 0 FOLLOWER]: Advancing to term 1
I20260710 11:01:59.118389 15927 ts_tablet_manager.cc:1434] T e85ba7ecd5aa41f2a8b7a70e248d5080 P c460cd63f6b844018bc5e69018ffba5f: Time spent starting tablet: real 0.049s	user 0.007s	sys 0.001s
I20260710 11:01:59.119357 15927 tablet_bootstrap.cc:492] T c760fe3f344447e893ba80346ca06ce0 P c460cd63f6b844018bc5e69018ffba5f: Bootstrap starting.
I20260710 11:01:59.125342 15926 tablet_bootstrap.cc:492] T c760fe3f344447e893ba80346ca06ce0 P ed8b1a336fe84b6685b6008581be0ee3: No bootstrap required, opened a new log
I20260710 11:01:59.125869 15926 ts_tablet_manager.cc:1403] T c760fe3f344447e893ba80346ca06ce0 P ed8b1a336fe84b6685b6008581be0ee3: Time spent bootstrapping tablet: real 0.094s	user 0.021s	sys 0.031s
I20260710 11:01:59.127396 15735 tablet_service.cc:1917] Received RequestConsensusVote() RPC: tablet_id: "dee9cd8150754cf6a9d43d9292267dc3" candidate_uuid: "c460cd63f6b844018bc5e69018ffba5f" candidate_term: 1 candidate_status { last_received { term: 0 index: 0 } } ignore_live_leader: false dest_uuid: "ed8b1a336fe84b6685b6008581be0ee3"
I20260710 11:01:59.128154 15735 raft_consensus.cc:3060] T dee9cd8150754cf6a9d43d9292267dc3 P ed8b1a336fe84b6685b6008581be0ee3 [term 0 FOLLOWER]: Advancing to term 1
I20260710 11:01:59.128962 15926 raft_consensus.cc:359] T c760fe3f344447e893ba80346ca06ce0 P ed8b1a336fe84b6685b6008581be0ee3 [term 0 FOLLOWER]: Replica starting. Triggering 0 pending ops. Active config: opid_index: -1 OBSOLETE_local: false peers { permanent_uuid: "ed8b1a336fe84b6685b6008581be0ee3" member_type: VOTER last_known_addr { host: "127.14.67.65" port: 46737 } } peers { permanent_uuid: "c460cd63f6b844018bc5e69018ffba5f" member_type: VOTER last_known_addr { host: "127.14.67.66" port: 43447 } } peers { permanent_uuid: "4d847ff392954984a6fbbcb4e0679d8d" member_type: VOTER last_known_addr { host: "127.14.67.67" port: 38759 } }
I20260710 11:01:59.129731 15926 raft_consensus.cc:385] T c760fe3f344447e893ba80346ca06ce0 P ed8b1a336fe84b6685b6008581be0ee3 [term 0 FOLLOWER]: Consensus starting up: Expiring failure detector timer to make a prompt election more likely
I20260710 11:01:59.129230 15634 catalog_manager.cc:5697] T 20cfa92056d84b80839625b97ee5dbdc P c460cd63f6b844018bc5e69018ffba5f reported cstate change: term changed from 0 to 1, leader changed from <none> to c460cd63f6b844018bc5e69018ffba5f (127.14.67.66). New cstate: current_term: 1 leader_uuid: "c460cd63f6b844018bc5e69018ffba5f" committed_config { opid_index: -1 OBSOLETE_local: false peers { permanent_uuid: "ed8b1a336fe84b6685b6008581be0ee3" member_type: VOTER last_known_addr { host: "127.14.67.65" port: 46737 } health_report { overall_health: UNKNOWN } } peers { permanent_uuid: "c460cd63f6b844018bc5e69018ffba5f" member_type: VOTER last_known_addr { host: "127.14.67.66" port: 43447 } health_report { overall_health: HEALTHY } } peers { permanent_uuid: "4d847ff392954984a6fbbcb4e0679d8d" member_type: VOTER last_known_addr { host: "127.14.67.67" port: 38759 } health_report { overall_health: UNKNOWN } } }
I20260710 11:01:59.130093 15926 raft_consensus.cc:740] T c760fe3f344447e893ba80346ca06ce0 P ed8b1a336fe84b6685b6008581be0ee3 [term 0 FOLLOWER]: Becoming Follower/Learner. State: Replica: ed8b1a336fe84b6685b6008581be0ee3, State: Initialized, Role: FOLLOWER
I20260710 11:01:59.130918 15926 consensus_queue.cc:260] T c760fe3f344447e893ba80346ca06ce0 P ed8b1a336fe84b6685b6008581be0ee3 [NON_LEADER]: Queue going to NON_LEADER mode. State: All replicated index: 0, Majority replicated index: 0, Committed index: 0, Last appended: 0.0, Last appended by leader: 0, Current term: 0, Majority size: -1, State: 0, Mode: NON_LEADER, active raft config: opid_index: -1 OBSOLETE_local: false peers { permanent_uuid: "ed8b1a336fe84b6685b6008581be0ee3" member_type: VOTER last_known_addr { host: "127.14.67.65" port: 46737 } } peers { permanent_uuid: "c460cd63f6b844018bc5e69018ffba5f" member_type: VOTER last_known_addr { host: "127.14.67.66" port: 43447 } } peers { permanent_uuid: "4d847ff392954984a6fbbcb4e0679d8d" member_type: VOTER last_known_addr { host: "127.14.67.67" port: 38759 } }
I20260710 11:01:59.132091 15810 tablet_service.cc:1917] Received RequestConsensusVote() RPC: tablet_id: "e85ba7ecd5aa41f2a8b7a70e248d5080" candidate_uuid: "ed8b1a336fe84b6685b6008581be0ee3" candidate_term: 1 candidate_status { last_received { term: 0 index: 0 } } ignore_live_leader: false dest_uuid: "c460cd63f6b844018bc5e69018ffba5f" is_pre_election: true
I20260710 11:01:59.133821 15810 raft_consensus.cc:2468] T e85ba7ecd5aa41f2a8b7a70e248d5080 P c460cd63f6b844018bc5e69018ffba5f [term 0 FOLLOWER]: Leader pre-election vote request: Granting yes vote for candidate ed8b1a336fe84b6685b6008581be0ee3 in term 0.
I20260710 11:01:59.136247 15926 ts_tablet_manager.cc:1434] T c760fe3f344447e893ba80346ca06ce0 P ed8b1a336fe84b6685b6008581be0ee3: Time spent starting tablet: real 0.010s	user 0.003s	sys 0.003s
I20260710 11:01:59.132638 15884 tablet_service.cc:1917] Received RequestConsensusVote() RPC: tablet_id: "dee9cd8150754cf6a9d43d9292267dc3" candidate_uuid: "c460cd63f6b844018bc5e69018ffba5f" candidate_term: 1 candidate_status { last_received { term: 0 index: 0 } } ignore_live_leader: false dest_uuid: "4d847ff392954984a6fbbcb4e0679d8d"
I20260710 11:01:59.133350 15927 tablet_bootstrap.cc:654] T c760fe3f344447e893ba80346ca06ce0 P c460cd63f6b844018bc5e69018ffba5f: Neither blocks nor log segments found. Creating new log.
I20260710 11:01:59.133193 15811 tablet_service.cc:1917] Received RequestConsensusVote() RPC: tablet_id: "e85ba7ecd5aa41f2a8b7a70e248d5080" candidate_uuid: "ed8b1a336fe84b6685b6008581be0ee3" candidate_term: 1 candidate_status { last_received { term: 0 index: 0 } } ignore_live_leader: false dest_uuid: "c460cd63f6b844018bc5e69018ffba5f"
I20260710 11:01:59.138530 15811 raft_consensus.cc:3060] T e85ba7ecd5aa41f2a8b7a70e248d5080 P c460cd63f6b844018bc5e69018ffba5f [term 0 FOLLOWER]: Advancing to term 1
I20260710 11:01:59.137655 15926 tablet_bootstrap.cc:492] T cb41149e9cc048e89cb68661b5ebff30 P ed8b1a336fe84b6685b6008581be0ee3: Bootstrap starting.
I20260710 11:01:59.146234 15811 raft_consensus.cc:2468] T e85ba7ecd5aa41f2a8b7a70e248d5080 P c460cd63f6b844018bc5e69018ffba5f [term 1 FOLLOWER]: Leader election vote request: Granting yes vote for candidate ed8b1a336fe84b6685b6008581be0ee3 in term 1.
I20260710 11:01:59.138092 15884 raft_consensus.cc:3060] T dee9cd8150754cf6a9d43d9292267dc3 P 4d847ff392954984a6fbbcb4e0679d8d [term 0 FOLLOWER]: Advancing to term 1
I20260710 11:01:59.146458 15926 tablet_bootstrap.cc:654] T cb41149e9cc048e89cb68661b5ebff30 P ed8b1a336fe84b6685b6008581be0ee3: Neither blocks nor log segments found. Creating new log.
I20260710 11:01:59.148625 15701 leader_election.cc:304] T e85ba7ecd5aa41f2a8b7a70e248d5080 P ed8b1a336fe84b6685b6008581be0ee3 [CANDIDATE]: Term 1 election: Election decided. Result: candidate won. Election summary: received 2 responses out of 3 voters: 2 yes votes; 0 no votes. yes voters: c460cd63f6b844018bc5e69018ffba5f, ed8b1a336fe84b6685b6008581be0ee3; no voters: 
I20260710 11:01:59.149616 15932 raft_consensus.cc:2804] T e85ba7ecd5aa41f2a8b7a70e248d5080 P ed8b1a336fe84b6685b6008581be0ee3 [term 1 FOLLOWER]: Leader election won for term 1
I20260710 11:01:59.150174 15932 raft_consensus.cc:697] T e85ba7ecd5aa41f2a8b7a70e248d5080 P ed8b1a336fe84b6685b6008581be0ee3 [term 1 LEADER]: Becoming Leader. State: Replica: ed8b1a336fe84b6685b6008581be0ee3, State: Running, Role: LEADER
I20260710 11:01:59.151146 15932 consensus_queue.cc:237] T e85ba7ecd5aa41f2a8b7a70e248d5080 P ed8b1a336fe84b6685b6008581be0ee3 [LEADER]: Queue going to LEADER mode. State: All replicated index: 0, Majority replicated index: 0, Committed index: 0, Last appended: 0.0, Last appended by leader: 0, Current term: 1, Majority size: 2, State: 0, Mode: LEADER, active raft config: opid_index: -1 OBSOLETE_local: false peers { permanent_uuid: "ed8b1a336fe84b6685b6008581be0ee3" member_type: VOTER last_known_addr { host: "127.14.67.65" port: 46737 } } peers { permanent_uuid: "c460cd63f6b844018bc5e69018ffba5f" member_type: VOTER last_known_addr { host: "127.14.67.66" port: 43447 } } peers { permanent_uuid: "4d847ff392954984a6fbbcb4e0679d8d" member_type: VOTER last_known_addr { host: "127.14.67.67" port: 38759 } }
I20260710 11:01:59.155385 15884 raft_consensus.cc:2468] T dee9cd8150754cf6a9d43d9292267dc3 P 4d847ff392954984a6fbbcb4e0679d8d [term 1 FOLLOWER]: Leader election vote request: Granting yes vote for candidate c460cd63f6b844018bc5e69018ffba5f in term 1.
I20260710 11:01:59.156572 15735 raft_consensus.cc:2468] T dee9cd8150754cf6a9d43d9292267dc3 P ed8b1a336fe84b6685b6008581be0ee3 [term 1 FOLLOWER]: Leader election vote request: Granting yes vote for candidate c460cd63f6b844018bc5e69018ffba5f in term 1.
I20260710 11:01:59.158063 15774 leader_election.cc:304] T dee9cd8150754cf6a9d43d9292267dc3 P c460cd63f6b844018bc5e69018ffba5f [CANDIDATE]: Term 1 election: Election decided. Result: candidate won. Election summary: received 2 responses out of 3 voters: 2 yes votes; 0 no votes. yes voters: c460cd63f6b844018bc5e69018ffba5f, ed8b1a336fe84b6685b6008581be0ee3; no voters: 
I20260710 11:01:59.156596 15993 raft_consensus.cc:493] T 75a078109d9a4ea3bdb5aad12394cf16 P c460cd63f6b844018bc5e69018ffba5f [term 0 FOLLOWER]: Starting pre-election (no leader contacted us within the election timeout)
