I20260710 11:00:06.965508 13142 leader_election.cc:304] T 9a06f0a9aaf74d279959da4dc57b8cab P d7759c6ecf394c53b43c2c5fdb5e12aa [CANDIDATE]: Term 1 pre-election: Election decided. Result: candidate won. Election summary: received 2 responses out of 3 voters: 2 yes votes; 0 no votes. yes voters: 7ea092d95dee406e957511c65b5df505, d7759c6ecf394c53b43c2c5fdb5e12aa; no voters: 
I20260710 11:00:06.967020 13363 raft_consensus.cc:2804] T 9a06f0a9aaf74d279959da4dc57b8cab P d7759c6ecf394c53b43c2c5fdb5e12aa [term 0 FOLLOWER]: Leader pre-election won for term 1
I20260710 11:00:06.967527 13363 raft_consensus.cc:493] T 9a06f0a9aaf74d279959da4dc57b8cab P d7759c6ecf394c53b43c2c5fdb5e12aa [term 0 FOLLOWER]: Starting leader election (no leader contacted us within the election timeout)
I20260710 11:00:06.967953 13363 raft_consensus.cc:3060] T 9a06f0a9aaf74d279959da4dc57b8cab P d7759c6ecf394c53b43c2c5fdb5e12aa [term 0 FOLLOWER]: Advancing to term 1
I20260710 11:00:06.979980 13359 raft_consensus.cc:493] T 147e5ed851d14a38b2c40928d216f659 P 7ea092d95dee406e957511c65b5df505 [term 0 FOLLOWER]: Starting pre-election (no leader contacted us within the election timeout)
I20260710 11:00:06.980765 13359 raft_consensus.cc:515] T 147e5ed851d14a38b2c40928d216f659 P 7ea092d95dee406e957511c65b5df505 [term 0 FOLLOWER]: Starting pre-election with config: opid_index: -1 OBSOLETE_local: false peers { permanent_uuid: "7ea092d95dee406e957511c65b5df505" member_type: VOTER last_known_addr { host: "127.11.176.193" port: 44289 } } peers { permanent_uuid: "d7759c6ecf394c53b43c2c5fdb5e12aa" member_type: VOTER last_known_addr { host: "127.11.176.194" port: 45465 } } peers { permanent_uuid: "c0e1b07891f0411398c74593fb1ebf42" member_type: VOTER last_known_addr { host: "127.11.176.195" port: 37427 } }
I20260710 11:00:06.984162 13359 leader_election.cc:290] T 147e5ed851d14a38b2c40928d216f659 P 7ea092d95dee406e957511c65b5df505 [CANDIDATE]: Term 1 pre-election: Requested pre-vote from peers d7759c6ecf394c53b43c2c5fdb5e12aa (127.11.176.194:45465), c0e1b07891f0411398c74593fb1ebf42 (127.11.176.195:37427)
I20260710 11:00:06.986130 13252 tablet_service.cc:1917] Received RequestConsensusVote() RPC: tablet_id: "147e5ed851d14a38b2c40928d216f659" candidate_uuid: "7ea092d95dee406e957511c65b5df505" candidate_term: 1 candidate_status { last_received { term: 0 index: 0 } } ignore_live_leader: false dest_uuid: "c0e1b07891f0411398c74593fb1ebf42" is_pre_election: true
I20260710 11:00:06.987001 13252 raft_consensus.cc:2468] T 147e5ed851d14a38b2c40928d216f659 P c0e1b07891f0411398c74593fb1ebf42 [term 0 FOLLOWER]: Leader pre-election vote request: Granting yes vote for candidate 7ea092d95dee406e957511c65b5df505 in term 0.
I20260710 11:00:06.987349 13178 tablet_service.cc:1917] Received RequestConsensusVote() RPC: tablet_id: "147e5ed851d14a38b2c40928d216f659" candidate_uuid: "7ea092d95dee406e957511c65b5df505" candidate_term: 1 candidate_status { last_received { term: 0 index: 0 } } ignore_live_leader: false dest_uuid: "d7759c6ecf394c53b43c2c5fdb5e12aa" is_pre_election: true
I20260710 11:00:06.988670 13068 leader_election.cc:304] T 147e5ed851d14a38b2c40928d216f659 P 7ea092d95dee406e957511c65b5df505 [CANDIDATE]: Term 1 pre-election: Election decided. Result: candidate won. Election summary: received 2 responses out of 3 voters: 2 yes votes; 0 no votes. yes voters: 7ea092d95dee406e957511c65b5df505, c0e1b07891f0411398c74593fb1ebf42; no voters: 
I20260710 11:00:06.989778 13359 raft_consensus.cc:2804] T 147e5ed851d14a38b2c40928d216f659 P 7ea092d95dee406e957511c65b5df505 [term 0 FOLLOWER]: Leader pre-election won for term 1
W20260710 11:00:06.989916 13069 leader_election.cc:343] T 147e5ed851d14a38b2c40928d216f659 P 7ea092d95dee406e957511c65b5df505 [CANDIDATE]: Term 1 pre-election: Tablet error from VoteRequest() call to peer d7759c6ecf394c53b43c2c5fdb5e12aa (127.11.176.194:45465): Illegal state: must be running to vote when last-logged opid is not known
I20260710 11:00:06.990248 13359 raft_consensus.cc:493] T 147e5ed851d14a38b2c40928d216f659 P 7ea092d95dee406e957511c65b5df505 [term 0 FOLLOWER]: Starting leader election (no leader contacted us within the election timeout)
I20260710 11:00:06.990710 13359 raft_consensus.cc:3060] T 147e5ed851d14a38b2c40928d216f659 P 7ea092d95dee406e957511c65b5df505 [term 0 FOLLOWER]: Advancing to term 1
I20260710 11:00:06.991195 13355 consensus_queue.cc:1048] T fc8e02ef3d9b4855b9688993e52ab5e3 P 7ea092d95dee406e957511c65b5df505 [LEADER]: Connected to new peer: Peer: permanent_uuid: "d7759c6ecf394c53b43c2c5fdb5e12aa" member_type: VOTER last_known_addr { host: "127.11.176.194" port: 45465 }, Status: LMP_MISMATCH, Last received: 0.0, Next index: 1, Last known committed idx: 0, Time since last communication: 0.001s
I20260710 11:00:06.999282 13362 leader_election.cc:290] T 9a06f0a9aaf74d279959da4dc57b8cab P d7759c6ecf394c53b43c2c5fdb5e12aa [CANDIDATE]: Term 1 pre-election: Requested pre-vote from peers 7ea092d95dee406e957511c65b5df505 (127.11.176.193:44289), c0e1b07891f0411398c74593fb1ebf42 (127.11.176.195:37427)
I20260710 11:00:06.999997 13252 tablet_service.cc:1917] Received RequestConsensusVote() RPC: tablet_id: "9a06f0a9aaf74d279959da4dc57b8cab" candidate_uuid: "d7759c6ecf394c53b43c2c5fdb5e12aa" candidate_term: 1 candidate_status { last_received { term: 0 index: 0 } } ignore_live_leader: false dest_uuid: "c0e1b07891f0411398c74593fb1ebf42" is_pre_election: true
I20260710 11:00:07.000849 13252 raft_consensus.cc:2468] T 9a06f0a9aaf74d279959da4dc57b8cab P c0e1b07891f0411398c74593fb1ebf42 [term 0 FOLLOWER]: Leader pre-election vote request: Granting yes vote for candidate d7759c6ecf394c53b43c2c5fdb5e12aa in term 0.
I20260710 11:00:07.003796 13363 raft_consensus.cc:515] T 9a06f0a9aaf74d279959da4dc57b8cab P d7759c6ecf394c53b43c2c5fdb5e12aa [term 1 FOLLOWER]: Starting leader election with config: opid_index: -1 OBSOLETE_local: false peers { permanent_uuid: "7ea092d95dee406e957511c65b5df505" member_type: VOTER last_known_addr { host: "127.11.176.193" port: 44289 } } peers { permanent_uuid: "d7759c6ecf394c53b43c2c5fdb5e12aa" member_type: VOTER last_known_addr { host: "127.11.176.194" port: 45465 } } peers { permanent_uuid: "c0e1b07891f0411398c74593fb1ebf42" member_type: VOTER last_known_addr { host: "127.11.176.195" port: 37427 } }
I20260710 11:00:07.007901 13102 tablet_service.cc:1917] Received RequestConsensusVote() RPC: tablet_id: "9a06f0a9aaf74d279959da4dc57b8cab" candidate_uuid: "d7759c6ecf394c53b43c2c5fdb5e12aa" candidate_term: 1 candidate_status { last_received { term: 0 index: 0 } } ignore_live_leader: false dest_uuid: "7ea092d95dee406e957511c65b5df505"
I20260710 11:00:07.011351 13293 tablet_bootstrap.cc:654] T c9f2d271698e494ea04b3e2c07db3a69 P c0e1b07891f0411398c74593fb1ebf42: Neither blocks nor log segments found. Creating new log.
I20260710 11:00:07.016894 13102 raft_consensus.cc:3060] T 9a06f0a9aaf74d279959da4dc57b8cab P 7ea092d95dee406e957511c65b5df505 [term 0 FOLLOWER]: Advancing to term 1
I20260710 11:00:07.017238 13299 consensus_queue.cc:1048] T fc8e02ef3d9b4855b9688993e52ab5e3 P 7ea092d95dee406e957511c65b5df505 [LEADER]: Connected to new peer: Peer: permanent_uuid: "c0e1b07891f0411398c74593fb1ebf42" member_type: VOTER last_known_addr { host: "127.11.176.195" port: 37427 }, Status: LMP_MISMATCH, Last received: 0.0, Next index: 1, Last known committed idx: 0, Time since last communication: 0.000s
I20260710 11:00:07.007947 12998 catalog_manager.cc:5697] T a87b7c7e9654491084ed10c1901e42a6 P d7759c6ecf394c53b43c2c5fdb5e12aa reported cstate change: term changed from 0 to 1, leader changed from <none> to d7759c6ecf394c53b43c2c5fdb5e12aa (127.11.176.194). New cstate: current_term: 1 leader_uuid: "d7759c6ecf394c53b43c2c5fdb5e12aa" committed_config { opid_index: -1 OBSOLETE_local: false peers { permanent_uuid: "7ea092d95dee406e957511c65b5df505" member_type: VOTER last_known_addr { host: "127.11.176.193" port: 44289 } health_report { overall_health: UNKNOWN } } peers { permanent_uuid: "d7759c6ecf394c53b43c2c5fdb5e12aa" member_type: VOTER last_known_addr { host: "127.11.176.194" port: 45465 } health_report { overall_health: HEALTHY } } peers { permanent_uuid: "c0e1b07891f0411398c74593fb1ebf42" member_type: VOTER last_known_addr { host: "127.11.176.195" port: 37427 } health_report { overall_health: UNKNOWN } } }
I20260710 11:00:07.013619 13249 tablet_service.cc:1917] Received RequestConsensusVote() RPC: tablet_id: "9a06f0a9aaf74d279959da4dc57b8cab" candidate_uuid: "d7759c6ecf394c53b43c2c5fdb5e12aa" candidate_term: 1 candidate_status { last_received { term: 0 index: 0 } } ignore_live_leader: false dest_uuid: "c0e1b07891f0411398c74593fb1ebf42"
I20260710 11:00:07.024986 13249 raft_consensus.cc:3060] T 9a06f0a9aaf74d279959da4dc57b8cab P c0e1b07891f0411398c74593fb1ebf42 [term 0 FOLLOWER]: Advancing to term 1
I20260710 11:00:07.012590 13363 leader_election.cc:290] T 9a06f0a9aaf74d279959da4dc57b8cab P d7759c6ecf394c53b43c2c5fdb5e12aa [CANDIDATE]: Term 1 election: Requested vote from peers 7ea092d95dee406e957511c65b5df505 (127.11.176.193:44289), c0e1b07891f0411398c74593fb1ebf42 (127.11.176.195:37427)
I20260710 11:00:07.032332 13292 tablet_bootstrap.cc:492] T abc68352439b461ba08496ba3f6fe3af P 7ea092d95dee406e957511c65b5df505: No bootstrap required, opened a new log
I20260710 11:00:07.033012 13292 ts_tablet_manager.cc:1403] T abc68352439b461ba08496ba3f6fe3af P 7ea092d95dee406e957511c65b5df505: Time spent bootstrapping tablet: real 0.127s	user 0.036s	sys 0.031s
I20260710 11:00:07.006995 13359 raft_consensus.cc:515] T 147e5ed851d14a38b2c40928d216f659 P 7ea092d95dee406e957511c65b5df505 [term 1 FOLLOWER]: Starting leader election with config: opid_index: -1 OBSOLETE_local: false peers { permanent_uuid: "7ea092d95dee406e957511c65b5df505" member_type: VOTER last_known_addr { host: "127.11.176.193" port: 44289 } } peers { permanent_uuid: "d7759c6ecf394c53b43c2c5fdb5e12aa" member_type: VOTER last_known_addr { host: "127.11.176.194" port: 45465 } } peers { permanent_uuid: "c0e1b07891f0411398c74593fb1ebf42" member_type: VOTER last_known_addr { host: "127.11.176.195" port: 37427 } }
I20260710 11:00:07.014345 13294 tablet_bootstrap.cc:654] T 80245f4e955747bab6011e7c646ca162 P d7759c6ecf394c53b43c2c5fdb5e12aa: Neither blocks nor log segments found. Creating new log.
I20260710 11:00:07.040426 13178 tablet_service.cc:1917] Received RequestConsensusVote() RPC: tablet_id: "147e5ed851d14a38b2c40928d216f659" candidate_uuid: "7ea092d95dee406e957511c65b5df505" candidate_term: 1 candidate_status { last_received { term: 0 index: 0 } } ignore_live_leader: false dest_uuid: "d7759c6ecf394c53b43c2c5fdb5e12aa"
I20260710 11:00:07.040861 13248 tablet_service.cc:1917] Received RequestConsensusVote() RPC: tablet_id: "147e5ed851d14a38b2c40928d216f659" candidate_uuid: "7ea092d95dee406e957511c65b5df505" candidate_term: 1 candidate_status { last_received { term: 0 index: 0 } } ignore_live_leader: false dest_uuid: "c0e1b07891f0411398c74593fb1ebf42"
I20260710 11:00:07.041457 13248 raft_consensus.cc:3060] T 147e5ed851d14a38b2c40928d216f659 P c0e1b07891f0411398c74593fb1ebf42 [term 0 FOLLOWER]: Advancing to term 1
W20260710 11:00:07.042389 13069 leader_election.cc:343] T 147e5ed851d14a38b2c40928d216f659 P 7ea092d95dee406e957511c65b5df505 [CANDIDATE]: Term 1 election: Tablet error from VoteRequest() call to peer d7759c6ecf394c53b43c2c5fdb5e12aa (127.11.176.194:45465): Illegal state: must be running to vote when last-logged opid is not known
I20260710 11:00:07.041893 13359 leader_election.cc:290] T 147e5ed851d14a38b2c40928d216f659 P 7ea092d95dee406e957511c65b5df505 [CANDIDATE]: Term 1 election: Requested vote from peers d7759c6ecf394c53b43c2c5fdb5e12aa (127.11.176.194:45465), c0e1b07891f0411398c74593fb1ebf42 (127.11.176.195:37427)
I20260710 11:00:07.050267 13292 raft_consensus.cc:359] T abc68352439b461ba08496ba3f6fe3af P 7ea092d95dee406e957511c65b5df505 [term 0 FOLLOWER]: Replica starting. Triggering 0 pending ops. Active config: opid_index: -1 OBSOLETE_local: false peers { permanent_uuid: "7ea092d95dee406e957511c65b5df505" member_type: VOTER last_known_addr { host: "127.11.176.193" port: 44289 } } peers { permanent_uuid: "d7759c6ecf394c53b43c2c5fdb5e12aa" member_type: VOTER last_known_addr { host: "127.11.176.194" port: 45465 } } peers { permanent_uuid: "c0e1b07891f0411398c74593fb1ebf42" member_type: VOTER last_known_addr { host: "127.11.176.195" port: 37427 } }
I20260710 11:00:07.053853 13292 raft_consensus.cc:385] T abc68352439b461ba08496ba3f6fe3af P 7ea092d95dee406e957511c65b5df505 [term 0 FOLLOWER]: Consensus starting up: Expiring failure detector timer to make a prompt election more likely
I20260710 11:00:07.054225 13292 raft_consensus.cc:740] T abc68352439b461ba08496ba3f6fe3af P 7ea092d95dee406e957511c65b5df505 [term 0 FOLLOWER]: Becoming Follower/Learner. State: Replica: 7ea092d95dee406e957511c65b5df505, State: Initialized, Role: FOLLOWER
I20260710 11:00:07.054863 13248 raft_consensus.cc:2468] T 147e5ed851d14a38b2c40928d216f659 P c0e1b07891f0411398c74593fb1ebf42 [term 1 FOLLOWER]: Leader election vote request: Granting yes vote for candidate 7ea092d95dee406e957511c65b5df505 in term 1.
I20260710 11:00:07.054962 13292 consensus_queue.cc:260] T abc68352439b461ba08496ba3f6fe3af P 7ea092d95dee406e957511c65b5df505 [NON_LEADER]: Queue going to NON_LEADER mode. State: All replicated index: 0, Majority replicated index: 0, Committed index: 0, Last appended: 0.0, Last appended by leader: 0, Current term: 0, Majority size: -1, State: 0, Mode: NON_LEADER, active raft config: opid_index: -1 OBSOLETE_local: false peers { permanent_uuid: "7ea092d95dee406e957511c65b5df505" member_type: VOTER last_known_addr { host: "127.11.176.193" port: 44289 } } peers { permanent_uuid: "d7759c6ecf394c53b43c2c5fdb5e12aa" member_type: VOTER last_known_addr { host: "127.11.176.194" port: 45465 } } peers { permanent_uuid: "c0e1b07891f0411398c74593fb1ebf42" member_type: VOTER last_known_addr { host: "127.11.176.195" port: 37427 } }
I20260710 11:00:07.056864 13102 raft_consensus.cc:2468] T 9a06f0a9aaf74d279959da4dc57b8cab P 7ea092d95dee406e957511c65b5df505 [term 1 FOLLOWER]: Leader election vote request: Granting yes vote for candidate d7759c6ecf394c53b43c2c5fdb5e12aa in term 1.
I20260710 11:00:07.059230 13292 ts_tablet_manager.cc:1434] T abc68352439b461ba08496ba3f6fe3af P 7ea092d95dee406e957511c65b5df505: Time spent starting tablet: real 0.026s	user 0.010s	sys 0.001s
I20260710 11:00:07.059450 13142 leader_election.cc:304] T 9a06f0a9aaf74d279959da4dc57b8cab P d7759c6ecf394c53b43c2c5fdb5e12aa [CANDIDATE]: Term 1 election: Election decided. Result: candidate won. Election summary: received 2 responses out of 3 voters: 2 yes votes; 0 no votes. yes voters: 7ea092d95dee406e957511c65b5df505, d7759c6ecf394c53b43c2c5fdb5e12aa; no voters: 
I20260710 11:00:07.058077 13363 consensus_queue.cc:1048] T 4c9726784397406b86f2e544e23345d8 P d7759c6ecf394c53b43c2c5fdb5e12aa [LEADER]: Connected to new peer: Peer: permanent_uuid: "7ea092d95dee406e957511c65b5df505" member_type: VOTER last_known_addr { host: "127.11.176.193" port: 44289 }, Status: LMP_MISMATCH, Last received: 0.0, Next index: 1, Last known committed idx: 0, Time since last communication: 0.003s
I20260710 11:00:07.062306 13363 raft_consensus.cc:2804] T 9a06f0a9aaf74d279959da4dc57b8cab P d7759c6ecf394c53b43c2c5fdb5e12aa [term 1 FOLLOWER]: Leader election won for term 1
I20260710 11:00:07.064831 13299 raft_consensus.cc:493] T 36e611e7260b4bbfafc239bab5eb0e05 P 7ea092d95dee406e957511c65b5df505 [term 0 FOLLOWER]: Starting pre-election (no leader contacted us within the election timeout)
I20260710 11:00:07.065184 13068 leader_election.cc:304] T 147e5ed851d14a38b2c40928d216f659 P 7ea092d95dee406e957511c65b5df505 [CANDIDATE]: Term 1 election: Election decided. Result: candidate won. Election summary: received 3 responses out of 3 voters: 2 yes votes; 1 no votes. yes voters: 7ea092d95dee406e957511c65b5df505, c0e1b07891f0411398c74593fb1ebf42; no voters: d7759c6ecf394c53b43c2c5fdb5e12aa
I20260710 11:00:07.065343 13299 raft_consensus.cc:515] T 36e611e7260b4bbfafc239bab5eb0e05 P 7ea092d95dee406e957511c65b5df505 [term 0 FOLLOWER]: Starting pre-election with config: opid_index: -1 OBSOLETE_local: false peers { permanent_uuid: "7ea092d95dee406e957511c65b5df505" member_type: VOTER last_known_addr { host: "127.11.176.193" port: 44289 } } peers { permanent_uuid: "d7759c6ecf394c53b43c2c5fdb5e12aa" member_type: VOTER last_known_addr { host: "127.11.176.194" port: 45465 } } peers { permanent_uuid: "c0e1b07891f0411398c74593fb1ebf42" member_type: VOTER last_known_addr { host: "127.11.176.195" port: 37427 } }
I20260710 11:00:07.066870 13292 tablet_bootstrap.cc:492] T 87f0f350e3e949b08658050ee13ab0b7 P 7ea092d95dee406e957511c65b5df505: Bootstrap starting.
I20260710 11:00:07.062938 13363 raft_consensus.cc:697] T 9a06f0a9aaf74d279959da4dc57b8cab P d7759c6ecf394c53b43c2c5fdb5e12aa [term 1 LEADER]: Becoming Leader. State: Replica: d7759c6ecf394c53b43c2c5fdb5e12aa, State: Running, Role: LEADER
I20260710 11:00:07.067957 13359 raft_consensus.cc:2804] T 147e5ed851d14a38b2c40928d216f659 P 7ea092d95dee406e957511c65b5df505 [term 1 FOLLOWER]: Leader election won for term 1
I20260710 11:00:07.068549 13299 leader_election.cc:290] T 36e611e7260b4bbfafc239bab5eb0e05 P 7ea092d95dee406e957511c65b5df505 [CANDIDATE]: Term 1 pre-election: Requested pre-vote from peers d7759c6ecf394c53b43c2c5fdb5e12aa (127.11.176.194:45465), c0e1b07891f0411398c74593fb1ebf42 (127.11.176.195:37427)
I20260710 11:00:07.068747 13363 consensus_queue.cc:237] T 9a06f0a9aaf74d279959da4dc57b8cab P d7759c6ecf394c53b43c2c5fdb5e12aa [LEADER]: Queue going to LEADER mode. State: All replicated index: 0, Majority replicated index: 0, Committed index: 0, Last appended: 0.0, Last appended by leader: 0, Current term: 1, Majority size: 2, State: 0, Mode: LEADER, active raft config: opid_index: -1 OBSOLETE_local: false peers { permanent_uuid: "7ea092d95dee406e957511c65b5df505" member_type: VOTER last_known_addr { host: "127.11.176.193" port: 44289 } } peers { permanent_uuid: "d7759c6ecf394c53b43c2c5fdb5e12aa" member_type: VOTER last_known_addr { host: "127.11.176.194" port: 45465 } } peers { permanent_uuid: "c0e1b07891f0411398c74593fb1ebf42" member_type: VOTER last_known_addr { host: "127.11.176.195" port: 37427 } }
I20260710 11:00:07.070042 13178 tablet_service.cc:1917] Received RequestConsensusVote() RPC: tablet_id: "36e611e7260b4bbfafc239bab5eb0e05" candidate_uuid: "7ea092d95dee406e957511c65b5df505" candidate_term: 1 candidate_status { last_received { term: 0 index: 0 } } ignore_live_leader: false dest_uuid: "d7759c6ecf394c53b43c2c5fdb5e12aa" is_pre_election: true
I20260710 11:00:07.070720 13178 raft_consensus.cc:2468] T 36e611e7260b4bbfafc239bab5eb0e05 P d7759c6ecf394c53b43c2c5fdb5e12aa [term 0 FOLLOWER]: Leader pre-election vote request: Granting yes vote for candidate 7ea092d95dee406e957511c65b5df505 in term 0.
I20260710 11:00:07.072100 13069 leader_election.cc:304] T 36e611e7260b4bbfafc239bab5eb0e05 P 7ea092d95dee406e957511c65b5df505 [CANDIDATE]: Term 1 pre-election: Election decided. Result: candidate won. Election summary: received 2 responses out of 3 voters: 2 yes votes; 0 no votes. yes voters: 7ea092d95dee406e957511c65b5df505, d7759c6ecf394c53b43c2c5fdb5e12aa; no voters: 
I20260710 11:00:07.068819 13359 raft_consensus.cc:697] T 147e5ed851d14a38b2c40928d216f659 P 7ea092d95dee406e957511c65b5df505 [term 1 LEADER]: Becoming Leader. State: Replica: 7ea092d95dee406e957511c65b5df505, State: Running, Role: LEADER
I20260710 11:00:07.072923 13299 raft_consensus.cc:2804] T 36e611e7260b4bbfafc239bab5eb0e05 P 7ea092d95dee406e957511c65b5df505 [term 0 FOLLOWER]: Leader pre-election won for term 1
I20260710 11:00:07.058130 13249 raft_consensus.cc:2468] T 9a06f0a9aaf74d279959da4dc57b8cab P c0e1b07891f0411398c74593fb1ebf42 [term 1 FOLLOWER]: Leader election vote request: Granting yes vote for candidate d7759c6ecf394c53b43c2c5fdb5e12aa in term 1.
I20260710 11:00:07.073302 13299 raft_consensus.cc:493] T 36e611e7260b4bbfafc239bab5eb0e05 P 7ea092d95dee406e957511c65b5df505 [term 0 FOLLOWER]: Starting leader election (no leader contacted us within the election timeout)
I20260710 11:00:07.079018 13248 tablet_service.cc:1917] Received RequestConsensusVote() RPC: tablet_id: "36e611e7260b4bbfafc239bab5eb0e05" candidate_uuid: "7ea092d95dee406e957511c65b5df505" candidate_term: 1 candidate_status { last_received { term: 0 index: 0 } } ignore_live_leader: false dest_uuid: "c0e1b07891f0411398c74593fb1ebf42" is_pre_election: true
I20260710 11:00:07.077901 13299 raft_consensus.cc:3060] T 36e611e7260b4bbfafc239bab5eb0e05 P 7ea092d95dee406e957511c65b5df505 [term 0 FOLLOWER]: Advancing to term 1
I20260710 11:00:07.084740 13359 consensus_queue.cc:237] T 147e5ed851d14a38b2c40928d216f659 P 7ea092d95dee406e957511c65b5df505 [LEADER]: Queue going to LEADER mode. State: All replicated index: 0, Majority replicated index: 0, Committed index: 0, Last appended: 0.0, Last appended by leader: 0, Current term: 1, Majority size: 2, State: 0, Mode: LEADER, active raft config: opid_index: -1 OBSOLETE_local: false peers { permanent_uuid: "7ea092d95dee406e957511c65b5df505" member_type: VOTER last_known_addr { host: "127.11.176.193" port: 44289 } } peers { permanent_uuid: "d7759c6ecf394c53b43c2c5fdb5e12aa" member_type: VOTER last_known_addr { host: "127.11.176.194" port: 45465 } } peers { permanent_uuid: "c0e1b07891f0411398c74593fb1ebf42" member_type: VOTER last_known_addr { host: "127.11.176.195" port: 37427 } }
I20260710 11:00:07.086884 13293 tablet_bootstrap.cc:492] T c9f2d271698e494ea04b3e2c07db3a69 P c0e1b07891f0411398c74593fb1ebf42: No bootstrap required, opened a new log
I20260710 11:00:07.087627 13293 ts_tablet_manager.cc:1403] T c9f2d271698e494ea04b3e2c07db3a69 P c0e1b07891f0411398c74593fb1ebf42: Time spent bootstrapping tablet: real 0.154s	user 0.022s	sys 0.014s
I20260710 11:00:07.089655 13294 tablet_bootstrap.cc:492] T 80245f4e955747bab6011e7c646ca162 P d7759c6ecf394c53b43c2c5fdb5e12aa: No bootstrap required, opened a new log
I20260710 11:00:07.079958 13248 raft_consensus.cc:2468] T 36e611e7260b4bbfafc239bab5eb0e05 P c0e1b07891f0411398c74593fb1ebf42 [term 0 FOLLOWER]: Leader pre-election vote request: Granting yes vote for candidate 7ea092d95dee406e957511c65b5df505 in term 0.
I20260710 11:00:07.092650 13294 ts_tablet_manager.cc:1403] T 80245f4e955747bab6011e7c646ca162 P d7759c6ecf394c53b43c2c5fdb5e12aa: Time spent bootstrapping tablet: real 0.136s	user 0.014s	sys 0.028s
I20260710 11:00:07.122071 13294 raft_consensus.cc:359] T 80245f4e955747bab6011e7c646ca162 P d7759c6ecf394c53b43c2c5fdb5e12aa [term 0 FOLLOWER]: Replica starting. Triggering 0 pending ops. Active config: opid_index: -1 OBSOLETE_local: false peers { permanent_uuid: "7ea092d95dee406e957511c65b5df505" member_type: VOTER last_known_addr { host: "127.11.176.193" port: 44289 } } peers { permanent_uuid: "d7759c6ecf394c53b43c2c5fdb5e12aa" member_type: VOTER last_known_addr { host: "127.11.176.194" port: 45465 } } peers { permanent_uuid: "c0e1b07891f0411398c74593fb1ebf42" member_type: VOTER last_known_addr { host: "127.11.176.195" port: 37427 } }
I20260710 11:00:07.125011 13294 raft_consensus.cc:385] T 80245f4e955747bab6011e7c646ca162 P d7759c6ecf394c53b43c2c5fdb5e12aa [term 0 FOLLOWER]: Consensus starting up: Expiring failure detector timer to make a prompt election more likely
I20260710 11:00:07.125449 13294 raft_consensus.cc:740] T 80245f4e955747bab6011e7c646ca162 P d7759c6ecf394c53b43c2c5fdb5e12aa [term 0 FOLLOWER]: Becoming Follower/Learner. State: Replica: d7759c6ecf394c53b43c2c5fdb5e12aa, State: Initialized, Role: FOLLOWER
I20260710 11:00:07.108436 13293 raft_consensus.cc:359] T c9f2d271698e494ea04b3e2c07db3a69 P c0e1b07891f0411398c74593fb1ebf42 [term 0 FOLLOWER]: Replica starting. Triggering 0 pending ops. Active config: opid_index: -1 OBSOLETE_local: false peers { permanent_uuid: "7ea092d95dee406e957511c65b5df505" member_type: VOTER last_known_addr { host: "127.11.176.193" port: 44289 } } peers { permanent_uuid: "d7759c6ecf394c53b43c2c5fdb5e12aa" member_type: VOTER last_known_addr { host: "127.11.176.194" port: 45465 } } peers { permanent_uuid: "c0e1b07891f0411398c74593fb1ebf42" member_type: VOTER last_known_addr { host: "127.11.176.195" port: 37427 } }
I20260710 11:00:07.126585 13293 raft_consensus.cc:385] T c9f2d271698e494ea04b3e2c07db3a69 P c0e1b07891f0411398c74593fb1ebf42 [term 0 FOLLOWER]: Consensus starting up: Expiring failure detector timer to make a prompt election more likely
I20260710 11:00:07.126991 13293 raft_consensus.cc:740] T c9f2d271698e494ea04b3e2c07db3a69 P c0e1b07891f0411398c74593fb1ebf42 [term 0 FOLLOWER]: Becoming Follower/Learner. State: Replica: c0e1b07891f0411398c74593fb1ebf42, State: Initialized, Role: FOLLOWER
I20260710 11:00:07.128087 13293 consensus_queue.cc:260] T c9f2d271698e494ea04b3e2c07db3a69 P c0e1b07891f0411398c74593fb1ebf42 [NON_LEADER]: Queue going to NON_LEADER mode. State: All replicated index: 0, Majority replicated index: 0, Committed index: 0, Last appended: 0.0, Last appended by leader: 0, Current term: 0, Majority size: -1, State: 0, Mode: NON_LEADER, active raft config: opid_index: -1 OBSOLETE_local: false peers { permanent_uuid: "7ea092d95dee406e957511c65b5df505" member_type: VOTER last_known_addr { host: "127.11.176.193" port: 44289 } } peers { permanent_uuid: "d7759c6ecf394c53b43c2c5fdb5e12aa" member_type: VOTER last_known_addr { host: "127.11.176.194" port: 45465 } } peers { permanent_uuid: "c0e1b07891f0411398c74593fb1ebf42" member_type: VOTER last_known_addr { host: "127.11.176.195" port: 37427 } }
I20260710 11:00:07.129423 13294 consensus_queue.cc:260] T 80245f4e955747bab6011e7c646ca162 P d7759c6ecf394c53b43c2c5fdb5e12aa [NON_LEADER]: Queue going to NON_LEADER mode. State: All replicated index: 0, Majority replicated index: 0, Committed index: 0, Last appended: 0.0, Last appended by leader: 0, Current term: 0, Majority size: -1, State: 0, Mode: NON_LEADER, active raft config: opid_index: -1 OBSOLETE_local: false peers { permanent_uuid: "7ea092d95dee406e957511c65b5df505" member_type: VOTER last_known_addr { host: "127.11.176.193" port: 44289 } } peers { permanent_uuid: "d7759c6ecf394c53b43c2c5fdb5e12aa" member_type: VOTER last_known_addr { host: "127.11.176.194" port: 45465 } } peers { permanent_uuid: "c0e1b07891f0411398c74593fb1ebf42" member_type: VOTER last_known_addr { host: "127.11.176.195" port: 37427 } }
I20260710 11:00:07.134475 13294 ts_tablet_manager.cc:1434] T 80245f4e955747bab6011e7c646ca162 P d7759c6ecf394c53b43c2c5fdb5e12aa: Time spent starting tablet: real 0.016s	user 0.005s	sys 0.003s
I20260710 11:00:07.141513 13292 tablet_bootstrap.cc:654] T 87f0f350e3e949b08658050ee13ab0b7 P 7ea092d95dee406e957511c65b5df505: Neither blocks nor log segments found. Creating new log.
I20260710 11:00:07.146730 13293 ts_tablet_manager.cc:1434] T c9f2d271698e494ea04b3e2c07db3a69 P c0e1b07891f0411398c74593fb1ebf42: Time spent starting tablet: real 0.059s	user 0.009s	sys 0.000s
I20260710 11:00:07.149262 13293 tablet_bootstrap.cc:492] T 535f813ee8ac44d1bf97d584d0e4fec9 P c0e1b07891f0411398c74593fb1ebf42: Bootstrap starting.
I20260710 11:00:07.135825 13294 tablet_bootstrap.cc:492] T 4a18bcfbeb454ea080a06288af9e9392 P d7759c6ecf394c53b43c2c5fdb5e12aa: Bootstrap starting.
I20260710 11:00:07.140091 13362 consensus_queue.cc:1048] T ba949c2b7c464c2db2bf9b7041c61e82 P d7759c6ecf394c53b43c2c5fdb5e12aa [LEADER]: Connected to new peer: Peer: permanent_uuid: "c0e1b07891f0411398c74593fb1ebf42" member_type: VOTER last_known_addr { host: "127.11.176.195" port: 37427 }, Status: LMP_MISMATCH, Last received: 0.0, Next index: 1, Last known committed idx: 0, Time since last communication: 0.012s
I20260710 11:00:07.145236 13299 raft_consensus.cc:515] T 36e611e7260b4bbfafc239bab5eb0e05 P 7ea092d95dee406e957511c65b5df505 [term 1 FOLLOWER]: Starting leader election with config: opid_index: -1 OBSOLETE_local: false peers { permanent_uuid: "7ea092d95dee406e957511c65b5df505" member_type: VOTER last_known_addr { host: "127.11.176.193" port: 44289 } } peers { permanent_uuid: "d7759c6ecf394c53b43c2c5fdb5e12aa" member_type: VOTER last_known_addr { host: "127.11.176.194" port: 45465 } } peers { permanent_uuid: "c0e1b07891f0411398c74593fb1ebf42" member_type: VOTER last_known_addr { host: "127.11.176.195" port: 37427 } }
I20260710 11:00:07.159608 13103 raft_consensus.cc:3060] T ba949c2b7c464c2db2bf9b7041c61e82 P 7ea092d95dee406e957511c65b5df505 [term 0 FOLLOWER]: Advancing to term 1
I20260710 11:00:07.163839 12998 catalog_manager.cc:5697] T 9a06f0a9aaf74d279959da4dc57b8cab P d7759c6ecf394c53b43c2c5fdb5e12aa reported cstate change: term changed from 0 to 1, leader changed from <none> to d7759c6ecf394c53b43c2c5fdb5e12aa (127.11.176.194). New cstate: current_term: 1 leader_uuid: "d7759c6ecf394c53b43c2c5fdb5e12aa" committed_config { opid_index: -1 OBSOLETE_local: false peers { permanent_uuid: "7ea092d95dee406e957511c65b5df505" member_type: VOTER last_known_addr { host: "127.11.176.193" port: 44289 } health_report { overall_health: UNKNOWN } } peers { permanent_uuid: "d7759c6ecf394c53b43c2c5fdb5e12aa" member_type: VOTER last_known_addr { host: "127.11.176.194" port: 45465 } health_report { overall_health: HEALTHY } } peers { permanent_uuid: "c0e1b07891f0411398c74593fb1ebf42" member_type: VOTER last_known_addr { host: "127.11.176.195" port: 37427 } health_report { overall_health: UNKNOWN } } }
I20260710 11:00:07.176349 13178 tablet_service.cc:1917] Received RequestConsensusVote() RPC: tablet_id: "36e611e7260b4bbfafc239bab5eb0e05" candidate_uuid: "7ea092d95dee406e957511c65b5df505" candidate_term: 1 candidate_status { last_received { term: 0 index: 0 } } ignore_live_leader: false dest_uuid: "d7759c6ecf394c53b43c2c5fdb5e12aa"
I20260710 11:00:07.177026 13178 raft_consensus.cc:3060] T 36e611e7260b4bbfafc239bab5eb0e05 P d7759c6ecf394c53b43c2c5fdb5e12aa [term 0 FOLLOWER]: Advancing to term 1
I20260710 11:00:07.178687 13318 consensus_queue.cc:1048] T ba949c2b7c464c2db2bf9b7041c61e82 P d7759c6ecf394c53b43c2c5fdb5e12aa [LEADER]: Connected to new peer: Peer: permanent_uuid: "7ea092d95dee406e957511c65b5df505" member_type: VOTER last_known_addr { host: "127.11.176.193" port: 44289 }, Status: LMP_MISMATCH, Last received: 0.0, Next index: 1, Last known committed idx: 0, Time since last communication: 0.001s
I20260710 11:00:07.190025 13178 raft_consensus.cc:2468] T 36e611e7260b4bbfafc239bab5eb0e05 P d7759c6ecf394c53b43c2c5fdb5e12aa [term 1 FOLLOWER]: Leader election vote request: Granting yes vote for candidate 7ea092d95dee406e957511c65b5df505 in term 1.
I20260710 11:00:07.192239 13299 leader_election.cc:290] T 36e611e7260b4bbfafc239bab5eb0e05 P 7ea092d95dee406e957511c65b5df505 [CANDIDATE]: Term 1 election: Requested vote from peers d7759c6ecf394c53b43c2c5fdb5e12aa (127.11.176.194:45465), c0e1b07891f0411398c74593fb1ebf42 (127.11.176.195:37427)
I20260710 11:00:07.192884 13363 raft_consensus.cc:493] T 80245f4e955747bab6011e7c646ca162 P d7759c6ecf394c53b43c2c5fdb5e12aa [term 0 FOLLOWER]: Starting pre-election (no leader contacted us within the election timeout)
I20260710 11:00:07.192798 13069 leader_election.cc:304] T 36e611e7260b4bbfafc239bab5eb0e05 P 7ea092d95dee406e957511c65b5df505 [CANDIDATE]: Term 1 election: Election decided. Result: candidate won. Election summary: received 2 responses out of 3 voters: 2 yes votes; 0 no votes. yes voters: 7ea092d95dee406e957511c65b5df505, d7759c6ecf394c53b43c2c5fdb5e12aa; no voters: 
I20260710 11:00:07.193480 13363 raft_consensus.cc:515] T 80245f4e955747bab6011e7c646ca162 P d7759c6ecf394c53b43c2c5fdb5e12aa [term 0 FOLLOWER]: Starting pre-election with config: opid_index: -1 OBSOLETE_local: false peers { permanent_uuid: "7ea092d95dee406e957511c65b5df505" member_type: VOTER last_known_addr { host: "127.11.176.193" port: 44289 } } peers { permanent_uuid: "d7759c6ecf394c53b43c2c5fdb5e12aa" member_type: VOTER last_known_addr { host: "127.11.176.194" port: 45465 } } peers { permanent_uuid: "c0e1b07891f0411398c74593fb1ebf42" member_type: VOTER last_known_addr { host: "127.11.176.195" port: 37427 } }
I20260710 11:00:07.194278 13299 raft_consensus.cc:2804] T 36e611e7260b4bbfafc239bab5eb0e05 P 7ea092d95dee406e957511c65b5df505 [term 1 FOLLOWER]: Leader election won for term 1
I20260710 11:00:07.195703 13314 raft_consensus.cc:493] T abc68352439b461ba08496ba3f6fe3af P 7ea092d95dee406e957511c65b5df505 [term 0 FOLLOWER]: Starting pre-election (no leader contacted us within the election timeout)
I20260710 11:00:07.196219 13314 raft_consensus.cc:515] T abc68352439b461ba08496ba3f6fe3af P 7ea092d95dee406e957511c65b5df505 [term 0 FOLLOWER]: Starting pre-election with config: opid_index: -1 OBSOLETE_local: false peers { permanent_uuid: "7ea092d95dee406e957511c65b5df505" member_type: VOTER last_known_addr { host: "127.11.176.193" port: 44289 } } peers { permanent_uuid: "d7759c6ecf394c53b43c2c5fdb5e12aa" member_type: VOTER last_known_addr { host: "127.11.176.194" port: 45465 } } peers { permanent_uuid: "c0e1b07891f0411398c74593fb1ebf42" member_type: VOTER last_known_addr { host: "127.11.176.195" port: 37427 } }
I20260710 11:00:07.197925 13293 tablet_bootstrap.cc:654] T 535f813ee8ac44d1bf97d584d0e4fec9 P c0e1b07891f0411398c74593fb1ebf42: Neither blocks nor log segments found. Creating new log.
I20260710 11:00:07.200696 13314 leader_election.cc:290] T abc68352439b461ba08496ba3f6fe3af P 7ea092d95dee406e957511c65b5df505 [CANDIDATE]: Term 1 pre-election: Requested pre-vote from peers d7759c6ecf394c53b43c2c5fdb5e12aa (127.11.176.194:45465), c0e1b07891f0411398c74593fb1ebf42 (127.11.176.195:37427)
I20260710 11:00:07.201632 13178 tablet_service.cc:1917] Received RequestConsensusVote() RPC: tablet_id: "abc68352439b461ba08496ba3f6fe3af" candidate_uuid: "7ea092d95dee406e957511c65b5df505" candidate_term: 1 candidate_status { last_received { term: 0 index: 0 } } ignore_live_leader: false dest_uuid: "d7759c6ecf394c53b43c2c5fdb5e12aa" is_pre_election: true
W20260710 11:00:07.203555 13069 leader_election.cc:343] T abc68352439b461ba08496ba3f6fe3af P 7ea092d95dee406e957511c65b5df505 [CANDIDATE]: Term 1 pre-election: Tablet error from VoteRequest() call to peer d7759c6ecf394c53b43c2c5fdb5e12aa (127.11.176.194:45465): Illegal state: must be running to vote when last-logged opid is not known
I20260710 11:00:07.204577 13299 raft_consensus.cc:697] T 36e611e7260b4bbfafc239bab5eb0e05 P 7ea092d95dee406e957511c65b5df505 [term 1 LEADER]: Becoming Leader. State: Replica: 7ea092d95dee406e957511c65b5df505, State: Running, Role: LEADER
I20260710 11:00:07.206329 13299 consensus_queue.cc:237] T 36e611e7260b4bbfafc239bab5eb0e05 P 7ea092d95dee406e957511c65b5df505 [LEADER]: Queue going to LEADER mode. State: All replicated index: 0, Majority replicated index: 0, Committed index: 0, Last appended: 0.0, Last appended by leader: 0, Current term: 1, Majority size: 2, State: 0, Mode: LEADER, active raft config: opid_index: -1 OBSOLETE_local: false peers { permanent_uuid: "7ea092d95dee406e957511c65b5df505" member_type: VOTER last_known_addr { host: "127.11.176.193" port: 44289 } } peers { permanent_uuid: "d7759c6ecf394c53b43c2c5fdb5e12aa" member_type: VOTER last_known_addr { host: "127.11.176.194" port: 45465 } } peers { permanent_uuid: "c0e1b07891f0411398c74593fb1ebf42" member_type: VOTER last_known_addr { host: "127.11.176.195" port: 37427 } }
I20260710 11:00:07.207995 13292 tablet_bootstrap.cc:492] T 87f0f350e3e949b08658050ee13ab0b7 P 7ea092d95dee406e957511c65b5df505: No bootstrap required, opened a new log
I20260710 11:00:07.207885 13363 leader_election.cc:290] T 80245f4e955747bab6011e7c646ca162 P d7759c6ecf394c53b43c2c5fdb5e12aa [CANDIDATE]: Term 1 pre-election: Requested pre-vote from peers 7ea092d95dee406e957511c65b5df505 (127.11.176.193:44289), c0e1b07891f0411398c74593fb1ebf42 (127.11.176.195:37427)
I20260710 11:00:07.208501 13363 consensus_queue.cc:1048] T 4c9726784397406b86f2e544e23345d8 P d7759c6ecf394c53b43c2c5fdb5e12aa [LEADER]: Connected to new peer: Peer: permanent_uuid: "c0e1b07891f0411398c74593fb1ebf42" member_type: VOTER last_known_addr { host: "127.11.176.195" port: 37427 }, Status: LMP_MISMATCH, Last received: 0.0, Next index: 1, Last known committed idx: 0, Time since last communication: 0.000s
I20260710 11:00:07.209386 13252 tablet_service.cc:1917] Received RequestConsensusVote() RPC: tablet_id: "80245f4e955747bab6011e7c646ca162" candidate_uuid: "d7759c6ecf394c53b43c2c5fdb5e12aa" candidate_term: 1 candidate_status { last_received { term: 0 index: 0 } } ignore_live_leader: false dest_uuid: "c0e1b07891f0411398c74593fb1ebf42" is_pre_election: true
I20260710 11:00:07.210094 13252 raft_consensus.cc:2468] T 80245f4e955747bab6011e7c646ca162 P c0e1b07891f0411398c74593fb1ebf42 [term 0 FOLLOWER]: Leader pre-election vote request: Granting yes vote for candidate d7759c6ecf394c53b43c2c5fdb5e12aa in term 0.
I20260710 11:00:07.213156 13293 tablet_bootstrap.cc:492] T 535f813ee8ac44d1bf97d584d0e4fec9 P c0e1b07891f0411398c74593fb1ebf42: No bootstrap required, opened a new log
I20260710 11:00:07.213642 13293 ts_tablet_manager.cc:1403] T 535f813ee8ac44d1bf97d584d0e4fec9 P c0e1b07891f0411398c74593fb1ebf42: Time spent bootstrapping tablet: real 0.065s	user 0.006s	sys 0.013s
I20260710 11:00:07.214257 13249 tablet_service.cc:1917] Received RequestConsensusVote() RPC: tablet_id: "36e611e7260b4bbfafc239bab5eb0e05" candidate_uuid: "7ea092d95dee406e957511c65b5df505" candidate_term: 1 candidate_status { last_received { term: 0 index: 0 } } ignore_live_leader: false dest_uuid: "c0e1b07891f0411398c74593fb1ebf42"
I20260710 11:00:07.214644 13251 tablet_service.cc:1917] Received RequestConsensusVote() RPC: tablet_id: "abc68352439b461ba08496ba3f6fe3af" candidate_uuid: "7ea092d95dee406e957511c65b5df505" candidate_term: 1 candidate_status { last_received { term: 0 index: 0 } } ignore_live_leader: false dest_uuid: "c0e1b07891f0411398c74593fb1ebf42" is_pre_election: true
I20260710 11:00:07.214890 13249 raft_consensus.cc:3060] T 36e611e7260b4bbfafc239bab5eb0e05 P c0e1b07891f0411398c74593fb1ebf42 [term 0 FOLLOWER]: Advancing to term 1
I20260710 11:00:07.217615 13143 leader_election.cc:304] T 80245f4e955747bab6011e7c646ca162 P d7759c6ecf394c53b43c2c5fdb5e12aa [CANDIDATE]: Term 1 pre-election: Election decided. Result: candidate won. Election summary: received 2 responses out of 3 voters: 2 yes votes; 0 no votes. yes voters: c0e1b07891f0411398c74593fb1ebf42, d7759c6ecf394c53b43c2c5fdb5e12aa; no voters: 
I20260710 11:00:07.210121 13292 ts_tablet_manager.cc:1403] T 87f0f350e3e949b08658050ee13ab0b7 P 7ea092d95dee406e957511c65b5df505: Time spent bootstrapping tablet: real 0.143s	user 0.020s	sys 0.029s
I20260710 11:00:07.221627 13300 raft_consensus.cc:2804] T 80245f4e955747bab6011e7c646ca162 P d7759c6ecf394c53b43c2c5fdb5e12aa [term 0 FOLLOWER]: Leader pre-election won for term 1
I20260710 11:00:07.222033 13300 raft_consensus.cc:493] T 80245f4e955747bab6011e7c646ca162 P d7759c6ecf394c53b43c2c5fdb5e12aa [term 0 FOLLOWER]: Starting leader election (no leader contacted us within the election timeout)
I20260710 11:00:07.221959 13293 raft_consensus.cc:359] T 535f813ee8ac44d1bf97d584d0e4fec9 P c0e1b07891f0411398c74593fb1ebf42 [term 0 FOLLOWER]: Replica starting. Triggering 0 pending ops. Active config: opid_index: -1 OBSOLETE_local: false peers { permanent_uuid: "7ea092d95dee406e957511c65b5df505" member_type: VOTER last_known_addr { host: "127.11.176.193" port: 44289 } } peers { permanent_uuid: "d7759c6ecf394c53b43c2c5fdb5e12aa" member_type: VOTER last_known_addr { host: "127.11.176.194" port: 45465 } } peers { permanent_uuid: "c0e1b07891f0411398c74593fb1ebf42" member_type: VOTER last_known_addr { host: "127.11.176.195" port: 37427 } }
I20260710 11:00:07.222514 13300 raft_consensus.cc:3060] T 80245f4e955747bab6011e7c646ca162 P d7759c6ecf394c53b43c2c5fdb5e12aa [term 0 FOLLOWER]: Advancing to term 1
I20260710 11:00:07.222798 13293 raft_consensus.cc:385] T 535f813ee8ac44d1bf97d584d0e4fec9 P c0e1b07891f0411398c74593fb1ebf42 [term 0 FOLLOWER]: Consensus starting up: Expiring failure detector timer to make a prompt election more likely
I20260710 11:00:07.223969 13293 raft_consensus.cc:740] T 535f813ee8ac44d1bf97d584d0e4fec9 P c0e1b07891f0411398c74593fb1ebf42 [term 0 FOLLOWER]: Becoming Follower/Learner. State: Replica: c0e1b07891f0411398c74593fb1ebf42, State: Initialized, Role: FOLLOWER
I20260710 11:00:07.224427 13103 tablet_service.cc:1917] Received RequestConsensusVote() RPC: tablet_id: "80245f4e955747bab6011e7c646ca162" candidate_uuid: "d7759c6ecf394c53b43c2c5fdb5e12aa" candidate_term: 1 candidate_status { last_received { term: 0 index: 0 } } ignore_live_leader: false dest_uuid: "7ea092d95dee406e957511c65b5df505" is_pre_election: true
I20260710 11:00:07.225387 13293 consensus_queue.cc:260] T 535f813ee8ac44d1bf97d584d0e4fec9 P c0e1b07891f0411398c74593fb1ebf42 [NON_LEADER]: Queue going to NON_LEADER mode. State: All replicated index: 0, Majority replicated index: 0, Committed index: 0, Last appended: 0.0, Last appended by leader: 0, Current term: 0, Majority size: -1, State: 0, Mode: NON_LEADER, active raft config: opid_index: -1 OBSOLETE_local: false peers { permanent_uuid: "7ea092d95dee406e957511c65b5df505" member_type: VOTER last_known_addr { host: "127.11.176.193" port: 44289 } } peers { permanent_uuid: "d7759c6ecf394c53b43c2c5fdb5e12aa" member_type: VOTER last_known_addr { host: "127.11.176.194" port: 45465 } } peers { permanent_uuid: "c0e1b07891f0411398c74593fb1ebf42" member_type: VOTER last_known_addr { host: "127.11.176.195" port: 37427 } }
W20260710 11:00:07.226979 13068 leader_election.cc:343] T abc68352439b461ba08496ba3f6fe3af P 7ea092d95dee406e957511c65b5df505 [CANDIDATE]: Term 1 pre-election: Tablet error from VoteRequest() call to peer c0e1b07891f0411398c74593fb1ebf42 (127.11.176.195:37427): Illegal state: must be running to vote when last-logged opid is not known
I20260710 11:00:07.227496 13068 leader_election.cc:304] T abc68352439b461ba08496ba3f6fe3af P 7ea092d95dee406e957511c65b5df505 [CANDIDATE]: Term 1 pre-election: Election decided. Result: candidate lost. Election summary: received 3 responses out of 3 voters: 1 yes votes; 2 no votes. yes voters: 7ea092d95dee406e957511c65b5df505; no voters: c0e1b07891f0411398c74593fb1ebf42, d7759c6ecf394c53b43c2c5fdb5e12aa
I20260710 11:00:07.228509 13314 raft_consensus.cc:2749] T abc68352439b461ba08496ba3f6fe3af P 7ea092d95dee406e957511c65b5df505 [term 0 FOLLOWER]: Leader pre-election lost for term 1. Reason: could not achieve majority
W20260710 11:00:07.230005 13142 leader_election.cc:343] T 80245f4e955747bab6011e7c646ca162 P d7759c6ecf394c53b43c2c5fdb5e12aa [CANDIDATE]: Term 1 pre-election: Tablet error from VoteRequest() call to peer 7ea092d95dee406e957511c65b5df505 (127.11.176.193:44289): Illegal state: must be running to vote when last-logged opid is not known
I20260710 11:00:07.230862 13293 ts_tablet_manager.cc:1434] T 535f813ee8ac44d1bf97d584d0e4fec9 P c0e1b07891f0411398c74593fb1ebf42: Time spent starting tablet: real 0.017s	user 0.004s	sys 0.004s
I20260710 11:00:07.231757 13293 tablet_bootstrap.cc:492] T 87f0f350e3e949b08658050ee13ab0b7 P c0e1b07891f0411398c74593fb1ebf42: Bootstrap starting.
I20260710 11:00:07.172312 13001 catalog_manager.cc:5697] T 147e5ed851d14a38b2c40928d216f659 P 7ea092d95dee406e957511c65b5df505 reported cstate change: term changed from 0 to 1, leader changed from <none> to 7ea092d95dee406e957511c65b5df505 (127.11.176.193). New cstate: current_term: 1 leader_uuid: "7ea092d95dee406e957511c65b5df505" committed_config { opid_index: -1 OBSOLETE_local: false peers { permanent_uuid: "7ea092d95dee406e957511c65b5df505" member_type: VOTER last_known_addr { host: "127.11.176.193" port: 44289 } health_report { overall_health: HEALTHY } } peers { permanent_uuid: "d7759c6ecf394c53b43c2c5fdb5e12aa" member_type: VOTER last_known_addr { host: "127.11.176.194" port: 45465 } health_report { overall_health: UNKNOWN } } peers { permanent_uuid: "c0e1b07891f0411398c74593fb1ebf42" member_type: VOTER last_known_addr { host: "127.11.176.195" port: 37427 } health_report { overall_health: UNKNOWN } } }
I20260710 11:00:07.232988 13300 raft_consensus.cc:515] T 80245f4e955747bab6011e7c646ca162 P d7759c6ecf394c53b43c2c5fdb5e12aa [term 1 FOLLOWER]: Starting leader election with config: opid_index: -1 OBSOLETE_local: false peers { permanent_uuid: "7ea092d95dee406e957511c65b5df505" member_type: VOTER last_known_addr { host: "127.11.176.193" port: 44289 } } peers { permanent_uuid: "d7759c6ecf394c53b43c2c5fdb5e12aa" member_type: VOTER last_known_addr { host: "127.11.176.194" port: 45465 } } peers { permanent_uuid: "c0e1b07891f0411398c74593fb1ebf42" member_type: VOTER last_known_addr { host: "127.11.176.195" port: 37427 } }
I20260710 11:00:07.221256 13292 raft_consensus.cc:359] T 87f0f350e3e949b08658050ee13ab0b7 P 7ea092d95dee406e957511c65b5df505 [term 0 FOLLOWER]: Replica starting. Triggering 0 pending ops. Active config: opid_index: -1 OBSOLETE_local: false peers { permanent_uuid: "7ea092d95dee406e957511c65b5df505" member_type: VOTER last_known_addr { host: "127.11.176.193" port: 44289 } } peers { permanent_uuid: "d7759c6ecf394c53b43c2c5fdb5e12aa" member_type: VOTER last_known_addr { host: "127.11.176.194" port: 45465 } } peers { permanent_uuid: "c0e1b07891f0411398c74593fb1ebf42" member_type: VOTER last_known_addr { host: "127.11.176.195" port: 37427 } }
I20260710 11:00:07.239269 13292 raft_consensus.cc:385] T 87f0f350e3e949b08658050ee13ab0b7 P 7ea092d95dee406e957511c65b5df505 [term 0 FOLLOWER]: Consensus starting up: Expiring failure detector timer to make a prompt election more likely
I20260710 11:00:07.239675 13292 raft_consensus.cc:740] T 87f0f350e3e949b08658050ee13ab0b7 P 7ea092d95dee406e957511c65b5df505 [term 0 FOLLOWER]: Becoming Follower/Learner. State: Replica: 7ea092d95dee406e957511c65b5df505, State: Initialized, Role: FOLLOWER
I20260710 11:00:07.240513 13292 consensus_queue.cc:260] T 87f0f350e3e949b08658050ee13ab0b7 P 7ea092d95dee406e957511c65b5df505 [NON_LEADER]: Queue going to NON_LEADER mode. State: All replicated index: 0, Majority replicated index: 0, Committed index: 0, Last appended: 0.0, Last appended by leader: 0, Current term: 0, Majority size: -1, State: 0, Mode: NON_LEADER, active raft config: opid_index: -1 OBSOLETE_local: false peers { permanent_uuid: "7ea092d95dee406e957511c65b5df505" member_type: VOTER last_known_addr { host: "127.11.176.193" port: 44289 } } peers { permanent_uuid: "d7759c6ecf394c53b43c2c5fdb5e12aa" member_type: VOTER last_known_addr { host: "127.11.176.194" port: 45465 } } peers { permanent_uuid: "c0e1b07891f0411398c74593fb1ebf42" member_type: VOTER last_known_addr { host: "127.11.176.195" port: 37427 } }
I20260710 11:00:07.243495 13293 tablet_bootstrap.cc:654] T 87f0f350e3e949b08658050ee13ab0b7 P c0e1b07891f0411398c74593fb1ebf42: Neither blocks nor log segments found. Creating new log.
I20260710 11:00:07.243904 13292 ts_tablet_manager.cc:1434] T 87f0f350e3e949b08658050ee13ab0b7 P 7ea092d95dee406e957511c65b5df505: Time spent starting tablet: real 0.025s	user 0.002s	sys 0.004s
I20260710 11:00:07.244930 13292 tablet_bootstrap.cc:492] T ac6b981e18884bf5bda5a6df223374b9 P 7ea092d95dee406e957511c65b5df505: Bootstrap starting.
I20260710 11:00:07.247457 13249 raft_consensus.cc:2468] T 36e611e7260b4bbfafc239bab5eb0e05 P c0e1b07891f0411398c74593fb1ebf42 [term 1 FOLLOWER]: Leader election vote request: Granting yes vote for candidate 7ea092d95dee406e957511c65b5df505 in term 1.
I20260710 11:00:07.253275 13300 leader_election.cc:290] T 80245f4e955747bab6011e7c646ca162 P d7759c6ecf394c53b43c2c5fdb5e12aa [CANDIDATE]: Term 1 election: Requested vote from peers 7ea092d95dee406e957511c65b5df505 (127.11.176.193:44289), c0e1b07891f0411398c74593fb1ebf42 (127.11.176.195:37427)
I20260710 11:00:07.253078 13292 tablet_bootstrap.cc:654] T ac6b981e18884bf5bda5a6df223374b9 P 7ea092d95dee406e957511c65b5df505: Neither blocks nor log segments found. Creating new log.
I20260710 11:00:07.254555 13251 tablet_service.cc:1917] Received RequestConsensusVote() RPC: tablet_id: "80245f4e955747bab6011e7c646ca162" candidate_uuid: "d7759c6ecf394c53b43c2c5fdb5e12aa" candidate_term: 1 candidate_status { last_received { term: 0 index: 0 } } ignore_live_leader: false dest_uuid: "c0e1b07891f0411398c74593fb1ebf42"
I20260710 11:00:07.256438 13251 raft_consensus.cc:3060] T 80245f4e955747bab6011e7c646ca162 P c0e1b07891f0411398c74593fb1ebf42 [term 0 FOLLOWER]: Advancing to term 1
I20260710 11:00:07.257191 13103 tablet_service.cc:1917] Received RequestConsensusVote() RPC: tablet_id: "80245f4e955747bab6011e7c646ca162" candidate_uuid: "d7759c6ecf394c53b43c2c5fdb5e12aa" candidate_term: 1 candidate_status { last_received { term: 0 index: 0 } } ignore_live_leader: false dest_uuid: "7ea092d95dee406e957511c65b5df505"
I20260710 11:00:07.258448 13293 tablet_bootstrap.cc:492] T 87f0f350e3e949b08658050ee13ab0b7 P c0e1b07891f0411398c74593fb1ebf42: No bootstrap required, opened a new log
W20260710 11:00:07.258824 13142 leader_election.cc:343] T 80245f4e955747bab6011e7c646ca162 P d7759c6ecf394c53b43c2c5fdb5e12aa [CANDIDATE]: Term 1 election: Tablet error from VoteRequest() call to peer 7ea092d95dee406e957511c65b5df505 (127.11.176.193:44289): Illegal state: must be running to vote when last-logged opid is not known
I20260710 11:00:07.258971 13293 ts_tablet_manager.cc:1403] T 87f0f350e3e949b08658050ee13ab0b7 P c0e1b07891f0411398c74593fb1ebf42: Time spent bootstrapping tablet: real 0.027s	user 0.008s	sys 0.005s
