[==========] Running 8 tests from 2 test suites.
[----------] Global test environment set-up.
[----------] 6 tests from LeaderRebalancerTest
[ RUN      ] LeaderRebalancerTest.FunctionalTestForDivided
WARNING: Logging before InitGoogleLogging() is written to STDERR
I20260710 11:01:33.571478 16248 internal_mini_cluster.cc:156] Creating distributed mini masters. Addrs: 127.15.222.62:33735
I20260710 11:01:33.573051 16248 env_posix.cc:2285] Not raising this process' open files per process limit of 1048576; it is already as high as it can go
I20260710 11:01:33.574136 16248 file_cache.cc:504] Constructed file cache file cache with capacity 419430
W20260710 11:01:33.589943 16254 instance_detector.cc:116] could not retrieve AWS instance metadata: Network error: curl error: HTTP response code said error: The requested URL returned error: 404
W20260710 11:01:33.590018 16257 instance_detector.cc:116] could not retrieve OpenStack instance metadata: Network error: curl error: HTTP response code said error: The requested URL returned error: 404
I20260710 11:01:33.591722 16248 server_base.cc:1061] running on GCE node
W20260710 11:01:33.590014 16255 instance_detector.cc:116] could not retrieve Azure instance metadata: Network error: curl error: HTTP response code said error: The requested URL returned error: 404
I20260710 11:01:34.702553 16248 hybrid_clock.cc:584] initializing the hybrid clock with 'system_unsync' time source
W20260710 11:01:34.702797 16248 system_unsync_time.cc:38] NTP support is disabled. Clock error bounds will not be accurate. This configuration is not suitable for distributed clusters.
I20260710 11:01:34.703006 16248 hybrid_clock.cc:648] HybridClock initialized: now 1783681294702982 us; error 0 us; skew 500 ppm
I20260710 11:01:34.703882 16248 server_base.cc:861] Flag tcmalloc_max_total_thread_cache_bytes is not working since tcmalloc is not enabled.
I20260710 11:01:34.709897 16248 webserver.cc:533] Webserver started at http://127.15.222.62:33059/ using document root <none> and password file <none>
I20260710 11:01:34.710753 16248 fs_manager.cc:362] Metadata directory not provided
I20260710 11:01:34.710958 16248 fs_manager.cc:368] Using write-ahead log directory (fs_wal_dir) as metadata directory
I20260710 11:01:34.711411 16248 server_base.cc:909] This appears to be a new deployment of Kudu; creating new FS layout
I20260710 11:01:34.717036 16248 fs_manager.cc:1068] Generated new instance metadata in path /tmp/dist-test-taskthzzP3/test-tmp/auto_leader_rebalancer-test.0.LeaderRebalancerTest.FunctionalTestForDivided.1783681293403519-16248-0/minicluster-data/master-0-root/instance:
uuid: "ddc21cebe9a54fa9ba66adad389994d0"
format_stamp: "Formatted at 2026-07-10 11:01:34 on dist-test-slave-ljn8"
I20260710 11:01:34.724722 16248 fs_manager.cc:696] Time spent creating directory manager: real 0.007s	user 0.005s	sys 0.001s
I20260710 11:01:34.729821 16263 log_block_manager.cc:4127] Time spent loading block containers with low live blocks: real 0.000s	user 0.000s	sys 0.000s
I20260710 11:01:34.730937 16248 fs_manager.cc:730] Time spent opening block manager: real 0.003s	user 0.003s	sys 0.001s
I20260710 11:01:34.731261 16248 fs_manager.cc:647] Opened local filesystem: /tmp/dist-test-taskthzzP3/test-tmp/auto_leader_rebalancer-test.0.LeaderRebalancerTest.FunctionalTestForDivided.1783681293403519-16248-0/minicluster-data/master-0-root
uuid: "ddc21cebe9a54fa9ba66adad389994d0"
format_stamp: "Formatted at 2026-07-10 11:01:34 on dist-test-slave-ljn8"
I20260710 11:01:34.731594 16248 fs_report.cc:389] FS layout report
--------------------
wal directory: /tmp/dist-test-taskthzzP3/test-tmp/auto_leader_rebalancer-test.0.LeaderRebalancerTest.FunctionalTestForDivided.1783681293403519-16248-0/minicluster-data/master-0-root
metadata directory: /tmp/dist-test-taskthzzP3/test-tmp/auto_leader_rebalancer-test.0.LeaderRebalancerTest.FunctionalTestForDivided.1783681293403519-16248-0/minicluster-data/master-0-root
1 data directories: /tmp/dist-test-taskthzzP3/test-tmp/auto_leader_rebalancer-test.0.LeaderRebalancerTest.FunctionalTestForDivided.1783681293403519-16248-0/minicluster-data/master-0-root/data
Total live blocks: 0
Total live bytes: 0
Total live bytes (after alignment): 0
Total number of LBM containers: 0 (0 full)
Did not check for missing blocks
Did not check for orphaned blocks
Total full LBM containers with extra space: 0 (0 repaired)
Total full LBM container extra space in bytes: 0 (0 repaired)
Total incomplete LBM containers: 0 (0 repaired)
Total LBM partial records: 0 (0 repaired)
Total corrupted LBM metadata records in RocksDB: 0 (0 repaired)
I20260710 11:01:34.780932 16248 rpc_server.cc:225] running with OpenSSL 1.1.1  11 Sep 2018
I20260710 11:01:34.782495 16248 env_posix.cc:2285] Not raising this process' running threads per effective uid limit of 18446744073709551615; it is already as high as it can go
I20260710 11:01:34.782929 16248 kserver.cc:163] Server-wide thread pool size limit: 3276
I20260710 11:01:34.850270 16248 rpc_server.cc:307] RPC server started. Bound to: 127.15.222.62:33735
I20260710 11:01:34.850344 16314 acceptor_pool.cc:272] collecting diagnostics on the listening RPC socket 127.15.222.62:33735 every 8 connection(s)
I20260710 11:01:34.857895 16315 data_dirs.cc:400] Could only allocate 1 dirs of requested 3 for tablet 00000000000000000000000000000000. 1 dirs total, 0 dirs full, 0 dirs failed
I20260710 11:01:34.879777 16315 tablet_bootstrap.cc:492] T 00000000000000000000000000000000 P ddc21cebe9a54fa9ba66adad389994d0: Bootstrap starting.
I20260710 11:01:34.885653 16315 tablet_bootstrap.cc:654] T 00000000000000000000000000000000 P ddc21cebe9a54fa9ba66adad389994d0: Neither blocks nor log segments found. Creating new log.
I20260710 11:01:34.887457 16315 log.cc:826] T 00000000000000000000000000000000 P ddc21cebe9a54fa9ba66adad389994d0: Log is configured to *not* fsync() on all Append() calls
I20260710 11:01:34.891918 16315 tablet_bootstrap.cc:492] T 00000000000000000000000000000000 P ddc21cebe9a54fa9ba66adad389994d0: No bootstrap required, opened a new log
I20260710 11:01:34.912001 16315 raft_consensus.cc:359] T 00000000000000000000000000000000 P ddc21cebe9a54fa9ba66adad389994d0 [term 0 FOLLOWER]: Replica starting. Triggering 0 pending ops. Active config: opid_index: -1 OBSOLETE_local: true peers { permanent_uuid: "ddc21cebe9a54fa9ba66adad389994d0" member_type: VOTER }
I20260710 11:01:34.912536 16315 raft_consensus.cc:385] T 00000000000000000000000000000000 P ddc21cebe9a54fa9ba66adad389994d0 [term 0 FOLLOWER]: Consensus starting up: Expiring failure detector timer to make a prompt election more likely
I20260710 11:01:34.912791 16315 raft_consensus.cc:740] T 00000000000000000000000000000000 P ddc21cebe9a54fa9ba66adad389994d0 [term 0 FOLLOWER]: Becoming Follower/Learner. State: Replica: ddc21cebe9a54fa9ba66adad389994d0, State: Initialized, Role: FOLLOWER
I20260710 11:01:34.913720 16315 consensus_queue.cc:260] T 00000000000000000000000000000000 P ddc21cebe9a54fa9ba66adad389994d0 [NON_LEADER]: Queue going to NON_LEADER mode. State: All replicated index: 0, Majority replicated index: 0, Committed index: 0, Last appended: 0.0, Last appended by leader: 0, Current term: 0, Majority size: -1, State: 0, Mode: NON_LEADER, active raft config: opid_index: -1 OBSOLETE_local: true peers { permanent_uuid: "ddc21cebe9a54fa9ba66adad389994d0" member_type: VOTER }
I20260710 11:01:34.914192 16315 raft_consensus.cc:399] T 00000000000000000000000000000000 P ddc21cebe9a54fa9ba66adad389994d0 [term 0 FOLLOWER]: Only one voter in the Raft config. Triggering election immediately
I20260710 11:01:34.914458 16315 raft_consensus.cc:493] T 00000000000000000000000000000000 P ddc21cebe9a54fa9ba66adad389994d0 [term 0 FOLLOWER]: Starting leader election (initial election of a single-replica configuration)
I20260710 11:01:34.914772 16315 raft_consensus.cc:3060] T 00000000000000000000000000000000 P ddc21cebe9a54fa9ba66adad389994d0 [term 0 FOLLOWER]: Advancing to term 1
I20260710 11:01:34.918774 16315 raft_consensus.cc:515] T 00000000000000000000000000000000 P ddc21cebe9a54fa9ba66adad389994d0 [term 1 FOLLOWER]: Starting leader election with config: opid_index: -1 OBSOLETE_local: true peers { permanent_uuid: "ddc21cebe9a54fa9ba66adad389994d0" member_type: VOTER }
I20260710 11:01:34.919461 16315 leader_election.cc:304] T 00000000000000000000000000000000 P ddc21cebe9a54fa9ba66adad389994d0 [CANDIDATE]: Term 1 election: Election decided. Result: candidate won. Election summary: received 1 responses out of 1 voters: 1 yes votes; 0 no votes. yes voters: ddc21cebe9a54fa9ba66adad389994d0; no voters: 
I20260710 11:01:34.921095 16315 leader_election.cc:290] T 00000000000000000000000000000000 P ddc21cebe9a54fa9ba66adad389994d0 [CANDIDATE]: Term 1 election: Requested vote from peers 
I20260710 11:01:34.921415 16318 raft_consensus.cc:2804] T 00000000000000000000000000000000 P ddc21cebe9a54fa9ba66adad389994d0 [term 1 FOLLOWER]: Leader election won for term 1
I20260710 11:01:34.923700 16318 raft_consensus.cc:697] T 00000000000000000000000000000000 P ddc21cebe9a54fa9ba66adad389994d0 [term 1 LEADER]: Becoming Leader. State: Replica: ddc21cebe9a54fa9ba66adad389994d0, State: Running, Role: LEADER
I20260710 11:01:34.924543 16318 consensus_queue.cc:237] T 00000000000000000000000000000000 P ddc21cebe9a54fa9ba66adad389994d0 [LEADER]: Queue going to LEADER mode. State: All replicated index: 0, Majority replicated index: 0, Committed index: 0, Last appended: 0.0, Last appended by leader: 0, Current term: 1, Majority size: 1, State: 0, Mode: LEADER, active raft config: opid_index: -1 OBSOLETE_local: true peers { permanent_uuid: "ddc21cebe9a54fa9ba66adad389994d0" member_type: VOTER }
I20260710 11:01:34.925592 16315 sys_catalog.cc:565] T 00000000000000000000000000000000 P ddc21cebe9a54fa9ba66adad389994d0 [sys.catalog]: configured and running, proceeding with master startup.
I20260710 11:01:34.933944 16319 sys_catalog.cc:455] T 00000000000000000000000000000000 P ddc21cebe9a54fa9ba66adad389994d0 [sys.catalog]: SysCatalogTable state changed. Reason: RaftConsensus started. Latest consensus state: current_term: 1 leader_uuid: "ddc21cebe9a54fa9ba66adad389994d0" committed_config { opid_index: -1 OBSOLETE_local: true peers { permanent_uuid: "ddc21cebe9a54fa9ba66adad389994d0" member_type: VOTER } }
I20260710 11:01:34.934217 16320 sys_catalog.cc:455] T 00000000000000000000000000000000 P ddc21cebe9a54fa9ba66adad389994d0 [sys.catalog]: SysCatalogTable state changed. Reason: New leader ddc21cebe9a54fa9ba66adad389994d0. Latest consensus state: current_term: 1 leader_uuid: "ddc21cebe9a54fa9ba66adad389994d0" committed_config { opid_index: -1 OBSOLETE_local: true peers { permanent_uuid: "ddc21cebe9a54fa9ba66adad389994d0" member_type: VOTER } }
I20260710 11:01:34.934644 16319 sys_catalog.cc:458] T 00000000000000000000000000000000 P ddc21cebe9a54fa9ba66adad389994d0 [sys.catalog]: This master's current role is: LEADER
I20260710 11:01:34.934708 16320 sys_catalog.cc:458] T 00000000000000000000000000000000 P ddc21cebe9a54fa9ba66adad389994d0 [sys.catalog]: This master's current role is: LEADER
I20260710 11:01:34.937227 16327 catalog_manager.cc:1511] Loading table and tablet metadata into memory...
I20260710 11:01:34.947769 16327 catalog_manager.cc:1520] Initializing Kudu cluster ID...
I20260710 11:01:34.949869 16248 internal_mini_cluster.cc:184] Waiting to initialize catalog manager on master 0
I20260710 11:01:34.964202 16327 catalog_manager.cc:1383] Generated new cluster ID: 092fa8b7c1b649fd9a46a599c066dacc
I20260710 11:01:34.964466 16327 catalog_manager.cc:1531] Initializing Kudu internal certificate authority...
I20260710 11:01:35.000265 16327 catalog_manager.cc:1406] Generated new certificate authority record
I20260710 11:01:35.001888 16327 catalog_manager.cc:1540] Loading token signing keys...
I20260710 11:01:35.015950 16327 catalog_manager.cc:6070] T 00000000000000000000000000000000 P ddc21cebe9a54fa9ba66adad389994d0: Generated new TSK 0
I20260710 11:01:35.016855 16327 catalog_manager.cc:1550] Initializing in-progress tserver states...
I20260710 11:01:35.081271 16248 file_cache.cc:504] Constructed file cache file cache with capacity 419430
W20260710 11:01:35.089149 16337 instance_detector.cc:116] could not retrieve AWS instance metadata: Network error: curl error: HTTP response code said error: The requested URL returned error: 404
W20260710 11:01:35.090330 16338 instance_detector.cc:116] could not retrieve Azure instance metadata: Network error: curl error: HTTP response code said error: The requested URL returned error: 404
W20260710 11:01:35.093853 16340 instance_detector.cc:116] could not retrieve OpenStack instance metadata: Network error: curl error: HTTP response code said error: The requested URL returned error: 404
I20260710 11:01:35.094013 16248 server_base.cc:1061] running on GCE node
I20260710 11:01:35.094859 16248 hybrid_clock.cc:584] initializing the hybrid clock with 'system_unsync' time source
W20260710 11:01:35.095044 16248 system_unsync_time.cc:38] NTP support is disabled. Clock error bounds will not be accurate. This configuration is not suitable for distributed clusters.
I20260710 11:01:35.095208 16248 hybrid_clock.cc:648] HybridClock initialized: now 1783681295095190 us; error 0 us; skew 500 ppm
I20260710 11:01:35.095781 16248 server_base.cc:861] Flag tcmalloc_max_total_thread_cache_bytes is not working since tcmalloc is not enabled.
I20260710 11:01:35.099723 16248 webserver.cc:533] Webserver started at http://127.15.222.1:40193/ using document root <none> and password file <none>
I20260710 11:01:35.100250 16248 fs_manager.cc:362] Metadata directory not provided
I20260710 11:01:35.100418 16248 fs_manager.cc:368] Using write-ahead log directory (fs_wal_dir) as metadata directory
I20260710 11:01:35.100696 16248 server_base.cc:909] This appears to be a new deployment of Kudu; creating new FS layout
I20260710 11:01:35.101914 16248 fs_manager.cc:1068] Generated new instance metadata in path /tmp/dist-test-taskthzzP3/test-tmp/auto_leader_rebalancer-test.0.LeaderRebalancerTest.FunctionalTestForDivided.1783681293403519-16248-0/minicluster-data/ts-0-root/instance:
uuid: "96d14ba527ed43f5984afa8d2eae6ce7"
format_stamp: "Formatted at 2026-07-10 11:01:35 on dist-test-slave-ljn8"
I20260710 11:01:35.107476 16248 fs_manager.cc:696] Time spent creating directory manager: real 0.005s	user 0.005s	sys 0.000s
I20260710 11:01:35.111676 16345 log_block_manager.cc:4127] Time spent loading block containers with low live blocks: real 0.000s	user 0.000s	sys 0.000s
I20260710 11:01:35.112545 16248 fs_manager.cc:730] Time spent opening block manager: real 0.003s	user 0.004s	sys 0.000s
I20260710 11:01:35.112900 16248 fs_manager.cc:647] Opened local filesystem: /tmp/dist-test-taskthzzP3/test-tmp/auto_leader_rebalancer-test.0.LeaderRebalancerTest.FunctionalTestForDivided.1783681293403519-16248-0/minicluster-data/ts-0-root
uuid: "96d14ba527ed43f5984afa8d2eae6ce7"
format_stamp: "Formatted at 2026-07-10 11:01:35 on dist-test-slave-ljn8"
I20260710 11:01:35.113281 16248 fs_report.cc:389] FS layout report
--------------------
wal directory: /tmp/dist-test-taskthzzP3/test-tmp/auto_leader_rebalancer-test.0.LeaderRebalancerTest.FunctionalTestForDivided.1783681293403519-16248-0/minicluster-data/ts-0-root
metadata directory: /tmp/dist-test-taskthzzP3/test-tmp/auto_leader_rebalancer-test.0.LeaderRebalancerTest.FunctionalTestForDivided.1783681293403519-16248-0/minicluster-data/ts-0-root
1 data directories: /tmp/dist-test-taskthzzP3/test-tmp/auto_leader_rebalancer-test.0.LeaderRebalancerTest.FunctionalTestForDivided.1783681293403519-16248-0/minicluster-data/ts-0-root/data
Total live blocks: 0
Total live bytes: 0
Total live bytes (after alignment): 0
Total number of LBM containers: 0 (0 full)
Did not check for missing blocks
Did not check for orphaned blocks
Total full LBM containers with extra space: 0 (0 repaired)
Total full LBM container extra space in bytes: 0 (0 repaired)
Total incomplete LBM containers: 0 (0 repaired)
Total LBM partial records: 0 (0 repaired)
Total corrupted LBM metadata records in RocksDB: 0 (0 repaired)
I20260710 11:01:35.133857 16248 rpc_server.cc:225] running with OpenSSL 1.1.1  11 Sep 2018
I20260710 11:01:35.135613 16248 kserver.cc:163] Server-wide thread pool size limit: 3276
I20260710 11:01:35.138527 16248 txn_system_client.cc:432] TxnSystemClient initialization is disabled...
I20260710 11:01:35.143982 16248 ts_tablet_manager.cc:585] Loaded tablet metadata (0 total tablets, 0 live tablets)
I20260710 11:01:35.144330 16248 ts_tablet_manager.cc:531] Time spent load tablet metadata: real 0.000s	user 0.000s	sys 0.000s
I20260710 11:01:35.144652 16248 ts_tablet_manager.cc:616] Registered 0 tablets
I20260710 11:01:35.144869 16248 ts_tablet_manager.cc:595] Time spent register tablets: real 0.000s	user 0.000s	sys 0.000s
I20260710 11:01:35.232116 16248 rpc_server.cc:307] RPC server started. Bound to: 127.15.222.1:36257
I20260710 11:01:35.232159 16407 acceptor_pool.cc:272] collecting diagnostics on the listening RPC socket 127.15.222.1:36257 every 8 connection(s)
I20260710 11:01:35.239868 16248 file_cache.cc:504] Constructed file cache file cache with capacity 419430
W20260710 11:01:35.249234 16412 instance_detector.cc:116] could not retrieve AWS instance metadata: Network error: curl error: HTTP response code said error: The requested URL returned error: 404
W20260710 11:01:35.251965 16413 instance_detector.cc:116] could not retrieve Azure instance metadata: Network error: curl error: HTTP response code said error: The requested URL returned error: 404
I20260710 11:01:35.256672 16248 server_base.cc:1061] running on GCE node
W20260710 11:01:35.257506 16415 instance_detector.cc:116] could not retrieve OpenStack instance metadata: Network error: curl error: HTTP response code said error: The requested URL returned error: 404
I20260710 11:01:35.258455 16248 hybrid_clock.cc:584] initializing the hybrid clock with 'system_unsync' time source
W20260710 11:01:35.258664 16248 system_unsync_time.cc:38] NTP support is disabled. Clock error bounds will not be accurate. This configuration is not suitable for distributed clusters.
I20260710 11:01:35.258863 16248 hybrid_clock.cc:648] HybridClock initialized: now 1783681295258843 us; error 0 us; skew 500 ppm
I20260710 11:01:35.259568 16248 server_base.cc:861] Flag tcmalloc_max_total_thread_cache_bytes is not working since tcmalloc is not enabled.
I20260710 11:01:35.262501 16248 webserver.cc:533] Webserver started at http://127.15.222.2:36195/ using document root <none> and password file <none>
I20260710 11:01:35.263151 16248 fs_manager.cc:362] Metadata directory not provided
I20260710 11:01:35.263399 16248 fs_manager.cc:368] Using write-ahead log directory (fs_wal_dir) as metadata directory
I20260710 11:01:35.263746 16248 server_base.cc:909] This appears to be a new deployment of Kudu; creating new FS layout
I20260710 11:01:35.264969 16248 fs_manager.cc:1068] Generated new instance metadata in path /tmp/dist-test-taskthzzP3/test-tmp/auto_leader_rebalancer-test.0.LeaderRebalancerTest.FunctionalTestForDivided.1783681293403519-16248-0/minicluster-data/ts-1-root/instance:
uuid: "74a0e28e421948609184c3bdedad4218"
format_stamp: "Formatted at 2026-07-10 11:01:35 on dist-test-slave-ljn8"
I20260710 11:01:35.267052 16408 heartbeater.cc:344] Connected to a master server at 127.15.222.62:33735
I20260710 11:01:35.267525 16408 heartbeater.cc:461] Registering TS with master...
I20260710 11:01:35.268707 16408 heartbeater.cc:507] Master 127.15.222.62:33735 requested a full tablet report, sending...
I20260710 11:01:35.271219 16248 fs_manager.cc:696] Time spent creating directory manager: real 0.005s	user 0.001s	sys 0.004s
I20260710 11:01:35.272289 16280 ts_manager.cc:194] Registered new tserver with Master: 96d14ba527ed43f5984afa8d2eae6ce7 (127.15.222.1:36257)
I20260710 11:01:35.275118 16280 master_service.cc:502] Signed X509 certificate for tserver {username='slave'} at 127.0.0.1:59552
I20260710 11:01:35.276372 16420 log_block_manager.cc:4127] Time spent loading block containers with low live blocks: real 0.000s	user 0.000s	sys 0.000s
I20260710 11:01:35.278039 16248 fs_manager.cc:730] Time spent opening block manager: real 0.004s	user 0.002s	sys 0.000s
I20260710 11:01:35.278304 16248 fs_manager.cc:647] Opened local filesystem: /tmp/dist-test-taskthzzP3/test-tmp/auto_leader_rebalancer-test.0.LeaderRebalancerTest.FunctionalTestForDivided.1783681293403519-16248-0/minicluster-data/ts-1-root
uuid: "74a0e28e421948609184c3bdedad4218"
format_stamp: "Formatted at 2026-07-10 11:01:35 on dist-test-slave-ljn8"
I20260710 11:01:35.278576 16248 fs_report.cc:389] FS layout report
--------------------
wal directory: /tmp/dist-test-taskthzzP3/test-tmp/auto_leader_rebalancer-test.0.LeaderRebalancerTest.FunctionalTestForDivided.1783681293403519-16248-0/minicluster-data/ts-1-root
metadata directory: /tmp/dist-test-taskthzzP3/test-tmp/auto_leader_rebalancer-test.0.LeaderRebalancerTest.FunctionalTestForDivided.1783681293403519-16248-0/minicluster-data/ts-1-root
1 data directories: /tmp/dist-test-taskthzzP3/test-tmp/auto_leader_rebalancer-test.0.LeaderRebalancerTest.FunctionalTestForDivided.1783681293403519-16248-0/minicluster-data/ts-1-root/data
Total live blocks: 0
Total live bytes: 0
Total live bytes (after alignment): 0
Total number of LBM containers: 0 (0 full)
Did not check for missing blocks
Did not check for orphaned blocks
Total full LBM containers with extra space: 0 (0 repaired)
Total full LBM container extra space in bytes: 0 (0 repaired)
Total incomplete LBM containers: 0 (0 repaired)
Total LBM partial records: 0 (0 repaired)
Total corrupted LBM metadata records in RocksDB: 0 (0 repaired)
I20260710 11:01:35.297784 16248 rpc_server.cc:225] running with OpenSSL 1.1.1  11 Sep 2018
I20260710 11:01:35.299022 16248 kserver.cc:163] Server-wide thread pool size limit: 3276
I20260710 11:01:35.301057 16248 txn_system_client.cc:432] TxnSystemClient initialization is disabled...
I20260710 11:01:35.303844 16248 ts_tablet_manager.cc:585] Loaded tablet metadata (0 total tablets, 0 live tablets)
I20260710 11:01:35.304042 16248 ts_tablet_manager.cc:531] Time spent load tablet metadata: real 0.000s	user 0.000s	sys 0.000s
I20260710 11:01:35.304257 16248 ts_tablet_manager.cc:616] Registered 0 tablets
I20260710 11:01:35.304404 16248 ts_tablet_manager.cc:595] Time spent register tablets: real 0.000s	user 0.000s	sys 0.000s
I20260710 11:01:35.397135 16248 rpc_server.cc:307] RPC server started. Bound to: 127.15.222.2:46011
I20260710 11:01:35.397289 16482 acceptor_pool.cc:272] collecting diagnostics on the listening RPC socket 127.15.222.2:46011 every 8 connection(s)
I20260710 11:01:35.412619 16248 file_cache.cc:504] Constructed file cache file cache with capacity 419430
I20260710 11:01:35.417938 16483 heartbeater.cc:344] Connected to a master server at 127.15.222.62:33735
I20260710 11:01:35.418360 16483 heartbeater.cc:461] Registering TS with master...
I20260710 11:01:35.419324 16483 heartbeater.cc:507] Master 127.15.222.62:33735 requested a full tablet report, sending...
I20260710 11:01:35.421845 16280 ts_manager.cc:194] Registered new tserver with Master: 74a0e28e421948609184c3bdedad4218 (127.15.222.2:46011)
W20260710 11:01:35.422844 16486 instance_detector.cc:116] could not retrieve AWS instance metadata: Network error: curl error: HTTP response code said error: The requested URL returned error: 404
I20260710 11:01:35.423754 16280 master_service.cc:502] Signed X509 certificate for tserver {username='slave'} at 127.0.0.1:59568
W20260710 11:01:35.427794 16487 instance_detector.cc:116] could not retrieve Azure instance metadata: Network error: curl error: HTTP response code said error: The requested URL returned error: 404
W20260710 11:01:35.436106 16489 instance_detector.cc:116] could not retrieve OpenStack instance metadata: Network error: curl error: HTTP response code said error: The requested URL returned error: 404
I20260710 11:01:35.436970 16248 server_base.cc:1061] running on GCE node
I20260710 11:01:35.438145 16248 hybrid_clock.cc:584] initializing the hybrid clock with 'system_unsync' time source
W20260710 11:01:35.438416 16248 system_unsync_time.cc:38] NTP support is disabled. Clock error bounds will not be accurate. This configuration is not suitable for distributed clusters.
I20260710 11:01:35.438617 16248 hybrid_clock.cc:648] HybridClock initialized: now 1783681295438600 us; error 0 us; skew 500 ppm
I20260710 11:01:35.439342 16248 server_base.cc:861] Flag tcmalloc_max_total_thread_cache_bytes is not working since tcmalloc is not enabled.
I20260710 11:01:35.442044 16248 webserver.cc:533] Webserver started at http://127.15.222.3:40835/ using document root <none> and password file <none>
I20260710 11:01:35.442651 16248 fs_manager.cc:362] Metadata directory not provided
I20260710 11:01:35.442881 16248 fs_manager.cc:368] Using write-ahead log directory (fs_wal_dir) as metadata directory
I20260710 11:01:35.443200 16248 server_base.cc:909] This appears to be a new deployment of Kudu; creating new FS layout
I20260710 11:01:35.444696 16248 fs_manager.cc:1068] Generated new instance metadata in path /tmp/dist-test-taskthzzP3/test-tmp/auto_leader_rebalancer-test.0.LeaderRebalancerTest.FunctionalTestForDivided.1783681293403519-16248-0/minicluster-data/ts-2-root/instance:
uuid: "06999047f01f4ebb9e8bae1870bb0485"
format_stamp: "Formatted at 2026-07-10 11:01:35 on dist-test-slave-ljn8"
I20260710 11:01:35.450461 16248 fs_manager.cc:696] Time spent creating directory manager: real 0.005s	user 0.005s	sys 0.003s
I20260710 11:01:35.454453 16494 log_block_manager.cc:4127] Time spent loading block containers with low live blocks: real 0.000s	user 0.000s	sys 0.000s
I20260710 11:01:35.455253 16248 fs_manager.cc:730] Time spent opening block manager: real 0.002s	user 0.004s	sys 0.000s
I20260710 11:01:35.455570 16248 fs_manager.cc:647] Opened local filesystem: /tmp/dist-test-taskthzzP3/test-tmp/auto_leader_rebalancer-test.0.LeaderRebalancerTest.FunctionalTestForDivided.1783681293403519-16248-0/minicluster-data/ts-2-root
uuid: "06999047f01f4ebb9e8bae1870bb0485"
format_stamp: "Formatted at 2026-07-10 11:01:35 on dist-test-slave-ljn8"
I20260710 11:01:35.455909 16248 fs_report.cc:389] FS layout report
--------------------
wal directory: /tmp/dist-test-taskthzzP3/test-tmp/auto_leader_rebalancer-test.0.LeaderRebalancerTest.FunctionalTestForDivided.1783681293403519-16248-0/minicluster-data/ts-2-root
metadata directory: /tmp/dist-test-taskthzzP3/test-tmp/auto_leader_rebalancer-test.0.LeaderRebalancerTest.FunctionalTestForDivided.1783681293403519-16248-0/minicluster-data/ts-2-root
1 data directories: /tmp/dist-test-taskthzzP3/test-tmp/auto_leader_rebalancer-test.0.LeaderRebalancerTest.FunctionalTestForDivided.1783681293403519-16248-0/minicluster-data/ts-2-root/data
Total live blocks: 0
Total live bytes: 0
Total live bytes (after alignment): 0
Total number of LBM containers: 0 (0 full)
Did not check for missing blocks
Did not check for orphaned blocks
Total full LBM containers with extra space: 0 (0 repaired)
Total full LBM container extra space in bytes: 0 (0 repaired)
Total incomplete LBM containers: 0 (0 repaired)
Total LBM partial records: 0 (0 repaired)
Total corrupted LBM metadata records in RocksDB: 0 (0 repaired)
I20260710 11:01:35.478536 16248 rpc_server.cc:225] running with OpenSSL 1.1.1  11 Sep 2018
I20260710 11:01:35.480098 16248 kserver.cc:163] Server-wide thread pool size limit: 3276
I20260710 11:01:35.482051 16248 txn_system_client.cc:432] TxnSystemClient initialization is disabled...
I20260710 11:01:35.485647 16248 ts_tablet_manager.cc:585] Loaded tablet metadata (0 total tablets, 0 live tablets)
I20260710 11:01:35.485905 16248 ts_tablet_manager.cc:531] Time spent load tablet metadata: real 0.000s	user 0.000s	sys 0.000s
I20260710 11:01:35.486181 16248 ts_tablet_manager.cc:616] Registered 0 tablets
I20260710 11:01:35.486392 16248 ts_tablet_manager.cc:595] Time spent register tablets: real 0.000s	user 0.000s	sys 0.000s
I20260710 11:01:35.577313 16248 rpc_server.cc:307] RPC server started. Bound to: 127.15.222.3:34225
I20260710 11:01:35.577495 16556 acceptor_pool.cc:272] collecting diagnostics on the listening RPC socket 127.15.222.3:34225 every 8 connection(s)
I20260710 11:01:35.593621 16557 heartbeater.cc:344] Connected to a master server at 127.15.222.62:33735
I20260710 11:01:35.594039 16557 heartbeater.cc:461] Registering TS with master...
I20260710 11:01:35.595079 16557 heartbeater.cc:507] Master 127.15.222.62:33735 requested a full tablet report, sending...
I20260710 11:01:35.597450 16280 ts_manager.cc:194] Registered new tserver with Master: 06999047f01f4ebb9e8bae1870bb0485 (127.15.222.3:34225)
I20260710 11:01:35.598384 16248 internal_mini_cluster.cc:371] 3 TS(s) registered with all masters after 0.016351136s
I20260710 11:01:35.599186 16280 master_service.cc:502] Signed X509 certificate for tserver {username='slave'} at 127.0.0.1:59572
I20260710 11:01:35.656867 16280 catalog_manager.cc:2283] Servicing CreateTable request from {username='slave'} at 127.0.0.1:59574:
name: "test-workload"
schema {
  columns {
    name: "key"
    type: INT32
    is_key: true
    is_nullable: false
    encoding: AUTO_ENCODING
    compression: DEFAULT_COMPRESSION
    cfile_block_size: 0
    immutable: false
  }
  columns {
    name: "int_val"
    type: INT32
    is_key: false
    is_nullable: false
    encoding: AUTO_ENCODING
    compression: DEFAULT_COMPRESSION
    cfile_block_size: 0
    immutable: false
  }
  columns {
    name: "string_val"
    type: STRING
    is_key: false
    is_nullable: true
    encoding: AUTO_ENCODING
    compression: DEFAULT_COMPRESSION
    cfile_block_size: 0
    immutable: false
  }
}
num_replicas: 3
split_rows_range_bounds {
  rows: "\004\001\000\216\3438\016\004\001\000\034\307q\034\004\001\000\252\252\252*\004\001\0008\216\3438\004\001\000\306q\034G\004\001\000TUUU\004\001\000\3428\216c\004\001\000p\034\307q""\004\001\000\216\3438\016\004\001\000\034\307q\034\004\001\000\252\252\252*\004\001\0008\216\3438\004\001\000\306q\034G\004\001\000TUUU\004\001\000\3428\216c\004\001\000p\034\307q"
  indirect_data: """"
}
partition_schema {
  range_schema {
    columns {
      name: "key"
    }
  }
}
W20260710 11:01:35.661907 16280 catalog_manager.cc:7077] The number of live tablet servers is not enough to re-replicate a tablet replica of the newly created table test-workload in case of a server failure: 4 tablet servers would be needed, 3 are available. Consider bringing up more tablet servers.
I20260710 11:01:35.776340 16448 tablet_service.cc:1511] Processing CreateTablet for tablet 480c313b001c4eb18148803ea5649446 (DEFAULT_TABLE table=test-workload [id=98dc038fd8274a66b941207b59a39f5d]), partition=RANGE (key) PARTITION VALUES < 238609294
I20260710 11:01:35.777338 16447 tablet_service.cc:1511] Processing CreateTablet for tablet 97c115fcb27147c6801e0b11627819ff (DEFAULT_TABLE table=test-workload [id=98dc038fd8274a66b941207b59a39f5d]), partition=RANGE (key) PARTITION 238609294 <= VALUES < 477218588
I20260710 11:01:35.777987 16448 data_dirs.cc:400] Could only allocate 1 dirs of requested 3 for tablet 480c313b001c4eb18148803ea5649446. 1 dirs total, 0 dirs full, 0 dirs failed
I20260710 11:01:35.779395 16446 tablet_service.cc:1511] Processing CreateTablet for tablet d429bea11a2d43cb8a5de70561046db6 (DEFAULT_TABLE table=test-workload [id=98dc038fd8274a66b941207b59a39f5d]), partition=RANGE (key) PARTITION 477218588 <= VALUES < 715827882
I20260710 11:01:35.780309 16522 tablet_service.cc:1511] Processing CreateTablet for tablet 480c313b001c4eb18148803ea5649446 (DEFAULT_TABLE table=test-workload [id=98dc038fd8274a66b941207b59a39f5d]), partition=RANGE (key) PARTITION VALUES < 238609294
I20260710 11:01:35.780740 16443 tablet_service.cc:1511] Processing CreateTablet for tablet 31e3ab11c6dc44c8bfc9353df1635a94 (DEFAULT_TABLE table=test-workload [id=98dc038fd8274a66b941207b59a39f5d]), partition=RANGE (key) PARTITION 1193046470 <= VALUES < 1431655764
I20260710 11:01:35.781199 16445 tablet_service.cc:1511] Processing CreateTablet for tablet c9856e0a7756497692c9acd79189952b (DEFAULT_TABLE table=test-workload [id=98dc038fd8274a66b941207b59a39f5d]), partition=RANGE (key) PARTITION 715827882 <= VALUES < 954437176
I20260710 11:01:35.785194 16447 data_dirs.cc:400] Could only allocate 1 dirs of requested 3 for tablet 97c115fcb27147c6801e0b11627819ff. 1 dirs total, 0 dirs full, 0 dirs failed
I20260710 11:01:35.785380 16521 tablet_service.cc:1511] Processing CreateTablet for tablet 97c115fcb27147c6801e0b11627819ff (DEFAULT_TABLE table=test-workload [id=98dc038fd8274a66b941207b59a39f5d]), partition=RANGE (key) PARTITION 238609294 <= VALUES < 477218588
I20260710 11:01:35.789145 16445 data_dirs.cc:400] Could only allocate 1 dirs of requested 3 for tablet c9856e0a7756497692c9acd79189952b. 1 dirs total, 0 dirs full, 0 dirs failed
I20260710 11:01:35.788825 16520 tablet_service.cc:1511] Processing CreateTablet for tablet d429bea11a2d43cb8a5de70561046db6 (DEFAULT_TABLE table=test-workload [id=98dc038fd8274a66b941207b59a39f5d]), partition=RANGE (key) PARTITION 477218588 <= VALUES < 715827882
I20260710 11:01:35.796229 16444 tablet_service.cc:1511] Processing CreateTablet for tablet fbf8e4450676429da3b35691ad89e2f5 (DEFAULT_TABLE table=test-workload [id=98dc038fd8274a66b941207b59a39f5d]), partition=RANGE (key) PARTITION 954437176 <= VALUES < 1193046470
I20260710 11:01:35.796856 16522 data_dirs.cc:400] Could only allocate 1 dirs of requested 3 for tablet 480c313b001c4eb18148803ea5649446. 1 dirs total, 0 dirs full, 0 dirs failed
I20260710 11:01:35.793521 16442 tablet_service.cc:1511] Processing CreateTablet for tablet e06da7e991f34ee7b4c0f244dc3415b5 (DEFAULT_TABLE table=test-workload [id=98dc038fd8274a66b941207b59a39f5d]), partition=RANGE (key) PARTITION 1431655764 <= VALUES < 1670265058
I20260710 11:01:35.801558 16446 data_dirs.cc:400] Could only allocate 1 dirs of requested 3 for tablet d429bea11a2d43cb8a5de70561046db6. 1 dirs total, 0 dirs full, 0 dirs failed
I20260710 11:01:35.799327 16519 tablet_service.cc:1511] Processing CreateTablet for tablet c9856e0a7756497692c9acd79189952b (DEFAULT_TABLE table=test-workload [id=98dc038fd8274a66b941207b59a39f5d]), partition=RANGE (key) PARTITION 715827882 <= VALUES < 954437176
I20260710 11:01:35.806829 16521 data_dirs.cc:400] Could only allocate 1 dirs of requested 3 for tablet 97c115fcb27147c6801e0b11627819ff. 1 dirs total, 0 dirs full, 0 dirs failed
I20260710 11:01:35.806922 16518 tablet_service.cc:1511] Processing CreateTablet for tablet fbf8e4450676429da3b35691ad89e2f5 (DEFAULT_TABLE table=test-workload [id=98dc038fd8274a66b941207b59a39f5d]), partition=RANGE (key) PARTITION 954437176 <= VALUES < 1193046470
I20260710 11:01:35.809549 16442 data_dirs.cc:400] Could only allocate 1 dirs of requested 3 for tablet e06da7e991f34ee7b4c0f244dc3415b5. 1 dirs total, 0 dirs full, 0 dirs failed
I20260710 11:01:35.811091 16441 tablet_service.cc:1511] Processing CreateTablet for tablet 848dae0d5c914f60a6e2e9e799bda01b (DEFAULT_TABLE table=test-workload [id=98dc038fd8274a66b941207b59a39f5d]), partition=RANGE (key) PARTITION 1670265058 <= VALUES < 1908874352
I20260710 11:01:35.811614 16520 data_dirs.cc:400] Could only allocate 1 dirs of requested 3 for tablet d429bea11a2d43cb8a5de70561046db6. 1 dirs total, 0 dirs full, 0 dirs failed
I20260710 11:01:35.815258 16444 data_dirs.cc:400] Could only allocate 1 dirs of requested 3 for tablet fbf8e4450676429da3b35691ad89e2f5. 1 dirs total, 0 dirs full, 0 dirs failed
I20260710 11:01:35.815877 16443 data_dirs.cc:400] Could only allocate 1 dirs of requested 3 for tablet 31e3ab11c6dc44c8bfc9353df1635a94. 1 dirs total, 0 dirs full, 0 dirs failed
I20260710 11:01:35.816162 16373 tablet_service.cc:1511] Processing CreateTablet for tablet 480c313b001c4eb18148803ea5649446 (DEFAULT_TABLE table=test-workload [id=98dc038fd8274a66b941207b59a39f5d]), partition=RANGE (key) PARTITION VALUES < 238609294
I20260710 11:01:35.816550 16441 data_dirs.cc:400] Could only allocate 1 dirs of requested 3 for tablet 848dae0d5c914f60a6e2e9e799bda01b. 1 dirs total, 0 dirs full, 0 dirs failed
I20260710 11:01:35.817402 16373 data_dirs.cc:400] Could only allocate 1 dirs of requested 3 for tablet 480c313b001c4eb18148803ea5649446. 1 dirs total, 0 dirs full, 0 dirs failed
I20260710 11:01:35.813257 16517 tablet_service.cc:1511] Processing CreateTablet for tablet 31e3ab11c6dc44c8bfc9353df1635a94 (DEFAULT_TABLE table=test-workload [id=98dc038fd8274a66b941207b59a39f5d]), partition=RANGE (key) PARTITION 1193046470 <= VALUES < 1431655764
I20260710 11:01:35.819639 16440 tablet_service.cc:1511] Processing CreateTablet for tablet 954f4bb4766641df897f9dd8caf0c49a (DEFAULT_TABLE table=test-workload [id=98dc038fd8274a66b941207b59a39f5d]), partition=RANGE (key) PARTITION 1908874352 <= VALUES
I20260710 11:01:35.820948 16440 data_dirs.cc:400] Could only allocate 1 dirs of requested 3 for tablet 954f4bb4766641df897f9dd8caf0c49a. 1 dirs total, 0 dirs full, 0 dirs failed
I20260710 11:01:35.813956 16516 tablet_service.cc:1511] Processing CreateTablet for tablet e06da7e991f34ee7b4c0f244dc3415b5 (DEFAULT_TABLE table=test-workload [id=98dc038fd8274a66b941207b59a39f5d]), partition=RANGE (key) PARTITION 1431655764 <= VALUES < 1670265058
I20260710 11:01:35.824815 16515 tablet_service.cc:1511] Processing CreateTablet for tablet 848dae0d5c914f60a6e2e9e799bda01b (DEFAULT_TABLE table=test-workload [id=98dc038fd8274a66b941207b59a39f5d]), partition=RANGE (key) PARTITION 1670265058 <= VALUES < 1908874352
I20260710 11:01:35.829694 16519 data_dirs.cc:400] Could only allocate 1 dirs of requested 3 for tablet c9856e0a7756497692c9acd79189952b. 1 dirs total, 0 dirs full, 0 dirs failed
I20260710 11:01:35.833107 16371 tablet_service.cc:1511] Processing CreateTablet for tablet d429bea11a2d43cb8a5de70561046db6 (DEFAULT_TABLE table=test-workload [id=98dc038fd8274a66b941207b59a39f5d]), partition=RANGE (key) PARTITION 477218588 <= VALUES < 715827882
I20260710 11:01:35.847622 16368 tablet_service.cc:1511] Processing CreateTablet for tablet 31e3ab11c6dc44c8bfc9353df1635a94 (DEFAULT_TABLE table=test-workload [id=98dc038fd8274a66b941207b59a39f5d]), partition=RANGE (key) PARTITION 1193046470 <= VALUES < 1431655764
I20260710 11:01:35.851599 16517 data_dirs.cc:400] Could only allocate 1 dirs of requested 3 for tablet 31e3ab11c6dc44c8bfc9353df1635a94. 1 dirs total, 0 dirs full, 0 dirs failed
I20260710 11:01:35.852157 16371 data_dirs.cc:400] Could only allocate 1 dirs of requested 3 for tablet d429bea11a2d43cb8a5de70561046db6. 1 dirs total, 0 dirs full, 0 dirs failed
I20260710 11:01:35.851954 16372 tablet_service.cc:1511] Processing CreateTablet for tablet 97c115fcb27147c6801e0b11627819ff (DEFAULT_TABLE table=test-workload [id=98dc038fd8274a66b941207b59a39f5d]), partition=RANGE (key) PARTITION 238609294 <= VALUES < 477218588
I20260710 11:01:35.855314 16369 tablet_service.cc:1511] Processing CreateTablet for tablet fbf8e4450676429da3b35691ad89e2f5 (DEFAULT_TABLE table=test-workload [id=98dc038fd8274a66b941207b59a39f5d]), partition=RANGE (key) PARTITION 954437176 <= VALUES < 1193046470
I20260710 11:01:35.855183 16514 tablet_service.cc:1511] Processing CreateTablet for tablet 954f4bb4766641df897f9dd8caf0c49a (DEFAULT_TABLE table=test-workload [id=98dc038fd8274a66b941207b59a39f5d]), partition=RANGE (key) PARTITION 1908874352 <= VALUES
I20260710 11:01:35.862308 16368 data_dirs.cc:400] Could only allocate 1 dirs of requested 3 for tablet 31e3ab11c6dc44c8bfc9353df1635a94. 1 dirs total, 0 dirs full, 0 dirs failed
I20260710 11:01:35.864302 16516 data_dirs.cc:400] Could only allocate 1 dirs of requested 3 for tablet e06da7e991f34ee7b4c0f244dc3415b5. 1 dirs total, 0 dirs full, 0 dirs failed
I20260710 11:01:35.869580 16366 tablet_service.cc:1511] Processing CreateTablet for tablet 848dae0d5c914f60a6e2e9e799bda01b (DEFAULT_TABLE table=test-workload [id=98dc038fd8274a66b941207b59a39f5d]), partition=RANGE (key) PARTITION 1670265058 <= VALUES < 1908874352
I20260710 11:01:35.854283 16370 tablet_service.cc:1511] Processing CreateTablet for tablet c9856e0a7756497692c9acd79189952b (DEFAULT_TABLE table=test-workload [id=98dc038fd8274a66b941207b59a39f5d]), partition=RANGE (key) PARTITION 715827882 <= VALUES < 954437176
I20260710 11:01:35.883284 16372 data_dirs.cc:400] Could only allocate 1 dirs of requested 3 for tablet 97c115fcb27147c6801e0b11627819ff. 1 dirs total, 0 dirs full, 0 dirs failed
I20260710 11:01:35.886739 16369 data_dirs.cc:400] Could only allocate 1 dirs of requested 3 for tablet fbf8e4450676429da3b35691ad89e2f5. 1 dirs total, 0 dirs full, 0 dirs failed
I20260710 11:01:35.889860 16365 tablet_service.cc:1511] Processing CreateTablet for tablet 954f4bb4766641df897f9dd8caf0c49a (DEFAULT_TABLE table=test-workload [id=98dc038fd8274a66b941207b59a39f5d]), partition=RANGE (key) PARTITION 1908874352 <= VALUES
I20260710 11:01:35.896093 16514 data_dirs.cc:400] Could only allocate 1 dirs of requested 3 for tablet 954f4bb4766641df897f9dd8caf0c49a. 1 dirs total, 0 dirs full, 0 dirs failed
I20260710 11:01:35.885435 16367 tablet_service.cc:1511] Processing CreateTablet for tablet e06da7e991f34ee7b4c0f244dc3415b5 (DEFAULT_TABLE table=test-workload [id=98dc038fd8274a66b941207b59a39f5d]), partition=RANGE (key) PARTITION 1431655764 <= VALUES < 1670265058
I20260710 11:01:35.905506 16518 data_dirs.cc:400] Could only allocate 1 dirs of requested 3 for tablet fbf8e4450676429da3b35691ad89e2f5. 1 dirs total, 0 dirs full, 0 dirs failed
I20260710 11:01:35.907109 16370 data_dirs.cc:400] Could only allocate 1 dirs of requested 3 for tablet c9856e0a7756497692c9acd79189952b. 1 dirs total, 0 dirs full, 0 dirs failed
I20260710 11:01:35.916386 16367 data_dirs.cc:400] Could only allocate 1 dirs of requested 3 for tablet e06da7e991f34ee7b4c0f244dc3415b5. 1 dirs total, 0 dirs full, 0 dirs failed
I20260710 11:01:35.914819 16515 data_dirs.cc:400] Could only allocate 1 dirs of requested 3 for tablet 848dae0d5c914f60a6e2e9e799bda01b. 1 dirs total, 0 dirs full, 0 dirs failed
I20260710 11:01:35.934038 16365 data_dirs.cc:400] Could only allocate 1 dirs of requested 3 for tablet 954f4bb4766641df897f9dd8caf0c49a. 1 dirs total, 0 dirs full, 0 dirs failed
I20260710 11:01:35.937647 16366 data_dirs.cc:400] Could only allocate 1 dirs of requested 3 for tablet 848dae0d5c914f60a6e2e9e799bda01b. 1 dirs total, 0 dirs full, 0 dirs failed
W20260710 11:01:35.947433 16328 auto_rebalancer.cc:288] Could not retrieve cluster info: Service unavailable: Tablet not running
I20260710 11:01:36.035835 16576 tablet_bootstrap.cc:492] T 97c115fcb27147c6801e0b11627819ff P 06999047f01f4ebb9e8bae1870bb0485: Bootstrap starting.
I20260710 11:01:36.137564 16575 tablet_bootstrap.cc:492] T 97c115fcb27147c6801e0b11627819ff P 96d14ba527ed43f5984afa8d2eae6ce7: Bootstrap starting.
I20260710 11:01:36.167299 16577 tablet_bootstrap.cc:492] T d429bea11a2d43cb8a5de70561046db6 P 74a0e28e421948609184c3bdedad4218: Bootstrap starting.
I20260710 11:01:36.174690 16576 tablet_bootstrap.cc:654] T 97c115fcb27147c6801e0b11627819ff P 06999047f01f4ebb9e8bae1870bb0485: Neither blocks nor log segments found. Creating new log.
I20260710 11:01:36.180603 16575 tablet_bootstrap.cc:654] T 97c115fcb27147c6801e0b11627819ff P 96d14ba527ed43f5984afa8d2eae6ce7: Neither blocks nor log segments found. Creating new log.
I20260710 11:01:36.190414 16577 tablet_bootstrap.cc:654] T d429bea11a2d43cb8a5de70561046db6 P 74a0e28e421948609184c3bdedad4218: Neither blocks nor log segments found. Creating new log.
I20260710 11:01:36.191597 16576 tablet_bootstrap.cc:492] T 97c115fcb27147c6801e0b11627819ff P 06999047f01f4ebb9e8bae1870bb0485: No bootstrap required, opened a new log
I20260710 11:01:36.192006 16576 ts_tablet_manager.cc:1403] T 97c115fcb27147c6801e0b11627819ff P 06999047f01f4ebb9e8bae1870bb0485: Time spent bootstrapping tablet: real 0.157s	user 0.008s	sys 0.014s
I20260710 11:01:36.194423 16576 raft_consensus.cc:359] T 97c115fcb27147c6801e0b11627819ff P 06999047f01f4ebb9e8bae1870bb0485 [term 0 FOLLOWER]: Replica starting. Triggering 0 pending ops. Active config: opid_index: -1 OBSOLETE_local: false peers { permanent_uuid: "96d14ba527ed43f5984afa8d2eae6ce7" member_type: VOTER last_known_addr { host: "127.15.222.1" port: 36257 } } peers { permanent_uuid: "74a0e28e421948609184c3bdedad4218" member_type: VOTER last_known_addr { host: "127.15.222.2" port: 46011 } } peers { permanent_uuid: "06999047f01f4ebb9e8bae1870bb0485" member_type: VOTER last_known_addr { host: "127.15.222.3" port: 34225 } }
I20260710 11:01:36.195061 16576 raft_consensus.cc:385] T 97c115fcb27147c6801e0b11627819ff P 06999047f01f4ebb9e8bae1870bb0485 [term 0 FOLLOWER]: Consensus starting up: Expiring failure detector timer to make a prompt election more likely
I20260710 11:01:36.195284 16576 raft_consensus.cc:740] T 97c115fcb27147c6801e0b11627819ff P 06999047f01f4ebb9e8bae1870bb0485 [term 0 FOLLOWER]: Becoming Follower/Learner. State: Replica: 06999047f01f4ebb9e8bae1870bb0485, State: Initialized, Role: FOLLOWER
I20260710 11:01:36.196159 16577 tablet_bootstrap.cc:492] T d429bea11a2d43cb8a5de70561046db6 P 74a0e28e421948609184c3bdedad4218: No bootstrap required, opened a new log
I20260710 11:01:36.196601 16577 ts_tablet_manager.cc:1403] T d429bea11a2d43cb8a5de70561046db6 P 74a0e28e421948609184c3bdedad4218: Time spent bootstrapping tablet: real 0.110s	user 0.009s	sys 0.003s
I20260710 11:01:36.195942 16576 consensus_queue.cc:260] T 97c115fcb27147c6801e0b11627819ff P 06999047f01f4ebb9e8bae1870bb0485 [NON_LEADER]: Queue going to NON_LEADER mode. State: All replicated index: 0, Majority replicated index: 0, Committed index: 0, Last appended: 0.0, Last appended by leader: 0, Current term: 0, Majority size: -1, State: 0, Mode: NON_LEADER, active raft config: opid_index: -1 OBSOLETE_local: false peers { permanent_uuid: "96d14ba527ed43f5984afa8d2eae6ce7" member_type: VOTER last_known_addr { host: "127.15.222.1" port: 36257 } } peers { permanent_uuid: "74a0e28e421948609184c3bdedad4218" member_type: VOTER last_known_addr { host: "127.15.222.2" port: 46011 } } peers { permanent_uuid: "06999047f01f4ebb9e8bae1870bb0485" member_type: VOTER last_known_addr { host: "127.15.222.3" port: 34225 } }
I20260710 11:01:36.198382 16557 heartbeater.cc:499] Master 127.15.222.62:33735 was elected leader, sending a full tablet report...
I20260710 11:01:36.198793 16576 ts_tablet_manager.cc:1434] T 97c115fcb27147c6801e0b11627819ff P 06999047f01f4ebb9e8bae1870bb0485: Time spent starting tablet: real 0.007s	user 0.005s	sys 0.001s
I20260710 11:01:36.199744 16576 tablet_bootstrap.cc:492] T fbf8e4450676429da3b35691ad89e2f5 P 06999047f01f4ebb9e8bae1870bb0485: Bootstrap starting.
I20260710 11:01:36.199397 16577 raft_consensus.cc:359] T d429bea11a2d43cb8a5de70561046db6 P 74a0e28e421948609184c3bdedad4218 [term 0 FOLLOWER]: Replica starting. Triggering 0 pending ops. Active config: opid_index: -1 OBSOLETE_local: false peers { permanent_uuid: "96d14ba527ed43f5984afa8d2eae6ce7" member_type: VOTER last_known_addr { host: "127.15.222.1" port: 36257 } } peers { permanent_uuid: "74a0e28e421948609184c3bdedad4218" member_type: VOTER last_known_addr { host: "127.15.222.2" port: 46011 } } peers { permanent_uuid: "06999047f01f4ebb9e8bae1870bb0485" member_type: VOTER last_known_addr { host: "127.15.222.3" port: 34225 } }
I20260710 11:01:36.200085 16577 raft_consensus.cc:385] T d429bea11a2d43cb8a5de70561046db6 P 74a0e28e421948609184c3bdedad4218 [term 0 FOLLOWER]: Consensus starting up: Expiring failure detector timer to make a prompt election more likely
I20260710 11:01:36.200367 16577 raft_consensus.cc:740] T d429bea11a2d43cb8a5de70561046db6 P 74a0e28e421948609184c3bdedad4218 [term 0 FOLLOWER]: Becoming Follower/Learner. State: Replica: 74a0e28e421948609184c3bdedad4218, State: Initialized, Role: FOLLOWER
I20260710 11:01:36.203006 16575 tablet_bootstrap.cc:492] T 97c115fcb27147c6801e0b11627819ff P 96d14ba527ed43f5984afa8d2eae6ce7: No bootstrap required, opened a new log
I20260710 11:01:36.203439 16575 ts_tablet_manager.cc:1403] T 97c115fcb27147c6801e0b11627819ff P 96d14ba527ed43f5984afa8d2eae6ce7: Time spent bootstrapping tablet: real 0.150s	user 0.011s	sys 0.003s
I20260710 11:01:36.206660 16575 raft_consensus.cc:359] T 97c115fcb27147c6801e0b11627819ff P 96d14ba527ed43f5984afa8d2eae6ce7 [term 0 FOLLOWER]: Replica starting. Triggering 0 pending ops. Active config: opid_index: -1 OBSOLETE_local: false peers { permanent_uuid: "96d14ba527ed43f5984afa8d2eae6ce7" member_type: VOTER last_known_addr { host: "127.15.222.1" port: 36257 } } peers { permanent_uuid: "74a0e28e421948609184c3bdedad4218" member_type: VOTER last_known_addr { host: "127.15.222.2" port: 46011 } } peers { permanent_uuid: "06999047f01f4ebb9e8bae1870bb0485" member_type: VOTER last_known_addr { host: "127.15.222.3" port: 34225 } }
I20260710 11:01:36.207370 16575 raft_consensus.cc:385] T 97c115fcb27147c6801e0b11627819ff P 96d14ba527ed43f5984afa8d2eae6ce7 [term 0 FOLLOWER]: Consensus starting up: Expiring failure detector timer to make a prompt election more likely
I20260710 11:01:36.207647 16575 raft_consensus.cc:740] T 97c115fcb27147c6801e0b11627819ff P 96d14ba527ed43f5984afa8d2eae6ce7 [term 0 FOLLOWER]: Becoming Follower/Learner. State: Replica: 96d14ba527ed43f5984afa8d2eae6ce7, State: Initialized, Role: FOLLOWER
I20260710 11:01:36.208230 16576 tablet_bootstrap.cc:654] T fbf8e4450676429da3b35691ad89e2f5 P 06999047f01f4ebb9e8bae1870bb0485: Neither blocks nor log segments found. Creating new log.
