I20260710 11:01:58.434489 17856 raft_consensus.cc:385] T 83829cefd0c74a40989cb3d05a4fdbf2 P 60ff90aaee9c47868629073caac010ae [term 0 FOLLOWER]: Consensus starting up: Expiring failure detector timer to make a prompt election more likely
I20260710 11:01:58.434751 17856 raft_consensus.cc:740] T 83829cefd0c74a40989cb3d05a4fdbf2 P 60ff90aaee9c47868629073caac010ae [term 0 FOLLOWER]: Becoming Follower/Learner. State: Replica: 60ff90aaee9c47868629073caac010ae, State: Initialized, Role: FOLLOWER
I20260710 11:01:58.434983 17631 leader_election.cc:304] T 83829cefd0c74a40989cb3d05a4fdbf2 P c2219f2a5a7c461dade7d16a6f5ba8de [CANDIDATE]: Term 1 pre-election: Election decided. Result: candidate won. Election summary: received 2 responses out of 3 voters: 2 yes votes; 0 no votes. yes voters: 7ce10be193454efb978a77c55588e9a5, c2219f2a5a7c461dade7d16a6f5ba8de; no voters: 
I20260710 11:01:58.431141 17896 raft_consensus.cc:493] T 051bf06766934c78943db82f884f9c93 P 60ff90aaee9c47868629073caac010ae [term 0 FOLLOWER]: Starting leader election (no leader contacted us within the election timeout)
I20260710 11:01:58.435628 17896 raft_consensus.cc:3060] T 051bf06766934c78943db82f884f9c93 P 60ff90aaee9c47868629073caac010ae [term 0 FOLLOWER]: Advancing to term 1
I20260710 11:01:58.435359 17856 consensus_queue.cc:260] T 83829cefd0c74a40989cb3d05a4fdbf2 P 60ff90aaee9c47868629073caac010ae [NON_LEADER]: Queue going to NON_LEADER mode. State: All replicated index: 0, Majority replicated index: 0, Committed index: 0, Last appended: 0.0, Last appended by leader: 0, Current term: 0, Majority size: -1, State: 0, Mode: NON_LEADER, active raft config: opid_index: -1 OBSOLETE_local: false peers { permanent_uuid: "c2219f2a5a7c461dade7d16a6f5ba8de" member_type: VOTER last_known_addr { host: "127.16.41.193" port: 37847 } } peers { permanent_uuid: "7ce10be193454efb978a77c55588e9a5" member_type: VOTER last_known_addr { host: "127.16.41.194" port: 45285 } } peers { permanent_uuid: "60ff90aaee9c47868629073caac010ae" member_type: VOTER last_known_addr { host: "127.16.41.195" port: 36693 } }
I20260710 11:01:58.435910 17863 raft_consensus.cc:2804] T 83829cefd0c74a40989cb3d05a4fdbf2 P c2219f2a5a7c461dade7d16a6f5ba8de [term 0 FOLLOWER]: Leader pre-election won for term 1
I20260710 11:01:58.436309 17863 raft_consensus.cc:493] T 83829cefd0c74a40989cb3d05a4fdbf2 P c2219f2a5a7c461dade7d16a6f5ba8de [term 0 FOLLOWER]: Starting leader election (no leader contacted us within the election timeout)
I20260710 11:01:58.436611 17863 raft_consensus.cc:3060] T 83829cefd0c74a40989cb3d05a4fdbf2 P c2219f2a5a7c461dade7d16a6f5ba8de [term 0 FOLLOWER]: Advancing to term 1
I20260710 11:01:58.441955 17896 raft_consensus.cc:515] T 051bf06766934c78943db82f884f9c93 P 60ff90aaee9c47868629073caac010ae [term 1 FOLLOWER]: Starting leader election with config: opid_index: -1 OBSOLETE_local: false peers { permanent_uuid: "c2219f2a5a7c461dade7d16a6f5ba8de" member_type: VOTER last_known_addr { host: "127.16.41.193" port: 37847 } } peers { permanent_uuid: "7ce10be193454efb978a77c55588e9a5" member_type: VOTER last_known_addr { host: "127.16.41.194" port: 45285 } } peers { permanent_uuid: "60ff90aaee9c47868629073caac010ae" member_type: VOTER last_known_addr { host: "127.16.41.195" port: 36693 } }
I20260710 11:01:58.442531 17856 ts_tablet_manager.cc:1434] T 83829cefd0c74a40989cb3d05a4fdbf2 P 60ff90aaee9c47868629073caac010ae: Time spent starting tablet: real 0.011s	user 0.006s	sys 0.000s
I20260710 11:01:58.443403 17856 tablet_bootstrap.cc:492] T e24638702f774210bde80c037ca911d6 P 60ff90aaee9c47868629073caac010ae: Bootstrap starting.
I20260710 11:01:58.443277 17861 raft_consensus.cc:493] T 10ed977055804f8eaec1c3dcc17b54f5 P 7ce10be193454efb978a77c55588e9a5 [term 0 FOLLOWER]: Starting pre-election (no leader contacted us within the election timeout)
W20260710 11:01:58.443259 17630 leader_election.cc:343] T 83829cefd0c74a40989cb3d05a4fdbf2 P c2219f2a5a7c461dade7d16a6f5ba8de [CANDIDATE]: Term 1 pre-election: Tablet error from VoteRequest() call to peer 60ff90aaee9c47868629073caac010ae (127.16.41.195:36693): Illegal state: must be running to vote when last-logged opid is not known
I20260710 11:01:58.443868 17861 raft_consensus.cc:515] T 10ed977055804f8eaec1c3dcc17b54f5 P 7ce10be193454efb978a77c55588e9a5 [term 0 FOLLOWER]: Starting pre-election with config: opid_index: -1 OBSOLETE_local: false peers { permanent_uuid: "c2219f2a5a7c461dade7d16a6f5ba8de" member_type: VOTER last_known_addr { host: "127.16.41.193" port: 37847 } } peers { permanent_uuid: "7ce10be193454efb978a77c55588e9a5" member_type: VOTER last_known_addr { host: "127.16.41.194" port: 45285 } } peers { permanent_uuid: "60ff90aaee9c47868629073caac010ae" member_type: VOTER last_known_addr { host: "127.16.41.195" port: 36693 } }
I20260710 11:01:58.447048 17666 tablet_service.cc:1917] Received RequestConsensusVote() RPC: tablet_id: "051bf06766934c78943db82f884f9c93" candidate_uuid: "60ff90aaee9c47868629073caac010ae" candidate_term: 1 candidate_status { last_received { term: 0 index: 0 } } ignore_live_leader: false dest_uuid: "c2219f2a5a7c461dade7d16a6f5ba8de"
I20260710 11:01:58.447239 17861 leader_election.cc:290] T 10ed977055804f8eaec1c3dcc17b54f5 P 7ce10be193454efb978a77c55588e9a5 [CANDIDATE]: Term 1 pre-election: Requested pre-vote from peers c2219f2a5a7c461dade7d16a6f5ba8de (127.16.41.193:37847), 60ff90aaee9c47868629073caac010ae (127.16.41.195:36693)
I20260710 11:01:58.447602 17666 raft_consensus.cc:3060] T 051bf06766934c78943db82f884f9c93 P c2219f2a5a7c461dade7d16a6f5ba8de [term 0 FOLLOWER]: Advancing to term 1
I20260710 11:01:58.449164 17856 tablet_bootstrap.cc:654] T e24638702f774210bde80c037ca911d6 P 60ff90aaee9c47868629073caac010ae: Neither blocks nor log segments found. Creating new log.
I20260710 11:01:58.450218 17664 tablet_service.cc:1917] Received RequestConsensusVote() RPC: tablet_id: "10ed977055804f8eaec1c3dcc17b54f5" candidate_uuid: "7ce10be193454efb978a77c55588e9a5" candidate_term: 1 candidate_status { last_received { term: 0 index: 0 } } ignore_live_leader: false dest_uuid: "c2219f2a5a7c461dade7d16a6f5ba8de" is_pre_election: true
I20260710 11:01:58.450816 17664 raft_consensus.cc:2468] T 10ed977055804f8eaec1c3dcc17b54f5 P c2219f2a5a7c461dade7d16a6f5ba8de [term 0 FOLLOWER]: Leader pre-election vote request: Granting yes vote for candidate 7ce10be193454efb978a77c55588e9a5 in term 0.
I20260710 11:01:58.435910 17855 tablet_bootstrap.cc:492] T 21043559f67e4dee9b295d5782198ee3 P 7ce10be193454efb978a77c55588e9a5: No bootstrap required, opened a new log
I20260710 11:01:58.451615 17855 ts_tablet_manager.cc:1403] T 21043559f67e4dee9b295d5782198ee3 P 7ce10be193454efb978a77c55588e9a5: Time spent bootstrapping tablet: real 0.035s	user 0.014s	sys 0.000s
I20260710 11:01:58.454582 17666 raft_consensus.cc:2468] T 051bf06766934c78943db82f884f9c93 P c2219f2a5a7c461dade7d16a6f5ba8de [term 1 FOLLOWER]: Leader election vote request: Granting yes vote for candidate 60ff90aaee9c47868629073caac010ae in term 1.
I20260710 11:01:58.452811 17863 raft_consensus.cc:515] T 83829cefd0c74a40989cb3d05a4fdbf2 P c2219f2a5a7c461dade7d16a6f5ba8de [term 1 FOLLOWER]: Starting leader election with config: opid_index: -1 OBSOLETE_local: false peers { permanent_uuid: "c2219f2a5a7c461dade7d16a6f5ba8de" member_type: VOTER last_known_addr { host: "127.16.41.193" port: 37847 } } peers { permanent_uuid: "7ce10be193454efb978a77c55588e9a5" member_type: VOTER last_known_addr { host: "127.16.41.194" port: 45285 } } peers { permanent_uuid: "60ff90aaee9c47868629073caac010ae" member_type: VOTER last_known_addr { host: "127.16.41.195" port: 36693 } }
I20260710 11:01:58.455662 17781 leader_election.cc:304] T 051bf06766934c78943db82f884f9c93 P 60ff90aaee9c47868629073caac010ae [CANDIDATE]: Term 1 election: Election decided. Result: candidate won. Election summary: received 2 responses out of 3 voters: 2 yes votes; 0 no votes. yes voters: 60ff90aaee9c47868629073caac010ae, c2219f2a5a7c461dade7d16a6f5ba8de; no voters: 
I20260710 11:01:58.456790 17896 leader_election.cc:290] T 051bf06766934c78943db82f884f9c93 P 60ff90aaee9c47868629073caac010ae [CANDIDATE]: Term 1 election: Requested vote from peers c2219f2a5a7c461dade7d16a6f5ba8de (127.16.41.193:37847), 7ce10be193454efb978a77c55588e9a5 (127.16.41.194:45285)
I20260710 11:01:58.457052 17914 raft_consensus.cc:2804] T 051bf06766934c78943db82f884f9c93 P 60ff90aaee9c47868629073caac010ae [term 1 FOLLOWER]: Leader election won for term 1
I20260710 11:01:58.457926 17855 raft_consensus.cc:359] T 21043559f67e4dee9b295d5782198ee3 P 7ce10be193454efb978a77c55588e9a5 [term 0 FOLLOWER]: Replica starting. Triggering 0 pending ops. Active config: opid_index: -1 OBSOLETE_local: false peers { permanent_uuid: "c2219f2a5a7c461dade7d16a6f5ba8de" member_type: VOTER last_known_addr { host: "127.16.41.193" port: 37847 } } peers { permanent_uuid: "7ce10be193454efb978a77c55588e9a5" member_type: VOTER last_known_addr { host: "127.16.41.194" port: 45285 } } peers { permanent_uuid: "60ff90aaee9c47868629073caac010ae" member_type: VOTER last_known_addr { host: "127.16.41.195" port: 36693 } }
I20260710 11:01:58.458240 17914 raft_consensus.cc:697] T 051bf06766934c78943db82f884f9c93 P 60ff90aaee9c47868629073caac010ae [term 1 LEADER]: Becoming Leader. State: Replica: 60ff90aaee9c47868629073caac010ae, State: Running, Role: LEADER
I20260710 11:01:58.459990 17707 leader_election.cc:304] T 10ed977055804f8eaec1c3dcc17b54f5 P 7ce10be193454efb978a77c55588e9a5 [CANDIDATE]: Term 1 pre-election: Election decided. Result: candidate won. Election summary: received 2 responses out of 3 voters: 2 yes votes; 0 no votes. yes voters: 7ce10be193454efb978a77c55588e9a5, c2219f2a5a7c461dade7d16a6f5ba8de; no voters: 
I20260710 11:01:58.459933 17914 consensus_queue.cc:237] T 051bf06766934c78943db82f884f9c93 P 60ff90aaee9c47868629073caac010ae [LEADER]: Queue going to LEADER mode. State: All replicated index: 0, Majority replicated index: 0, Committed index: 0, Last appended: 0.0, Last appended by leader: 0, Current term: 1, Majority size: 2, State: 0, Mode: LEADER, active raft config: opid_index: -1 OBSOLETE_local: false peers { permanent_uuid: "c2219f2a5a7c461dade7d16a6f5ba8de" member_type: VOTER last_known_addr { host: "127.16.41.193" port: 37847 } } peers { permanent_uuid: "7ce10be193454efb978a77c55588e9a5" member_type: VOTER last_known_addr { host: "127.16.41.194" port: 45285 } } peers { permanent_uuid: "60ff90aaee9c47868629073caac010ae" member_type: VOTER last_known_addr { host: "127.16.41.195" port: 36693 } }
I20260710 11:01:58.461086 17917 raft_consensus.cc:2804] T 10ed977055804f8eaec1c3dcc17b54f5 P 7ce10be193454efb978a77c55588e9a5 [term 0 FOLLOWER]: Leader pre-election won for term 1
I20260710 11:01:58.461428 17917 raft_consensus.cc:493] T 10ed977055804f8eaec1c3dcc17b54f5 P 7ce10be193454efb978a77c55588e9a5 [term 0 FOLLOWER]: Starting leader election (no leader contacted us within the election timeout)
I20260710 11:01:58.461740 17917 raft_consensus.cc:3060] T 10ed977055804f8eaec1c3dcc17b54f5 P 7ce10be193454efb978a77c55588e9a5 [term 0 FOLLOWER]: Advancing to term 1
I20260710 11:01:58.459050 17863 leader_election.cc:290] T 83829cefd0c74a40989cb3d05a4fdbf2 P c2219f2a5a7c461dade7d16a6f5ba8de [CANDIDATE]: Term 1 election: Requested vote from peers 7ce10be193454efb978a77c55588e9a5 (127.16.41.194:45285), 60ff90aaee9c47868629073caac010ae (127.16.41.195:36693)
I20260710 11:01:58.464540 17812 tablet_service.cc:1917] Received RequestConsensusVote() RPC: tablet_id: "10ed977055804f8eaec1c3dcc17b54f5" candidate_uuid: "7ce10be193454efb978a77c55588e9a5" candidate_term: 1 candidate_status { last_received { term: 0 index: 0 } } ignore_live_leader: false dest_uuid: "60ff90aaee9c47868629073caac010ae" is_pre_election: true
I20260710 11:01:58.465160 17812 raft_consensus.cc:2468] T 10ed977055804f8eaec1c3dcc17b54f5 P 60ff90aaee9c47868629073caac010ae [term 0 FOLLOWER]: Leader pre-election vote request: Granting yes vote for candidate 7ce10be193454efb978a77c55588e9a5 in term 0.
I20260710 11:01:58.465364 17855 raft_consensus.cc:385] T 21043559f67e4dee9b295d5782198ee3 P 7ce10be193454efb978a77c55588e9a5 [term 0 FOLLOWER]: Consensus starting up: Expiring failure detector timer to make a prompt election more likely
I20260710 11:01:58.465638 17855 raft_consensus.cc:740] T 21043559f67e4dee9b295d5782198ee3 P 7ce10be193454efb978a77c55588e9a5 [term 0 FOLLOWER]: Becoming Follower/Learner. State: Replica: 7ce10be193454efb978a77c55588e9a5, State: Initialized, Role: FOLLOWER
I20260710 11:01:58.466257 17855 consensus_queue.cc:260] T 21043559f67e4dee9b295d5782198ee3 P 7ce10be193454efb978a77c55588e9a5 [NON_LEADER]: Queue going to NON_LEADER mode. State: All replicated index: 0, Majority replicated index: 0, Committed index: 0, Last appended: 0.0, Last appended by leader: 0, Current term: 0, Majority size: -1, State: 0, Mode: NON_LEADER, active raft config: opid_index: -1 OBSOLETE_local: false peers { permanent_uuid: "c2219f2a5a7c461dade7d16a6f5ba8de" member_type: VOTER last_known_addr { host: "127.16.41.193" port: 37847 } } peers { permanent_uuid: "7ce10be193454efb978a77c55588e9a5" member_type: VOTER last_known_addr { host: "127.16.41.194" port: 45285 } } peers { permanent_uuid: "60ff90aaee9c47868629073caac010ae" member_type: VOTER last_known_addr { host: "127.16.41.195" port: 36693 } }
I20260710 11:01:58.467381 17739 tablet_service.cc:1917] Received RequestConsensusVote() RPC: tablet_id: "051bf06766934c78943db82f884f9c93" candidate_uuid: "60ff90aaee9c47868629073caac010ae" candidate_term: 1 candidate_status { last_received { term: 0 index: 0 } } ignore_live_leader: false dest_uuid: "7ce10be193454efb978a77c55588e9a5"
W20260710 11:01:58.468742 17780 leader_election.cc:343] T 051bf06766934c78943db82f884f9c93 P 60ff90aaee9c47868629073caac010ae [CANDIDATE]: Term 1 election: Tablet error from VoteRequest() call to peer 7ce10be193454efb978a77c55588e9a5 (127.16.41.194:45285): Illegal state: must be running to vote when last-logged opid is not known
I20260710 11:01:58.470461 17855 ts_tablet_manager.cc:1434] T 21043559f67e4dee9b295d5782198ee3 P 7ce10be193454efb978a77c55588e9a5: Time spent starting tablet: real 0.017s	user 0.005s	sys 0.000s
I20260710 11:01:58.471324 17855 tablet_bootstrap.cc:492] T 051bf06766934c78943db82f884f9c93 P 7ce10be193454efb978a77c55588e9a5: Bootstrap starting.
I20260710 11:01:58.474623 17739 tablet_service.cc:1917] Received RequestConsensusVote() RPC: tablet_id: "83829cefd0c74a40989cb3d05a4fdbf2" candidate_uuid: "c2219f2a5a7c461dade7d16a6f5ba8de" candidate_term: 1 candidate_status { last_received { term: 0 index: 0 } } ignore_live_leader: false dest_uuid: "7ce10be193454efb978a77c55588e9a5"
I20260710 11:01:58.475183 17739 raft_consensus.cc:3060] T 83829cefd0c74a40989cb3d05a4fdbf2 P 7ce10be193454efb978a77c55588e9a5 [term 0 FOLLOWER]: Advancing to term 1
I20260710 11:01:58.477675 17812 tablet_service.cc:1917] Received RequestConsensusVote() RPC: tablet_id: "83829cefd0c74a40989cb3d05a4fdbf2" candidate_uuid: "c2219f2a5a7c461dade7d16a6f5ba8de" candidate_term: 1 candidate_status { last_received { term: 0 index: 0 } } ignore_live_leader: false dest_uuid: "60ff90aaee9c47868629073caac010ae"
I20260710 11:01:58.478266 17812 raft_consensus.cc:3060] T 83829cefd0c74a40989cb3d05a4fdbf2 P 60ff90aaee9c47868629073caac010ae [term 0 FOLLOWER]: Advancing to term 1
I20260710 11:01:58.482364 17739 raft_consensus.cc:2468] T 83829cefd0c74a40989cb3d05a4fdbf2 P 7ce10be193454efb978a77c55588e9a5 [term 1 FOLLOWER]: Leader election vote request: Granting yes vote for candidate c2219f2a5a7c461dade7d16a6f5ba8de in term 1.
I20260710 11:01:58.482374 17855 tablet_bootstrap.cc:654] T 051bf06766934c78943db82f884f9c93 P 7ce10be193454efb978a77c55588e9a5: Neither blocks nor log segments found. Creating new log.
I20260710 11:01:58.484818 17631 leader_election.cc:304] T 83829cefd0c74a40989cb3d05a4fdbf2 P c2219f2a5a7c461dade7d16a6f5ba8de [CANDIDATE]: Term 1 election: Election decided. Result: candidate won. Election summary: received 2 responses out of 3 voters: 2 yes votes; 0 no votes. yes voters: 7ce10be193454efb978a77c55588e9a5, c2219f2a5a7c461dade7d16a6f5ba8de; no voters: 
I20260710 11:01:58.486119 17863 raft_consensus.cc:2804] T 83829cefd0c74a40989cb3d05a4fdbf2 P c2219f2a5a7c461dade7d16a6f5ba8de [term 1 FOLLOWER]: Leader election won for term 1
I20260710 11:01:58.486567 17863 raft_consensus.cc:697] T 83829cefd0c74a40989cb3d05a4fdbf2 P c2219f2a5a7c461dade7d16a6f5ba8de [term 1 LEADER]: Becoming Leader. State: Replica: c2219f2a5a7c461dade7d16a6f5ba8de, State: Running, Role: LEADER
I20260710 11:01:58.487308 17863 consensus_queue.cc:237] T 83829cefd0c74a40989cb3d05a4fdbf2 P c2219f2a5a7c461dade7d16a6f5ba8de [LEADER]: Queue going to LEADER mode. State: All replicated index: 0, Majority replicated index: 0, Committed index: 0, Last appended: 0.0, Last appended by leader: 0, Current term: 1, Majority size: 2, State: 0, Mode: LEADER, active raft config: opid_index: -1 OBSOLETE_local: false peers { permanent_uuid: "c2219f2a5a7c461dade7d16a6f5ba8de" member_type: VOTER last_known_addr { host: "127.16.41.193" port: 37847 } } peers { permanent_uuid: "7ce10be193454efb978a77c55588e9a5" member_type: VOTER last_known_addr { host: "127.16.41.194" port: 45285 } } peers { permanent_uuid: "60ff90aaee9c47868629073caac010ae" member_type: VOTER last_known_addr { host: "127.16.41.195" port: 36693 } }
I20260710 11:01:58.489995 17812 raft_consensus.cc:2468] T 83829cefd0c74a40989cb3d05a4fdbf2 P 60ff90aaee9c47868629073caac010ae [term 1 FOLLOWER]: Leader election vote request: Granting yes vote for candidate c2219f2a5a7c461dade7d16a6f5ba8de in term 1.
I20260710 11:01:58.471057 17917 raft_consensus.cc:515] T 10ed977055804f8eaec1c3dcc17b54f5 P 7ce10be193454efb978a77c55588e9a5 [term 1 FOLLOWER]: Starting leader election with config: opid_index: -1 OBSOLETE_local: false peers { permanent_uuid: "c2219f2a5a7c461dade7d16a6f5ba8de" member_type: VOTER last_known_addr { host: "127.16.41.193" port: 37847 } } peers { permanent_uuid: "7ce10be193454efb978a77c55588e9a5" member_type: VOTER last_known_addr { host: "127.16.41.194" port: 45285 } } peers { permanent_uuid: "60ff90aaee9c47868629073caac010ae" member_type: VOTER last_known_addr { host: "127.16.41.195" port: 36693 } }
I20260710 11:01:58.493048 17856 tablet_bootstrap.cc:492] T e24638702f774210bde80c037ca911d6 P 60ff90aaee9c47868629073caac010ae: No bootstrap required, opened a new log
I20260710 11:01:58.493531 17856 ts_tablet_manager.cc:1403] T e24638702f774210bde80c037ca911d6 P 60ff90aaee9c47868629073caac010ae: Time spent bootstrapping tablet: real 0.050s	user 0.017s	sys 0.003s
I20260710 11:01:58.494861 17665 tablet_service.cc:1917] Received RequestConsensusVote() RPC: tablet_id: "10ed977055804f8eaec1c3dcc17b54f5" candidate_uuid: "7ce10be193454efb978a77c55588e9a5" candidate_term: 1 candidate_status { last_received { term: 0 index: 0 } } ignore_live_leader: false dest_uuid: "c2219f2a5a7c461dade7d16a6f5ba8de"
I20260710 11:01:58.495247 17812 tablet_service.cc:1917] Received RequestConsensusVote() RPC: tablet_id: "10ed977055804f8eaec1c3dcc17b54f5" candidate_uuid: "7ce10be193454efb978a77c55588e9a5" candidate_term: 1 candidate_status { last_received { term: 0 index: 0 } } ignore_live_leader: false dest_uuid: "60ff90aaee9c47868629073caac010ae"
I20260710 11:01:58.495448 17665 raft_consensus.cc:3060] T 10ed977055804f8eaec1c3dcc17b54f5 P c2219f2a5a7c461dade7d16a6f5ba8de [term 0 FOLLOWER]: Advancing to term 1
I20260710 11:01:58.495765 17812 raft_consensus.cc:3060] T 10ed977055804f8eaec1c3dcc17b54f5 P 60ff90aaee9c47868629073caac010ae [term 0 FOLLOWER]: Advancing to term 1
I20260710 11:01:58.496240 17856 raft_consensus.cc:359] T e24638702f774210bde80c037ca911d6 P 60ff90aaee9c47868629073caac010ae [term 0 FOLLOWER]: Replica starting. Triggering 0 pending ops. Active config: opid_index: -1 OBSOLETE_local: false peers { permanent_uuid: "c2219f2a5a7c461dade7d16a6f5ba8de" member_type: VOTER last_known_addr { host: "127.16.41.193" port: 37847 } } peers { permanent_uuid: "7ce10be193454efb978a77c55588e9a5" member_type: VOTER last_known_addr { host: "127.16.41.194" port: 45285 } } peers { permanent_uuid: "60ff90aaee9c47868629073caac010ae" member_type: VOTER last_known_addr { host: "127.16.41.195" port: 36693 } }
I20260710 11:01:58.496958 17856 raft_consensus.cc:385] T e24638702f774210bde80c037ca911d6 P 60ff90aaee9c47868629073caac010ae [term 0 FOLLOWER]: Consensus starting up: Expiring failure detector timer to make a prompt election more likely
I20260710 11:01:58.497224 17856 raft_consensus.cc:740] T e24638702f774210bde80c037ca911d6 P 60ff90aaee9c47868629073caac010ae [term 0 FOLLOWER]: Becoming Follower/Learner. State: Replica: 60ff90aaee9c47868629073caac010ae, State: Initialized, Role: FOLLOWER
I20260710 11:01:58.498380 17856 consensus_queue.cc:260] T e24638702f774210bde80c037ca911d6 P 60ff90aaee9c47868629073caac010ae [NON_LEADER]: Queue going to NON_LEADER mode. State: All replicated index: 0, Majority replicated index: 0, Committed index: 0, Last appended: 0.0, Last appended by leader: 0, Current term: 0, Majority size: -1, State: 0, Mode: NON_LEADER, active raft config: opid_index: -1 OBSOLETE_local: false peers { permanent_uuid: "c2219f2a5a7c461dade7d16a6f5ba8de" member_type: VOTER last_known_addr { host: "127.16.41.193" port: 37847 } } peers { permanent_uuid: "7ce10be193454efb978a77c55588e9a5" member_type: VOTER last_known_addr { host: "127.16.41.194" port: 45285 } } peers { permanent_uuid: "60ff90aaee9c47868629073caac010ae" member_type: VOTER last_known_addr { host: "127.16.41.195" port: 36693 } }
I20260710 11:01:58.501209 17856 ts_tablet_manager.cc:1434] T e24638702f774210bde80c037ca911d6 P 60ff90aaee9c47868629073caac010ae: Time spent starting tablet: real 0.007s	user 0.008s	sys 0.000s
I20260710 11:01:58.501929 17812 raft_consensus.cc:2468] T 10ed977055804f8eaec1c3dcc17b54f5 P 60ff90aaee9c47868629073caac010ae [term 1 FOLLOWER]: Leader election vote request: Granting yes vote for candidate 7ce10be193454efb978a77c55588e9a5 in term 1.
I20260710 11:01:58.502012 17665 raft_consensus.cc:2468] T 10ed977055804f8eaec1c3dcc17b54f5 P c2219f2a5a7c461dade7d16a6f5ba8de [term 1 FOLLOWER]: Leader election vote request: Granting yes vote for candidate 7ce10be193454efb978a77c55588e9a5 in term 1.
I20260710 11:01:58.503141 17705 leader_election.cc:304] T 10ed977055804f8eaec1c3dcc17b54f5 P 7ce10be193454efb978a77c55588e9a5 [CANDIDATE]: Term 1 election: Election decided. Result: candidate won. Election summary: received 2 responses out of 3 voters: 2 yes votes; 0 no votes. yes voters: 60ff90aaee9c47868629073caac010ae, 7ce10be193454efb978a77c55588e9a5; no voters: 
I20260710 11:01:58.503994 17861 raft_consensus.cc:2804] T 10ed977055804f8eaec1c3dcc17b54f5 P 7ce10be193454efb978a77c55588e9a5 [term 1 FOLLOWER]: Leader election won for term 1
I20260710 11:01:58.504487 17861 raft_consensus.cc:697] T 10ed977055804f8eaec1c3dcc17b54f5 P 7ce10be193454efb978a77c55588e9a5 [term 1 LEADER]: Becoming Leader. State: Replica: 7ce10be193454efb978a77c55588e9a5, State: Running, Role: LEADER
I20260710 11:01:58.505331 17861 consensus_queue.cc:237] T 10ed977055804f8eaec1c3dcc17b54f5 P 7ce10be193454efb978a77c55588e9a5 [LEADER]: Queue going to LEADER mode. State: All replicated index: 0, Majority replicated index: 0, Committed index: 0, Last appended: 0.0, Last appended by leader: 0, Current term: 1, Majority size: 2, State: 0, Mode: LEADER, active raft config: opid_index: -1 OBSOLETE_local: false peers { permanent_uuid: "c2219f2a5a7c461dade7d16a6f5ba8de" member_type: VOTER last_known_addr { host: "127.16.41.193" port: 37847 } } peers { permanent_uuid: "7ce10be193454efb978a77c55588e9a5" member_type: VOTER last_known_addr { host: "127.16.41.194" port: 45285 } } peers { permanent_uuid: "60ff90aaee9c47868629073caac010ae" member_type: VOTER last_known_addr { host: "127.16.41.195" port: 36693 } }
I20260710 11:01:58.502151 17856 tablet_bootstrap.cc:492] T 21043559f67e4dee9b295d5782198ee3 P 60ff90aaee9c47868629073caac010ae: Bootstrap starting.
I20260710 11:01:58.513341 17917 leader_election.cc:290] T 10ed977055804f8eaec1c3dcc17b54f5 P 7ce10be193454efb978a77c55588e9a5 [CANDIDATE]: Term 1 election: Requested vote from peers c2219f2a5a7c461dade7d16a6f5ba8de (127.16.41.193:37847), 60ff90aaee9c47868629073caac010ae (127.16.41.195:36693)
I20260710 11:01:58.517848 17856 tablet_bootstrap.cc:654] T 21043559f67e4dee9b295d5782198ee3 P 60ff90aaee9c47868629073caac010ae: Neither blocks nor log segments found. Creating new log.
I20260710 11:01:58.524312 17861 raft_consensus.cc:493] T 2084bccda41d4c02bc31b9e9b1baaf82 P 7ce10be193454efb978a77c55588e9a5 [term 0 FOLLOWER]: Starting pre-election (no leader contacted us within the election timeout)
I20260710 11:01:58.524788 17861 raft_consensus.cc:515] T 2084bccda41d4c02bc31b9e9b1baaf82 P 7ce10be193454efb978a77c55588e9a5 [term 0 FOLLOWER]: Starting pre-election with config: opid_index: -1 OBSOLETE_local: false peers { permanent_uuid: "c2219f2a5a7c461dade7d16a6f5ba8de" member_type: VOTER last_known_addr { host: "127.16.41.193" port: 37847 } } peers { permanent_uuid: "7ce10be193454efb978a77c55588e9a5" member_type: VOTER last_known_addr { host: "127.16.41.194" port: 45285 } } peers { permanent_uuid: "60ff90aaee9c47868629073caac010ae" member_type: VOTER last_known_addr { host: "127.16.41.195" port: 36693 } }
I20260710 11:01:58.525920 17561 catalog_manager.cc:5697] T 10ed977055804f8eaec1c3dcc17b54f5 P 7ce10be193454efb978a77c55588e9a5 reported cstate change: term changed from 0 to 1, leader changed from <none> to 7ce10be193454efb978a77c55588e9a5 (127.16.41.194). New cstate: current_term: 1 leader_uuid: "7ce10be193454efb978a77c55588e9a5" committed_config { opid_index: -1 OBSOLETE_local: false peers { permanent_uuid: "c2219f2a5a7c461dade7d16a6f5ba8de" member_type: VOTER last_known_addr { host: "127.16.41.193" port: 37847 } health_report { overall_health: UNKNOWN } } peers { permanent_uuid: "7ce10be193454efb978a77c55588e9a5" member_type: VOTER last_known_addr { host: "127.16.41.194" port: 45285 } health_report { overall_health: HEALTHY } } peers { permanent_uuid: "60ff90aaee9c47868629073caac010ae" member_type: VOTER last_known_addr { host: "127.16.41.195" port: 36693 } health_report { overall_health: UNKNOWN } } }
I20260710 11:01:58.526755 17861 leader_election.cc:290] T 2084bccda41d4c02bc31b9e9b1baaf82 P 7ce10be193454efb978a77c55588e9a5 [CANDIDATE]: Term 1 pre-election: Requested pre-vote from peers c2219f2a5a7c461dade7d16a6f5ba8de (127.16.41.193:37847), 60ff90aaee9c47868629073caac010ae (127.16.41.195:36693)
I20260710 11:01:58.532366 17812 tablet_service.cc:1917] Received RequestConsensusVote() RPC: tablet_id: "2084bccda41d4c02bc31b9e9b1baaf82" candidate_uuid: "7ce10be193454efb978a77c55588e9a5" candidate_term: 1 candidate_status { last_received { term: 0 index: 0 } } ignore_live_leader: false dest_uuid: "60ff90aaee9c47868629073caac010ae" is_pre_election: true
I20260710 11:01:58.531791 17562 catalog_manager.cc:5697] T 051bf06766934c78943db82f884f9c93 P 60ff90aaee9c47868629073caac010ae reported cstate change: term changed from 0 to 1, leader changed from <none> to 60ff90aaee9c47868629073caac010ae (127.16.41.195). New cstate: current_term: 1 leader_uuid: "60ff90aaee9c47868629073caac010ae" committed_config { opid_index: -1 OBSOLETE_local: false peers { permanent_uuid: "c2219f2a5a7c461dade7d16a6f5ba8de" member_type: VOTER last_known_addr { host: "127.16.41.193" port: 37847 } health_report { overall_health: UNKNOWN } } peers { permanent_uuid: "7ce10be193454efb978a77c55588e9a5" member_type: VOTER last_known_addr { host: "127.16.41.194" port: 45285 } health_report { overall_health: UNKNOWN } } peers { permanent_uuid: "60ff90aaee9c47868629073caac010ae" member_type: VOTER last_known_addr { host: "127.16.41.195" port: 36693 } health_report { overall_health: HEALTHY } } }
I20260710 11:01:58.535820 17665 tablet_service.cc:1917] Received RequestConsensusVote() RPC: tablet_id: "2084bccda41d4c02bc31b9e9b1baaf82" candidate_uuid: "7ce10be193454efb978a77c55588e9a5" candidate_term: 1 candidate_status { last_received { term: 0 index: 0 } } ignore_live_leader: false dest_uuid: "c2219f2a5a7c461dade7d16a6f5ba8de" is_pre_election: true
I20260710 11:01:58.542625 17665 raft_consensus.cc:2393] T 2084bccda41d4c02bc31b9e9b1baaf82 P c2219f2a5a7c461dade7d16a6f5ba8de [term 1 FOLLOWER]: Leader pre-election vote request: Denying vote to candidate 7ce10be193454efb978a77c55588e9a5 in current term 1: Already voted for candidate 60ff90aaee9c47868629073caac010ae in this term.
I20260710 11:01:58.543529 17707 leader_election.cc:304] T 2084bccda41d4c02bc31b9e9b1baaf82 P 7ce10be193454efb978a77c55588e9a5 [CANDIDATE]: Term 1 pre-election: Election decided. Result: candidate lost. Election summary: received 3 responses out of 3 voters: 1 yes votes; 2 no votes. yes voters: 7ce10be193454efb978a77c55588e9a5; no voters: 60ff90aaee9c47868629073caac010ae, c2219f2a5a7c461dade7d16a6f5ba8de
I20260710 11:01:58.543910 17856 tablet_bootstrap.cc:492] T 21043559f67e4dee9b295d5782198ee3 P 60ff90aaee9c47868629073caac010ae: No bootstrap required, opened a new log
I20260710 11:01:58.544333 17856 ts_tablet_manager.cc:1403] T 21043559f67e4dee9b295d5782198ee3 P 60ff90aaee9c47868629073caac010ae: Time spent bootstrapping tablet: real 0.042s	user 0.019s	sys 0.002s
I20260710 11:01:58.544575 17861 raft_consensus.cc:3060] T 2084bccda41d4c02bc31b9e9b1baaf82 P 7ce10be193454efb978a77c55588e9a5 [term 0 FOLLOWER]: Advancing to term 1
I20260710 11:01:58.538257 17855 tablet_bootstrap.cc:492] T 051bf06766934c78943db82f884f9c93 P 7ce10be193454efb978a77c55588e9a5: No bootstrap required, opened a new log
I20260710 11:01:58.545648 17855 ts_tablet_manager.cc:1403] T 051bf06766934c78943db82f884f9c93 P 7ce10be193454efb978a77c55588e9a5: Time spent bootstrapping tablet: real 0.074s	user 0.018s	sys 0.026s
I20260710 11:01:58.546777 17856 raft_consensus.cc:359] T 21043559f67e4dee9b295d5782198ee3 P 60ff90aaee9c47868629073caac010ae [term 0 FOLLOWER]: Replica starting. Triggering 0 pending ops. Active config: opid_index: -1 OBSOLETE_local: false peers { permanent_uuid: "c2219f2a5a7c461dade7d16a6f5ba8de" member_type: VOTER last_known_addr { host: "127.16.41.193" port: 37847 } } peers { permanent_uuid: "7ce10be193454efb978a77c55588e9a5" member_type: VOTER last_known_addr { host: "127.16.41.194" port: 45285 } } peers { permanent_uuid: "60ff90aaee9c47868629073caac010ae" member_type: VOTER last_known_addr { host: "127.16.41.195" port: 36693 } }
I20260710 11:01:58.547430 17856 raft_consensus.cc:385] T 21043559f67e4dee9b295d5782198ee3 P 60ff90aaee9c47868629073caac010ae [term 0 FOLLOWER]: Consensus starting up: Expiring failure detector timer to make a prompt election more likely
I20260710 11:01:58.547711 17856 raft_consensus.cc:740] T 21043559f67e4dee9b295d5782198ee3 P 60ff90aaee9c47868629073caac010ae [term 0 FOLLOWER]: Becoming Follower/Learner. State: Replica: 60ff90aaee9c47868629073caac010ae, State: Initialized, Role: FOLLOWER
I20260710 11:01:58.547266 17563 catalog_manager.cc:5697] T 83829cefd0c74a40989cb3d05a4fdbf2 P c2219f2a5a7c461dade7d16a6f5ba8de reported cstate change: term changed from 0 to 1, leader changed from <none> to c2219f2a5a7c461dade7d16a6f5ba8de (127.16.41.193). New cstate: current_term: 1 leader_uuid: "c2219f2a5a7c461dade7d16a6f5ba8de" committed_config { opid_index: -1 OBSOLETE_local: false peers { permanent_uuid: "c2219f2a5a7c461dade7d16a6f5ba8de" member_type: VOTER last_known_addr { host: "127.16.41.193" port: 37847 } health_report { overall_health: HEALTHY } } peers { permanent_uuid: "7ce10be193454efb978a77c55588e9a5" member_type: VOTER last_known_addr { host: "127.16.41.194" port: 45285 } health_report { overall_health: UNKNOWN } } peers { permanent_uuid: "60ff90aaee9c47868629073caac010ae" member_type: VOTER last_known_addr { host: "127.16.41.195" port: 36693 } health_report { overall_health: UNKNOWN } } }
I20260710 11:01:58.548976 17855 raft_consensus.cc:359] T 051bf06766934c78943db82f884f9c93 P 7ce10be193454efb978a77c55588e9a5 [term 0 FOLLOWER]: Replica starting. Triggering 0 pending ops. Active config: opid_index: -1 OBSOLETE_local: false peers { permanent_uuid: "c2219f2a5a7c461dade7d16a6f5ba8de" member_type: VOTER last_known_addr { host: "127.16.41.193" port: 37847 } } peers { permanent_uuid: "7ce10be193454efb978a77c55588e9a5" member_type: VOTER last_known_addr { host: "127.16.41.194" port: 45285 } } peers { permanent_uuid: "60ff90aaee9c47868629073caac010ae" member_type: VOTER last_known_addr { host: "127.16.41.195" port: 36693 } }
I20260710 11:01:58.551540 17855 raft_consensus.cc:385] T 051bf06766934c78943db82f884f9c93 P 7ce10be193454efb978a77c55588e9a5 [term 0 FOLLOWER]: Consensus starting up: Expiring failure detector timer to make a prompt election more likely
I20260710 11:01:58.551851 17855 raft_consensus.cc:740] T 051bf06766934c78943db82f884f9c93 P 7ce10be193454efb978a77c55588e9a5 [term 0 FOLLOWER]: Becoming Follower/Learner. State: Replica: 7ce10be193454efb978a77c55588e9a5, State: Initialized, Role: FOLLOWER
I20260710 11:01:58.552552 17855 consensus_queue.cc:260] T 051bf06766934c78943db82f884f9c93 P 7ce10be193454efb978a77c55588e9a5 [NON_LEADER]: Queue going to NON_LEADER mode. State: All replicated index: 0, Majority replicated index: 0, Committed index: 0, Last appended: 0.0, Last appended by leader: 0, Current term: 0, Majority size: -1, State: 0, Mode: NON_LEADER, active raft config: opid_index: -1 OBSOLETE_local: false peers { permanent_uuid: "c2219f2a5a7c461dade7d16a6f5ba8de" member_type: VOTER last_known_addr { host: "127.16.41.193" port: 37847 } } peers { permanent_uuid: "7ce10be193454efb978a77c55588e9a5" member_type: VOTER last_known_addr { host: "127.16.41.194" port: 45285 } } peers { permanent_uuid: "60ff90aaee9c47868629073caac010ae" member_type: VOTER last_known_addr { host: "127.16.41.195" port: 36693 } }
W20260710 11:01:58.551256 17612 auto_rebalancer.cc:288] Could not retrieve cluster info: Service unavailable: Tablet not running
I20260710 11:01:58.554912 17855 ts_tablet_manager.cc:1434] T 051bf06766934c78943db82f884f9c93 P 7ce10be193454efb978a77c55588e9a5: Time spent starting tablet: real 0.009s	user 0.004s	sys 0.000s
I20260710 11:01:58.555202 17861 raft_consensus.cc:2749] T 2084bccda41d4c02bc31b9e9b1baaf82 P 7ce10be193454efb978a77c55588e9a5 [term 1 FOLLOWER]: Leader pre-election lost for term 1. Reason: could not achieve majority
I20260710 11:01:58.557173 17856 consensus_queue.cc:260] T 21043559f67e4dee9b295d5782198ee3 P 60ff90aaee9c47868629073caac010ae [NON_LEADER]: Queue going to NON_LEADER mode. State: All replicated index: 0, Majority replicated index: 0, Committed index: 0, Last appended: 0.0, Last appended by leader: 0, Current term: 0, Majority size: -1, State: 0, Mode: NON_LEADER, active raft config: opid_index: -1 OBSOLETE_local: false peers { permanent_uuid: "c2219f2a5a7c461dade7d16a6f5ba8de" member_type: VOTER last_known_addr { host: "127.16.41.193" port: 37847 } } peers { permanent_uuid: "7ce10be193454efb978a77c55588e9a5" member_type: VOTER last_known_addr { host: "127.16.41.194" port: 45285 } } peers { permanent_uuid: "60ff90aaee9c47868629073caac010ae" member_type: VOTER last_known_addr { host: "127.16.41.195" port: 36693 } }
I20260710 11:01:58.559106 17856 ts_tablet_manager.cc:1434] T 21043559f67e4dee9b295d5782198ee3 P 60ff90aaee9c47868629073caac010ae: Time spent starting tablet: real 0.015s	user 0.003s	sys 0.001s
I20260710 11:01:58.559893 17877 raft_consensus.cc:493] T 5a2f5ff26fcb495cab40f9bb5b0563b8 P c2219f2a5a7c461dade7d16a6f5ba8de [term 0 FOLLOWER]: Starting pre-election (no leader contacted us within the election timeout)
I20260710 11:01:58.560334 17877 raft_consensus.cc:515] T 5a2f5ff26fcb495cab40f9bb5b0563b8 P c2219f2a5a7c461dade7d16a6f5ba8de [term 0 FOLLOWER]: Starting pre-election with config: opid_index: -1 OBSOLETE_local: false peers { permanent_uuid: "c2219f2a5a7c461dade7d16a6f5ba8de" member_type: VOTER last_known_addr { host: "127.16.41.193" port: 37847 } } peers { permanent_uuid: "7ce10be193454efb978a77c55588e9a5" member_type: VOTER last_known_addr { host: "127.16.41.194" port: 45285 } } peers { permanent_uuid: "60ff90aaee9c47868629073caac010ae" member_type: VOTER last_known_addr { host: "127.16.41.195" port: 36693 } }
I20260710 11:01:58.561267 17861 raft_consensus.cc:493] T 21043559f67e4dee9b295d5782198ee3 P 7ce10be193454efb978a77c55588e9a5 [term 0 FOLLOWER]: Starting pre-election (no leader contacted us within the election timeout)
I20260710 11:01:58.561741 17861 raft_consensus.cc:515] T 21043559f67e4dee9b295d5782198ee3 P 7ce10be193454efb978a77c55588e9a5 [term 0 FOLLOWER]: Starting pre-election with config: opid_index: -1 OBSOLETE_local: false peers { permanent_uuid: "c2219f2a5a7c461dade7d16a6f5ba8de" member_type: VOTER last_known_addr { host: "127.16.41.193" port: 37847 } } peers { permanent_uuid: "7ce10be193454efb978a77c55588e9a5" member_type: VOTER last_known_addr { host: "127.16.41.194" port: 45285 } } peers { permanent_uuid: "60ff90aaee9c47868629073caac010ae" member_type: VOTER last_known_addr { host: "127.16.41.195" port: 36693 } }
I20260710 11:01:58.562263 17877 leader_election.cc:290] T 5a2f5ff26fcb495cab40f9bb5b0563b8 P c2219f2a5a7c461dade7d16a6f5ba8de [CANDIDATE]: Term 1 pre-election: Requested pre-vote from peers 7ce10be193454efb978a77c55588e9a5 (127.16.41.194:45285), 60ff90aaee9c47868629073caac010ae (127.16.41.195:36693)
I20260710 11:01:58.564294 17665 tablet_service.cc:1917] Received RequestConsensusVote() RPC: tablet_id: "21043559f67e4dee9b295d5782198ee3" candidate_uuid: "7ce10be193454efb978a77c55588e9a5" candidate_term: 1 candidate_status { last_received { term: 0 index: 0 } } ignore_live_leader: false dest_uuid: "c2219f2a5a7c461dade7d16a6f5ba8de" is_pre_election: true
I20260710 11:01:58.564472 17861 leader_election.cc:290] T 21043559f67e4dee9b295d5782198ee3 P 7ce10be193454efb978a77c55588e9a5 [CANDIDATE]: Term 1 pre-election: Requested pre-vote from peers c2219f2a5a7c461dade7d16a6f5ba8de (127.16.41.193:37847), 60ff90aaee9c47868629073caac010ae (127.16.41.195:36693)
I20260710 11:01:58.564893 17665 raft_consensus.cc:2468] T 21043559f67e4dee9b295d5782198ee3 P c2219f2a5a7c461dade7d16a6f5ba8de [term 0 FOLLOWER]: Leader pre-election vote request: Granting yes vote for candidate 7ce10be193454efb978a77c55588e9a5 in term 0.
I20260710 11:01:58.565742 17707 leader_election.cc:304] T 21043559f67e4dee9b295d5782198ee3 P 7ce10be193454efb978a77c55588e9a5 [CANDIDATE]: Term 1 pre-election: Election decided. Result: candidate won. Election summary: received 2 responses out of 3 voters: 2 yes votes; 0 no votes. yes voters: 7ce10be193454efb978a77c55588e9a5, c2219f2a5a7c461dade7d16a6f5ba8de; no voters: 
I20260710 11:01:58.566304 17861 raft_consensus.cc:2804] T 21043559f67e4dee9b295d5782198ee3 P 7ce10be193454efb978a77c55588e9a5 [term 0 FOLLOWER]: Leader pre-election won for term 1
I20260710 11:01:58.566561 17861 raft_consensus.cc:493] T 21043559f67e4dee9b295d5782198ee3 P 7ce10be193454efb978a77c55588e9a5 [term 0 FOLLOWER]: Starting leader election (no leader contacted us within the election timeout)
I20260710 11:01:58.566820 17861 raft_consensus.cc:3060] T 21043559f67e4dee9b295d5782198ee3 P 7ce10be193454efb978a77c55588e9a5 [term 0 FOLLOWER]: Advancing to term 1
I20260710 11:01:58.566828 17739 tablet_service.cc:1917] Received RequestConsensusVote() RPC: tablet_id: "5a2f5ff26fcb495cab40f9bb5b0563b8" candidate_uuid: "c2219f2a5a7c461dade7d16a6f5ba8de" candidate_term: 1 candidate_status { last_received { term: 0 index: 0 } } ignore_live_leader: false dest_uuid: "7ce10be193454efb978a77c55588e9a5" is_pre_election: true
I20260710 11:01:58.567479 17739 raft_consensus.cc:2468] T 5a2f5ff26fcb495cab40f9bb5b0563b8 P 7ce10be193454efb978a77c55588e9a5 [term 0 FOLLOWER]: Leader pre-election vote request: Granting yes vote for candidate c2219f2a5a7c461dade7d16a6f5ba8de in term 0.
I20260710 11:01:58.568121 17812 tablet_service.cc:1917] Received RequestConsensusVote() RPC: tablet_id: "5a2f5ff26fcb495cab40f9bb5b0563b8" candidate_uuid: "c2219f2a5a7c461dade7d16a6f5ba8de" candidate_term: 1 candidate_status { last_received { term: 0 index: 0 } } ignore_live_leader: false dest_uuid: "60ff90aaee9c47868629073caac010ae" is_pre_election: true
I20260710 11:01:58.568722 17812 raft_consensus.cc:2468] T 5a2f5ff26fcb495cab40f9bb5b0563b8 P 60ff90aaee9c47868629073caac010ae [term 0 FOLLOWER]: Leader pre-election vote request: Granting yes vote for candidate c2219f2a5a7c461dade7d16a6f5ba8de in term 0.
I20260710 11:01:58.569773 17630 leader_election.cc:304] T 5a2f5ff26fcb495cab40f9bb5b0563b8 P c2219f2a5a7c461dade7d16a6f5ba8de [CANDIDATE]: Term 1 pre-election: Election decided. Result: candidate won. Election summary: received 2 responses out of 3 voters: 2 yes votes; 0 no votes. yes voters: 60ff90aaee9c47868629073caac010ae, c2219f2a5a7c461dade7d16a6f5ba8de; no voters: 
I20260710 11:01:58.570578 17880 raft_consensus.cc:2804] T 5a2f5ff26fcb495cab40f9bb5b0563b8 P c2219f2a5a7c461dade7d16a6f5ba8de [term 0 FOLLOWER]: Leader pre-election won for term 1
I20260710 11:01:58.570897 17880 raft_consensus.cc:493] T 5a2f5ff26fcb495cab40f9bb5b0563b8 P c2219f2a5a7c461dade7d16a6f5ba8de [term 0 FOLLOWER]: Starting leader election (no leader contacted us within the election timeout)
I20260710 11:01:58.571197 17880 raft_consensus.cc:3060] T 5a2f5ff26fcb495cab40f9bb5b0563b8 P c2219f2a5a7c461dade7d16a6f5ba8de [term 0 FOLLOWER]: Advancing to term 1
I20260710 11:01:58.579792 17880 raft_consensus.cc:515] T 5a2f5ff26fcb495cab40f9bb5b0563b8 P c2219f2a5a7c461dade7d16a6f5ba8de [term 1 FOLLOWER]: Starting leader election with config: opid_index: -1 OBSOLETE_local: false peers { permanent_uuid: "c2219f2a5a7c461dade7d16a6f5ba8de" member_type: VOTER last_known_addr { host: "127.16.41.193" port: 37847 } } peers { permanent_uuid: "7ce10be193454efb978a77c55588e9a5" member_type: VOTER last_known_addr { host: "127.16.41.194" port: 45285 } } peers { permanent_uuid: "60ff90aaee9c47868629073caac010ae" member_type: VOTER last_known_addr { host: "127.16.41.195" port: 36693 } }
I20260710 11:01:58.582387 17739 tablet_service.cc:1917] Received RequestConsensusVote() RPC: tablet_id: "5a2f5ff26fcb495cab40f9bb5b0563b8" candidate_uuid: "c2219f2a5a7c461dade7d16a6f5ba8de" candidate_term: 1 candidate_status { last_received { term: 0 index: 0 } } ignore_live_leader: false dest_uuid: "7ce10be193454efb978a77c55588e9a5"
I20260710 11:01:58.582906 17739 raft_consensus.cc:3060] T 5a2f5ff26fcb495cab40f9bb5b0563b8 P 7ce10be193454efb978a77c55588e9a5 [term 0 FOLLOWER]: Advancing to term 1
I20260710 11:01:58.588618 17861 raft_consensus.cc:515] T 21043559f67e4dee9b295d5782198ee3 P 7ce10be193454efb978a77c55588e9a5 [term 1 FOLLOWER]: Starting leader election with config: opid_index: -1 OBSOLETE_local: false peers { permanent_uuid: "c2219f2a5a7c461dade7d16a6f5ba8de" member_type: VOTER last_known_addr { host: "127.16.41.193" port: 37847 } } peers { permanent_uuid: "7ce10be193454efb978a77c55588e9a5" member_type: VOTER last_known_addr { host: "127.16.41.194" port: 45285 } } peers { permanent_uuid: "60ff90aaee9c47868629073caac010ae" member_type: VOTER last_known_addr { host: "127.16.41.195" port: 36693 } }
I20260710 11:01:58.589783 17739 raft_consensus.cc:2468] T 5a2f5ff26fcb495cab40f9bb5b0563b8 P 7ce10be193454efb978a77c55588e9a5 [term 1 FOLLOWER]: Leader election vote request: Granting yes vote for candidate c2219f2a5a7c461dade7d16a6f5ba8de in term 1.
I20260710 11:01:58.590636 17861 leader_election.cc:290] T 21043559f67e4dee9b295d5782198ee3 P 7ce10be193454efb978a77c55588e9a5 [CANDIDATE]: Term 1 election: Requested vote from peers c2219f2a5a7c461dade7d16a6f5ba8de (127.16.41.193:37847), 60ff90aaee9c47868629073caac010ae (127.16.41.195:36693)
I20260710 11:01:58.591179 17665 tablet_service.cc:1917] Received RequestConsensusVote() RPC: tablet_id: "21043559f67e4dee9b295d5782198ee3" candidate_uuid: "7ce10be193454efb978a77c55588e9a5" candidate_term: 1 candidate_status { last_received { term: 0 index: 0 } } ignore_live_leader: false dest_uuid: "c2219f2a5a7c461dade7d16a6f5ba8de"
I20260710 11:01:58.591740 17665 raft_consensus.cc:3060] T 21043559f67e4dee9b295d5782198ee3 P c2219f2a5a7c461dade7d16a6f5ba8de [term 0 FOLLOWER]: Advancing to term 1
I20260710 11:01:58.592813 17631 leader_election.cc:304] T 5a2f5ff26fcb495cab40f9bb5b0563b8 P c2219f2a5a7c461dade7d16a6f5ba8de [CANDIDATE]: Term 1 election: Election decided. Result: candidate won. Election summary: received 2 responses out of 3 voters: 2 yes votes; 0 no votes. yes voters: 7ce10be193454efb978a77c55588e9a5, c2219f2a5a7c461dade7d16a6f5ba8de; no voters: 
I20260710 11:01:58.593694 17863 raft_consensus.cc:2804] T 5a2f5ff26fcb495cab40f9bb5b0563b8 P c2219f2a5a7c461dade7d16a6f5ba8de [term 1 FOLLOWER]: Leader election won for term 1
I20260710 11:01:58.593811 17815 tablet_service.cc:1917] Received RequestConsensusVote() RPC: tablet_id: "21043559f67e4dee9b295d5782198ee3" candidate_uuid: "7ce10be193454efb978a77c55588e9a5" candidate_term: 1 candidate_status { last_received { term: 0 index: 0 } } ignore_live_leader: false dest_uuid: "60ff90aaee9c47868629073caac010ae"
I20260710 11:01:58.594484 17815 raft_consensus.cc:3060] T 21043559f67e4dee9b295d5782198ee3 P 60ff90aaee9c47868629073caac010ae [term 0 FOLLOWER]: Advancing to term 1
I20260710 11:01:58.594444 17863 raft_consensus.cc:697] T 5a2f5ff26fcb495cab40f9bb5b0563b8 P c2219f2a5a7c461dade7d16a6f5ba8de [term 1 LEADER]: Becoming Leader. State: Replica: c2219f2a5a7c461dade7d16a6f5ba8de, State: Running, Role: LEADER
I20260710 11:01:58.595986 17863 consensus_queue.cc:237] T 5a2f5ff26fcb495cab40f9bb5b0563b8 P c2219f2a5a7c461dade7d16a6f5ba8de [LEADER]: Queue going to LEADER mode. State: All replicated index: 0, Majority replicated index: 0, Committed index: 0, Last appended: 0.0, Last appended by leader: 0, Current term: 1, Majority size: 2, State: 0, Mode: LEADER, active raft config: opid_index: -1 OBSOLETE_local: false peers { permanent_uuid: "c2219f2a5a7c461dade7d16a6f5ba8de" member_type: VOTER last_known_addr { host: "127.16.41.193" port: 37847 } } peers { permanent_uuid: "7ce10be193454efb978a77c55588e9a5" member_type: VOTER last_known_addr { host: "127.16.41.194" port: 45285 } } peers { permanent_uuid: "60ff90aaee9c47868629073caac010ae" member_type: VOTER last_known_addr { host: "127.16.41.195" port: 36693 } }
I20260710 11:01:58.597896 17665 raft_consensus.cc:2468] T 21043559f67e4dee9b295d5782198ee3 P c2219f2a5a7c461dade7d16a6f5ba8de [term 1 FOLLOWER]: Leader election vote request: Granting yes vote for candidate 7ce10be193454efb978a77c55588e9a5 in term 1.
I20260710 11:01:58.598927 17707 leader_election.cc:304] T 21043559f67e4dee9b295d5782198ee3 P 7ce10be193454efb978a77c55588e9a5 [CANDIDATE]: Term 1 election: Election decided. Result: candidate won. Election summary: received 2 responses out of 3 voters: 2 yes votes; 0 no votes. yes voters: 7ce10be193454efb978a77c55588e9a5, c2219f2a5a7c461dade7d16a6f5ba8de; no voters: 
I20260710 11:01:58.599565 17861 raft_consensus.cc:2804] T 21043559f67e4dee9b295d5782198ee3 P 7ce10be193454efb978a77c55588e9a5 [term 1 FOLLOWER]: Leader election won for term 1
I20260710 11:01:58.579748 17812 tablet_service.cc:1917] Received RequestConsensusVote() RPC: tablet_id: "21043559f67e4dee9b295d5782198ee3" candidate_uuid: "7ce10be193454efb978a77c55588e9a5" candidate_term: 1 candidate_status { last_received { term: 0 index: 0 } } ignore_live_leader: false dest_uuid: "60ff90aaee9c47868629073caac010ae" is_pre_election: true
I20260710 11:01:58.600133 17861 raft_consensus.cc:697] T 21043559f67e4dee9b295d5782198ee3 P 7ce10be193454efb978a77c55588e9a5 [term 1 LEADER]: Becoming Leader. State: Replica: 7ce10be193454efb978a77c55588e9a5, State: Running, Role: LEADER
I20260710 11:01:58.601004 17861 consensus_queue.cc:237] T 21043559f67e4dee9b295d5782198ee3 P 7ce10be193454efb978a77c55588e9a5 [LEADER]: Queue going to LEADER mode. State: All replicated index: 0, Majority replicated index: 0, Committed index: 0, Last appended: 0.0, Last appended by leader: 0, Current term: 1, Majority size: 2, State: 0, Mode: LEADER, active raft config: opid_index: -1 OBSOLETE_local: false peers { permanent_uuid: "c2219f2a5a7c461dade7d16a6f5ba8de" member_type: VOTER last_known_addr { host: "127.16.41.193" port: 37847 } } peers { permanent_uuid: "7ce10be193454efb978a77c55588e9a5" member_type: VOTER last_known_addr { host: "127.16.41.194" port: 45285 } } peers { permanent_uuid: "60ff90aaee9c47868629073caac010ae" member_type: VOTER last_known_addr { host: "127.16.41.195" port: 36693 } }
I20260710 11:01:58.601531 17880 leader_election.cc:290] T 5a2f5ff26fcb495cab40f9bb5b0563b8 P c2219f2a5a7c461dade7d16a6f5ba8de [CANDIDATE]: Term 1 election: Requested vote from peers 7ce10be193454efb978a77c55588e9a5 (127.16.41.194:45285), 60ff90aaee9c47868629073caac010ae (127.16.41.195:36693)
I20260710 11:01:58.601624 17812 tablet_service.cc:1917] Received RequestConsensusVote() RPC: tablet_id: "5a2f5ff26fcb495cab40f9bb5b0563b8" candidate_uuid: "c2219f2a5a7c461dade7d16a6f5ba8de" candidate_term: 1 candidate_status { last_received { term: 0 index: 0 } } ignore_live_leader: false dest_uuid: "60ff90aaee9c47868629073caac010ae"
I20260710 11:01:58.602216 17812 raft_consensus.cc:3060] T 5a2f5ff26fcb495cab40f9bb5b0563b8 P 60ff90aaee9c47868629073caac010ae [term 0 FOLLOWER]: Advancing to term 1
I20260710 11:01:58.610997 17917 raft_consensus.cc:493] T e24638702f774210bde80c037ca911d6 P 7ce10be193454efb978a77c55588e9a5 [term 0 FOLLOWER]: Starting pre-election (no leader contacted us within the election timeout)
