I20260710 11:02:07.183844 11540 raft_consensus.cc:2955] T 5b8884bb963c4cb798d7c3360eac622b P 17920e153f8949dfb9166a4c581e4f30 [term 1 FOLLOWER]: Committing config change with OpId 1.3: config changed from index 2 to 3, 227a0d11c03e4dbd9206a85094b6db01 (127.10.29.196) changed from NON_VOTER to VOTER. New config: { opid_index: 3 OBSOLETE_local: false peers { permanent_uuid: "e162932c26ad4a24b35d0287ddb21cc6" member_type: VOTER last_known_addr { host: "127.10.29.193" port: 43973 } } peers { permanent_uuid: "17920e153f8949dfb9166a4c581e4f30" member_type: VOTER last_known_addr { host: "127.10.29.194" port: 36071 } attrs { replace: true } } peers { permanent_uuid: "58fb92e136e541db81b039889ec99293" member_type: VOTER last_known_addr { host: "127.10.29.195" port: 44957 } } peers { permanent_uuid: "227a0d11c03e4dbd9206a85094b6db01" member_type: VOTER last_known_addr { host: "127.10.29.196" port: 43957 } attrs { promote: false } } }
I20260710 11:02:07.206509 11612 raft_consensus.cc:2955] T 5b8884bb963c4cb798d7c3360eac622b P 58fb92e136e541db81b039889ec99293 [term 1 FOLLOWER]: Committing config change with OpId 1.3: config changed from index 2 to 3, 227a0d11c03e4dbd9206a85094b6db01 (127.10.29.196) changed from NON_VOTER to VOTER. New config: { opid_index: 3 OBSOLETE_local: false peers { permanent_uuid: "e162932c26ad4a24b35d0287ddb21cc6" member_type: VOTER last_known_addr { host: "127.10.29.193" port: 43973 } } peers { permanent_uuid: "17920e153f8949dfb9166a4c581e4f30" member_type: VOTER last_known_addr { host: "127.10.29.194" port: 36071 } attrs { replace: true } } peers { permanent_uuid: "58fb92e136e541db81b039889ec99293" member_type: VOTER last_known_addr { host: "127.10.29.195" port: 44957 } } peers { permanent_uuid: "227a0d11c03e4dbd9206a85094b6db01" member_type: VOTER last_known_addr { host: "127.10.29.196" port: 43957 } attrs { promote: false } } }
I20260710 11:02:07.214958 11889 raft_consensus.cc:1275] T baa158e34638464c83789fccdd95bebc P 227a0d11c03e4dbd9206a85094b6db01 [term 1 LEARNER]: Refusing update from remote peer e162932c26ad4a24b35d0287ddb21cc6: Log matching property violated. Preceding OpId in replica: term: 1 index: 2. Preceding OpId from leader: term: 1 index: 3. (index mismatch)
I20260710 11:02:07.221189 11612 raft_consensus.cc:1275] T baa158e34638464c83789fccdd95bebc P 58fb92e136e541db81b039889ec99293 [term 1 FOLLOWER]: Refusing update from remote peer e162932c26ad4a24b35d0287ddb21cc6: Log matching property violated. Preceding OpId in replica: term: 1 index: 2. Preceding OpId from leader: term: 1 index: 3. (index mismatch)
I20260710 11:02:07.223719 12097 consensus_queue.cc:1048] T baa158e34638464c83789fccdd95bebc P e162932c26ad4a24b35d0287ddb21cc6 [LEADER]: Connected to new peer: Peer: permanent_uuid: "227a0d11c03e4dbd9206a85094b6db01" member_type: VOTER last_known_addr { host: "127.10.29.196" port: 43957 } attrs { promote: false }, Status: LMP_MISMATCH, Last received: 0.0, Next index: 3, Last known committed idx: 2, Time since last communication: 0.001s
I20260710 11:02:07.228305 12115 consensus_queue.cc:1048] T baa158e34638464c83789fccdd95bebc P e162932c26ad4a24b35d0287ddb21cc6 [LEADER]: Connected to new peer: Peer: permanent_uuid: "58fb92e136e541db81b039889ec99293" member_type: VOTER last_known_addr { host: "127.10.29.195" port: 44957 } attrs { replace: true }, Status: LMP_MISMATCH, Last received: 0.0, Next index: 3, Last known committed idx: 2, Time since last communication: 0.001s
I20260710 11:02:07.238710 11541 raft_consensus.cc:1275] T baa158e34638464c83789fccdd95bebc P 17920e153f8949dfb9166a4c581e4f30 [term 1 FOLLOWER]: Refusing update from remote peer e162932c26ad4a24b35d0287ddb21cc6: Log matching property violated. Preceding OpId in replica: term: 1 index: 2. Preceding OpId from leader: term: 1 index: 3. (index mismatch)
I20260710 11:02:07.240363 12116 consensus_queue.cc:1048] T baa158e34638464c83789fccdd95bebc P e162932c26ad4a24b35d0287ddb21cc6 [LEADER]: Connected to new peer: Peer: permanent_uuid: "17920e153f8949dfb9166a4c581e4f30" member_type: VOTER last_known_addr { host: "127.10.29.194" port: 36071 }, Status: LMP_MISMATCH, Last received: 0.0, Next index: 3, Last known committed idx: 2, Time since last communication: 0.000s
I20260710 11:02:07.247308 11891 raft_consensus.cc:2955] T 5b8884bb963c4cb798d7c3360eac622b P 227a0d11c03e4dbd9206a85094b6db01 [term 1 FOLLOWER]: Committing config change with OpId 1.3: config changed from index 2 to 3, 227a0d11c03e4dbd9206a85094b6db01 (127.10.29.196) changed from NON_VOTER to VOTER. New config: { opid_index: 3 OBSOLETE_local: false peers { permanent_uuid: "e162932c26ad4a24b35d0287ddb21cc6" member_type: VOTER last_known_addr { host: "127.10.29.193" port: 43973 } } peers { permanent_uuid: "17920e153f8949dfb9166a4c581e4f30" member_type: VOTER last_known_addr { host: "127.10.29.194" port: 36071 } attrs { replace: true } } peers { permanent_uuid: "58fb92e136e541db81b039889ec99293" member_type: VOTER last_known_addr { host: "127.10.29.195" port: 44957 } } peers { permanent_uuid: "227a0d11c03e4dbd9206a85094b6db01" member_type: VOTER last_known_addr { host: "127.10.29.196" port: 43957 } attrs { promote: false } } }
I20260710 11:02:07.259711 12097 raft_consensus.cc:2955] T baa158e34638464c83789fccdd95bebc P e162932c26ad4a24b35d0287ddb21cc6 [term 1 LEADER]: Committing config change with OpId 1.3: config changed from index 2 to 3, 227a0d11c03e4dbd9206a85094b6db01 (127.10.29.196) changed from NON_VOTER to VOTER. New config: { opid_index: 3 OBSOLETE_local: false peers { permanent_uuid: "e162932c26ad4a24b35d0287ddb21cc6" member_type: VOTER last_known_addr { host: "127.10.29.193" port: 43973 } } peers { permanent_uuid: "17920e153f8949dfb9166a4c581e4f30" member_type: VOTER last_known_addr { host: "127.10.29.194" port: 36071 } } peers { permanent_uuid: "58fb92e136e541db81b039889ec99293" member_type: VOTER last_known_addr { host: "127.10.29.195" port: 44957 } attrs { replace: true } } peers { permanent_uuid: "227a0d11c03e4dbd9206a85094b6db01" member_type: VOTER last_known_addr { host: "127.10.29.196" port: 43957 } attrs { promote: false } } }
I20260710 11:02:07.260108 11541 raft_consensus.cc:2955] T baa158e34638464c83789fccdd95bebc P 17920e153f8949dfb9166a4c581e4f30 [term 1 FOLLOWER]: Committing config change with OpId 1.3: config changed from index 2 to 3, 227a0d11c03e4dbd9206a85094b6db01 (127.10.29.196) changed from NON_VOTER to VOTER. New config: { opid_index: 3 OBSOLETE_local: false peers { permanent_uuid: "e162932c26ad4a24b35d0287ddb21cc6" member_type: VOTER last_known_addr { host: "127.10.29.193" port: 43973 } } peers { permanent_uuid: "17920e153f8949dfb9166a4c581e4f30" member_type: VOTER last_known_addr { host: "127.10.29.194" port: 36071 } } peers { permanent_uuid: "58fb92e136e541db81b039889ec99293" member_type: VOTER last_known_addr { host: "127.10.29.195" port: 44957 } attrs { replace: true } } peers { permanent_uuid: "227a0d11c03e4dbd9206a85094b6db01" member_type: VOTER last_known_addr { host: "127.10.29.196" port: 43957 } attrs { promote: false } } }
I20260710 11:02:07.270280 11891 raft_consensus.cc:2955] T baa158e34638464c83789fccdd95bebc P 227a0d11c03e4dbd9206a85094b6db01 [term 1 FOLLOWER]: Committing config change with OpId 1.3: config changed from index 2 to 3, 227a0d11c03e4dbd9206a85094b6db01 (127.10.29.196) changed from NON_VOTER to VOTER. New config: { opid_index: 3 OBSOLETE_local: false peers { permanent_uuid: "e162932c26ad4a24b35d0287ddb21cc6" member_type: VOTER last_known_addr { host: "127.10.29.193" port: 43973 } } peers { permanent_uuid: "17920e153f8949dfb9166a4c581e4f30" member_type: VOTER last_known_addr { host: "127.10.29.194" port: 36071 } } peers { permanent_uuid: "58fb92e136e541db81b039889ec99293" member_type: VOTER last_known_addr { host: "127.10.29.195" port: 44957 } attrs { replace: true } } peers { permanent_uuid: "227a0d11c03e4dbd9206a85094b6db01" member_type: VOTER last_known_addr { host: "127.10.29.196" port: 43957 } attrs { promote: false } } }
I20260710 11:02:07.282595 11612 raft_consensus.cc:2955] T baa158e34638464c83789fccdd95bebc P 58fb92e136e541db81b039889ec99293 [term 1 FOLLOWER]: Committing config change with OpId 1.3: config changed from index 2 to 3, 227a0d11c03e4dbd9206a85094b6db01 (127.10.29.196) changed from NON_VOTER to VOTER. New config: { opid_index: 3 OBSOLETE_local: false peers { permanent_uuid: "e162932c26ad4a24b35d0287ddb21cc6" member_type: VOTER last_known_addr { host: "127.10.29.193" port: 43973 } } peers { permanent_uuid: "17920e153f8949dfb9166a4c581e4f30" member_type: VOTER last_known_addr { host: "127.10.29.194" port: 36071 } } peers { permanent_uuid: "58fb92e136e541db81b039889ec99293" member_type: VOTER last_known_addr { host: "127.10.29.195" port: 44957 } attrs { replace: true } } peers { permanent_uuid: "227a0d11c03e4dbd9206a85094b6db01" member_type: VOTER last_known_addr { host: "127.10.29.196" port: 43957 } attrs { promote: false } } }
I20260710 11:02:07.295383 11362 catalog_manager.cc:5697] T 5b8884bb963c4cb798d7c3360eac622b P 227a0d11c03e4dbd9206a85094b6db01 reported cstate change: config changed from index 2 to 3, 227a0d11c03e4dbd9206a85094b6db01 (127.10.29.196) changed from NON_VOTER to VOTER. New cstate: current_term: 1 leader_uuid: "e162932c26ad4a24b35d0287ddb21cc6" committed_config { opid_index: 3 OBSOLETE_local: false peers { permanent_uuid: "e162932c26ad4a24b35d0287ddb21cc6" member_type: VOTER last_known_addr { host: "127.10.29.193" port: 43973 } } peers { permanent_uuid: "17920e153f8949dfb9166a4c581e4f30" member_type: VOTER last_known_addr { host: "127.10.29.194" port: 36071 } attrs { replace: true } } peers { permanent_uuid: "58fb92e136e541db81b039889ec99293" member_type: VOTER last_known_addr { host: "127.10.29.195" port: 44957 } } peers { permanent_uuid: "227a0d11c03e4dbd9206a85094b6db01" member_type: VOTER last_known_addr { host: "127.10.29.196" port: 43957 } attrs { promote: false } } }
I20260710 11:02:07.296948 11362 catalog_manager.cc:5697] T baa158e34638464c83789fccdd95bebc P 227a0d11c03e4dbd9206a85094b6db01 reported cstate change: config changed from index 2 to 3, 227a0d11c03e4dbd9206a85094b6db01 (127.10.29.196) changed from NON_VOTER to VOTER. New cstate: current_term: 1 leader_uuid: "e162932c26ad4a24b35d0287ddb21cc6" committed_config { opid_index: 3 OBSOLETE_local: false peers { permanent_uuid: "e162932c26ad4a24b35d0287ddb21cc6" member_type: VOTER last_known_addr { host: "127.10.29.193" port: 43973 } } peers { permanent_uuid: "17920e153f8949dfb9166a4c581e4f30" member_type: VOTER last_known_addr { host: "127.10.29.194" port: 36071 } } peers { permanent_uuid: "58fb92e136e541db81b039889ec99293" member_type: VOTER last_known_addr { host: "127.10.29.195" port: 44957 } attrs { replace: true } } peers { permanent_uuid: "227a0d11c03e4dbd9206a85094b6db01" member_type: VOTER last_known_addr { host: "127.10.29.196" port: 43957 } attrs { promote: false } } }
I20260710 11:02:07.306291 11612 consensus_queue.cc:237] T 706d6f78d92f4138be21e2dcf8f22dec P 58fb92e136e541db81b039889ec99293 [LEADER]: Queue going to LEADER mode. State: All replicated index: 0, Majority replicated index: 3, Committed index: 3, Last appended: 1.3, Last appended by leader: 0, Current term: 1, Majority size: 2, State: 0, Mode: LEADER, active raft config: opid_index: 4 OBSOLETE_local: false peers { permanent_uuid: "17920e153f8949dfb9166a4c581e4f30" member_type: VOTER last_known_addr { host: "127.10.29.194" port: 36071 } } peers { permanent_uuid: "58fb92e136e541db81b039889ec99293" member_type: VOTER last_known_addr { host: "127.10.29.195" port: 44957 } } peers { permanent_uuid: "227a0d11c03e4dbd9206a85094b6db01" member_type: VOTER last_known_addr { host: "127.10.29.196" port: 43957 } attrs { promote: false } }
I20260710 11:02:07.316314 11541 raft_consensus.cc:1275] T 706d6f78d92f4138be21e2dcf8f22dec P 17920e153f8949dfb9166a4c581e4f30 [term 1 FOLLOWER]: Refusing update from remote peer 58fb92e136e541db81b039889ec99293: Log matching property violated. Preceding OpId in replica: term: 1 index: 3. Preceding OpId from leader: term: 1 index: 4. (index mismatch)
I20260710 11:02:07.318277 12075 consensus_queue.cc:1048] T 706d6f78d92f4138be21e2dcf8f22dec P 58fb92e136e541db81b039889ec99293 [LEADER]: Connected to new peer: Peer: permanent_uuid: "17920e153f8949dfb9166a4c581e4f30" member_type: VOTER last_known_addr { host: "127.10.29.194" port: 36071 }, Status: LMP_MISMATCH, Last received: 0.0, Next index: 4, Last known committed idx: 3, Time since last communication: 0.000s
I20260710 11:02:07.318624 11889 raft_consensus.cc:1275] T 706d6f78d92f4138be21e2dcf8f22dec P 227a0d11c03e4dbd9206a85094b6db01 [term 1 FOLLOWER]: Refusing update from remote peer 58fb92e136e541db81b039889ec99293: Log matching property violated. Preceding OpId in replica: term: 1 index: 3. Preceding OpId from leader: term: 1 index: 4. (index mismatch)
I20260710 11:02:07.320955 12075 consensus_queue.cc:1048] T 706d6f78d92f4138be21e2dcf8f22dec P 58fb92e136e541db81b039889ec99293 [LEADER]: Connected to new peer: Peer: permanent_uuid: "227a0d11c03e4dbd9206a85094b6db01" member_type: VOTER last_known_addr { host: "127.10.29.196" port: 43957 } attrs { promote: false }, Status: LMP_MISMATCH, Last received: 0.0, Next index: 4, Last known committed idx: 3, Time since last communication: 0.000s
I20260710 11:02:07.326673 12074 raft_consensus.cc:2955] T 706d6f78d92f4138be21e2dcf8f22dec P 58fb92e136e541db81b039889ec99293 [term 1 LEADER]: Committing config change with OpId 1.4: config changed from index 3 to 4, VOTER e162932c26ad4a24b35d0287ddb21cc6 (127.10.29.193) evicted. New config: { opid_index: 4 OBSOLETE_local: false peers { permanent_uuid: "17920e153f8949dfb9166a4c581e4f30" member_type: VOTER last_known_addr { host: "127.10.29.194" port: 36071 } } peers { permanent_uuid: "58fb92e136e541db81b039889ec99293" member_type: VOTER last_known_addr { host: "127.10.29.195" port: 44957 } } peers { permanent_uuid: "227a0d11c03e4dbd9206a85094b6db01" member_type: VOTER last_known_addr { host: "127.10.29.196" port: 43957 } attrs { promote: false } } }
I20260710 11:02:07.333236 11541 raft_consensus.cc:2955] T 706d6f78d92f4138be21e2dcf8f22dec P 17920e153f8949dfb9166a4c581e4f30 [term 1 FOLLOWER]: Committing config change with OpId 1.4: config changed from index 3 to 4, VOTER e162932c26ad4a24b35d0287ddb21cc6 (127.10.29.193) evicted. New config: { opid_index: 4 OBSOLETE_local: false peers { permanent_uuid: "17920e153f8949dfb9166a4c581e4f30" member_type: VOTER last_known_addr { host: "127.10.29.194" port: 36071 } } peers { permanent_uuid: "58fb92e136e541db81b039889ec99293" member_type: VOTER last_known_addr { host: "127.10.29.195" port: 44957 } } peers { permanent_uuid: "227a0d11c03e4dbd9206a85094b6db01" member_type: VOTER last_known_addr { host: "127.10.29.196" port: 43957 } attrs { promote: false } } }
I20260710 11:02:07.344076 11462 consensus_queue.cc:237] T baa158e34638464c83789fccdd95bebc P e162932c26ad4a24b35d0287ddb21cc6 [LEADER]: Queue going to LEADER mode. State: All replicated index: 0, Majority replicated index: 3, Committed index: 3, Last appended: 1.3, Last appended by leader: 0, Current term: 1, Majority size: 2, State: 0, Mode: LEADER, active raft config: opid_index: 4 OBSOLETE_local: false peers { permanent_uuid: "e162932c26ad4a24b35d0287ddb21cc6" member_type: VOTER last_known_addr { host: "127.10.29.193" port: 43973 } } peers { permanent_uuid: "17920e153f8949dfb9166a4c581e4f30" member_type: VOTER last_known_addr { host: "127.10.29.194" port: 36071 } } peers { permanent_uuid: "227a0d11c03e4dbd9206a85094b6db01" member_type: VOTER last_known_addr { host: "127.10.29.196" port: 43957 } attrs { promote: false } }
I20260710 11:02:07.348733 11463 consensus_queue.cc:237] T 5b8884bb963c4cb798d7c3360eac622b P e162932c26ad4a24b35d0287ddb21cc6 [LEADER]: Queue going to LEADER mode. State: All replicated index: 0, Majority replicated index: 3, Committed index: 3, Last appended: 1.3, Last appended by leader: 0, Current term: 1, Majority size: 2, State: 0, Mode: LEADER, active raft config: opid_index: 4 OBSOLETE_local: false peers { permanent_uuid: "e162932c26ad4a24b35d0287ddb21cc6" member_type: VOTER last_known_addr { host: "127.10.29.193" port: 43973 } } peers { permanent_uuid: "58fb92e136e541db81b039889ec99293" member_type: VOTER last_known_addr { host: "127.10.29.195" port: 44957 } } peers { permanent_uuid: "227a0d11c03e4dbd9206a85094b6db01" member_type: VOTER last_known_addr { host: "127.10.29.196" port: 43957 } attrs { promote: false } }
I20260710 11:02:07.359423 11349 catalog_manager.cc:5210] ChangeConfig:REMOVE_PEER RPC for tablet 706d6f78d92f4138be21e2dcf8f22dec with cas_config_opid_index 3: ChangeConfig:REMOVE_PEER succeeded (attempt 1)
I20260710 11:02:07.360299 11891 raft_consensus.cc:1275] T baa158e34638464c83789fccdd95bebc P 227a0d11c03e4dbd9206a85094b6db01 [term 1 FOLLOWER]: Refusing update from remote peer e162932c26ad4a24b35d0287ddb21cc6: Log matching property violated. Preceding OpId in replica: term: 1 index: 3. Preceding OpId from leader: term: 1 index: 4. (index mismatch)
I20260710 11:02:07.362028 11360 catalog_manager.cc:5697] T 706d6f78d92f4138be21e2dcf8f22dec P 17920e153f8949dfb9166a4c581e4f30 reported cstate change: config changed from index 3 to 4, VOTER e162932c26ad4a24b35d0287ddb21cc6 (127.10.29.193) evicted. New cstate: current_term: 1 leader_uuid: "58fb92e136e541db81b039889ec99293" committed_config { opid_index: 4 OBSOLETE_local: false peers { permanent_uuid: "17920e153f8949dfb9166a4c581e4f30" member_type: VOTER last_known_addr { host: "127.10.29.194" port: 36071 } } peers { permanent_uuid: "58fb92e136e541db81b039889ec99293" member_type: VOTER last_known_addr { host: "127.10.29.195" port: 44957 } } peers { permanent_uuid: "227a0d11c03e4dbd9206a85094b6db01" member_type: VOTER last_known_addr { host: "127.10.29.196" port: 43957 } attrs { promote: false } } }
I20260710 11:02:07.364885 11890 raft_consensus.cc:1275] T 5b8884bb963c4cb798d7c3360eac622b P 227a0d11c03e4dbd9206a85094b6db01 [term 1 FOLLOWER]: Refusing update from remote peer e162932c26ad4a24b35d0287ddb21cc6: Log matching property violated. Preceding OpId in replica: term: 1 index: 3. Preceding OpId from leader: term: 1 index: 4. (index mismatch)
I20260710 11:02:07.366168 12114 consensus_queue.cc:1048] T baa158e34638464c83789fccdd95bebc P e162932c26ad4a24b35d0287ddb21cc6 [LEADER]: Connected to new peer: Peer: permanent_uuid: "227a0d11c03e4dbd9206a85094b6db01" member_type: VOTER last_known_addr { host: "127.10.29.196" port: 43957 } attrs { promote: false }, Status: LMP_MISMATCH, Last received: 0.0, Next index: 4, Last known committed idx: 3, Time since last communication: 0.000s
I20260710 11:02:07.370263 11890 raft_consensus.cc:2955] T 706d6f78d92f4138be21e2dcf8f22dec P 227a0d11c03e4dbd9206a85094b6db01 [term 1 FOLLOWER]: Committing config change with OpId 1.4: config changed from index 3 to 4, VOTER e162932c26ad4a24b35d0287ddb21cc6 (127.10.29.193) evicted. New config: { opid_index: 4 OBSOLETE_local: false peers { permanent_uuid: "17920e153f8949dfb9166a4c581e4f30" member_type: VOTER last_known_addr { host: "127.10.29.194" port: 36071 } } peers { permanent_uuid: "58fb92e136e541db81b039889ec99293" member_type: VOTER last_known_addr { host: "127.10.29.195" port: 44957 } } peers { permanent_uuid: "227a0d11c03e4dbd9206a85094b6db01" member_type: VOTER last_known_addr { host: "127.10.29.196" port: 43957 } attrs { promote: false } } }
I20260710 11:02:07.382031 11447 tablet_service.cc:1558] Processing DeleteTablet for tablet 706d6f78d92f4138be21e2dcf8f22dec with delete_type TABLET_DATA_TOMBSTONED (TS e162932c26ad4a24b35d0287ddb21cc6 not found in new config with opid_index 4) from {username='slave'} at 127.0.0.1:49586
I20260710 11:02:07.383606 12097 consensus_queue.cc:1048] T 5b8884bb963c4cb798d7c3360eac622b P e162932c26ad4a24b35d0287ddb21cc6 [LEADER]: Connected to new peer: Peer: permanent_uuid: "227a0d11c03e4dbd9206a85094b6db01" member_type: VOTER last_known_addr { host: "127.10.29.196" port: 43957 } attrs { promote: false }, Status: LMP_MISMATCH, Last received: 0.0, Next index: 4, Last known committed idx: 3, Time since last communication: 0.000s
I20260710 11:02:07.389031 12122 tablet_replica.cc:333] T 706d6f78d92f4138be21e2dcf8f22dec P e162932c26ad4a24b35d0287ddb21cc6: stopping tablet replica
I20260710 11:02:07.390070 12122 raft_consensus.cc:2243] T 706d6f78d92f4138be21e2dcf8f22dec P e162932c26ad4a24b35d0287ddb21cc6 [term 1 FOLLOWER]: Raft consensus shutting down.
I20260710 11:02:07.390781 12122 raft_consensus.cc:2272] T 706d6f78d92f4138be21e2dcf8f22dec P e162932c26ad4a24b35d0287ddb21cc6 [term 1 FOLLOWER]: Raft consensus is shut down!
I20260710 11:02:07.411406 11612 raft_consensus.cc:1275] T 5b8884bb963c4cb798d7c3360eac622b P 58fb92e136e541db81b039889ec99293 [term 1 FOLLOWER]: Refusing update from remote peer e162932c26ad4a24b35d0287ddb21cc6: Log matching property violated. Preceding OpId in replica: term: 1 index: 3. Preceding OpId from leader: term: 1 index: 4. (index mismatch)
I20260710 11:02:07.411711 12116 raft_consensus.cc:2955] T 5b8884bb963c4cb798d7c3360eac622b P e162932c26ad4a24b35d0287ddb21cc6 [term 1 LEADER]: Committing config change with OpId 1.4: config changed from index 3 to 4, VOTER 17920e153f8949dfb9166a4c581e4f30 (127.10.29.194) evicted. New config: { opid_index: 4 OBSOLETE_local: false peers { permanent_uuid: "e162932c26ad4a24b35d0287ddb21cc6" member_type: VOTER last_known_addr { host: "127.10.29.193" port: 43973 } } peers { permanent_uuid: "58fb92e136e541db81b039889ec99293" member_type: VOTER last_known_addr { host: "127.10.29.195" port: 44957 } } peers { permanent_uuid: "227a0d11c03e4dbd9206a85094b6db01" member_type: VOTER last_known_addr { host: "127.10.29.196" port: 43957 } attrs { promote: false } } }
I20260710 11:02:07.413156 12117 consensus_queue.cc:1048] T 5b8884bb963c4cb798d7c3360eac622b P e162932c26ad4a24b35d0287ddb21cc6 [LEADER]: Connected to new peer: Peer: permanent_uuid: "58fb92e136e541db81b039889ec99293" member_type: VOTER last_known_addr { host: "127.10.29.195" port: 44957 }, Status: LMP_MISMATCH, Last received: 0.0, Next index: 4, Last known committed idx: 3, Time since last communication: 0.001s
I20260710 11:02:07.422559 11612 raft_consensus.cc:2955] T 5b8884bb963c4cb798d7c3360eac622b P 58fb92e136e541db81b039889ec99293 [term 1 FOLLOWER]: Committing config change with OpId 1.4: config changed from index 3 to 4, VOTER 17920e153f8949dfb9166a4c581e4f30 (127.10.29.194) evicted. New config: { opid_index: 4 OBSOLETE_local: false peers { permanent_uuid: "e162932c26ad4a24b35d0287ddb21cc6" member_type: VOTER last_known_addr { host: "127.10.29.193" port: 43973 } } peers { permanent_uuid: "58fb92e136e541db81b039889ec99293" member_type: VOTER last_known_addr { host: "127.10.29.195" port: 44957 } } peers { permanent_uuid: "227a0d11c03e4dbd9206a85094b6db01" member_type: VOTER last_known_addr { host: "127.10.29.196" port: 43957 } attrs { promote: false } } }
I20260710 11:02:07.426988 11891 raft_consensus.cc:2955] T 5b8884bb963c4cb798d7c3360eac622b P 227a0d11c03e4dbd9206a85094b6db01 [term 1 FOLLOWER]: Committing config change with OpId 1.4: config changed from index 3 to 4, VOTER 17920e153f8949dfb9166a4c581e4f30 (127.10.29.194) evicted. New config: { opid_index: 4 OBSOLETE_local: false peers { permanent_uuid: "e162932c26ad4a24b35d0287ddb21cc6" member_type: VOTER last_known_addr { host: "127.10.29.193" port: 43973 } } peers { permanent_uuid: "58fb92e136e541db81b039889ec99293" member_type: VOTER last_known_addr { host: "127.10.29.195" port: 44957 } } peers { permanent_uuid: "227a0d11c03e4dbd9206a85094b6db01" member_type: VOTER last_known_addr { host: "127.10.29.196" port: 43957 } attrs { promote: false } } }
I20260710 11:02:07.431820 12117 raft_consensus.cc:2955] T baa158e34638464c83789fccdd95bebc P e162932c26ad4a24b35d0287ddb21cc6 [term 1 LEADER]: Committing config change with OpId 1.4: config changed from index 3 to 4, VOTER 58fb92e136e541db81b039889ec99293 (127.10.29.195) evicted. New config: { opid_index: 4 OBSOLETE_local: false peers { permanent_uuid: "e162932c26ad4a24b35d0287ddb21cc6" member_type: VOTER last_known_addr { host: "127.10.29.193" port: 43973 } } peers { permanent_uuid: "17920e153f8949dfb9166a4c581e4f30" member_type: VOTER last_known_addr { host: "127.10.29.194" port: 36071 } } peers { permanent_uuid: "227a0d11c03e4dbd9206a85094b6db01" member_type: VOTER last_known_addr { host: "127.10.29.196" port: 43957 } attrs { promote: false } } }
I20260710 11:02:07.433665 11887 raft_consensus.cc:2955] T baa158e34638464c83789fccdd95bebc P 227a0d11c03e4dbd9206a85094b6db01 [term 1 FOLLOWER]: Committing config change with OpId 1.4: config changed from index 3 to 4, VOTER 58fb92e136e541db81b039889ec99293 (127.10.29.195) evicted. New config: { opid_index: 4 OBSOLETE_local: false peers { permanent_uuid: "e162932c26ad4a24b35d0287ddb21cc6" member_type: VOTER last_known_addr { host: "127.10.29.193" port: 43973 } } peers { permanent_uuid: "17920e153f8949dfb9166a4c581e4f30" member_type: VOTER last_known_addr { host: "127.10.29.194" port: 36071 } } peers { permanent_uuid: "227a0d11c03e4dbd9206a85094b6db01" member_type: VOTER last_known_addr { host: "127.10.29.196" port: 43957 } attrs { promote: false } } }
I20260710 11:02:07.447582 11349 catalog_manager.cc:5210] ChangeConfig:REMOVE_PEER RPC for tablet 5b8884bb963c4cb798d7c3360eac622b with cas_config_opid_index 3: ChangeConfig:REMOVE_PEER succeeded (attempt 1)
I20260710 11:02:07.462255 11541 raft_consensus.cc:1275] T baa158e34638464c83789fccdd95bebc P 17920e153f8949dfb9166a4c581e4f30 [term 1 FOLLOWER]: Refusing update from remote peer e162932c26ad4a24b35d0287ddb21cc6: Log matching property violated. Preceding OpId in replica: term: 1 index: 3. Preceding OpId from leader: term: 1 index: 4. (index mismatch)
I20260710 11:02:07.465322 12097 consensus_queue.cc:1048] T baa158e34638464c83789fccdd95bebc P e162932c26ad4a24b35d0287ddb21cc6 [LEADER]: Connected to new peer: Peer: permanent_uuid: "17920e153f8949dfb9166a4c581e4f30" member_type: VOTER last_known_addr { host: "127.10.29.194" port: 36071 }, Status: LMP_MISMATCH, Last received: 0.0, Next index: 4, Last known committed idx: 3, Time since last communication: 0.000s
I20260710 11:02:07.470606 11541 raft_consensus.cc:2955] T baa158e34638464c83789fccdd95bebc P 17920e153f8949dfb9166a4c581e4f30 [term 1 FOLLOWER]: Committing config change with OpId 1.4: config changed from index 3 to 4, VOTER 58fb92e136e541db81b039889ec99293 (127.10.29.195) evicted. New config: { opid_index: 4 OBSOLETE_local: false peers { permanent_uuid: "e162932c26ad4a24b35d0287ddb21cc6" member_type: VOTER last_known_addr { host: "127.10.29.193" port: 43973 } } peers { permanent_uuid: "17920e153f8949dfb9166a4c581e4f30" member_type: VOTER last_known_addr { host: "127.10.29.194" port: 36071 } } peers { permanent_uuid: "227a0d11c03e4dbd9206a85094b6db01" member_type: VOTER last_known_addr { host: "127.10.29.196" port: 43957 } attrs { promote: false } } }
I20260710 11:02:07.472235 11361 catalog_manager.cc:5697] T 5b8884bb963c4cb798d7c3360eac622b P e162932c26ad4a24b35d0287ddb21cc6 reported cstate change: config changed from index 3 to 4, VOTER 17920e153f8949dfb9166a4c581e4f30 (127.10.29.194) evicted. New cstate: current_term: 1 leader_uuid: "e162932c26ad4a24b35d0287ddb21cc6" committed_config { opid_index: 4 OBSOLETE_local: false peers { permanent_uuid: "e162932c26ad4a24b35d0287ddb21cc6" member_type: VOTER last_known_addr { host: "127.10.29.193" port: 43973 } health_report { overall_health: HEALTHY } } peers { permanent_uuid: "58fb92e136e541db81b039889ec99293" member_type: VOTER last_known_addr { host: "127.10.29.195" port: 44957 } health_report { overall_health: UNKNOWN } } peers { permanent_uuid: "227a0d11c03e4dbd9206a85094b6db01" member_type: VOTER last_known_addr { host: "127.10.29.196" port: 43957 } attrs { promote: false } health_report { overall_health: HEALTHY } } }
I20260710 11:02:07.479893 11360 catalog_manager.cc:5697] T baa158e34638464c83789fccdd95bebc P 227a0d11c03e4dbd9206a85094b6db01 reported cstate change: config changed from index 3 to 4, VOTER 58fb92e136e541db81b039889ec99293 (127.10.29.195) evicted. New cstate: current_term: 1 leader_uuid: "e162932c26ad4a24b35d0287ddb21cc6" committed_config { opid_index: 4 OBSOLETE_local: false peers { permanent_uuid: "e162932c26ad4a24b35d0287ddb21cc6" member_type: VOTER last_known_addr { host: "127.10.29.193" port: 43973 } } peers { permanent_uuid: "17920e153f8949dfb9166a4c581e4f30" member_type: VOTER last_known_addr { host: "127.10.29.194" port: 36071 } } peers { permanent_uuid: "227a0d11c03e4dbd9206a85094b6db01" member_type: VOTER last_known_addr { host: "127.10.29.196" port: 43957 } attrs { promote: false } } }
I20260710 11:02:07.482460 12122 ts_tablet_manager.cc:1916] T 706d6f78d92f4138be21e2dcf8f22dec P e162932c26ad4a24b35d0287ddb21cc6: Deleting tablet data with delete state TABLET_DATA_TOMBSTONED
I20260710 11:02:07.496716 11349 catalog_manager.cc:5210] ChangeConfig:REMOVE_PEER RPC for tablet baa158e34638464c83789fccdd95bebc with cas_config_opid_index 3: ChangeConfig:REMOVE_PEER succeeded (attempt 1)
I20260710 11:02:07.510905 12122 ts_tablet_manager.cc:1929] T 706d6f78d92f4138be21e2dcf8f22dec P e162932c26ad4a24b35d0287ddb21cc6: tablet deleted with delete type TABLET_DATA_TOMBSTONED: last-logged OpId 1.3
I20260710 11:02:07.511468 12122 log.cc:1199] T 706d6f78d92f4138be21e2dcf8f22dec P e162932c26ad4a24b35d0287ddb21cc6: Deleting WAL directory at /tmp/dist-test-taskzbuqnC/test-tmp/auto_leader_rebalancer-test.0.LeaderRebalancerTest.AddTserver.1783681289859503-10359-0/minicluster-data/ts-0-root/wals/706d6f78d92f4138be21e2dcf8f22dec
I20260710 11:02:07.512969 11349 catalog_manager.cc:5028] TS e162932c26ad4a24b35d0287ddb21cc6 (127.10.29.193:43973): tablet 706d6f78d92f4138be21e2dcf8f22dec (table test-workload [id=f4ca5a8200eb4325b407f686c100f1ea]) successfully deleted
I20260710 11:02:07.513136 11596 tablet_service.cc:1558] Processing DeleteTablet for tablet baa158e34638464c83789fccdd95bebc with delete_type TABLET_DATA_TOMBSTONED (TS 58fb92e136e541db81b039889ec99293 not found in new config with opid_index 4) from {username='slave'} at 127.0.0.1:60448
I20260710 11:02:07.529341 11530 tablet_service.cc:1558] Processing DeleteTablet for tablet 5b8884bb963c4cb798d7c3360eac622b with delete_type TABLET_DATA_TOMBSTONED (TS 17920e153f8949dfb9166a4c581e4f30 not found in new config with opid_index 4) from {username='slave'} at 127.0.0.1:50886
I20260710 11:02:07.533877 12127 tablet_replica.cc:333] T 5b8884bb963c4cb798d7c3360eac622b P 17920e153f8949dfb9166a4c581e4f30: stopping tablet replica
I20260710 11:02:07.535204 12127 raft_consensus.cc:2243] T 5b8884bb963c4cb798d7c3360eac622b P 17920e153f8949dfb9166a4c581e4f30 [term 1 FOLLOWER]: Raft consensus shutting down.
I20260710 11:02:07.536162 12127 raft_consensus.cc:2272] T 5b8884bb963c4cb798d7c3360eac622b P 17920e153f8949dfb9166a4c581e4f30 [term 1 FOLLOWER]: Raft consensus is shut down!
I20260710 11:02:07.546624 12100 raft_consensus.cc:1064] T c4ff22752e9e4d6fa2643fa2951d96b5 P 58fb92e136e541db81b039889ec99293: attempting to promote NON_VOTER 227a0d11c03e4dbd9206a85094b6db01 to VOTER
I20260710 11:02:07.547650 12127 ts_tablet_manager.cc:1916] T 5b8884bb963c4cb798d7c3360eac622b P 17920e153f8949dfb9166a4c581e4f30: Deleting tablet data with delete state TABLET_DATA_TOMBSTONED
I20260710 11:02:07.548977 12126 tablet_replica.cc:333] T baa158e34638464c83789fccdd95bebc P 58fb92e136e541db81b039889ec99293: stopping tablet replica
I20260710 11:02:07.549883 12126 raft_consensus.cc:2243] T baa158e34638464c83789fccdd95bebc P 58fb92e136e541db81b039889ec99293 [term 1 FOLLOWER]: Raft consensus shutting down.
I20260710 11:02:07.549503 12100 consensus_queue.cc:237] T c4ff22752e9e4d6fa2643fa2951d96b5 P 58fb92e136e541db81b039889ec99293 [LEADER]: Queue going to LEADER mode. State: All replicated index: 0, Majority replicated index: 2, Committed index: 2, Last appended: 1.2, Last appended by leader: 0, Current term: 1, Majority size: 3, State: 0, Mode: LEADER, active raft config: opid_index: 3 OBSOLETE_local: false peers { permanent_uuid: "e162932c26ad4a24b35d0287ddb21cc6" member_type: VOTER last_known_addr { host: "127.10.29.193" port: 43973 } } peers { permanent_uuid: "17920e153f8949dfb9166a4c581e4f30" member_type: VOTER last_known_addr { host: "127.10.29.194" port: 36071 } attrs { replace: true } } peers { permanent_uuid: "58fb92e136e541db81b039889ec99293" member_type: VOTER last_known_addr { host: "127.10.29.195" port: 44957 } } peers { permanent_uuid: "227a0d11c03e4dbd9206a85094b6db01" member_type: VOTER last_known_addr { host: "127.10.29.196" port: 43957 } attrs { promote: false } }
I20260710 11:02:07.550629 12126 raft_consensus.cc:2272] T baa158e34638464c83789fccdd95bebc P 58fb92e136e541db81b039889ec99293 [term 1 FOLLOWER]: Raft consensus is shut down!
I20260710 11:02:07.568446 11891 raft_consensus.cc:1275] T c4ff22752e9e4d6fa2643fa2951d96b5 P 227a0d11c03e4dbd9206a85094b6db01 [term 1 LEARNER]: Refusing update from remote peer 58fb92e136e541db81b039889ec99293: Log matching property violated. Preceding OpId in replica: term: 1 index: 2. Preceding OpId from leader: term: 1 index: 3. (index mismatch)
I20260710 11:02:07.570465 12075 consensus_queue.cc:1048] T c4ff22752e9e4d6fa2643fa2951d96b5 P 58fb92e136e541db81b039889ec99293 [LEADER]: Connected to new peer: Peer: permanent_uuid: "227a0d11c03e4dbd9206a85094b6db01" member_type: VOTER last_known_addr { host: "127.10.29.196" port: 43957 } attrs { promote: false }, Status: LMP_MISMATCH, Last received: 0.0, Next index: 3, Last known committed idx: 2, Time since last communication: 0.000s
I20260710 11:02:07.571334 12126 ts_tablet_manager.cc:1916] T baa158e34638464c83789fccdd95bebc P 58fb92e136e541db81b039889ec99293: Deleting tablet data with delete state TABLET_DATA_TOMBSTONED
I20260710 11:02:07.572283 12127 ts_tablet_manager.cc:1929] T 5b8884bb963c4cb798d7c3360eac622b P 17920e153f8949dfb9166a4c581e4f30: tablet deleted with delete type TABLET_DATA_TOMBSTONED: last-logged OpId 1.3
I20260710 11:02:07.572767 12127 log.cc:1199] T 5b8884bb963c4cb798d7c3360eac622b P 17920e153f8949dfb9166a4c581e4f30: Deleting WAL directory at /tmp/dist-test-taskzbuqnC/test-tmp/auto_leader_rebalancer-test.0.LeaderRebalancerTest.AddTserver.1783681289859503-10359-0/minicluster-data/ts-1-root/wals/5b8884bb963c4cb798d7c3360eac622b
I20260710 11:02:07.574433 11349 catalog_manager.cc:5028] TS 17920e153f8949dfb9166a4c581e4f30 (127.10.29.194:36071): tablet 5b8884bb963c4cb798d7c3360eac622b (table test-workload [id=f4ca5a8200eb4325b407f686c100f1ea]) successfully deleted
I20260710 11:02:07.581453 11463 raft_consensus.cc:1275] T c4ff22752e9e4d6fa2643fa2951d96b5 P e162932c26ad4a24b35d0287ddb21cc6 [term 1 FOLLOWER]: Refusing update from remote peer 58fb92e136e541db81b039889ec99293: Log matching property violated. Preceding OpId in replica: term: 1 index: 2. Preceding OpId from leader: term: 1 index: 3. (index mismatch)
I20260710 11:02:07.581763 11541 raft_consensus.cc:1275] T c4ff22752e9e4d6fa2643fa2951d96b5 P 17920e153f8949dfb9166a4c581e4f30 [term 1 FOLLOWER]: Refusing update from remote peer 58fb92e136e541db81b039889ec99293: Log matching property violated. Preceding OpId in replica: term: 1 index: 2. Preceding OpId from leader: term: 1 index: 3. (index mismatch)
I20260710 11:02:07.583484 12101 consensus_queue.cc:1048] T c4ff22752e9e4d6fa2643fa2951d96b5 P 58fb92e136e541db81b039889ec99293 [LEADER]: Connected to new peer: Peer: permanent_uuid: "e162932c26ad4a24b35d0287ddb21cc6" member_type: VOTER last_known_addr { host: "127.10.29.193" port: 43973 }, Status: LMP_MISMATCH, Last received: 0.0, Next index: 3, Last known committed idx: 2, Time since last communication: 0.001s
I20260710 11:02:07.585419 12101 consensus_queue.cc:1048] T c4ff22752e9e4d6fa2643fa2951d96b5 P 58fb92e136e541db81b039889ec99293 [LEADER]: Connected to new peer: Peer: permanent_uuid: "17920e153f8949dfb9166a4c581e4f30" member_type: VOTER last_known_addr { host: "127.10.29.194" port: 36071 } attrs { replace: true }, Status: LMP_MISMATCH, Last received: 0.0, Next index: 3, Last known committed idx: 2, Time since last communication: 0.000s
I20260710 11:02:07.606760 12101 raft_consensus.cc:2955] T c4ff22752e9e4d6fa2643fa2951d96b5 P 58fb92e136e541db81b039889ec99293 [term 1 LEADER]: Committing config change with OpId 1.3: config changed from index 2 to 3, 227a0d11c03e4dbd9206a85094b6db01 (127.10.29.196) changed from NON_VOTER to VOTER. New config: { opid_index: 3 OBSOLETE_local: false peers { permanent_uuid: "e162932c26ad4a24b35d0287ddb21cc6" member_type: VOTER last_known_addr { host: "127.10.29.193" port: 43973 } } peers { permanent_uuid: "17920e153f8949dfb9166a4c581e4f30" member_type: VOTER last_known_addr { host: "127.10.29.194" port: 36071 } attrs { replace: true } } peers { permanent_uuid: "58fb92e136e541db81b039889ec99293" member_type: VOTER last_known_addr { host: "127.10.29.195" port: 44957 } } peers { permanent_uuid: "227a0d11c03e4dbd9206a85094b6db01" member_type: VOTER last_known_addr { host: "127.10.29.196" port: 43957 } attrs { promote: false } } }
I20260710 11:02:07.609844 12126 ts_tablet_manager.cc:1929] T baa158e34638464c83789fccdd95bebc P 58fb92e136e541db81b039889ec99293: tablet deleted with delete type TABLET_DATA_TOMBSTONED: last-logged OpId 1.3
I20260710 11:02:07.610360 12126 log.cc:1199] T baa158e34638464c83789fccdd95bebc P 58fb92e136e541db81b039889ec99293: Deleting WAL directory at /tmp/dist-test-taskzbuqnC/test-tmp/auto_leader_rebalancer-test.0.LeaderRebalancerTest.AddTserver.1783681289859503-10359-0/minicluster-data/ts-2-root/wals/baa158e34638464c83789fccdd95bebc
I20260710 11:02:07.612226 11349 catalog_manager.cc:5028] TS 58fb92e136e541db81b039889ec99293 (127.10.29.195:44957): tablet baa158e34638464c83789fccdd95bebc (table test-workload [id=f4ca5a8200eb4325b407f686c100f1ea]) successfully deleted
I20260710 11:02:07.621131 11541 raft_consensus.cc:2955] T c4ff22752e9e4d6fa2643fa2951d96b5 P 17920e153f8949dfb9166a4c581e4f30 [term 1 FOLLOWER]: Committing config change with OpId 1.3: config changed from index 2 to 3, 227a0d11c03e4dbd9206a85094b6db01 (127.10.29.196) changed from NON_VOTER to VOTER. New config: { opid_index: 3 OBSOLETE_local: false peers { permanent_uuid: "e162932c26ad4a24b35d0287ddb21cc6" member_type: VOTER last_known_addr { host: "127.10.29.193" port: 43973 } } peers { permanent_uuid: "17920e153f8949dfb9166a4c581e4f30" member_type: VOTER last_known_addr { host: "127.10.29.194" port: 36071 } attrs { replace: true } } peers { permanent_uuid: "58fb92e136e541db81b039889ec99293" member_type: VOTER last_known_addr { host: "127.10.29.195" port: 44957 } } peers { permanent_uuid: "227a0d11c03e4dbd9206a85094b6db01" member_type: VOTER last_known_addr { host: "127.10.29.196" port: 43957 } attrs { promote: false } } }
I20260710 11:02:07.620646 11463 raft_consensus.cc:2955] T c4ff22752e9e4d6fa2643fa2951d96b5 P e162932c26ad4a24b35d0287ddb21cc6 [term 1 FOLLOWER]: Committing config change with OpId 1.3: config changed from index 2 to 3, 227a0d11c03e4dbd9206a85094b6db01 (127.10.29.196) changed from NON_VOTER to VOTER. New config: { opid_index: 3 OBSOLETE_local: false peers { permanent_uuid: "e162932c26ad4a24b35d0287ddb21cc6" member_type: VOTER last_known_addr { host: "127.10.29.193" port: 43973 } } peers { permanent_uuid: "17920e153f8949dfb9166a4c581e4f30" member_type: VOTER last_known_addr { host: "127.10.29.194" port: 36071 } attrs { replace: true } } peers { permanent_uuid: "58fb92e136e541db81b039889ec99293" member_type: VOTER last_known_addr { host: "127.10.29.195" port: 44957 } } peers { permanent_uuid: "227a0d11c03e4dbd9206a85094b6db01" member_type: VOTER last_known_addr { host: "127.10.29.196" port: 43957 } attrs { promote: false } } }
I20260710 11:02:07.633476 11887 raft_consensus.cc:2955] T c4ff22752e9e4d6fa2643fa2951d96b5 P 227a0d11c03e4dbd9206a85094b6db01 [term 1 FOLLOWER]: Committing config change with OpId 1.3: config changed from index 2 to 3, 227a0d11c03e4dbd9206a85094b6db01 (127.10.29.196) changed from NON_VOTER to VOTER. New config: { opid_index: 3 OBSOLETE_local: false peers { permanent_uuid: "e162932c26ad4a24b35d0287ddb21cc6" member_type: VOTER last_known_addr { host: "127.10.29.193" port: 43973 } } peers { permanent_uuid: "17920e153f8949dfb9166a4c581e4f30" member_type: VOTER last_known_addr { host: "127.10.29.194" port: 36071 } attrs { replace: true } } peers { permanent_uuid: "58fb92e136e541db81b039889ec99293" member_type: VOTER last_known_addr { host: "127.10.29.195" port: 44957 } } peers { permanent_uuid: "227a0d11c03e4dbd9206a85094b6db01" member_type: VOTER last_known_addr { host: "127.10.29.196" port: 43957 } attrs { promote: false } } }
I20260710 11:02:07.634639 11364 catalog_manager.cc:5697] T c4ff22752e9e4d6fa2643fa2951d96b5 P 17920e153f8949dfb9166a4c581e4f30 reported cstate change: config changed from index 2 to 3, 227a0d11c03e4dbd9206a85094b6db01 (127.10.29.196) changed from NON_VOTER to VOTER. New cstate: current_term: 1 leader_uuid: "58fb92e136e541db81b039889ec99293" committed_config { opid_index: 3 OBSOLETE_local: false peers { permanent_uuid: "e162932c26ad4a24b35d0287ddb21cc6" member_type: VOTER last_known_addr { host: "127.10.29.193" port: 43973 } } peers { permanent_uuid: "17920e153f8949dfb9166a4c581e4f30" member_type: VOTER last_known_addr { host: "127.10.29.194" port: 36071 } attrs { replace: true } } peers { permanent_uuid: "58fb92e136e541db81b039889ec99293" member_type: VOTER last_known_addr { host: "127.10.29.195" port: 44957 } } peers { permanent_uuid: "227a0d11c03e4dbd9206a85094b6db01" member_type: VOTER last_known_addr { host: "127.10.29.196" port: 43957 } attrs { promote: false } } }
I20260710 11:02:07.657748 11612 consensus_queue.cc:237] T c4ff22752e9e4d6fa2643fa2951d96b5 P 58fb92e136e541db81b039889ec99293 [LEADER]: Queue going to LEADER mode. State: All replicated index: 0, Majority replicated index: 3, Committed index: 3, Last appended: 1.3, Last appended by leader: 0, Current term: 1, Majority size: 2, State: 0, Mode: LEADER, active raft config: opid_index: 4 OBSOLETE_local: false peers { permanent_uuid: "e162932c26ad4a24b35d0287ddb21cc6" member_type: VOTER last_known_addr { host: "127.10.29.193" port: 43973 } } peers { permanent_uuid: "58fb92e136e541db81b039889ec99293" member_type: VOTER last_known_addr { host: "127.10.29.195" port: 44957 } } peers { permanent_uuid: "227a0d11c03e4dbd9206a85094b6db01" member_type: VOTER last_known_addr { host: "127.10.29.196" port: 43957 } attrs { promote: false } }
I20260710 11:02:07.663151 11887 raft_consensus.cc:1275] T c4ff22752e9e4d6fa2643fa2951d96b5 P 227a0d11c03e4dbd9206a85094b6db01 [term 1 FOLLOWER]: Refusing update from remote peer 58fb92e136e541db81b039889ec99293: Log matching property violated. Preceding OpId in replica: term: 1 index: 3. Preceding OpId from leader: term: 1 index: 4. (index mismatch)
I20260710 11:02:07.664776 12100 consensus_queue.cc:1048] T c4ff22752e9e4d6fa2643fa2951d96b5 P 58fb92e136e541db81b039889ec99293 [LEADER]: Connected to new peer: Peer: permanent_uuid: "227a0d11c03e4dbd9206a85094b6db01" member_type: VOTER last_known_addr { host: "127.10.29.196" port: 43957 } attrs { promote: false }, Status: LMP_MISMATCH, Last received: 0.0, Next index: 4, Last known committed idx: 3, Time since last communication: 0.000s
I20260710 11:02:07.667713 11463 raft_consensus.cc:1275] T c4ff22752e9e4d6fa2643fa2951d96b5 P e162932c26ad4a24b35d0287ddb21cc6 [term 1 FOLLOWER]: Refusing update from remote peer 58fb92e136e541db81b039889ec99293: Log matching property violated. Preceding OpId in replica: term: 1 index: 3. Preceding OpId from leader: term: 1 index: 4. (index mismatch)
I20260710 11:02:07.669019 12100 consensus_queue.cc:1048] T c4ff22752e9e4d6fa2643fa2951d96b5 P 58fb92e136e541db81b039889ec99293 [LEADER]: Connected to new peer: Peer: permanent_uuid: "e162932c26ad4a24b35d0287ddb21cc6" member_type: VOTER last_known_addr { host: "127.10.29.193" port: 43973 }, Status: LMP_MISMATCH, Last received: 0.0, Next index: 4, Last known committed idx: 3, Time since last communication: 0.000s
I20260710 11:02:07.672765 12101 raft_consensus.cc:2955] T c4ff22752e9e4d6fa2643fa2951d96b5 P 58fb92e136e541db81b039889ec99293 [term 1 LEADER]: Committing config change with OpId 1.4: config changed from index 3 to 4, VOTER 17920e153f8949dfb9166a4c581e4f30 (127.10.29.194) evicted. New config: { opid_index: 4 OBSOLETE_local: false peers { permanent_uuid: "e162932c26ad4a24b35d0287ddb21cc6" member_type: VOTER last_known_addr { host: "127.10.29.193" port: 43973 } } peers { permanent_uuid: "58fb92e136e541db81b039889ec99293" member_type: VOTER last_known_addr { host: "127.10.29.195" port: 44957 } } peers { permanent_uuid: "227a0d11c03e4dbd9206a85094b6db01" member_type: VOTER last_known_addr { host: "127.10.29.196" port: 43957 } attrs { promote: false } } }
I20260710 11:02:07.675661 11890 raft_consensus.cc:2955] T c4ff22752e9e4d6fa2643fa2951d96b5 P 227a0d11c03e4dbd9206a85094b6db01 [term 1 FOLLOWER]: Committing config change with OpId 1.4: config changed from index 3 to 4, VOTER 17920e153f8949dfb9166a4c581e4f30 (127.10.29.194) evicted. New config: { opid_index: 4 OBSOLETE_local: false peers { permanent_uuid: "e162932c26ad4a24b35d0287ddb21cc6" member_type: VOTER last_known_addr { host: "127.10.29.193" port: 43973 } } peers { permanent_uuid: "58fb92e136e541db81b039889ec99293" member_type: VOTER last_known_addr { host: "127.10.29.195" port: 44957 } } peers { permanent_uuid: "227a0d11c03e4dbd9206a85094b6db01" member_type: VOTER last_known_addr { host: "127.10.29.196" port: 43957 } attrs { promote: false } } }
I20260710 11:02:07.689139 11349 catalog_manager.cc:5210] ChangeConfig:REMOVE_PEER RPC for tablet c4ff22752e9e4d6fa2643fa2951d96b5 with cas_config_opid_index 3: ChangeConfig:REMOVE_PEER succeeded (attempt 1)
I20260710 11:02:07.690455 11463 raft_consensus.cc:2955] T c4ff22752e9e4d6fa2643fa2951d96b5 P e162932c26ad4a24b35d0287ddb21cc6 [term 1 FOLLOWER]: Committing config change with OpId 1.4: config changed from index 3 to 4, VOTER 17920e153f8949dfb9166a4c581e4f30 (127.10.29.194) evicted. New config: { opid_index: 4 OBSOLETE_local: false peers { permanent_uuid: "e162932c26ad4a24b35d0287ddb21cc6" member_type: VOTER last_known_addr { host: "127.10.29.193" port: 43973 } } peers { permanent_uuid: "58fb92e136e541db81b039889ec99293" member_type: VOTER last_known_addr { host: "127.10.29.195" port: 44957 } } peers { permanent_uuid: "227a0d11c03e4dbd9206a85094b6db01" member_type: VOTER last_known_addr { host: "127.10.29.196" port: 43957 } attrs { promote: false } } }
I20260710 11:02:07.692346 11364 catalog_manager.cc:5697] T c4ff22752e9e4d6fa2643fa2951d96b5 P 227a0d11c03e4dbd9206a85094b6db01 reported cstate change: config changed from index 3 to 4, VOTER 17920e153f8949dfb9166a4c581e4f30 (127.10.29.194) evicted. New cstate: current_term: 1 leader_uuid: "58fb92e136e541db81b039889ec99293" committed_config { opid_index: 4 OBSOLETE_local: false peers { permanent_uuid: "e162932c26ad4a24b35d0287ddb21cc6" member_type: VOTER last_known_addr { host: "127.10.29.193" port: 43973 } } peers { permanent_uuid: "58fb92e136e541db81b039889ec99293" member_type: VOTER last_known_addr { host: "127.10.29.195" port: 44957 } } peers { permanent_uuid: "227a0d11c03e4dbd9206a85094b6db01" member_type: VOTER last_known_addr { host: "127.10.29.196" port: 43957 } attrs { promote: false } } }
I20260710 11:02:07.707619 11530 tablet_service.cc:1558] Processing DeleteTablet for tablet c4ff22752e9e4d6fa2643fa2951d96b5 with delete_type TABLET_DATA_TOMBSTONED (TS 17920e153f8949dfb9166a4c581e4f30 not found in new config with opid_index 4) from {username='slave'} at 127.0.0.1:50886
I20260710 11:02:07.708675 12127 tablet_replica.cc:333] T c4ff22752e9e4d6fa2643fa2951d96b5 P 17920e153f8949dfb9166a4c581e4f30: stopping tablet replica
I20260710 11:02:07.709658 12127 raft_consensus.cc:2243] T c4ff22752e9e4d6fa2643fa2951d96b5 P 17920e153f8949dfb9166a4c581e4f30 [term 1 FOLLOWER]: Raft consensus shutting down.
I20260710 11:02:07.710594 12127 raft_consensus.cc:2272] T c4ff22752e9e4d6fa2643fa2951d96b5 P 17920e153f8949dfb9166a4c581e4f30 [term 1 FOLLOWER]: Raft consensus is shut down!
I20260710 11:02:07.713310 12127 ts_tablet_manager.cc:1916] T c4ff22752e9e4d6fa2643fa2951d96b5 P 17920e153f8949dfb9166a4c581e4f30: Deleting tablet data with delete state TABLET_DATA_TOMBSTONED
I20260710 11:02:07.723905 12127 ts_tablet_manager.cc:1929] T c4ff22752e9e4d6fa2643fa2951d96b5 P 17920e153f8949dfb9166a4c581e4f30: tablet deleted with delete type TABLET_DATA_TOMBSTONED: last-logged OpId 1.3
I20260710 11:02:07.724225 12127 log.cc:1199] T c4ff22752e9e4d6fa2643fa2951d96b5 P 17920e153f8949dfb9166a4c581e4f30: Deleting WAL directory at /tmp/dist-test-taskzbuqnC/test-tmp/auto_leader_rebalancer-test.0.LeaderRebalancerTest.AddTserver.1783681289859503-10359-0/minicluster-data/ts-1-root/wals/c4ff22752e9e4d6fa2643fa2951d96b5
I20260710 11:02:07.725396 11349 catalog_manager.cc:5028] TS 17920e153f8949dfb9166a4c581e4f30 (127.10.29.194:36071): tablet c4ff22752e9e4d6fa2643fa2951d96b5 (table test-workload [id=f4ca5a8200eb4325b407f686c100f1ea]) successfully deleted
