I20260710 11:01:56.023566  4830 ts_tablet_manager.cc:1403] T 6b21cbfbd0fb44f9abdd2b13b821cfe1 P f28b877f6115496a823c642286a26654: Time spent bootstrapping tablet: real 0.245s	user 0.027s	sys 0.033s
I20260710 11:01:56.024896  4826 raft_consensus.cc:359] T 6b21cbfbd0fb44f9abdd2b13b821cfe1 P 310f8d39485e460f94043a058c6c6cb0 [term 0 FOLLOWER]: Replica starting. Triggering 0 pending ops. Active config: opid_index: -1 OBSOLETE_local: false peers { permanent_uuid: "f28b877f6115496a823c642286a26654" member_type: VOTER last_known_addr { host: "127.3.115.129" port: 43461 } } peers { permanent_uuid: "310f8d39485e460f94043a058c6c6cb0" member_type: VOTER last_known_addr { host: "127.3.115.130" port: 43897 } } peers { permanent_uuid: "8b604045b5624d03b69c1abd5de9e06b" member_type: VOTER last_known_addr { host: "127.3.115.131" port: 43501 } }
I20260710 11:01:56.025543  4826 raft_consensus.cc:385] T 6b21cbfbd0fb44f9abdd2b13b821cfe1 P 310f8d39485e460f94043a058c6c6cb0 [term 0 FOLLOWER]: Consensus starting up: Expiring failure detector timer to make a prompt election more likely
I20260710 11:01:56.025812  4826 raft_consensus.cc:740] T 6b21cbfbd0fb44f9abdd2b13b821cfe1 P 310f8d39485e460f94043a058c6c6cb0 [term 0 FOLLOWER]: Becoming Follower/Learner. State: Replica: 310f8d39485e460f94043a058c6c6cb0, State: Initialized, Role: FOLLOWER
I20260710 11:01:56.025988  4635 tablet_service.cc:1917] Received RequestConsensusVote() RPC: tablet_id: "f74e803d2df94cdc995ae0da5f9b054f" candidate_uuid: "8b604045b5624d03b69c1abd5de9e06b" candidate_term: 1 candidate_status { last_received { term: 0 index: 0 } } ignore_live_leader: false dest_uuid: "f28b877f6115496a823c642286a26654" is_pre_election: true
I20260710 11:01:56.026379  4946 leader_election.cc:290] T f74e803d2df94cdc995ae0da5f9b054f P 8b604045b5624d03b69c1abd5de9e06b [CANDIDATE]: Term 1 pre-election: Requested pre-vote from peers f28b877f6115496a823c642286a26654 (127.3.115.129:43461), 310f8d39485e460f94043a058c6c6cb0 (127.3.115.130:43897)
I20260710 11:01:56.026597  4635 raft_consensus.cc:2468] T f74e803d2df94cdc995ae0da5f9b054f P f28b877f6115496a823c642286a26654 [term 0 FOLLOWER]: Leader pre-election vote request: Granting yes vote for candidate 8b604045b5624d03b69c1abd5de9e06b in term 0.
I20260710 11:01:56.026664  4830 raft_consensus.cc:359] T 6b21cbfbd0fb44f9abdd2b13b821cfe1 P f28b877f6115496a823c642286a26654 [term 0 FOLLOWER]: Replica starting. Triggering 0 pending ops. Active config: opid_index: -1 OBSOLETE_local: false peers { permanent_uuid: "f28b877f6115496a823c642286a26654" member_type: VOTER last_known_addr { host: "127.3.115.129" port: 43461 } } peers { permanent_uuid: "310f8d39485e460f94043a058c6c6cb0" member_type: VOTER last_known_addr { host: "127.3.115.130" port: 43897 } } peers { permanent_uuid: "8b604045b5624d03b69c1abd5de9e06b" member_type: VOTER last_known_addr { host: "127.3.115.131" port: 43501 } }
I20260710 11:01:56.027397  4830 raft_consensus.cc:385] T 6b21cbfbd0fb44f9abdd2b13b821cfe1 P f28b877f6115496a823c642286a26654 [term 0 FOLLOWER]: Consensus starting up: Expiring failure detector timer to make a prompt election more likely
I20260710 11:01:56.027459  4710 tablet_service.cc:1917] Received RequestConsensusVote() RPC: tablet_id: "f74e803d2df94cdc995ae0da5f9b054f" candidate_uuid: "8b604045b5624d03b69c1abd5de9e06b" candidate_term: 1 candidate_status { last_received { term: 0 index: 0 } } ignore_live_leader: false dest_uuid: "310f8d39485e460f94043a058c6c6cb0" is_pre_election: true
I20260710 11:01:56.027731  4830 raft_consensus.cc:740] T 6b21cbfbd0fb44f9abdd2b13b821cfe1 P f28b877f6115496a823c642286a26654 [term 0 FOLLOWER]: Becoming Follower/Learner. State: Replica: f28b877f6115496a823c642286a26654, State: Initialized, Role: FOLLOWER
I20260710 11:01:56.027802  4749 leader_election.cc:304] T f74e803d2df94cdc995ae0da5f9b054f P 8b604045b5624d03b69c1abd5de9e06b [CANDIDATE]: Term 1 pre-election: Election decided. Result: candidate won. Election summary: received 2 responses out of 3 voters: 2 yes votes; 0 no votes. yes voters: 8b604045b5624d03b69c1abd5de9e06b, f28b877f6115496a823c642286a26654; no voters: 
I20260710 11:01:56.028111  4710 raft_consensus.cc:2468] T f74e803d2df94cdc995ae0da5f9b054f P 310f8d39485e460f94043a058c6c6cb0 [term 0 FOLLOWER]: Leader pre-election vote request: Granting yes vote for candidate 8b604045b5624d03b69c1abd5de9e06b in term 0.
I20260710 11:01:56.028937  4946 raft_consensus.cc:2804] T f74e803d2df94cdc995ae0da5f9b054f P 8b604045b5624d03b69c1abd5de9e06b [term 0 FOLLOWER]: Leader pre-election won for term 1
I20260710 11:01:56.028674  4830 consensus_queue.cc:260] T 6b21cbfbd0fb44f9abdd2b13b821cfe1 P f28b877f6115496a823c642286a26654 [NON_LEADER]: Queue going to NON_LEADER mode. State: All replicated index: 0, Majority replicated index: 0, Committed index: 0, Last appended: 0.0, Last appended by leader: 0, Current term: 0, Majority size: -1, State: 0, Mode: NON_LEADER, active raft config: opid_index: -1 OBSOLETE_local: false peers { permanent_uuid: "f28b877f6115496a823c642286a26654" member_type: VOTER last_known_addr { host: "127.3.115.129" port: 43461 } } peers { permanent_uuid: "310f8d39485e460f94043a058c6c6cb0" member_type: VOTER last_known_addr { host: "127.3.115.130" port: 43897 } } peers { permanent_uuid: "8b604045b5624d03b69c1abd5de9e06b" member_type: VOTER last_known_addr { host: "127.3.115.131" port: 43501 } }
I20260710 11:01:56.029353  4946 raft_consensus.cc:493] T f74e803d2df94cdc995ae0da5f9b054f P 8b604045b5624d03b69c1abd5de9e06b [term 0 FOLLOWER]: Starting leader election (no leader contacted us within the election timeout)
I20260710 11:01:56.033375  4946 raft_consensus.cc:3060] T f74e803d2df94cdc995ae0da5f9b054f P 8b604045b5624d03b69c1abd5de9e06b [term 0 FOLLOWER]: Advancing to term 1
I20260710 11:01:56.033829  4827 tablet_bootstrap.cc:654] T 4a58a4da51b64de89d0cc2b59155684b P 8b604045b5624d03b69c1abd5de9e06b: Neither blocks nor log segments found. Creating new log.
I20260710 11:01:56.030205  4826 consensus_queue.cc:260] T 6b21cbfbd0fb44f9abdd2b13b821cfe1 P 310f8d39485e460f94043a058c6c6cb0 [NON_LEADER]: Queue going to NON_LEADER mode. State: All replicated index: 0, Majority replicated index: 0, Committed index: 0, Last appended: 0.0, Last appended by leader: 0, Current term: 0, Majority size: -1, State: 0, Mode: NON_LEADER, active raft config: opid_index: -1 OBSOLETE_local: false peers { permanent_uuid: "f28b877f6115496a823c642286a26654" member_type: VOTER last_known_addr { host: "127.3.115.129" port: 43461 } } peers { permanent_uuid: "310f8d39485e460f94043a058c6c6cb0" member_type: VOTER last_known_addr { host: "127.3.115.130" port: 43897 } } peers { permanent_uuid: "8b604045b5624d03b69c1abd5de9e06b" member_type: VOTER last_known_addr { host: "127.3.115.131" port: 43501 } }
I20260710 11:01:56.040303  4826 ts_tablet_manager.cc:1434] T 6b21cbfbd0fb44f9abdd2b13b821cfe1 P 310f8d39485e460f94043a058c6c6cb0: Time spent starting tablet: real 0.018s	user 0.007s	sys 0.000s
I20260710 11:01:56.041224  4826 tablet_bootstrap.cc:492] T 588ffd8042124b50810ac8d297f2084f P 310f8d39485e460f94043a058c6c6cb0: Bootstrap starting.
I20260710 11:01:56.041705  4946 raft_consensus.cc:515] T f74e803d2df94cdc995ae0da5f9b054f P 8b604045b5624d03b69c1abd5de9e06b [term 1 FOLLOWER]: Starting leader election with config: opid_index: -1 OBSOLETE_local: false peers { permanent_uuid: "f28b877f6115496a823c642286a26654" member_type: VOTER last_known_addr { host: "127.3.115.129" port: 43461 } } peers { permanent_uuid: "310f8d39485e460f94043a058c6c6cb0" member_type: VOTER last_known_addr { host: "127.3.115.130" port: 43897 } } peers { permanent_uuid: "8b604045b5624d03b69c1abd5de9e06b" member_type: VOTER last_known_addr { host: "127.3.115.131" port: 43501 } }
I20260710 11:01:56.031137  4830 ts_tablet_manager.cc:1434] T 6b21cbfbd0fb44f9abdd2b13b821cfe1 P f28b877f6115496a823c642286a26654: Time spent starting tablet: real 0.007s	user 0.007s	sys 0.001s
I20260710 11:01:56.044121  4830 tablet_bootstrap.cc:492] T 1954af2e9486422fb86d85e2d9ea4fbb P f28b877f6115496a823c642286a26654: Bootstrap starting.
I20260710 11:01:56.044405  4635 tablet_service.cc:1917] Received RequestConsensusVote() RPC: tablet_id: "f74e803d2df94cdc995ae0da5f9b054f" candidate_uuid: "8b604045b5624d03b69c1abd5de9e06b" candidate_term: 1 candidate_status { last_received { term: 0 index: 0 } } ignore_live_leader: false dest_uuid: "f28b877f6115496a823c642286a26654"
I20260710 11:01:56.044910  4635 raft_consensus.cc:3060] T f74e803d2df94cdc995ae0da5f9b054f P f28b877f6115496a823c642286a26654 [term 0 FOLLOWER]: Advancing to term 1
I20260710 11:01:56.049919  4826 tablet_bootstrap.cc:654] T 588ffd8042124b50810ac8d297f2084f P 310f8d39485e460f94043a058c6c6cb0: Neither blocks nor log segments found. Creating new log.
I20260710 11:01:56.051149  4635 raft_consensus.cc:2468] T f74e803d2df94cdc995ae0da5f9b054f P f28b877f6115496a823c642286a26654 [term 1 FOLLOWER]: Leader election vote request: Granting yes vote for candidate 8b604045b5624d03b69c1abd5de9e06b in term 1.
I20260710 11:01:56.052313  4749 leader_election.cc:304] T f74e803d2df94cdc995ae0da5f9b054f P 8b604045b5624d03b69c1abd5de9e06b [CANDIDATE]: Term 1 election: Election decided. Result: candidate won. Election summary: received 2 responses out of 3 voters: 2 yes votes; 0 no votes. yes voters: 8b604045b5624d03b69c1abd5de9e06b, f28b877f6115496a823c642286a26654; no voters: 
I20260710 11:01:56.053018  4710 tablet_service.cc:1917] Received RequestConsensusVote() RPC: tablet_id: "f74e803d2df94cdc995ae0da5f9b054f" candidate_uuid: "8b604045b5624d03b69c1abd5de9e06b" candidate_term: 1 candidate_status { last_received { term: 0 index: 0 } } ignore_live_leader: false dest_uuid: "310f8d39485e460f94043a058c6c6cb0"
I20260710 11:01:56.053058  4866 raft_consensus.cc:2804] T f74e803d2df94cdc995ae0da5f9b054f P 8b604045b5624d03b69c1abd5de9e06b [term 1 FOLLOWER]: Leader election won for term 1
I20260710 11:01:56.053622  4710 raft_consensus.cc:3060] T f74e803d2df94cdc995ae0da5f9b054f P 310f8d39485e460f94043a058c6c6cb0 [term 0 FOLLOWER]: Advancing to term 1
I20260710 11:01:56.053774  4866 raft_consensus.cc:697] T f74e803d2df94cdc995ae0da5f9b054f P 8b604045b5624d03b69c1abd5de9e06b [term 1 LEADER]: Becoming Leader. State: Replica: 8b604045b5624d03b69c1abd5de9e06b, State: Running, Role: LEADER
I20260710 11:01:56.054641  4866 consensus_queue.cc:237] T f74e803d2df94cdc995ae0da5f9b054f P 8b604045b5624d03b69c1abd5de9e06b [LEADER]: Queue going to LEADER mode. State: All replicated index: 0, Majority replicated index: 0, Committed index: 0, Last appended: 0.0, Last appended by leader: 0, Current term: 1, Majority size: 2, State: 0, Mode: LEADER, active raft config: opid_index: -1 OBSOLETE_local: false peers { permanent_uuid: "f28b877f6115496a823c642286a26654" member_type: VOTER last_known_addr { host: "127.3.115.129" port: 43461 } } peers { permanent_uuid: "310f8d39485e460f94043a058c6c6cb0" member_type: VOTER last_known_addr { host: "127.3.115.130" port: 43897 } } peers { permanent_uuid: "8b604045b5624d03b69c1abd5de9e06b" member_type: VOTER last_known_addr { host: "127.3.115.131" port: 43501 } }
I20260710 11:01:56.056236  4830 tablet_bootstrap.cc:654] T 1954af2e9486422fb86d85e2d9ea4fbb P f28b877f6115496a823c642286a26654: Neither blocks nor log segments found. Creating new log.
I20260710 11:01:56.061544  4710 raft_consensus.cc:2468] T f74e803d2df94cdc995ae0da5f9b054f P 310f8d39485e460f94043a058c6c6cb0 [term 1 FOLLOWER]: Leader election vote request: Granting yes vote for candidate 8b604045b5624d03b69c1abd5de9e06b in term 1.
I20260710 11:01:56.063524  4946 leader_election.cc:290] T f74e803d2df94cdc995ae0da5f9b054f P 8b604045b5624d03b69c1abd5de9e06b [CANDIDATE]: Term 1 election: Requested vote from peers f28b877f6115496a823c642286a26654 (127.3.115.129:43461), 310f8d39485e460f94043a058c6c6cb0 (127.3.115.130:43897)
I20260710 11:01:56.068506  4827 tablet_bootstrap.cc:492] T 4a58a4da51b64de89d0cc2b59155684b P 8b604045b5624d03b69c1abd5de9e06b: No bootstrap required, opened a new log
I20260710 11:01:56.069772  4827 ts_tablet_manager.cc:1403] T 4a58a4da51b64de89d0cc2b59155684b P 8b604045b5624d03b69c1abd5de9e06b: Time spent bootstrapping tablet: real 0.097s	user 0.009s	sys 0.006s
I20260710 11:01:56.069080  4532 catalog_manager.cc:5697] T 35a7930f8fa94b5eb27bd861b8c8fe6c P f28b877f6115496a823c642286a26654 reported cstate change: term changed from 0 to 1, leader changed from <none> to f28b877f6115496a823c642286a26654 (127.3.115.129). New cstate: current_term: 1 leader_uuid: "f28b877f6115496a823c642286a26654" committed_config { opid_index: -1 OBSOLETE_local: false peers { permanent_uuid: "f28b877f6115496a823c642286a26654" member_type: VOTER last_known_addr { host: "127.3.115.129" port: 43461 } health_report { overall_health: HEALTHY } } peers { permanent_uuid: "310f8d39485e460f94043a058c6c6cb0" member_type: VOTER last_known_addr { host: "127.3.115.130" port: 43897 } health_report { overall_health: UNKNOWN } } peers { permanent_uuid: "8b604045b5624d03b69c1abd5de9e06b" member_type: VOTER last_known_addr { host: "127.3.115.131" port: 43501 } health_report { overall_health: UNKNOWN } } }
I20260710 11:01:56.073333  4827 raft_consensus.cc:359] T 4a58a4da51b64de89d0cc2b59155684b P 8b604045b5624d03b69c1abd5de9e06b [term 0 FOLLOWER]: Replica starting. Triggering 0 pending ops. Active config: opid_index: -1 OBSOLETE_local: false peers { permanent_uuid: "f28b877f6115496a823c642286a26654" member_type: VOTER last_known_addr { host: "127.3.115.129" port: 43461 } } peers { permanent_uuid: "310f8d39485e460f94043a058c6c6cb0" member_type: VOTER last_known_addr { host: "127.3.115.130" port: 43897 } } peers { permanent_uuid: "8b604045b5624d03b69c1abd5de9e06b" member_type: VOTER last_known_addr { host: "127.3.115.131" port: 43501 } }
I20260710 11:01:56.076220  4826 tablet_bootstrap.cc:492] T 588ffd8042124b50810ac8d297f2084f P 310f8d39485e460f94043a058c6c6cb0: No bootstrap required, opened a new log
I20260710 11:01:56.077981  4827 raft_consensus.cc:385] T 4a58a4da51b64de89d0cc2b59155684b P 8b604045b5624d03b69c1abd5de9e06b [term 0 FOLLOWER]: Consensus starting up: Expiring failure detector timer to make a prompt election more likely
I20260710 11:01:56.078154  4826 ts_tablet_manager.cc:1403] T 588ffd8042124b50810ac8d297f2084f P 310f8d39485e460f94043a058c6c6cb0: Time spent bootstrapping tablet: real 0.037s	user 0.016s	sys 0.002s
I20260710 11:01:56.078526  4827 raft_consensus.cc:740] T 4a58a4da51b64de89d0cc2b59155684b P 8b604045b5624d03b69c1abd5de9e06b [term 0 FOLLOWER]: Becoming Follower/Learner. State: Replica: 8b604045b5624d03b69c1abd5de9e06b, State: Initialized, Role: FOLLOWER
I20260710 11:01:56.079726  4930 raft_consensus.cc:493] T 6b21cbfbd0fb44f9abdd2b13b821cfe1 P 310f8d39485e460f94043a058c6c6cb0 [term 0 FOLLOWER]: Starting pre-election (no leader contacted us within the election timeout)
I20260710 11:01:56.080397  4930 raft_consensus.cc:515] T 6b21cbfbd0fb44f9abdd2b13b821cfe1 P 310f8d39485e460f94043a058c6c6cb0 [term 0 FOLLOWER]: Starting pre-election with config: opid_index: -1 OBSOLETE_local: false peers { permanent_uuid: "f28b877f6115496a823c642286a26654" member_type: VOTER last_known_addr { host: "127.3.115.129" port: 43461 } } peers { permanent_uuid: "310f8d39485e460f94043a058c6c6cb0" member_type: VOTER last_known_addr { host: "127.3.115.130" port: 43897 } } peers { permanent_uuid: "8b604045b5624d03b69c1abd5de9e06b" member_type: VOTER last_known_addr { host: "127.3.115.131" port: 43501 } }
I20260710 11:01:56.080893  4826 raft_consensus.cc:359] T 588ffd8042124b50810ac8d297f2084f P 310f8d39485e460f94043a058c6c6cb0 [term 0 FOLLOWER]: Replica starting. Triggering 0 pending ops. Active config: opid_index: -1 OBSOLETE_local: false peers { permanent_uuid: "f28b877f6115496a823c642286a26654" member_type: VOTER last_known_addr { host: "127.3.115.129" port: 43461 } } peers { permanent_uuid: "310f8d39485e460f94043a058c6c6cb0" member_type: VOTER last_known_addr { host: "127.3.115.130" port: 43897 } } peers { permanent_uuid: "8b604045b5624d03b69c1abd5de9e06b" member_type: VOTER last_known_addr { host: "127.3.115.131" port: 43501 } }
I20260710 11:01:56.081540  4826 raft_consensus.cc:385] T 588ffd8042124b50810ac8d297f2084f P 310f8d39485e460f94043a058c6c6cb0 [term 0 FOLLOWER]: Consensus starting up: Expiring failure detector timer to make a prompt election more likely
I20260710 11:01:56.077502  4830 tablet_bootstrap.cc:492] T 1954af2e9486422fb86d85e2d9ea4fbb P f28b877f6115496a823c642286a26654: No bootstrap required, opened a new log
I20260710 11:01:56.082391  4830 ts_tablet_manager.cc:1403] T 1954af2e9486422fb86d85e2d9ea4fbb P f28b877f6115496a823c642286a26654: Time spent bootstrapping tablet: real 0.039s	user 0.004s	sys 0.015s
I20260710 11:01:56.085139  4830 raft_consensus.cc:359] T 1954af2e9486422fb86d85e2d9ea4fbb P f28b877f6115496a823c642286a26654 [term 0 FOLLOWER]: Replica starting. Triggering 0 pending ops. Active config: opid_index: -1 OBSOLETE_local: false peers { permanent_uuid: "f28b877f6115496a823c642286a26654" member_type: VOTER last_known_addr { host: "127.3.115.129" port: 43461 } } peers { permanent_uuid: "310f8d39485e460f94043a058c6c6cb0" member_type: VOTER last_known_addr { host: "127.3.115.130" port: 43897 } } peers { permanent_uuid: "8b604045b5624d03b69c1abd5de9e06b" member_type: VOTER last_known_addr { host: "127.3.115.131" port: 43501 } }
I20260710 11:01:56.085728  4830 raft_consensus.cc:385] T 1954af2e9486422fb86d85e2d9ea4fbb P f28b877f6115496a823c642286a26654 [term 0 FOLLOWER]: Consensus starting up: Expiring failure detector timer to make a prompt election more likely
I20260710 11:01:56.085963  4830 raft_consensus.cc:740] T 1954af2e9486422fb86d85e2d9ea4fbb P f28b877f6115496a823c642286a26654 [term 0 FOLLOWER]: Becoming Follower/Learner. State: Replica: f28b877f6115496a823c642286a26654, State: Initialized, Role: FOLLOWER
I20260710 11:01:56.081830  4826 raft_consensus.cc:740] T 588ffd8042124b50810ac8d297f2084f P 310f8d39485e460f94043a058c6c6cb0 [term 0 FOLLOWER]: Becoming Follower/Learner. State: Replica: 310f8d39485e460f94043a058c6c6cb0, State: Initialized, Role: FOLLOWER
I20260710 11:01:56.086225  4535 catalog_manager.cc:5697] T 588ffd8042124b50810ac8d297f2084f P 8b604045b5624d03b69c1abd5de9e06b reported cstate change: term changed from 0 to 1, leader changed from <none> to 8b604045b5624d03b69c1abd5de9e06b (127.3.115.131). New cstate: current_term: 1 leader_uuid: "8b604045b5624d03b69c1abd5de9e06b" committed_config { opid_index: -1 OBSOLETE_local: false peers { permanent_uuid: "f28b877f6115496a823c642286a26654" member_type: VOTER last_known_addr { host: "127.3.115.129" port: 43461 } health_report { overall_health: UNKNOWN } } peers { permanent_uuid: "310f8d39485e460f94043a058c6c6cb0" member_type: VOTER last_known_addr { host: "127.3.115.130" port: 43897 } health_report { overall_health: UNKNOWN } } peers { permanent_uuid: "8b604045b5624d03b69c1abd5de9e06b" member_type: VOTER last_known_addr { host: "127.3.115.131" port: 43501 } health_report { overall_health: HEALTHY } } }
I20260710 11:01:56.086550  4830 consensus_queue.cc:260] T 1954af2e9486422fb86d85e2d9ea4fbb P f28b877f6115496a823c642286a26654 [NON_LEADER]: Queue going to NON_LEADER mode. State: All replicated index: 0, Majority replicated index: 0, Committed index: 0, Last appended: 0.0, Last appended by leader: 0, Current term: 0, Majority size: -1, State: 0, Mode: NON_LEADER, active raft config: opid_index: -1 OBSOLETE_local: false peers { permanent_uuid: "f28b877f6115496a823c642286a26654" member_type: VOTER last_known_addr { host: "127.3.115.129" port: 43461 } } peers { permanent_uuid: "310f8d39485e460f94043a058c6c6cb0" member_type: VOTER last_known_addr { host: "127.3.115.130" port: 43897 } } peers { permanent_uuid: "8b604045b5624d03b69c1abd5de9e06b" member_type: VOTER last_known_addr { host: "127.3.115.131" port: 43501 } }
I20260710 11:01:56.087240  4826 consensus_queue.cc:260] T 588ffd8042124b50810ac8d297f2084f P 310f8d39485e460f94043a058c6c6cb0 [NON_LEADER]: Queue going to NON_LEADER mode. State: All replicated index: 0, Majority replicated index: 0, Committed index: 0, Last appended: 0.0, Last appended by leader: 0, Current term: 0, Majority size: -1, State: 0, Mode: NON_LEADER, active raft config: opid_index: -1 OBSOLETE_local: false peers { permanent_uuid: "f28b877f6115496a823c642286a26654" member_type: VOTER last_known_addr { host: "127.3.115.129" port: 43461 } } peers { permanent_uuid: "310f8d39485e460f94043a058c6c6cb0" member_type: VOTER last_known_addr { host: "127.3.115.130" port: 43897 } } peers { permanent_uuid: "8b604045b5624d03b69c1abd5de9e06b" member_type: VOTER last_known_addr { host: "127.3.115.131" port: 43501 } }
I20260710 11:01:56.088521  4635 tablet_service.cc:1917] Received RequestConsensusVote() RPC: tablet_id: "6b21cbfbd0fb44f9abdd2b13b821cfe1" candidate_uuid: "310f8d39485e460f94043a058c6c6cb0" candidate_term: 1 candidate_status { last_received { term: 0 index: 0 } } ignore_live_leader: false dest_uuid: "f28b877f6115496a823c642286a26654" is_pre_election: true
I20260710 11:01:56.089151  4635 raft_consensus.cc:2468] T 6b21cbfbd0fb44f9abdd2b13b821cfe1 P f28b877f6115496a823c642286a26654 [term 0 FOLLOWER]: Leader pre-election vote request: Granting yes vote for candidate 310f8d39485e460f94043a058c6c6cb0 in term 0.
I20260710 11:01:56.089151  4930 leader_election.cc:290] T 6b21cbfbd0fb44f9abdd2b13b821cfe1 P 310f8d39485e460f94043a058c6c6cb0 [CANDIDATE]: Term 1 pre-election: Requested pre-vote from peers f28b877f6115496a823c642286a26654 (127.3.115.129:43461), 8b604045b5624d03b69c1abd5de9e06b (127.3.115.131:43501)
I20260710 11:01:56.090128  4830 ts_tablet_manager.cc:1434] T 1954af2e9486422fb86d85e2d9ea4fbb P f28b877f6115496a823c642286a26654: Time spent starting tablet: real 0.007s	user 0.003s	sys 0.002s
I20260710 11:01:56.090256  4785 tablet_service.cc:1917] Received RequestConsensusVote() RPC: tablet_id: "6b21cbfbd0fb44f9abdd2b13b821cfe1" candidate_uuid: "310f8d39485e460f94043a058c6c6cb0" candidate_term: 1 candidate_status { last_received { term: 0 index: 0 } } ignore_live_leader: false dest_uuid: "8b604045b5624d03b69c1abd5de9e06b" is_pre_election: true
I20260710 11:01:56.091005  4830 tablet_bootstrap.cc:492] T 0c976ba85ce044e7b2e2b41128c7fe20 P f28b877f6115496a823c642286a26654: Bootstrap starting.
I20260710 11:01:56.091046  4785 raft_consensus.cc:2468] T 6b21cbfbd0fb44f9abdd2b13b821cfe1 P 8b604045b5624d03b69c1abd5de9e06b [term 0 FOLLOWER]: Leader pre-election vote request: Granting yes vote for candidate 310f8d39485e460f94043a058c6c6cb0 in term 0.
I20260710 11:01:56.093670  4826 ts_tablet_manager.cc:1434] T 588ffd8042124b50810ac8d297f2084f P 310f8d39485e460f94043a058c6c6cb0: Time spent starting tablet: real 0.015s	user 0.005s	sys 0.000s
I20260710 11:01:56.093433  4675 leader_election.cc:304] T 6b21cbfbd0fb44f9abdd2b13b821cfe1 P 310f8d39485e460f94043a058c6c6cb0 [CANDIDATE]: Term 1 pre-election: Election decided. Result: candidate won. Election summary: received 2 responses out of 3 voters: 2 yes votes; 0 no votes. yes voters: 310f8d39485e460f94043a058c6c6cb0, f28b877f6115496a823c642286a26654; no voters: 
I20260710 11:01:56.094890  4902 raft_consensus.cc:2804] T 6b21cbfbd0fb44f9abdd2b13b821cfe1 P 310f8d39485e460f94043a058c6c6cb0 [term 0 FOLLOWER]: Leader pre-election won for term 1
I20260710 11:01:56.095258  4902 raft_consensus.cc:493] T 6b21cbfbd0fb44f9abdd2b13b821cfe1 P 310f8d39485e460f94043a058c6c6cb0 [term 0 FOLLOWER]: Starting leader election (no leader contacted us within the election timeout)
I20260710 11:01:56.095590  4902 raft_consensus.cc:3060] T 6b21cbfbd0fb44f9abdd2b13b821cfe1 P 310f8d39485e460f94043a058c6c6cb0 [term 0 FOLLOWER]: Advancing to term 1
I20260710 11:01:56.108390  4902 raft_consensus.cc:515] T 6b21cbfbd0fb44f9abdd2b13b821cfe1 P 310f8d39485e460f94043a058c6c6cb0 [term 1 FOLLOWER]: Starting leader election with config: opid_index: -1 OBSOLETE_local: false peers { permanent_uuid: "f28b877f6115496a823c642286a26654" member_type: VOTER last_known_addr { host: "127.3.115.129" port: 43461 } } peers { permanent_uuid: "310f8d39485e460f94043a058c6c6cb0" member_type: VOTER last_known_addr { host: "127.3.115.130" port: 43897 } } peers { permanent_uuid: "8b604045b5624d03b69c1abd5de9e06b" member_type: VOTER last_known_addr { host: "127.3.115.131" port: 43501 } }
I20260710 11:01:56.109398  4827 consensus_queue.cc:260] T 4a58a4da51b64de89d0cc2b59155684b P 8b604045b5624d03b69c1abd5de9e06b [NON_LEADER]: Queue going to NON_LEADER mode. State: All replicated index: 0, Majority replicated index: 0, Committed index: 0, Last appended: 0.0, Last appended by leader: 0, Current term: 0, Majority size: -1, State: 0, Mode: NON_LEADER, active raft config: opid_index: -1 OBSOLETE_local: false peers { permanent_uuid: "f28b877f6115496a823c642286a26654" member_type: VOTER last_known_addr { host: "127.3.115.129" port: 43461 } } peers { permanent_uuid: "310f8d39485e460f94043a058c6c6cb0" member_type: VOTER last_known_addr { host: "127.3.115.130" port: 43897 } } peers { permanent_uuid: "8b604045b5624d03b69c1abd5de9e06b" member_type: VOTER last_known_addr { host: "127.3.115.131" port: 43501 } }
I20260710 11:01:56.111107  4635 tablet_service.cc:1917] Received RequestConsensusVote() RPC: tablet_id: "6b21cbfbd0fb44f9abdd2b13b821cfe1" candidate_uuid: "310f8d39485e460f94043a058c6c6cb0" candidate_term: 1 candidate_status { last_received { term: 0 index: 0 } } ignore_live_leader: false dest_uuid: "f28b877f6115496a823c642286a26654"
I20260710 11:01:56.111668  4635 raft_consensus.cc:3060] T 6b21cbfbd0fb44f9abdd2b13b821cfe1 P f28b877f6115496a823c642286a26654 [term 0 FOLLOWER]: Advancing to term 1
I20260710 11:01:56.112509  4827 ts_tablet_manager.cc:1434] T 4a58a4da51b64de89d0cc2b59155684b P 8b604045b5624d03b69c1abd5de9e06b: Time spent starting tablet: real 0.042s	user 0.006s	sys 0.001s
I20260710 11:01:56.113255  4827 tablet_bootstrap.cc:492] T 39c21e9da8e14a98b65d0813cf0f7211 P 8b604045b5624d03b69c1abd5de9e06b: Bootstrap starting.
I20260710 11:01:56.116950  4827 tablet_bootstrap.cc:654] T 39c21e9da8e14a98b65d0813cf0f7211 P 8b604045b5624d03b69c1abd5de9e06b: Neither blocks nor log segments found. Creating new log.
W20260710 11:01:56.106976  4583 auto_rebalancer.cc:288] Could not retrieve cluster info: Service unavailable: Tablet not running
I20260710 11:01:56.118301  4826 tablet_bootstrap.cc:492] T 4a58a4da51b64de89d0cc2b59155684b P 310f8d39485e460f94043a058c6c6cb0: Bootstrap starting.
I20260710 11:01:56.120216  4785 tablet_service.cc:1917] Received RequestConsensusVote() RPC: tablet_id: "6b21cbfbd0fb44f9abdd2b13b821cfe1" candidate_uuid: "310f8d39485e460f94043a058c6c6cb0" candidate_term: 1 candidate_status { last_received { term: 0 index: 0 } } ignore_live_leader: false dest_uuid: "8b604045b5624d03b69c1abd5de9e06b"
I20260710 11:01:56.120796  4785 raft_consensus.cc:3060] T 6b21cbfbd0fb44f9abdd2b13b821cfe1 P 8b604045b5624d03b69c1abd5de9e06b [term 0 FOLLOWER]: Advancing to term 1
I20260710 11:01:56.118256  4635 raft_consensus.cc:2468] T 6b21cbfbd0fb44f9abdd2b13b821cfe1 P f28b877f6115496a823c642286a26654 [term 1 FOLLOWER]: Leader election vote request: Granting yes vote for candidate 310f8d39485e460f94043a058c6c6cb0 in term 1.
I20260710 11:01:56.119205  4902 leader_election.cc:290] T 6b21cbfbd0fb44f9abdd2b13b821cfe1 P 310f8d39485e460f94043a058c6c6cb0 [CANDIDATE]: Term 1 election: Requested vote from peers f28b877f6115496a823c642286a26654 (127.3.115.129:43461), 8b604045b5624d03b69c1abd5de9e06b (127.3.115.131:43501)
I20260710 11:01:56.117245  4533 catalog_manager.cc:5697] T f74e803d2df94cdc995ae0da5f9b054f P 8b604045b5624d03b69c1abd5de9e06b reported cstate change: term changed from 0 to 1, leader changed from <none> to 8b604045b5624d03b69c1abd5de9e06b (127.3.115.131). New cstate: current_term: 1 leader_uuid: "8b604045b5624d03b69c1abd5de9e06b" committed_config { opid_index: -1 OBSOLETE_local: false peers { permanent_uuid: "f28b877f6115496a823c642286a26654" member_type: VOTER last_known_addr { host: "127.3.115.129" port: 43461 } health_report { overall_health: UNKNOWN } } peers { permanent_uuid: "310f8d39485e460f94043a058c6c6cb0" member_type: VOTER last_known_addr { host: "127.3.115.130" port: 43897 } health_report { overall_health: UNKNOWN } } peers { permanent_uuid: "8b604045b5624d03b69c1abd5de9e06b" member_type: VOTER last_known_addr { host: "127.3.115.131" port: 43501 } health_report { overall_health: HEALTHY } } }
I20260710 11:01:56.130442  4675 leader_election.cc:304] T 6b21cbfbd0fb44f9abdd2b13b821cfe1 P 310f8d39485e460f94043a058c6c6cb0 [CANDIDATE]: Term 1 election: Election decided. Result: candidate won. Election summary: received 2 responses out of 3 voters: 2 yes votes; 0 no votes. yes voters: 310f8d39485e460f94043a058c6c6cb0, f28b877f6115496a823c642286a26654; no voters: 
I20260710 11:01:56.131687  4785 raft_consensus.cc:2468] T 6b21cbfbd0fb44f9abdd2b13b821cfe1 P 8b604045b5624d03b69c1abd5de9e06b [term 1 FOLLOWER]: Leader election vote request: Granting yes vote for candidate 310f8d39485e460f94043a058c6c6cb0 in term 1.
I20260710 11:01:56.131804  4902 raft_consensus.cc:2804] T 6b21cbfbd0fb44f9abdd2b13b821cfe1 P 310f8d39485e460f94043a058c6c6cb0 [term 1 FOLLOWER]: Leader election won for term 1
I20260710 11:01:56.132766  4902 raft_consensus.cc:697] T 6b21cbfbd0fb44f9abdd2b13b821cfe1 P 310f8d39485e460f94043a058c6c6cb0 [term 1 LEADER]: Becoming Leader. State: Replica: 310f8d39485e460f94043a058c6c6cb0, State: Running, Role: LEADER
I20260710 11:01:56.135324  4826 tablet_bootstrap.cc:654] T 4a58a4da51b64de89d0cc2b59155684b P 310f8d39485e460f94043a058c6c6cb0: Neither blocks nor log segments found. Creating new log.
I20260710 11:01:56.136117  4902 consensus_queue.cc:237] T 6b21cbfbd0fb44f9abdd2b13b821cfe1 P 310f8d39485e460f94043a058c6c6cb0 [LEADER]: Queue going to LEADER mode. State: All replicated index: 0, Majority replicated index: 0, Committed index: 0, Last appended: 0.0, Last appended by leader: 0, Current term: 1, Majority size: 2, State: 0, Mode: LEADER, active raft config: opid_index: -1 OBSOLETE_local: false peers { permanent_uuid: "f28b877f6115496a823c642286a26654" member_type: VOTER last_known_addr { host: "127.3.115.129" port: 43461 } } peers { permanent_uuid: "310f8d39485e460f94043a058c6c6cb0" member_type: VOTER last_known_addr { host: "127.3.115.130" port: 43897 } } peers { permanent_uuid: "8b604045b5624d03b69c1abd5de9e06b" member_type: VOTER last_known_addr { host: "127.3.115.131" port: 43501 } }
I20260710 11:01:56.139276  4827 tablet_bootstrap.cc:492] T 39c21e9da8e14a98b65d0813cf0f7211 P 8b604045b5624d03b69c1abd5de9e06b: No bootstrap required, opened a new log
I20260710 11:01:56.139768  4827 ts_tablet_manager.cc:1403] T 39c21e9da8e14a98b65d0813cf0f7211 P 8b604045b5624d03b69c1abd5de9e06b: Time spent bootstrapping tablet: real 0.027s	user 0.018s	sys 0.000s
I20260710 11:01:56.137143  4830 tablet_bootstrap.cc:654] T 0c976ba85ce044e7b2e2b41128c7fe20 P f28b877f6115496a823c642286a26654: Neither blocks nor log segments found. Creating new log.
I20260710 11:01:56.145032  4827 raft_consensus.cc:359] T 39c21e9da8e14a98b65d0813cf0f7211 P 8b604045b5624d03b69c1abd5de9e06b [term 0 FOLLOWER]: Replica starting. Triggering 0 pending ops. Active config: opid_index: -1 OBSOLETE_local: false peers { permanent_uuid: "f28b877f6115496a823c642286a26654" member_type: VOTER last_known_addr { host: "127.3.115.129" port: 43461 } } peers { permanent_uuid: "310f8d39485e460f94043a058c6c6cb0" member_type: VOTER last_known_addr { host: "127.3.115.130" port: 43897 } } peers { permanent_uuid: "8b604045b5624d03b69c1abd5de9e06b" member_type: VOTER last_known_addr { host: "127.3.115.131" port: 43501 } }
I20260710 11:01:56.145697  4827 raft_consensus.cc:385] T 39c21e9da8e14a98b65d0813cf0f7211 P 8b604045b5624d03b69c1abd5de9e06b [term 0 FOLLOWER]: Consensus starting up: Expiring failure detector timer to make a prompt election more likely
I20260710 11:01:56.145972  4827 raft_consensus.cc:740] T 39c21e9da8e14a98b65d0813cf0f7211 P 8b604045b5624d03b69c1abd5de9e06b [term 0 FOLLOWER]: Becoming Follower/Learner. State: Replica: 8b604045b5624d03b69c1abd5de9e06b, State: Initialized, Role: FOLLOWER
I20260710 11:01:56.148548  4826 tablet_bootstrap.cc:492] T 4a58a4da51b64de89d0cc2b59155684b P 310f8d39485e460f94043a058c6c6cb0: No bootstrap required, opened a new log
I20260710 11:01:56.148998  4826 ts_tablet_manager.cc:1403] T 4a58a4da51b64de89d0cc2b59155684b P 310f8d39485e460f94043a058c6c6cb0: Time spent bootstrapping tablet: real 0.031s	user 0.006s	sys 0.010s
I20260710 11:01:56.151469  4826 raft_consensus.cc:359] T 4a58a4da51b64de89d0cc2b59155684b P 310f8d39485e460f94043a058c6c6cb0 [term 0 FOLLOWER]: Replica starting. Triggering 0 pending ops. Active config: opid_index: -1 OBSOLETE_local: false peers { permanent_uuid: "f28b877f6115496a823c642286a26654" member_type: VOTER last_known_addr { host: "127.3.115.129" port: 43461 } } peers { permanent_uuid: "310f8d39485e460f94043a058c6c6cb0" member_type: VOTER last_known_addr { host: "127.3.115.130" port: 43897 } } peers { permanent_uuid: "8b604045b5624d03b69c1abd5de9e06b" member_type: VOTER last_known_addr { host: "127.3.115.131" port: 43501 } }
I20260710 11:01:56.152118  4826 raft_consensus.cc:385] T 4a58a4da51b64de89d0cc2b59155684b P 310f8d39485e460f94043a058c6c6cb0 [term 0 FOLLOWER]: Consensus starting up: Expiring failure detector timer to make a prompt election more likely
I20260710 11:01:56.152384  4826 raft_consensus.cc:740] T 4a58a4da51b64de89d0cc2b59155684b P 310f8d39485e460f94043a058c6c6cb0 [term 0 FOLLOWER]: Becoming Follower/Learner. State: Replica: 310f8d39485e460f94043a058c6c6cb0, State: Initialized, Role: FOLLOWER
I20260710 11:01:56.146713  4827 consensus_queue.cc:260] T 39c21e9da8e14a98b65d0813cf0f7211 P 8b604045b5624d03b69c1abd5de9e06b [NON_LEADER]: Queue going to NON_LEADER mode. State: All replicated index: 0, Majority replicated index: 0, Committed index: 0, Last appended: 0.0, Last appended by leader: 0, Current term: 0, Majority size: -1, State: 0, Mode: NON_LEADER, active raft config: opid_index: -1 OBSOLETE_local: false peers { permanent_uuid: "f28b877f6115496a823c642286a26654" member_type: VOTER last_known_addr { host: "127.3.115.129" port: 43461 } } peers { permanent_uuid: "310f8d39485e460f94043a058c6c6cb0" member_type: VOTER last_known_addr { host: "127.3.115.130" port: 43897 } } peers { permanent_uuid: "8b604045b5624d03b69c1abd5de9e06b" member_type: VOTER last_known_addr { host: "127.3.115.131" port: 43501 } }
I20260710 11:01:56.154417  4830 tablet_bootstrap.cc:492] T 0c976ba85ce044e7b2e2b41128c7fe20 P f28b877f6115496a823c642286a26654: No bootstrap required, opened a new log
I20260710 11:01:56.154846  4830 ts_tablet_manager.cc:1403] T 0c976ba85ce044e7b2e2b41128c7fe20 P f28b877f6115496a823c642286a26654: Time spent bootstrapping tablet: real 0.064s	user 0.010s	sys 0.007s
I20260710 11:01:56.154903  4827 ts_tablet_manager.cc:1434] T 39c21e9da8e14a98b65d0813cf0f7211 P 8b604045b5624d03b69c1abd5de9e06b: Time spent starting tablet: real 0.015s	user 0.006s	sys 0.000s
I20260710 11:01:56.152972  4826 consensus_queue.cc:260] T 4a58a4da51b64de89d0cc2b59155684b P 310f8d39485e460f94043a058c6c6cb0 [NON_LEADER]: Queue going to NON_LEADER mode. State: All replicated index: 0, Majority replicated index: 0, Committed index: 0, Last appended: 0.0, Last appended by leader: 0, Current term: 0, Majority size: -1, State: 0, Mode: NON_LEADER, active raft config: opid_index: -1 OBSOLETE_local: false peers { permanent_uuid: "f28b877f6115496a823c642286a26654" member_type: VOTER last_known_addr { host: "127.3.115.129" port: 43461 } } peers { permanent_uuid: "310f8d39485e460f94043a058c6c6cb0" member_type: VOTER last_known_addr { host: "127.3.115.130" port: 43897 } } peers { permanent_uuid: "8b604045b5624d03b69c1abd5de9e06b" member_type: VOTER last_known_addr { host: "127.3.115.131" port: 43501 } }
I20260710 11:01:56.156185  4827 tablet_bootstrap.cc:492] T 0c976ba85ce044e7b2e2b41128c7fe20 P 8b604045b5624d03b69c1abd5de9e06b: Bootstrap starting.
I20260710 11:01:56.156668  4826 ts_tablet_manager.cc:1434] T 4a58a4da51b64de89d0cc2b59155684b P 310f8d39485e460f94043a058c6c6cb0: Time spent starting tablet: real 0.007s	user 0.005s	sys 0.001s
I20260710 11:01:56.157486  4826 tablet_bootstrap.cc:492] T 0c976ba85ce044e7b2e2b41128c7fe20 P 310f8d39485e460f94043a058c6c6cb0: Bootstrap starting.
I20260710 11:01:56.161141  4533 catalog_manager.cc:5697] T 6b21cbfbd0fb44f9abdd2b13b821cfe1 P 310f8d39485e460f94043a058c6c6cb0 reported cstate change: term changed from 0 to 1, leader changed from <none> to 310f8d39485e460f94043a058c6c6cb0 (127.3.115.130). New cstate: current_term: 1 leader_uuid: "310f8d39485e460f94043a058c6c6cb0" committed_config { opid_index: -1 OBSOLETE_local: false peers { permanent_uuid: "f28b877f6115496a823c642286a26654" member_type: VOTER last_known_addr { host: "127.3.115.129" port: 43461 } health_report { overall_health: UNKNOWN } } peers { permanent_uuid: "310f8d39485e460f94043a058c6c6cb0" member_type: VOTER last_known_addr { host: "127.3.115.130" port: 43897 } health_report { overall_health: HEALTHY } } peers { permanent_uuid: "8b604045b5624d03b69c1abd5de9e06b" member_type: VOTER last_known_addr { host: "127.3.115.131" port: 43501 } health_report { overall_health: UNKNOWN } } }
I20260710 11:01:56.161413  4830 raft_consensus.cc:359] T 0c976ba85ce044e7b2e2b41128c7fe20 P f28b877f6115496a823c642286a26654 [term 0 FOLLOWER]: Replica starting. Triggering 0 pending ops. Active config: opid_index: -1 OBSOLETE_local: false peers { permanent_uuid: "f28b877f6115496a823c642286a26654" member_type: VOTER last_known_addr { host: "127.3.115.129" port: 43461 } } peers { permanent_uuid: "310f8d39485e460f94043a058c6c6cb0" member_type: VOTER last_known_addr { host: "127.3.115.130" port: 43897 } } peers { permanent_uuid: "8b604045b5624d03b69c1abd5de9e06b" member_type: VOTER last_known_addr { host: "127.3.115.131" port: 43501 } }
I20260710 11:01:56.162328  4827 tablet_bootstrap.cc:654] T 0c976ba85ce044e7b2e2b41128c7fe20 P 8b604045b5624d03b69c1abd5de9e06b: Neither blocks nor log segments found. Creating new log.
I20260710 11:01:56.162405  4830 raft_consensus.cc:385] T 0c976ba85ce044e7b2e2b41128c7fe20 P f28b877f6115496a823c642286a26654 [term 0 FOLLOWER]: Consensus starting up: Expiring failure detector timer to make a prompt election more likely
I20260710 11:01:56.162846  4830 raft_consensus.cc:740] T 0c976ba85ce044e7b2e2b41128c7fe20 P f28b877f6115496a823c642286a26654 [term 0 FOLLOWER]: Becoming Follower/Learner. State: Replica: f28b877f6115496a823c642286a26654, State: Initialized, Role: FOLLOWER
I20260710 11:01:56.163926  4826 tablet_bootstrap.cc:654] T 0c976ba85ce044e7b2e2b41128c7fe20 P 310f8d39485e460f94043a058c6c6cb0: Neither blocks nor log segments found. Creating new log.
I20260710 11:01:56.163596  4830 consensus_queue.cc:260] T 0c976ba85ce044e7b2e2b41128c7fe20 P f28b877f6115496a823c642286a26654 [NON_LEADER]: Queue going to NON_LEADER mode. State: All replicated index: 0, Majority replicated index: 0, Committed index: 0, Last appended: 0.0, Last appended by leader: 0, Current term: 0, Majority size: -1, State: 0, Mode: NON_LEADER, active raft config: opid_index: -1 OBSOLETE_local: false peers { permanent_uuid: "f28b877f6115496a823c642286a26654" member_type: VOTER last_known_addr { host: "127.3.115.129" port: 43461 } } peers { permanent_uuid: "310f8d39485e460f94043a058c6c6cb0" member_type: VOTER last_known_addr { host: "127.3.115.130" port: 43897 } } peers { permanent_uuid: "8b604045b5624d03b69c1abd5de9e06b" member_type: VOTER last_known_addr { host: "127.3.115.131" port: 43501 } }
I20260710 11:01:56.165904  4830 ts_tablet_manager.cc:1434] T 0c976ba85ce044e7b2e2b41128c7fe20 P f28b877f6115496a823c642286a26654: Time spent starting tablet: real 0.011s	user 0.005s	sys 0.000s
I20260710 11:01:56.166764  4830 tablet_bootstrap.cc:492] T 734225a041144494bf5c70185a886f7c P f28b877f6115496a823c642286a26654: Bootstrap starting.
I20260710 11:01:56.174561  4830 tablet_bootstrap.cc:654] T 734225a041144494bf5c70185a886f7c P f28b877f6115496a823c642286a26654: Neither blocks nor log segments found. Creating new log.
I20260710 11:01:56.181795  4827 tablet_bootstrap.cc:492] T 0c976ba85ce044e7b2e2b41128c7fe20 P 8b604045b5624d03b69c1abd5de9e06b: No bootstrap required, opened a new log
I20260710 11:01:56.182274  4827 ts_tablet_manager.cc:1403] T 0c976ba85ce044e7b2e2b41128c7fe20 P 8b604045b5624d03b69c1abd5de9e06b: Time spent bootstrapping tablet: real 0.026s	user 0.009s	sys 0.014s
I20260710 11:01:56.184899  4827 raft_consensus.cc:359] T 0c976ba85ce044e7b2e2b41128c7fe20 P 8b604045b5624d03b69c1abd5de9e06b [term 0 FOLLOWER]: Replica starting. Triggering 0 pending ops. Active config: opid_index: -1 OBSOLETE_local: false peers { permanent_uuid: "f28b877f6115496a823c642286a26654" member_type: VOTER last_known_addr { host: "127.3.115.129" port: 43461 } } peers { permanent_uuid: "310f8d39485e460f94043a058c6c6cb0" member_type: VOTER last_known_addr { host: "127.3.115.130" port: 43897 } } peers { permanent_uuid: "8b604045b5624d03b69c1abd5de9e06b" member_type: VOTER last_known_addr { host: "127.3.115.131" port: 43501 } }
I20260710 11:01:56.185607  4827 raft_consensus.cc:385] T 0c976ba85ce044e7b2e2b41128c7fe20 P 8b604045b5624d03b69c1abd5de9e06b [term 0 FOLLOWER]: Consensus starting up: Expiring failure detector timer to make a prompt election more likely
I20260710 11:01:56.185930  4827 raft_consensus.cc:740] T 0c976ba85ce044e7b2e2b41128c7fe20 P 8b604045b5624d03b69c1abd5de9e06b [term 0 FOLLOWER]: Becoming Follower/Learner. State: Replica: 8b604045b5624d03b69c1abd5de9e06b, State: Initialized, Role: FOLLOWER
I20260710 11:01:56.186610  4827 consensus_queue.cc:260] T 0c976ba85ce044e7b2e2b41128c7fe20 P 8b604045b5624d03b69c1abd5de9e06b [NON_LEADER]: Queue going to NON_LEADER mode. State: All replicated index: 0, Majority replicated index: 0, Committed index: 0, Last appended: 0.0, Last appended by leader: 0, Current term: 0, Majority size: -1, State: 0, Mode: NON_LEADER, active raft config: opid_index: -1 OBSOLETE_local: false peers { permanent_uuid: "f28b877f6115496a823c642286a26654" member_type: VOTER last_known_addr { host: "127.3.115.129" port: 43461 } } peers { permanent_uuid: "310f8d39485e460f94043a058c6c6cb0" member_type: VOTER last_known_addr { host: "127.3.115.130" port: 43897 } } peers { permanent_uuid: "8b604045b5624d03b69c1abd5de9e06b" member_type: VOTER last_known_addr { host: "127.3.115.131" port: 43501 } }
I20260710 11:01:56.187214  4830 tablet_bootstrap.cc:492] T 734225a041144494bf5c70185a886f7c P f28b877f6115496a823c642286a26654: No bootstrap required, opened a new log
I20260710 11:01:56.188267  4830 ts_tablet_manager.cc:1403] T 734225a041144494bf5c70185a886f7c P f28b877f6115496a823c642286a26654: Time spent bootstrapping tablet: real 0.022s	user 0.015s	sys 0.000s
I20260710 11:01:56.188998  4827 ts_tablet_manager.cc:1434] T 0c976ba85ce044e7b2e2b41128c7fe20 P 8b604045b5624d03b69c1abd5de9e06b: Time spent starting tablet: real 0.006s	user 0.005s	sys 0.000s
I20260710 11:01:56.189934  4827 tablet_bootstrap.cc:492] T 1954af2e9486422fb86d85e2d9ea4fbb P 8b604045b5624d03b69c1abd5de9e06b: Bootstrap starting.
I20260710 11:01:56.189968  4902 raft_consensus.cc:493] T bd8e0ebb09c24a63bd0020050dfe4844 P 310f8d39485e460f94043a058c6c6cb0 [term 0 FOLLOWER]: Starting pre-election (no leader contacted us within the election timeout)
I20260710 11:01:56.190062  4830 raft_consensus.cc:359] T 734225a041144494bf5c70185a886f7c P f28b877f6115496a823c642286a26654 [term 0 FOLLOWER]: Replica starting. Triggering 0 pending ops. Active config: opid_index: -1 OBSOLETE_local: false peers { permanent_uuid: "f28b877f6115496a823c642286a26654" member_type: VOTER last_known_addr { host: "127.3.115.129" port: 43461 } } peers { permanent_uuid: "310f8d39485e460f94043a058c6c6cb0" member_type: VOTER last_known_addr { host: "127.3.115.130" port: 43897 } } peers { permanent_uuid: "8b604045b5624d03b69c1abd5de9e06b" member_type: VOTER last_known_addr { host: "127.3.115.131" port: 43501 } }
I20260710 11:01:56.190798  4830 raft_consensus.cc:385] T 734225a041144494bf5c70185a886f7c P f28b877f6115496a823c642286a26654 [term 0 FOLLOWER]: Consensus starting up: Expiring failure detector timer to make a prompt election more likely
I20260710 11:01:56.190586  4902 raft_consensus.cc:515] T bd8e0ebb09c24a63bd0020050dfe4844 P 310f8d39485e460f94043a058c6c6cb0 [term 0 FOLLOWER]: Starting pre-election with config: opid_index: -1 OBSOLETE_local: false peers { permanent_uuid: "f28b877f6115496a823c642286a26654" member_type: VOTER last_known_addr { host: "127.3.115.129" port: 43461 } } peers { permanent_uuid: "310f8d39485e460f94043a058c6c6cb0" member_type: VOTER last_known_addr { host: "127.3.115.130" port: 43897 } } peers { permanent_uuid: "8b604045b5624d03b69c1abd5de9e06b" member_type: VOTER last_known_addr { host: "127.3.115.131" port: 43501 } }
I20260710 11:01:56.191188  4830 raft_consensus.cc:740] T 734225a041144494bf5c70185a886f7c P f28b877f6115496a823c642286a26654 [term 0 FOLLOWER]: Becoming Follower/Learner. State: Replica: f28b877f6115496a823c642286a26654, State: Initialized, Role: FOLLOWER
I20260710 11:01:56.191958  4830 consensus_queue.cc:260] T 734225a041144494bf5c70185a886f7c P f28b877f6115496a823c642286a26654 [NON_LEADER]: Queue going to NON_LEADER mode. State: All replicated index: 0, Majority replicated index: 0, Committed index: 0, Last appended: 0.0, Last appended by leader: 0, Current term: 0, Majority size: -1, State: 0, Mode: NON_LEADER, active raft config: opid_index: -1 OBSOLETE_local: false peers { permanent_uuid: "f28b877f6115496a823c642286a26654" member_type: VOTER last_known_addr { host: "127.3.115.129" port: 43461 } } peers { permanent_uuid: "310f8d39485e460f94043a058c6c6cb0" member_type: VOTER last_known_addr { host: "127.3.115.130" port: 43897 } } peers { permanent_uuid: "8b604045b5624d03b69c1abd5de9e06b" member_type: VOTER last_known_addr { host: "127.3.115.131" port: 43501 } }
I20260710 11:01:56.192642  4902 leader_election.cc:290] T bd8e0ebb09c24a63bd0020050dfe4844 P 310f8d39485e460f94043a058c6c6cb0 [CANDIDATE]: Term 1 pre-election: Requested pre-vote from peers f28b877f6115496a823c642286a26654 (127.3.115.129:43461), 8b604045b5624d03b69c1abd5de9e06b (127.3.115.131:43501)
I20260710 11:01:56.193668  4635 tablet_service.cc:1917] Received RequestConsensusVote() RPC: tablet_id: "bd8e0ebb09c24a63bd0020050dfe4844" candidate_uuid: "310f8d39485e460f94043a058c6c6cb0" candidate_term: 1 candidate_status { last_received { term: 0 index: 0 } } ignore_live_leader: false dest_uuid: "f28b877f6115496a823c642286a26654" is_pre_election: true
I20260710 11:01:56.194286  4830 ts_tablet_manager.cc:1434] T 734225a041144494bf5c70185a886f7c P f28b877f6115496a823c642286a26654: Time spent starting tablet: real 0.006s	user 0.005s	sys 0.000s
I20260710 11:01:56.194252  4785 tablet_service.cc:1917] Received RequestConsensusVote() RPC: tablet_id: "bd8e0ebb09c24a63bd0020050dfe4844" candidate_uuid: "310f8d39485e460f94043a058c6c6cb0" candidate_term: 1 candidate_status { last_received { term: 0 index: 0 } } ignore_live_leader: false dest_uuid: "8b604045b5624d03b69c1abd5de9e06b" is_pre_election: true
I20260710 11:01:56.195065  4785 raft_consensus.cc:2468] T bd8e0ebb09c24a63bd0020050dfe4844 P 8b604045b5624d03b69c1abd5de9e06b [term 0 FOLLOWER]: Leader pre-election vote request: Granting yes vote for candidate 310f8d39485e460f94043a058c6c6cb0 in term 0.
I20260710 11:01:56.195633  4830 tablet_bootstrap.cc:492] T bd8e0ebb09c24a63bd0020050dfe4844 P f28b877f6115496a823c642286a26654: Bootstrap starting.
I20260710 11:01:56.196295  4675 leader_election.cc:304] T bd8e0ebb09c24a63bd0020050dfe4844 P 310f8d39485e460f94043a058c6c6cb0 [CANDIDATE]: Term 1 pre-election: Election decided. Result: candidate won. Election summary: received 2 responses out of 3 voters: 2 yes votes; 0 no votes. yes voters: 310f8d39485e460f94043a058c6c6cb0, 8b604045b5624d03b69c1abd5de9e06b; no voters: 
W20260710 11:01:56.197140  4675 leader_election.cc:343] T bd8e0ebb09c24a63bd0020050dfe4844 P 310f8d39485e460f94043a058c6c6cb0 [CANDIDATE]: Term 1 pre-election: Tablet error from VoteRequest() call to peer f28b877f6115496a823c642286a26654 (127.3.115.129:43461): Illegal state: must be running to vote when last-logged opid is not known
I20260710 11:01:56.197979  4902 raft_consensus.cc:2804] T bd8e0ebb09c24a63bd0020050dfe4844 P 310f8d39485e460f94043a058c6c6cb0 [term 0 FOLLOWER]: Leader pre-election won for term 1
I20260710 11:01:56.198335  4902 raft_consensus.cc:493] T bd8e0ebb09c24a63bd0020050dfe4844 P 310f8d39485e460f94043a058c6c6cb0 [term 0 FOLLOWER]: Starting leader election (no leader contacted us within the election timeout)
I20260710 11:01:56.198681  4902 raft_consensus.cc:3060] T bd8e0ebb09c24a63bd0020050dfe4844 P 310f8d39485e460f94043a058c6c6cb0 [term 0 FOLLOWER]: Advancing to term 1
I20260710 11:01:56.207686  4830 tablet_bootstrap.cc:654] T bd8e0ebb09c24a63bd0020050dfe4844 P f28b877f6115496a823c642286a26654: Neither blocks nor log segments found. Creating new log.
I20260710 11:01:56.208381  4866 raft_consensus.cc:493] T 39c21e9da8e14a98b65d0813cf0f7211 P 8b604045b5624d03b69c1abd5de9e06b [term 0 FOLLOWER]: Starting pre-election (no leader contacted us within the election timeout)
I20260710 11:01:56.208940  4826 tablet_bootstrap.cc:492] T 0c976ba85ce044e7b2e2b41128c7fe20 P 310f8d39485e460f94043a058c6c6cb0: No bootstrap required, opened a new log
I20260710 11:01:56.208845  4866 raft_consensus.cc:515] T 39c21e9da8e14a98b65d0813cf0f7211 P 8b604045b5624d03b69c1abd5de9e06b [term 0 FOLLOWER]: Starting pre-election with config: opid_index: -1 OBSOLETE_local: false peers { permanent_uuid: "f28b877f6115496a823c642286a26654" member_type: VOTER last_known_addr { host: "127.3.115.129" port: 43461 } } peers { permanent_uuid: "310f8d39485e460f94043a058c6c6cb0" member_type: VOTER last_known_addr { host: "127.3.115.130" port: 43897 } } peers { permanent_uuid: "8b604045b5624d03b69c1abd5de9e06b" member_type: VOTER last_known_addr { host: "127.3.115.131" port: 43501 } }
