I20260710 10:59:59.196142 28079 consensus_queue.cc:260] T 04d69a0d2b414a69ae8e2584dc4e9edd P 5fb774065144452eab441459e1d7ad38 [NON_LEADER]: Queue going to NON_LEADER mode. State: All replicated index: 0, Majority replicated index: 0, Committed index: 0, Last appended: 0.0, Last appended by leader: 0, Current term: 0, Majority size: -1, State: 0, Mode: NON_LEADER, active raft config: opid_index: -1 OBSOLETE_local: false peers { permanent_uuid: "5fb774065144452eab441459e1d7ad38" member_type: VOTER last_known_addr { host: "127.26.36.129" port: 33103 } } peers { permanent_uuid: "5b3b0c911ac64d4d90a925cb5b589431" member_type: VOTER last_known_addr { host: "127.26.36.130" port: 44643 } } peers { permanent_uuid: "cb4dc754598340879d0135e56d06a896" member_type: VOTER last_known_addr { host: "127.26.36.131" port: 45675 } }
I20260710 10:59:59.197716 28078 tablet_bootstrap.cc:492] T 3a3a2a454a024c4c98c1ddbc234067b9 P 5b3b0c911ac64d4d90a925cb5b589431: No bootstrap required, opened a new log
I20260710 10:59:59.198140 28079 ts_tablet_manager.cc:1434] T 04d69a0d2b414a69ae8e2584dc4e9edd P 5fb774065144452eab441459e1d7ad38: Time spent starting tablet: real 0.006s	user 0.003s	sys 0.003s
I20260710 10:59:59.198098 28078 ts_tablet_manager.cc:1403] T 3a3a2a454a024c4c98c1ddbc234067b9 P 5b3b0c911ac64d4d90a925cb5b589431: Time spent bootstrapping tablet: real 0.016s	user 0.014s	sys 0.000s
I20260710 10:59:59.198089 27963 tablet_service.cc:1917] Received RequestConsensusVote() RPC: tablet_id: "d3eabcd065a04bcb83d520d2981eabea" candidate_uuid: "5fb774065144452eab441459e1d7ad38" candidate_term: 1 candidate_status { last_received { term: 0 index: 0 } } ignore_live_leader: false dest_uuid: "5b3b0c911ac64d4d90a925cb5b589431" is_pre_election: true
I20260710 10:59:59.199152 28079 tablet_bootstrap.cc:492] T f9ced391da17475b9ee30964f1c1b856 P 5fb774065144452eab441459e1d7ad38: Bootstrap starting.
I20260710 10:59:59.199750 28077 tablet_bootstrap.cc:654] T bd1730e1183c4a9b8fe7250ac0c7fc31 P cb4dc754598340879d0135e56d06a896: Neither blocks nor log segments found. Creating new log.
I20260710 10:59:59.199792 27852 leader_election.cc:304] T d3eabcd065a04bcb83d520d2981eabea P 5fb774065144452eab441459e1d7ad38 [CANDIDATE]: Term 1 pre-election: Election decided. Result: candidate lost. Election summary: received 3 responses out of 3 voters: 1 yes votes; 2 no votes. yes voters: 5fb774065144452eab441459e1d7ad38; no voters: 5b3b0c911ac64d4d90a925cb5b589431, cb4dc754598340879d0135e56d06a896
I20260710 10:59:59.200697 28084 raft_consensus.cc:3060] T d3eabcd065a04bcb83d520d2981eabea P 5fb774065144452eab441459e1d7ad38 [term 0 FOLLOWER]: Advancing to term 1
I20260710 10:59:59.200759 28078 raft_consensus.cc:359] T 3a3a2a454a024c4c98c1ddbc234067b9 P 5b3b0c911ac64d4d90a925cb5b589431 [term 0 FOLLOWER]: Replica starting. Triggering 0 pending ops. Active config: opid_index: -1 OBSOLETE_local: false peers { permanent_uuid: "5fb774065144452eab441459e1d7ad38" member_type: VOTER last_known_addr { host: "127.26.36.129" port: 33103 } } peers { permanent_uuid: "5b3b0c911ac64d4d90a925cb5b589431" member_type: VOTER last_known_addr { host: "127.26.36.130" port: 44643 } } peers { permanent_uuid: "cb4dc754598340879d0135e56d06a896" member_type: VOTER last_known_addr { host: "127.26.36.131" port: 45675 } }
I20260710 10:59:59.201437 28078 raft_consensus.cc:385] T 3a3a2a454a024c4c98c1ddbc234067b9 P 5b3b0c911ac64d4d90a925cb5b589431 [term 0 FOLLOWER]: Consensus starting up: Expiring failure detector timer to make a prompt election more likely
I20260710 10:59:59.201689 28078 raft_consensus.cc:740] T 3a3a2a454a024c4c98c1ddbc234067b9 P 5b3b0c911ac64d4d90a925cb5b589431 [term 0 FOLLOWER]: Becoming Follower/Learner. State: Replica: 5b3b0c911ac64d4d90a925cb5b589431, State: Initialized, Role: FOLLOWER
I20260710 10:59:59.202373 28078 consensus_queue.cc:260] T 3a3a2a454a024c4c98c1ddbc234067b9 P 5b3b0c911ac64d4d90a925cb5b589431 [NON_LEADER]: Queue going to NON_LEADER mode. State: All replicated index: 0, Majority replicated index: 0, Committed index: 0, Last appended: 0.0, Last appended by leader: 0, Current term: 0, Majority size: -1, State: 0, Mode: NON_LEADER, active raft config: opid_index: -1 OBSOLETE_local: false peers { permanent_uuid: "5fb774065144452eab441459e1d7ad38" member_type: VOTER last_known_addr { host: "127.26.36.129" port: 33103 } } peers { permanent_uuid: "5b3b0c911ac64d4d90a925cb5b589431" member_type: VOTER last_known_addr { host: "127.26.36.130" port: 44643 } } peers { permanent_uuid: "cb4dc754598340879d0135e56d06a896" member_type: VOTER last_known_addr { host: "127.26.36.131" port: 45675 } }
I20260710 10:59:59.204517 28079 tablet_bootstrap.cc:654] T f9ced391da17475b9ee30964f1c1b856 P 5fb774065144452eab441459e1d7ad38: Neither blocks nor log segments found. Creating new log.
I20260710 10:59:59.204515 28078 ts_tablet_manager.cc:1434] T 3a3a2a454a024c4c98c1ddbc234067b9 P 5b3b0c911ac64d4d90a925cb5b589431: Time spent starting tablet: real 0.006s	user 0.003s	sys 0.002s
I20260710 10:59:59.205579 28078 tablet_bootstrap.cc:492] T bf49f45bedf244b1b735ca955200bd2a P 5b3b0c911ac64d4d90a925cb5b589431: Bootstrap starting.
I20260710 10:59:59.206945 28119 leader_election.cc:290] T d3eabcd065a04bcb83d520d2981eabea P 5fb774065144452eab441459e1d7ad38 [CANDIDATE]: Term 1 pre-election: Requested pre-vote from peers cb4dc754598340879d0135e56d06a896 (127.26.36.131:45675), 5b3b0c911ac64d4d90a925cb5b589431 (127.26.36.130:44643)
I20260710 10:59:59.208359 28084 raft_consensus.cc:2749] T d3eabcd065a04bcb83d520d2981eabea P 5fb774065144452eab441459e1d7ad38 [term 1 FOLLOWER]: Leader pre-election lost for term 1. Reason: could not achieve majority
I20260710 10:59:59.210628 28078 tablet_bootstrap.cc:654] T bf49f45bedf244b1b735ca955200bd2a P 5b3b0c911ac64d4d90a925cb5b589431: Neither blocks nor log segments found. Creating new log.
I20260710 10:59:59.215305 28079 tablet_bootstrap.cc:492] T f9ced391da17475b9ee30964f1c1b856 P 5fb774065144452eab441459e1d7ad38: No bootstrap required, opened a new log
I20260710 10:59:59.211709 28077 tablet_bootstrap.cc:492] T bd1730e1183c4a9b8fe7250ac0c7fc31 P cb4dc754598340879d0135e56d06a896: No bootstrap required, opened a new log
I20260710 10:59:59.215691 28079 ts_tablet_manager.cc:1403] T f9ced391da17475b9ee30964f1c1b856 P 5fb774065144452eab441459e1d7ad38: Time spent bootstrapping tablet: real 0.017s	user 0.011s	sys 0.004s
I20260710 10:59:59.215906 28077 ts_tablet_manager.cc:1403] T bd1730e1183c4a9b8fe7250ac0c7fc31 P cb4dc754598340879d0135e56d06a896: Time spent bootstrapping tablet: real 0.024s	user 0.013s	sys 0.003s
I20260710 10:59:59.218094 28079 raft_consensus.cc:359] T f9ced391da17475b9ee30964f1c1b856 P 5fb774065144452eab441459e1d7ad38 [term 0 FOLLOWER]: Replica starting. Triggering 0 pending ops. Active config: opid_index: -1 OBSOLETE_local: false peers { permanent_uuid: "5fb774065144452eab441459e1d7ad38" member_type: VOTER last_known_addr { host: "127.26.36.129" port: 33103 } } peers { permanent_uuid: "5b3b0c911ac64d4d90a925cb5b589431" member_type: VOTER last_known_addr { host: "127.26.36.130" port: 44643 } } peers { permanent_uuid: "cb4dc754598340879d0135e56d06a896" member_type: VOTER last_known_addr { host: "127.26.36.131" port: 45675 } }
I20260710 10:59:59.218748 28079 raft_consensus.cc:385] T f9ced391da17475b9ee30964f1c1b856 P 5fb774065144452eab441459e1d7ad38 [term 0 FOLLOWER]: Consensus starting up: Expiring failure detector timer to make a prompt election more likely
I20260710 10:59:59.218611 28077 raft_consensus.cc:359] T bd1730e1183c4a9b8fe7250ac0c7fc31 P cb4dc754598340879d0135e56d06a896 [term 0 FOLLOWER]: Replica starting. Triggering 0 pending ops. Active config: opid_index: -1 OBSOLETE_local: false peers { permanent_uuid: "5fb774065144452eab441459e1d7ad38" member_type: VOTER last_known_addr { host: "127.26.36.129" port: 33103 } } peers { permanent_uuid: "5b3b0c911ac64d4d90a925cb5b589431" member_type: VOTER last_known_addr { host: "127.26.36.130" port: 44643 } } peers { permanent_uuid: "cb4dc754598340879d0135e56d06a896" member_type: VOTER last_known_addr { host: "127.26.36.131" port: 45675 } }
I20260710 10:59:59.219071 28079 raft_consensus.cc:740] T f9ced391da17475b9ee30964f1c1b856 P 5fb774065144452eab441459e1d7ad38 [term 0 FOLLOWER]: Becoming Follower/Learner. State: Replica: 5fb774065144452eab441459e1d7ad38, State: Initialized, Role: FOLLOWER
I20260710 10:59:59.219429 28077 raft_consensus.cc:385] T bd1730e1183c4a9b8fe7250ac0c7fc31 P cb4dc754598340879d0135e56d06a896 [term 0 FOLLOWER]: Consensus starting up: Expiring failure detector timer to make a prompt election more likely
I20260710 10:59:59.219748 28077 raft_consensus.cc:740] T bd1730e1183c4a9b8fe7250ac0c7fc31 P cb4dc754598340879d0135e56d06a896 [term 0 FOLLOWER]: Becoming Follower/Learner. State: Replica: cb4dc754598340879d0135e56d06a896, State: Initialized, Role: FOLLOWER
I20260710 10:59:59.219760 28079 consensus_queue.cc:260] T f9ced391da17475b9ee30964f1c1b856 P 5fb774065144452eab441459e1d7ad38 [NON_LEADER]: Queue going to NON_LEADER mode. State: All replicated index: 0, Majority replicated index: 0, Committed index: 0, Last appended: 0.0, Last appended by leader: 0, Current term: 0, Majority size: -1, State: 0, Mode: NON_LEADER, active raft config: opid_index: -1 OBSOLETE_local: false peers { permanent_uuid: "5fb774065144452eab441459e1d7ad38" member_type: VOTER last_known_addr { host: "127.26.36.129" port: 33103 } } peers { permanent_uuid: "5b3b0c911ac64d4d90a925cb5b589431" member_type: VOTER last_known_addr { host: "127.26.36.130" port: 44643 } } peers { permanent_uuid: "cb4dc754598340879d0135e56d06a896" member_type: VOTER last_known_addr { host: "127.26.36.131" port: 45675 } }
I20260710 10:59:59.220425 28086 raft_consensus.cc:493] T 3f8e22a56d3a445989525c2d148fc503 P 5b3b0c911ac64d4d90a925cb5b589431 [term 0 FOLLOWER]: Starting pre-election (no leader contacted us within the election timeout)
I20260710 10:59:59.220585 28077 consensus_queue.cc:260] T bd1730e1183c4a9b8fe7250ac0c7fc31 P cb4dc754598340879d0135e56d06a896 [NON_LEADER]: Queue going to NON_LEADER mode. State: All replicated index: 0, Majority replicated index: 0, Committed index: 0, Last appended: 0.0, Last appended by leader: 0, Current term: 0, Majority size: -1, State: 0, Mode: NON_LEADER, active raft config: opid_index: -1 OBSOLETE_local: false peers { permanent_uuid: "5fb774065144452eab441459e1d7ad38" member_type: VOTER last_known_addr { host: "127.26.36.129" port: 33103 } } peers { permanent_uuid: "5b3b0c911ac64d4d90a925cb5b589431" member_type: VOTER last_known_addr { host: "127.26.36.130" port: 44643 } } peers { permanent_uuid: "cb4dc754598340879d0135e56d06a896" member_type: VOTER last_known_addr { host: "127.26.36.131" port: 45675 } }
I20260710 10:59:59.220903 28086 raft_consensus.cc:515] T 3f8e22a56d3a445989525c2d148fc503 P 5b3b0c911ac64d4d90a925cb5b589431 [term 0 FOLLOWER]: Starting pre-election with config: opid_index: -1 OBSOLETE_local: false peers { permanent_uuid: "5fb774065144452eab441459e1d7ad38" member_type: VOTER last_known_addr { host: "127.26.36.129" port: 33103 } } peers { permanent_uuid: "5b3b0c911ac64d4d90a925cb5b589431" member_type: VOTER last_known_addr { host: "127.26.36.130" port: 44643 } } peers { permanent_uuid: "cb4dc754598340879d0135e56d06a896" member_type: VOTER last_known_addr { host: "127.26.36.131" port: 45675 } }
I20260710 10:59:59.221666 28079 ts_tablet_manager.cc:1434] T f9ced391da17475b9ee30964f1c1b856 P 5fb774065144452eab441459e1d7ad38: Time spent starting tablet: real 0.006s	user 0.006s	sys 0.000s
I20260710 10:59:59.222421 28079 tablet_bootstrap.cc:492] T 17e3b9041f28405a942bcf3003c2d954 P 5fb774065144452eab441459e1d7ad38: Bootstrap starting.
I20260710 10:59:59.222867 28086 leader_election.cc:290] T 3f8e22a56d3a445989525c2d148fc503 P 5b3b0c911ac64d4d90a925cb5b589431 [CANDIDATE]: Term 1 pre-election: Requested pre-vote from peers 5fb774065144452eab441459e1d7ad38 (127.26.36.129:33103), cb4dc754598340879d0135e56d06a896 (127.26.36.131:45675)
I20260710 10:59:59.224748 28037 tablet_service.cc:1917] Received RequestConsensusVote() RPC: tablet_id: "3f8e22a56d3a445989525c2d148fc503" candidate_uuid: "5b3b0c911ac64d4d90a925cb5b589431" candidate_term: 1 candidate_status { last_received { term: 0 index: 0 } } ignore_live_leader: false dest_uuid: "cb4dc754598340879d0135e56d06a896" is_pre_election: true
I20260710 10:59:59.225670 28077 ts_tablet_manager.cc:1434] T bd1730e1183c4a9b8fe7250ac0c7fc31 P cb4dc754598340879d0135e56d06a896: Time spent starting tablet: real 0.009s	user 0.001s	sys 0.005s
I20260710 10:59:59.226624 28077 tablet_bootstrap.cc:492] T 17e3b9041f28405a942bcf3003c2d954 P cb4dc754598340879d0135e56d06a896: Bootstrap starting.
I20260710 10:59:59.226976 28084 raft_consensus.cc:493] T 3a3a2a454a024c4c98c1ddbc234067b9 P 5fb774065144452eab441459e1d7ad38 [term 0 FOLLOWER]: Starting pre-election (no leader contacted us within the election timeout)
I20260710 10:59:59.227056 27888 tablet_service.cc:1917] Received RequestConsensusVote() RPC: tablet_id: "3f8e22a56d3a445989525c2d148fc503" candidate_uuid: "5b3b0c911ac64d4d90a925cb5b589431" candidate_term: 1 candidate_status { last_received { term: 0 index: 0 } } ignore_live_leader: false dest_uuid: "5fb774065144452eab441459e1d7ad38" is_pre_election: true
I20260710 10:59:59.227769 27888 raft_consensus.cc:2393] T 3f8e22a56d3a445989525c2d148fc503 P 5fb774065144452eab441459e1d7ad38 [term 1 FOLLOWER]: Leader pre-election vote request: Denying vote to candidate 5b3b0c911ac64d4d90a925cb5b589431 in current term 1: Already voted for candidate cb4dc754598340879d0135e56d06a896 in this term.
I20260710 10:59:59.227448 28084 raft_consensus.cc:515] T 3a3a2a454a024c4c98c1ddbc234067b9 P 5fb774065144452eab441459e1d7ad38 [term 0 FOLLOWER]: Starting pre-election with config: opid_index: -1 OBSOLETE_local: false peers { permanent_uuid: "5fb774065144452eab441459e1d7ad38" member_type: VOTER last_known_addr { host: "127.26.36.129" port: 33103 } } peers { permanent_uuid: "5b3b0c911ac64d4d90a925cb5b589431" member_type: VOTER last_known_addr { host: "127.26.36.130" port: 44643 } } peers { permanent_uuid: "cb4dc754598340879d0135e56d06a896" member_type: VOTER last_known_addr { host: "127.26.36.131" port: 45675 } }
I20260710 10:59:59.228924 27928 leader_election.cc:304] T 3f8e22a56d3a445989525c2d148fc503 P 5b3b0c911ac64d4d90a925cb5b589431 [CANDIDATE]: Term 1 pre-election: Election decided. Result: candidate lost. Election summary: received 3 responses out of 3 voters: 1 yes votes; 2 no votes. yes voters: 5b3b0c911ac64d4d90a925cb5b589431; no voters: 5fb774065144452eab441459e1d7ad38, cb4dc754598340879d0135e56d06a896
I20260710 10:59:59.229250 28084 leader_election.cc:290] T 3a3a2a454a024c4c98c1ddbc234067b9 P 5fb774065144452eab441459e1d7ad38 [CANDIDATE]: Term 1 pre-election: Requested pre-vote from peers 5b3b0c911ac64d4d90a925cb5b589431 (127.26.36.130:44643), cb4dc754598340879d0135e56d06a896 (127.26.36.131:45675)
I20260710 10:59:59.229951 28086 raft_consensus.cc:3060] T 3f8e22a56d3a445989525c2d148fc503 P 5b3b0c911ac64d4d90a925cb5b589431 [term 0 FOLLOWER]: Advancing to term 1
I20260710 10:59:59.230433 28079 tablet_bootstrap.cc:654] T 17e3b9041f28405a942bcf3003c2d954 P 5fb774065144452eab441459e1d7ad38: Neither blocks nor log segments found. Creating new log.
I20260710 10:59:59.231662 27963 tablet_service.cc:1917] Received RequestConsensusVote() RPC: tablet_id: "3a3a2a454a024c4c98c1ddbc234067b9" candidate_uuid: "5fb774065144452eab441459e1d7ad38" candidate_term: 1 candidate_status { last_received { term: 0 index: 0 } } ignore_live_leader: false dest_uuid: "5b3b0c911ac64d4d90a925cb5b589431" is_pre_election: true
I20260710 10:59:59.232201 27963 raft_consensus.cc:2468] T 3a3a2a454a024c4c98c1ddbc234067b9 P 5b3b0c911ac64d4d90a925cb5b589431 [term 0 FOLLOWER]: Leader pre-election vote request: Granting yes vote for candidate 5fb774065144452eab441459e1d7ad38 in term 0.
I20260710 10:59:59.232607 28077 tablet_bootstrap.cc:654] T 17e3b9041f28405a942bcf3003c2d954 P cb4dc754598340879d0135e56d06a896: Neither blocks nor log segments found. Creating new log.
I20260710 10:59:59.233750 27852 leader_election.cc:304] T 3a3a2a454a024c4c98c1ddbc234067b9 P 5fb774065144452eab441459e1d7ad38 [CANDIDATE]: Term 1 pre-election: Election decided. Result: candidate won. Election summary: received 2 responses out of 3 voters: 2 yes votes; 0 no votes. yes voters: 5b3b0c911ac64d4d90a925cb5b589431, 5fb774065144452eab441459e1d7ad38; no voters: 
I20260710 10:59:59.234761 28078 tablet_bootstrap.cc:492] T bf49f45bedf244b1b735ca955200bd2a P 5b3b0c911ac64d4d90a925cb5b589431: No bootstrap required, opened a new log
I20260710 10:59:59.235199 28078 ts_tablet_manager.cc:1403] T bf49f45bedf244b1b735ca955200bd2a P 5b3b0c911ac64d4d90a925cb5b589431: Time spent bootstrapping tablet: real 0.030s	user 0.015s	sys 0.009s
I20260710 10:59:59.235240 28037 tablet_service.cc:1917] Received RequestConsensusVote() RPC: tablet_id: "3a3a2a454a024c4c98c1ddbc234067b9" candidate_uuid: "5fb774065144452eab441459e1d7ad38" candidate_term: 1 candidate_status { last_received { term: 0 index: 0 } } ignore_live_leader: false dest_uuid: "cb4dc754598340879d0135e56d06a896" is_pre_election: true
I20260710 10:59:59.237761 28078 raft_consensus.cc:359] T bf49f45bedf244b1b735ca955200bd2a P 5b3b0c911ac64d4d90a925cb5b589431 [term 0 FOLLOWER]: Replica starting. Triggering 0 pending ops. Active config: opid_index: -1 OBSOLETE_local: false peers { permanent_uuid: "5fb774065144452eab441459e1d7ad38" member_type: VOTER last_known_addr { host: "127.26.36.129" port: 33103 } } peers { permanent_uuid: "5b3b0c911ac64d4d90a925cb5b589431" member_type: VOTER last_known_addr { host: "127.26.36.130" port: 44643 } } peers { permanent_uuid: "cb4dc754598340879d0135e56d06a896" member_type: VOTER last_known_addr { host: "127.26.36.131" port: 45675 } }
I20260710 10:59:59.238415 28078 raft_consensus.cc:385] T bf49f45bedf244b1b735ca955200bd2a P 5b3b0c911ac64d4d90a925cb5b589431 [term 0 FOLLOWER]: Consensus starting up: Expiring failure detector timer to make a prompt election more likely
I20260710 10:59:59.238687 28078 raft_consensus.cc:740] T bf49f45bedf244b1b735ca955200bd2a P 5b3b0c911ac64d4d90a925cb5b589431 [term 0 FOLLOWER]: Becoming Follower/Learner. State: Replica: 5b3b0c911ac64d4d90a925cb5b589431, State: Initialized, Role: FOLLOWER
I20260710 10:59:59.239419 28078 consensus_queue.cc:260] T bf49f45bedf244b1b735ca955200bd2a P 5b3b0c911ac64d4d90a925cb5b589431 [NON_LEADER]: Queue going to NON_LEADER mode. State: All replicated index: 0, Majority replicated index: 0, Committed index: 0, Last appended: 0.0, Last appended by leader: 0, Current term: 0, Majority size: -1, State: 0, Mode: NON_LEADER, active raft config: opid_index: -1 OBSOLETE_local: false peers { permanent_uuid: "5fb774065144452eab441459e1d7ad38" member_type: VOTER last_known_addr { host: "127.26.36.129" port: 33103 } } peers { permanent_uuid: "5b3b0c911ac64d4d90a925cb5b589431" member_type: VOTER last_known_addr { host: "127.26.36.130" port: 44643 } } peers { permanent_uuid: "cb4dc754598340879d0135e56d06a896" member_type: VOTER last_known_addr { host: "127.26.36.131" port: 45675 } }
W20260710 10:59:59.243040 27852 leader_election.cc:343] T 3a3a2a454a024c4c98c1ddbc234067b9 P 5fb774065144452eab441459e1d7ad38 [CANDIDATE]: Term 1 pre-election: Tablet error from VoteRequest() call to peer cb4dc754598340879d0135e56d06a896 (127.26.36.131:45675): Illegal state: must be running to vote when last-logged opid is not known
I20260710 10:59:59.243932 28084 raft_consensus.cc:2804] T 3a3a2a454a024c4c98c1ddbc234067b9 P 5fb774065144452eab441459e1d7ad38 [term 0 FOLLOWER]: Leader pre-election won for term 1
I20260710 10:59:59.244796 28084 raft_consensus.cc:493] T 3a3a2a454a024c4c98c1ddbc234067b9 P 5fb774065144452eab441459e1d7ad38 [term 0 FOLLOWER]: Starting leader election (no leader contacted us within the election timeout)
I20260710 10:59:59.245203 28084 raft_consensus.cc:3060] T 3a3a2a454a024c4c98c1ddbc234067b9 P 5fb774065144452eab441459e1d7ad38 [term 0 FOLLOWER]: Advancing to term 1
I20260710 10:59:59.244352 28078 ts_tablet_manager.cc:1434] T bf49f45bedf244b1b735ca955200bd2a P 5b3b0c911ac64d4d90a925cb5b589431: Time spent starting tablet: real 0.009s	user 0.005s	sys 0.000s
I20260710 10:59:59.247504 28078 tablet_bootstrap.cc:492] T 4aebff7b182049d1912f2ab1aa5ff1cb P 5b3b0c911ac64d4d90a925cb5b589431: Bootstrap starting.
I20260710 10:59:59.244383 28119 raft_consensus.cc:493] T 8dc388f6d99c443584209c314b900566 P 5fb774065144452eab441459e1d7ad38 [term 0 FOLLOWER]: Starting pre-election (no leader contacted us within the election timeout)
I20260710 10:59:59.250852 28119 raft_consensus.cc:515] T 8dc388f6d99c443584209c314b900566 P 5fb774065144452eab441459e1d7ad38 [term 0 FOLLOWER]: Starting pre-election with config: opid_index: -1 OBSOLETE_local: false peers { permanent_uuid: "5fb774065144452eab441459e1d7ad38" member_type: VOTER last_known_addr { host: "127.26.36.129" port: 33103 } } peers { permanent_uuid: "5b3b0c911ac64d4d90a925cb5b589431" member_type: VOTER last_known_addr { host: "127.26.36.130" port: 44643 } } peers { permanent_uuid: "cb4dc754598340879d0135e56d06a896" member_type: VOTER last_known_addr { host: "127.26.36.131" port: 45675 } }
I20260710 10:59:59.252045 28084 raft_consensus.cc:515] T 3a3a2a454a024c4c98c1ddbc234067b9 P 5fb774065144452eab441459e1d7ad38 [term 1 FOLLOWER]: Starting leader election with config: opid_index: -1 OBSOLETE_local: false peers { permanent_uuid: "5fb774065144452eab441459e1d7ad38" member_type: VOTER last_known_addr { host: "127.26.36.129" port: 33103 } } peers { permanent_uuid: "5b3b0c911ac64d4d90a925cb5b589431" member_type: VOTER last_known_addr { host: "127.26.36.130" port: 44643 } } peers { permanent_uuid: "cb4dc754598340879d0135e56d06a896" member_type: VOTER last_known_addr { host: "127.26.36.131" port: 45675 } }
I20260710 10:59:59.253299 28100 raft_consensus.cc:493] T 04d69a0d2b414a69ae8e2584dc4e9edd P 5b3b0c911ac64d4d90a925cb5b589431 [term 0 FOLLOWER]: Starting pre-election (no leader contacted us within the election timeout)
I20260710 10:59:59.253443 28077 tablet_bootstrap.cc:492] T 17e3b9041f28405a942bcf3003c2d954 P cb4dc754598340879d0135e56d06a896: No bootstrap required, opened a new log
I20260710 10:59:59.253410 27963 tablet_service.cc:1917] Received RequestConsensusVote() RPC: tablet_id: "8dc388f6d99c443584209c314b900566" candidate_uuid: "5fb774065144452eab441459e1d7ad38" candidate_term: 1 candidate_status { last_received { term: 0 index: 0 } } ignore_live_leader: false dest_uuid: "5b3b0c911ac64d4d90a925cb5b589431" is_pre_election: true
I20260710 10:59:59.253953 28077 ts_tablet_manager.cc:1403] T 17e3b9041f28405a942bcf3003c2d954 P cb4dc754598340879d0135e56d06a896: Time spent bootstrapping tablet: real 0.028s	user 0.006s	sys 0.012s
I20260710 10:59:59.253753 28100 raft_consensus.cc:515] T 04d69a0d2b414a69ae8e2584dc4e9edd P 5b3b0c911ac64d4d90a925cb5b589431 [term 0 FOLLOWER]: Starting pre-election with config: opid_index: -1 OBSOLETE_local: false peers { permanent_uuid: "5fb774065144452eab441459e1d7ad38" member_type: VOTER last_known_addr { host: "127.26.36.129" port: 33103 } } peers { permanent_uuid: "5b3b0c911ac64d4d90a925cb5b589431" member_type: VOTER last_known_addr { host: "127.26.36.130" port: 44643 } } peers { permanent_uuid: "cb4dc754598340879d0135e56d06a896" member_type: VOTER last_known_addr { host: "127.26.36.131" port: 45675 } }
I20260710 10:59:59.254230 27963 raft_consensus.cc:2468] T 8dc388f6d99c443584209c314b900566 P 5b3b0c911ac64d4d90a925cb5b589431 [term 0 FOLLOWER]: Leader pre-election vote request: Granting yes vote for candidate 5fb774065144452eab441459e1d7ad38 in term 0.
I20260710 10:59:59.255756 28100 leader_election.cc:290] T 04d69a0d2b414a69ae8e2584dc4e9edd P 5b3b0c911ac64d4d90a925cb5b589431 [CANDIDATE]: Term 1 pre-election: Requested pre-vote from peers 5fb774065144452eab441459e1d7ad38 (127.26.36.129:33103), cb4dc754598340879d0135e56d06a896 (127.26.36.131:45675)
I20260710 10:59:59.256362 28077 raft_consensus.cc:359] T 17e3b9041f28405a942bcf3003c2d954 P cb4dc754598340879d0135e56d06a896 [term 0 FOLLOWER]: Replica starting. Triggering 0 pending ops. Active config: opid_index: -1 OBSOLETE_local: false peers { permanent_uuid: "5fb774065144452eab441459e1d7ad38" member_type: VOTER last_known_addr { host: "127.26.36.129" port: 33103 } } peers { permanent_uuid: "5b3b0c911ac64d4d90a925cb5b589431" member_type: VOTER last_known_addr { host: "127.26.36.130" port: 44643 } } peers { permanent_uuid: "cb4dc754598340879d0135e56d06a896" member_type: VOTER last_known_addr { host: "127.26.36.131" port: 45675 } }
I20260710 10:59:59.256980 28077 raft_consensus.cc:385] T 17e3b9041f28405a942bcf3003c2d954 P cb4dc754598340879d0135e56d06a896 [term 0 FOLLOWER]: Consensus starting up: Expiring failure detector timer to make a prompt election more likely
I20260710 10:59:59.257226 28077 raft_consensus.cc:740] T 17e3b9041f28405a942bcf3003c2d954 P cb4dc754598340879d0135e56d06a896 [term 0 FOLLOWER]: Becoming Follower/Learner. State: Replica: cb4dc754598340879d0135e56d06a896, State: Initialized, Role: FOLLOWER
I20260710 10:59:59.257475 28037 tablet_service.cc:1917] Received RequestConsensusVote() RPC: tablet_id: "04d69a0d2b414a69ae8e2584dc4e9edd" candidate_uuid: "5b3b0c911ac64d4d90a925cb5b589431" candidate_term: 1 candidate_status { last_received { term: 0 index: 0 } } ignore_live_leader: false dest_uuid: "cb4dc754598340879d0135e56d06a896" is_pre_election: true
I20260710 10:59:59.256388 28084 leader_election.cc:290] T 3a3a2a454a024c4c98c1ddbc234067b9 P 5fb774065144452eab441459e1d7ad38 [CANDIDATE]: Term 1 election: Requested vote from peers 5b3b0c911ac64d4d90a925cb5b589431 (127.26.36.130:44643), cb4dc754598340879d0135e56d06a896 (127.26.36.131:45675)
I20260710 10:59:59.258276 27852 leader_election.cc:304] T 8dc388f6d99c443584209c314b900566 P 5fb774065144452eab441459e1d7ad38 [CANDIDATE]: Term 1 pre-election: Election decided. Result: candidate won. Election summary: received 2 responses out of 3 voters: 2 yes votes; 0 no votes. yes voters: 5b3b0c911ac64d4d90a925cb5b589431, 5fb774065144452eab441459e1d7ad38; no voters: 
I20260710 10:59:59.258836 28084 raft_consensus.cc:493] T f9ced391da17475b9ee30964f1c1b856 P 5fb774065144452eab441459e1d7ad38 [term 0 FOLLOWER]: Starting pre-election (no leader contacted us within the election timeout)
I20260710 10:59:59.258985 27888 tablet_service.cc:1917] Received RequestConsensusVote() RPC: tablet_id: "04d69a0d2b414a69ae8e2584dc4e9edd" candidate_uuid: "5b3b0c911ac64d4d90a925cb5b589431" candidate_term: 1 candidate_status { last_received { term: 0 index: 0 } } ignore_live_leader: false dest_uuid: "5fb774065144452eab441459e1d7ad38" is_pre_election: true
W20260710 10:59:59.259405 27927 leader_election.cc:343] T 04d69a0d2b414a69ae8e2584dc4e9edd P 5b3b0c911ac64d4d90a925cb5b589431 [CANDIDATE]: Term 1 pre-election: Tablet error from VoteRequest() call to peer cb4dc754598340879d0135e56d06a896 (127.26.36.131:45675): Illegal state: must be running to vote when last-logged opid is not known
I20260710 10:59:59.259642 27888 raft_consensus.cc:2468] T 04d69a0d2b414a69ae8e2584dc4e9edd P 5fb774065144452eab441459e1d7ad38 [term 0 FOLLOWER]: Leader pre-election vote request: Granting yes vote for candidate 5b3b0c911ac64d4d90a925cb5b589431 in term 0.
I20260710 10:59:59.259532 28084 raft_consensus.cc:515] T f9ced391da17475b9ee30964f1c1b856 P 5fb774065144452eab441459e1d7ad38 [term 0 FOLLOWER]: Starting pre-election with config: opid_index: -1 OBSOLETE_local: false peers { permanent_uuid: "5fb774065144452eab441459e1d7ad38" member_type: VOTER last_known_addr { host: "127.26.36.129" port: 33103 } } peers { permanent_uuid: "5b3b0c911ac64d4d90a925cb5b589431" member_type: VOTER last_known_addr { host: "127.26.36.130" port: 44643 } } peers { permanent_uuid: "cb4dc754598340879d0135e56d06a896" member_type: VOTER last_known_addr { host: "127.26.36.131" port: 45675 } }
I20260710 10:59:59.260618 27928 leader_election.cc:304] T 04d69a0d2b414a69ae8e2584dc4e9edd P 5b3b0c911ac64d4d90a925cb5b589431 [CANDIDATE]: Term 1 pre-election: Election decided. Result: candidate won. Election summary: received 3 responses out of 3 voters: 2 yes votes; 1 no votes. yes voters: 5b3b0c911ac64d4d90a925cb5b589431, 5fb774065144452eab441459e1d7ad38; no voters: cb4dc754598340879d0135e56d06a896
I20260710 10:59:59.261340 28084 leader_election.cc:290] T f9ced391da17475b9ee30964f1c1b856 P 5fb774065144452eab441459e1d7ad38 [CANDIDATE]: Term 1 pre-election: Requested pre-vote from peers 5b3b0c911ac64d4d90a925cb5b589431 (127.26.36.130:44643), cb4dc754598340879d0135e56d06a896 (127.26.36.131:45675)
I20260710 10:59:59.261293 28037 tablet_service.cc:1917] Received RequestConsensusVote() RPC: tablet_id: "3a3a2a454a024c4c98c1ddbc234067b9" candidate_uuid: "5fb774065144452eab441459e1d7ad38" candidate_term: 1 candidate_status { last_received { term: 0 index: 0 } } ignore_live_leader: false dest_uuid: "cb4dc754598340879d0135e56d06a896"
I20260710 10:59:59.262336 28100 raft_consensus.cc:2804] T 04d69a0d2b414a69ae8e2584dc4e9edd P 5b3b0c911ac64d4d90a925cb5b589431 [term 0 FOLLOWER]: Leader pre-election won for term 1
I20260710 10:59:59.262701 28100 raft_consensus.cc:493] T 04d69a0d2b414a69ae8e2584dc4e9edd P 5b3b0c911ac64d4d90a925cb5b589431 [term 0 FOLLOWER]: Starting leader election (no leader contacted us within the election timeout)
I20260710 10:59:59.262564 27962 tablet_service.cc:1917] Received RequestConsensusVote() RPC: tablet_id: "f9ced391da17475b9ee30964f1c1b856" candidate_uuid: "5fb774065144452eab441459e1d7ad38" candidate_term: 1 candidate_status { last_received { term: 0 index: 0 } } ignore_live_leader: false dest_uuid: "5b3b0c911ac64d4d90a925cb5b589431" is_pre_election: true
I20260710 10:59:59.262928 27963 tablet_service.cc:1917] Received RequestConsensusVote() RPC: tablet_id: "3a3a2a454a024c4c98c1ddbc234067b9" candidate_uuid: "5fb774065144452eab441459e1d7ad38" candidate_term: 1 candidate_status { last_received { term: 0 index: 0 } } ignore_live_leader: false dest_uuid: "5b3b0c911ac64d4d90a925cb5b589431"
I20260710 10:59:59.261934 28084 raft_consensus.cc:2804] T 8dc388f6d99c443584209c314b900566 P 5fb774065144452eab441459e1d7ad38 [term 0 FOLLOWER]: Leader pre-election won for term 1
I20260710 10:59:59.263496 27963 raft_consensus.cc:3060] T 3a3a2a454a024c4c98c1ddbc234067b9 P 5b3b0c911ac64d4d90a925cb5b589431 [term 0 FOLLOWER]: Advancing to term 1
I20260710 10:59:59.263768 28084 raft_consensus.cc:493] T 8dc388f6d99c443584209c314b900566 P 5fb774065144452eab441459e1d7ad38 [term 0 FOLLOWER]: Starting leader election (no leader contacted us within the election timeout)
W20260710 10:59:59.263996 27852 leader_election.cc:343] T f9ced391da17475b9ee30964f1c1b856 P 5fb774065144452eab441459e1d7ad38 [CANDIDATE]: Term 1 pre-election: Tablet error from VoteRequest() call to peer 5b3b0c911ac64d4d90a925cb5b589431 (127.26.36.130:44643): Illegal state: must be running to vote when last-logged opid is not known
I20260710 10:59:59.264175 28084 raft_consensus.cc:3060] T 8dc388f6d99c443584209c314b900566 P 5fb774065144452eab441459e1d7ad38 [term 0 FOLLOWER]: Advancing to term 1
W20260710 10:59:59.264657 27852 leader_election.cc:343] T 3a3a2a454a024c4c98c1ddbc234067b9 P 5fb774065144452eab441459e1d7ad38 [CANDIDATE]: Term 1 election: Tablet error from VoteRequest() call to peer cb4dc754598340879d0135e56d06a896 (127.26.36.131:45675): Illegal state: must be running to vote when last-logged opid is not known
I20260710 10:59:59.263029 28100 raft_consensus.cc:3060] T 04d69a0d2b414a69ae8e2584dc4e9edd P 5b3b0c911ac64d4d90a925cb5b589431 [term 0 FOLLOWER]: Advancing to term 1
I20260710 10:59:59.266731 28081 raft_consensus.cc:493] T bd1730e1183c4a9b8fe7250ac0c7fc31 P cb4dc754598340879d0135e56d06a896 [term 0 FOLLOWER]: Starting pre-election (no leader contacted us within the election timeout)
I20260710 10:59:59.267174 28081 raft_consensus.cc:515] T bd1730e1183c4a9b8fe7250ac0c7fc31 P cb4dc754598340879d0135e56d06a896 [term 0 FOLLOWER]: Starting pre-election with config: opid_index: -1 OBSOLETE_local: false peers { permanent_uuid: "5fb774065144452eab441459e1d7ad38" member_type: VOTER last_known_addr { host: "127.26.36.129" port: 33103 } } peers { permanent_uuid: "5b3b0c911ac64d4d90a925cb5b589431" member_type: VOTER last_known_addr { host: "127.26.36.130" port: 44643 } } peers { permanent_uuid: "cb4dc754598340879d0135e56d06a896" member_type: VOTER last_known_addr { host: "127.26.36.131" port: 45675 } }
I20260710 10:59:59.269048 28081 leader_election.cc:290] T bd1730e1183c4a9b8fe7250ac0c7fc31 P cb4dc754598340879d0135e56d06a896 [CANDIDATE]: Term 1 pre-election: Requested pre-vote from peers 5fb774065144452eab441459e1d7ad38 (127.26.36.129:33103), 5b3b0c911ac64d4d90a925cb5b589431 (127.26.36.130:44643)
I20260710 10:59:59.270402 27962 tablet_service.cc:1917] Received RequestConsensusVote() RPC: tablet_id: "bd1730e1183c4a9b8fe7250ac0c7fc31" candidate_uuid: "cb4dc754598340879d0135e56d06a896" candidate_term: 1 candidate_status { last_received { term: 0 index: 0 } } ignore_live_leader: false dest_uuid: "5b3b0c911ac64d4d90a925cb5b589431" is_pre_election: true
I20260710 10:59:59.270624 27963 raft_consensus.cc:2468] T 3a3a2a454a024c4c98c1ddbc234067b9 P 5b3b0c911ac64d4d90a925cb5b589431 [term 1 FOLLOWER]: Leader election vote request: Granting yes vote for candidate 5fb774065144452eab441459e1d7ad38 in term 1.
I20260710 10:59:59.271028 27962 raft_consensus.cc:2468] T bd1730e1183c4a9b8fe7250ac0c7fc31 P 5b3b0c911ac64d4d90a925cb5b589431 [term 0 FOLLOWER]: Leader pre-election vote request: Granting yes vote for candidate cb4dc754598340879d0135e56d06a896 in term 0.
I20260710 10:59:59.257823 28077 consensus_queue.cc:260] T 17e3b9041f28405a942bcf3003c2d954 P cb4dc754598340879d0135e56d06a896 [NON_LEADER]: Queue going to NON_LEADER mode. State: All replicated index: 0, Majority replicated index: 0, Committed index: 0, Last appended: 0.0, Last appended by leader: 0, Current term: 0, Majority size: -1, State: 0, Mode: NON_LEADER, active raft config: opid_index: -1 OBSOLETE_local: false peers { permanent_uuid: "5fb774065144452eab441459e1d7ad38" member_type: VOTER last_known_addr { host: "127.26.36.129" port: 33103 } } peers { permanent_uuid: "5b3b0c911ac64d4d90a925cb5b589431" member_type: VOTER last_known_addr { host: "127.26.36.130" port: 44643 } } peers { permanent_uuid: "cb4dc754598340879d0135e56d06a896" member_type: VOTER last_known_addr { host: "127.26.36.131" port: 45675 } }
I20260710 10:59:59.273057 28077 ts_tablet_manager.cc:1434] T 17e3b9041f28405a942bcf3003c2d954 P cb4dc754598340879d0135e56d06a896: Time spent starting tablet: real 0.019s	user 0.004s	sys 0.002s
I20260710 10:59:59.273332 28001 leader_election.cc:304] T bd1730e1183c4a9b8fe7250ac0c7fc31 P cb4dc754598340879d0135e56d06a896 [CANDIDATE]: Term 1 pre-election: Election decided. Result: candidate won. Election summary: received 2 responses out of 3 voters: 2 yes votes; 0 no votes. yes voters: 5b3b0c911ac64d4d90a925cb5b589431, cb4dc754598340879d0135e56d06a896; no voters: 
I20260710 10:59:59.273999 28077 tablet_bootstrap.cc:492] T 3b0179e4a96b41d6a9834604517fae40 P cb4dc754598340879d0135e56d06a896: Bootstrap starting.
I20260710 10:59:59.265336 28037 tablet_service.cc:1917] Received RequestConsensusVote() RPC: tablet_id: "f9ced391da17475b9ee30964f1c1b856" candidate_uuid: "5fb774065144452eab441459e1d7ad38" candidate_term: 1 candidate_status { last_received { term: 0 index: 0 } } ignore_live_leader: false dest_uuid: "cb4dc754598340879d0135e56d06a896" is_pre_election: true
I20260710 10:59:59.274214 28081 raft_consensus.cc:2804] T bd1730e1183c4a9b8fe7250ac0c7fc31 P cb4dc754598340879d0135e56d06a896 [term 0 FOLLOWER]: Leader pre-election won for term 1
I20260710 10:59:59.275275 28081 raft_consensus.cc:493] T bd1730e1183c4a9b8fe7250ac0c7fc31 P cb4dc754598340879d0135e56d06a896 [term 0 FOLLOWER]: Starting leader election (no leader contacted us within the election timeout)
I20260710 10:59:59.275461 28119 leader_election.cc:290] T 8dc388f6d99c443584209c314b900566 P 5fb774065144452eab441459e1d7ad38 [CANDIDATE]: Term 1 pre-election: Requested pre-vote from peers 5b3b0c911ac64d4d90a925cb5b589431 (127.26.36.130:44643), cb4dc754598340879d0135e56d06a896 (127.26.36.131:45675)
I20260710 10:59:59.275614 28081 raft_consensus.cc:3060] T bd1730e1183c4a9b8fe7250ac0c7fc31 P cb4dc754598340879d0135e56d06a896 [term 0 FOLLOWER]: Advancing to term 1
I20260710 10:59:59.279513 28100 raft_consensus.cc:515] T 04d69a0d2b414a69ae8e2584dc4e9edd P 5b3b0c911ac64d4d90a925cb5b589431 [term 1 FOLLOWER]: Starting leader election with config: opid_index: -1 OBSOLETE_local: false peers { permanent_uuid: "5fb774065144452eab441459e1d7ad38" member_type: VOTER last_known_addr { host: "127.26.36.129" port: 33103 } } peers { permanent_uuid: "5b3b0c911ac64d4d90a925cb5b589431" member_type: VOTER last_known_addr { host: "127.26.36.130" port: 44643 } } peers { permanent_uuid: "cb4dc754598340879d0135e56d06a896" member_type: VOTER last_known_addr { host: "127.26.36.131" port: 45675 } }
I20260710 10:59:59.281402 28086 raft_consensus.cc:2749] T 3f8e22a56d3a445989525c2d148fc503 P 5b3b0c911ac64d4d90a925cb5b589431 [term 1 FOLLOWER]: Leader pre-election lost for term 1. Reason: could not achieve majority
I20260710 10:59:59.281955 28086 raft_consensus.cc:493] T 3b0179e4a96b41d6a9834604517fae40 P 5b3b0c911ac64d4d90a925cb5b589431 [term 0 FOLLOWER]: Starting pre-election (no leader contacted us within the election timeout)
I20260710 10:59:59.282428 28037 tablet_service.cc:1917] Received RequestConsensusVote() RPC: tablet_id: "8dc388f6d99c443584209c314b900566" candidate_uuid: "5fb774065144452eab441459e1d7ad38" candidate_term: 1 candidate_status { last_received { term: 0 index: 0 } } ignore_live_leader: false dest_uuid: "cb4dc754598340879d0135e56d06a896" is_pre_election: true
I20260710 10:59:59.282362 28086 raft_consensus.cc:515] T 3b0179e4a96b41d6a9834604517fae40 P 5b3b0c911ac64d4d90a925cb5b589431 [term 0 FOLLOWER]: Starting pre-election with config: opid_index: -1 OBSOLETE_local: false peers { permanent_uuid: "5fb774065144452eab441459e1d7ad38" member_type: VOTER last_known_addr { host: "127.26.36.129" port: 33103 } } peers { permanent_uuid: "5b3b0c911ac64d4d90a925cb5b589431" member_type: VOTER last_known_addr { host: "127.26.36.130" port: 44643 } } peers { permanent_uuid: "cb4dc754598340879d0135e56d06a896" member_type: VOTER last_known_addr { host: "127.26.36.131" port: 45675 } }
I20260710 10:59:59.285565 28077 tablet_bootstrap.cc:654] T 3b0179e4a96b41d6a9834604517fae40 P cb4dc754598340879d0135e56d06a896: Neither blocks nor log segments found. Creating new log.
I20260710 10:59:59.286163 28078 tablet_bootstrap.cc:654] T 4aebff7b182049d1912f2ab1aa5ff1cb P 5b3b0c911ac64d4d90a925cb5b589431: Neither blocks nor log segments found. Creating new log.
I20260710 10:59:59.287086 27888 tablet_service.cc:1917] Received RequestConsensusVote() RPC: tablet_id: "04d69a0d2b414a69ae8e2584dc4e9edd" candidate_uuid: "5b3b0c911ac64d4d90a925cb5b589431" candidate_term: 1 candidate_status { last_received { term: 0 index: 0 } } ignore_live_leader: false dest_uuid: "5fb774065144452eab441459e1d7ad38"
I20260710 10:59:59.287604 27888 raft_consensus.cc:3060] T 04d69a0d2b414a69ae8e2584dc4e9edd P 5fb774065144452eab441459e1d7ad38 [term 0 FOLLOWER]: Advancing to term 1
I20260710 10:59:59.292459 28077 tablet_bootstrap.cc:492] T 3b0179e4a96b41d6a9834604517fae40 P cb4dc754598340879d0135e56d06a896: No bootstrap required, opened a new log
I20260710 10:59:59.292959 28077 ts_tablet_manager.cc:1403] T 3b0179e4a96b41d6a9834604517fae40 P cb4dc754598340879d0135e56d06a896: Time spent bootstrapping tablet: real 0.019s	user 0.010s	sys 0.000s
I20260710 10:59:59.294026 27888 raft_consensus.cc:2468] T 04d69a0d2b414a69ae8e2584dc4e9edd P 5fb774065144452eab441459e1d7ad38 [term 1 FOLLOWER]: Leader election vote request: Granting yes vote for candidate 5b3b0c911ac64d4d90a925cb5b589431 in term 1.
I20260710 10:59:59.294922 28037 tablet_service.cc:1917] Received RequestConsensusVote() RPC: tablet_id: "04d69a0d2b414a69ae8e2584dc4e9edd" candidate_uuid: "5b3b0c911ac64d4d90a925cb5b589431" candidate_term: 1 candidate_status { last_received { term: 0 index: 0 } } ignore_live_leader: false dest_uuid: "cb4dc754598340879d0135e56d06a896"
W20260710 10:59:59.294929 27852 leader_election.cc:343] T f9ced391da17475b9ee30964f1c1b856 P 5fb774065144452eab441459e1d7ad38 [CANDIDATE]: Term 1 pre-election: Tablet error from VoteRequest() call to peer cb4dc754598340879d0135e56d06a896 (127.26.36.131:45675): Illegal state: must be running to vote when last-logged opid is not known
I20260710 10:59:59.295562 27852 leader_election.cc:304] T f9ced391da17475b9ee30964f1c1b856 P 5fb774065144452eab441459e1d7ad38 [CANDIDATE]: Term 1 pre-election: Election decided. Result: candidate lost. Election summary: received 3 responses out of 3 voters: 1 yes votes; 2 no votes. yes voters: 5fb774065144452eab441459e1d7ad38; no voters: 5b3b0c911ac64d4d90a925cb5b589431, cb4dc754598340879d0135e56d06a896
W20260710 10:59:59.296056 27927 leader_election.cc:343] T 04d69a0d2b414a69ae8e2584dc4e9edd P 5b3b0c911ac64d4d90a925cb5b589431 [CANDIDATE]: Term 1 election: Tablet error from VoteRequest() call to peer cb4dc754598340879d0135e56d06a896 (127.26.36.131:45675): Illegal state: must be running to vote when last-logged opid is not known
I20260710 10:59:59.295765 28077 raft_consensus.cc:359] T 3b0179e4a96b41d6a9834604517fae40 P cb4dc754598340879d0135e56d06a896 [term 0 FOLLOWER]: Replica starting. Triggering 0 pending ops. Active config: opid_index: -1 OBSOLETE_local: false peers { permanent_uuid: "5fb774065144452eab441459e1d7ad38" member_type: VOTER last_known_addr { host: "127.26.36.129" port: 33103 } } peers { permanent_uuid: "5b3b0c911ac64d4d90a925cb5b589431" member_type: VOTER last_known_addr { host: "127.26.36.130" port: 44643 } } peers { permanent_uuid: "cb4dc754598340879d0135e56d06a896" member_type: VOTER last_known_addr { host: "127.26.36.131" port: 45675 } }
I20260710 10:59:59.296588 28077 raft_consensus.cc:385] T 3b0179e4a96b41d6a9834604517fae40 P cb4dc754598340879d0135e56d06a896 [term 0 FOLLOWER]: Consensus starting up: Expiring failure detector timer to make a prompt election more likely
I20260710 10:59:59.296921 28077 raft_consensus.cc:740] T 3b0179e4a96b41d6a9834604517fae40 P cb4dc754598340879d0135e56d06a896 [term 0 FOLLOWER]: Becoming Follower/Learner. State: Replica: cb4dc754598340879d0135e56d06a896, State: Initialized, Role: FOLLOWER
I20260710 10:59:59.297437 28130 raft_consensus.cc:2749] T f9ced391da17475b9ee30964f1c1b856 P 5fb774065144452eab441459e1d7ad38 [term 0 FOLLOWER]: Leader pre-election lost for term 1. Reason: could not achieve majority
I20260710 10:59:59.297649 28077 consensus_queue.cc:260] T 3b0179e4a96b41d6a9834604517fae40 P cb4dc754598340879d0135e56d06a896 [NON_LEADER]: Queue going to NON_LEADER mode. State: All replicated index: 0, Majority replicated index: 0, Committed index: 0, Last appended: 0.0, Last appended by leader: 0, Current term: 0, Majority size: -1, State: 0, Mode: NON_LEADER, active raft config: opid_index: -1 OBSOLETE_local: false peers { permanent_uuid: "5fb774065144452eab441459e1d7ad38" member_type: VOTER last_known_addr { host: "127.26.36.129" port: 33103 } } peers { permanent_uuid: "5b3b0c911ac64d4d90a925cb5b589431" member_type: VOTER last_known_addr { host: "127.26.36.130" port: 44643 } } peers { permanent_uuid: "cb4dc754598340879d0135e56d06a896" member_type: VOTER last_known_addr { host: "127.26.36.131" port: 45675 } }
I20260710 10:59:59.298020 28037 tablet_service.cc:1917] Received RequestConsensusVote() RPC: tablet_id: "3b0179e4a96b41d6a9834604517fae40" candidate_uuid: "5b3b0c911ac64d4d90a925cb5b589431" candidate_term: 1 candidate_status { last_received { term: 0 index: 0 } } ignore_live_leader: false dest_uuid: "cb4dc754598340879d0135e56d06a896" is_pre_election: true
I20260710 10:59:59.299136 28037 raft_consensus.cc:2468] T 3b0179e4a96b41d6a9834604517fae40 P cb4dc754598340879d0135e56d06a896 [term 0 FOLLOWER]: Leader pre-election vote request: Granting yes vote for candidate 5b3b0c911ac64d4d90a925cb5b589431 in term 0.
W20260710 10:59:59.299153 27852 leader_election.cc:343] T 8dc388f6d99c443584209c314b900566 P 5fb774065144452eab441459e1d7ad38 [CANDIDATE]: Term 1 pre-election: Tablet error from VoteRequest() call to peer cb4dc754598340879d0135e56d06a896 (127.26.36.131:45675): Illegal state: must be running to vote when last-logged opid is not known
I20260710 10:59:59.300158 28077 ts_tablet_manager.cc:1434] T 3b0179e4a96b41d6a9834604517fae40 P cb4dc754598340879d0135e56d06a896: Time spent starting tablet: real 0.007s	user 0.006s	sys 0.000s
I20260710 10:59:59.300176 27927 leader_election.cc:304] T 3b0179e4a96b41d6a9834604517fae40 P 5b3b0c911ac64d4d90a925cb5b589431 [CANDIDATE]: Term 1 pre-election: Election decided. Result: candidate won. Election summary: received 2 responses out of 3 voters: 2 yes votes; 0 no votes. yes voters: 5b3b0c911ac64d4d90a925cb5b589431, cb4dc754598340879d0135e56d06a896; no voters: 
I20260710 10:59:59.300640 27928 leader_election.cc:304] T 04d69a0d2b414a69ae8e2584dc4e9edd P 5b3b0c911ac64d4d90a925cb5b589431 [CANDIDATE]: Term 1 election: Election decided. Result: candidate won. Election summary: received 3 responses out of 3 voters: 2 yes votes; 1 no votes. yes voters: 5b3b0c911ac64d4d90a925cb5b589431, 5fb774065144452eab441459e1d7ad38; no voters: cb4dc754598340879d0135e56d06a896
I20260710 10:59:59.298417 28100 leader_election.cc:290] T 04d69a0d2b414a69ae8e2584dc4e9edd P 5b3b0c911ac64d4d90a925cb5b589431 [CANDIDATE]: Term 1 election: Requested vote from peers 5fb774065144452eab441459e1d7ad38 (127.26.36.129:33103), cb4dc754598340879d0135e56d06a896 (127.26.36.131:45675)
I20260710 10:59:59.301419 28077 tablet_bootstrap.cc:492] T d3acfa69e34141abb4b83a4468690307 P cb4dc754598340879d0135e56d06a896: Bootstrap starting.
I20260710 10:59:59.301854 28086 leader_election.cc:290] T 3b0179e4a96b41d6a9834604517fae40 P 5b3b0c911ac64d4d90a925cb5b589431 [CANDIDATE]: Term 1 pre-election: Requested pre-vote from peers 5fb774065144452eab441459e1d7ad38 (127.26.36.129:33103), cb4dc754598340879d0135e56d06a896 (127.26.36.131:45675)
I20260710 10:59:59.302451 28086 raft_consensus.cc:2804] T 04d69a0d2b414a69ae8e2584dc4e9edd P 5b3b0c911ac64d4d90a925cb5b589431 [term 1 FOLLOWER]: Leader election won for term 1
I20260710 10:59:59.301409 28100 raft_consensus.cc:2804] T 3b0179e4a96b41d6a9834604517fae40 P 5b3b0c911ac64d4d90a925cb5b589431 [term 0 FOLLOWER]: Leader pre-election won for term 1
I20260710 10:59:59.302881 28086 raft_consensus.cc:697] T 04d69a0d2b414a69ae8e2584dc4e9edd P 5b3b0c911ac64d4d90a925cb5b589431 [term 1 LEADER]: Becoming Leader. State: Replica: 5b3b0c911ac64d4d90a925cb5b589431, State: Running, Role: LEADER
I20260710 10:59:59.304069 28086 consensus_queue.cc:237] T 04d69a0d2b414a69ae8e2584dc4e9edd P 5b3b0c911ac64d4d90a925cb5b589431 [LEADER]: Queue going to LEADER mode. State: All replicated index: 0, Majority replicated index: 0, Committed index: 0, Last appended: 0.0, Last appended by leader: 0, Current term: 1, Majority size: 2, State: 0, Mode: LEADER, active raft config: opid_index: -1 OBSOLETE_local: false peers { permanent_uuid: "5fb774065144452eab441459e1d7ad38" member_type: VOTER last_known_addr { host: "127.26.36.129" port: 33103 } } peers { permanent_uuid: "5b3b0c911ac64d4d90a925cb5b589431" member_type: VOTER last_known_addr { host: "127.26.36.130" port: 44643 } } peers { permanent_uuid: "cb4dc754598340879d0135e56d06a896" member_type: VOTER last_known_addr { host: "127.26.36.131" port: 45675 } }
I20260710 10:59:59.303092 28100 raft_consensus.cc:493] T 3b0179e4a96b41d6a9834604517fae40 P 5b3b0c911ac64d4d90a925cb5b589431 [term 0 FOLLOWER]: Starting leader election (no leader contacted us within the election timeout)
I20260710 10:59:59.306622 28100 raft_consensus.cc:3060] T 3b0179e4a96b41d6a9834604517fae40 P 5b3b0c911ac64d4d90a925cb5b589431 [term 0 FOLLOWER]: Advancing to term 1
I20260710 10:59:59.307268 27888 tablet_service.cc:1917] Received RequestConsensusVote() RPC: tablet_id: "bd1730e1183c4a9b8fe7250ac0c7fc31" candidate_uuid: "cb4dc754598340879d0135e56d06a896" candidate_term: 1 candidate_status { last_received { term: 0 index: 0 } } ignore_live_leader: false dest_uuid: "5fb774065144452eab441459e1d7ad38" is_pre_election: true
I20260710 10:59:59.307832 27888 raft_consensus.cc:2468] T bd1730e1183c4a9b8fe7250ac0c7fc31 P 5fb774065144452eab441459e1d7ad38 [term 0 FOLLOWER]: Leader pre-election vote request: Granting yes vote for candidate cb4dc754598340879d0135e56d06a896 in term 0.
I20260710 10:59:59.308179 28077 tablet_bootstrap.cc:654] T d3acfa69e34141abb4b83a4468690307 P cb4dc754598340879d0135e56d06a896: Neither blocks nor log segments found. Creating new log.
I20260710 10:59:59.312033 28106 raft_consensus.cc:493] T 113b205661e74a7ba669990c47baa5b2 P cb4dc754598340879d0135e56d06a896 [term 0 FOLLOWER]: Starting pre-election (no leader contacted us within the election timeout)
I20260710 10:59:59.312456 28106 raft_consensus.cc:515] T 113b205661e74a7ba669990c47baa5b2 P cb4dc754598340879d0135e56d06a896 [term 0 FOLLOWER]: Starting pre-election with config: opid_index: -1 OBSOLETE_local: false peers { permanent_uuid: "5fb774065144452eab441459e1d7ad38" member_type: VOTER last_known_addr { host: "127.26.36.129" port: 33103 } } peers { permanent_uuid: "5b3b0c911ac64d4d90a925cb5b589431" member_type: VOTER last_known_addr { host: "127.26.36.130" port: 44643 } } peers { permanent_uuid: "cb4dc754598340879d0135e56d06a896" member_type: VOTER last_known_addr { host: "127.26.36.131" port: 45675 } }
I20260710 10:59:59.314395 28106 leader_election.cc:290] T 113b205661e74a7ba669990c47baa5b2 P cb4dc754598340879d0135e56d06a896 [CANDIDATE]: Term 1 pre-election: Requested pre-vote from peers 5fb774065144452eab441459e1d7ad38 (127.26.36.129:33103), 5b3b0c911ac64d4d90a925cb5b589431 (127.26.36.130:44643)
