I20260710 11:01:32.801760  6623 raft_consensus.cc:2468] T eaa30827b4204ee4bd3257f93d83494c P f312b7cfd8e54957ad65aa56bb22f1f9 [term 0 FOLLOWER]: Leader pre-election vote request: Granting yes vote for candidate ed0e4e9cea2f4a6c8e4fad507307e7d8 in term 0.
I20260710 11:01:32.802132  6438 leader_election.cc:304] T eaa30827b4204ee4bd3257f93d83494c P ed0e4e9cea2f4a6c8e4fad507307e7d8 [CANDIDATE]: Term 1 pre-election: Election decided. Result: candidate won. Election summary: received 2 responses out of 3 voters: 2 yes votes; 0 no votes. yes voters: 1af5f51f528a4de396e554b5dc99fa25, ed0e4e9cea2f4a6c8e4fad507307e7d8; no voters: 
I20260710 11:01:32.803186  6671 raft_consensus.cc:2804] T eaa30827b4204ee4bd3257f93d83494c P ed0e4e9cea2f4a6c8e4fad507307e7d8 [term 0 FOLLOWER]: Leader pre-election won for term 1
I20260710 11:01:32.803521  6671 raft_consensus.cc:493] T eaa30827b4204ee4bd3257f93d83494c P ed0e4e9cea2f4a6c8e4fad507307e7d8 [term 0 FOLLOWER]: Starting leader election (no leader contacted us within the election timeout)
I20260710 11:01:32.803834  6671 raft_consensus.cc:3060] T eaa30827b4204ee4bd3257f93d83494c P ed0e4e9cea2f4a6c8e4fad507307e7d8 [term 0 FOLLOWER]: Advancing to term 1
I20260710 11:01:32.808576  6671 raft_consensus.cc:515] T eaa30827b4204ee4bd3257f93d83494c P ed0e4e9cea2f4a6c8e4fad507307e7d8 [term 1 FOLLOWER]: Starting leader election with config: opid_index: -1 OBSOLETE_local: false peers { permanent_uuid: "ed0e4e9cea2f4a6c8e4fad507307e7d8" member_type: VOTER last_known_addr { host: "127.6.48.193" port: 45247 } } peers { permanent_uuid: "1af5f51f528a4de396e554b5dc99fa25" member_type: VOTER last_known_addr { host: "127.6.48.194" port: 33917 } } peers { permanent_uuid: "f312b7cfd8e54957ad65aa56bb22f1f9" member_type: VOTER last_known_addr { host: "127.6.48.195" port: 38027 } }
I20260710 11:01:32.810457  6671 leader_election.cc:290] T eaa30827b4204ee4bd3257f93d83494c P ed0e4e9cea2f4a6c8e4fad507307e7d8 [CANDIDATE]: Term 1 election: Requested vote from peers 1af5f51f528a4de396e554b5dc99fa25 (127.6.48.194:33917), f312b7cfd8e54957ad65aa56bb22f1f9 (127.6.48.195:38027)
I20260710 11:01:32.810892  6549 tablet_service.cc:1917] Received RequestConsensusVote() RPC: tablet_id: "eaa30827b4204ee4bd3257f93d83494c" candidate_uuid: "ed0e4e9cea2f4a6c8e4fad507307e7d8" candidate_term: 1 candidate_status { last_received { term: 0 index: 0 } } ignore_live_leader: false dest_uuid: "1af5f51f528a4de396e554b5dc99fa25"
I20260710 11:01:32.810992  6623 tablet_service.cc:1917] Received RequestConsensusVote() RPC: tablet_id: "eaa30827b4204ee4bd3257f93d83494c" candidate_uuid: "ed0e4e9cea2f4a6c8e4fad507307e7d8" candidate_term: 1 candidate_status { last_received { term: 0 index: 0 } } ignore_live_leader: false dest_uuid: "f312b7cfd8e54957ad65aa56bb22f1f9"
I20260710 11:01:32.811604  6623 raft_consensus.cc:3060] T eaa30827b4204ee4bd3257f93d83494c P f312b7cfd8e54957ad65aa56bb22f1f9 [term 0 FOLLOWER]: Advancing to term 1
I20260710 11:01:32.814203  6549 raft_consensus.cc:3060] T eaa30827b4204ee4bd3257f93d83494c P 1af5f51f528a4de396e554b5dc99fa25 [term 0 FOLLOWER]: Advancing to term 1
I20260710 11:01:32.817024  6623 raft_consensus.cc:2468] T eaa30827b4204ee4bd3257f93d83494c P f312b7cfd8e54957ad65aa56bb22f1f9 [term 1 FOLLOWER]: Leader election vote request: Granting yes vote for candidate ed0e4e9cea2f4a6c8e4fad507307e7d8 in term 1.
I20260710 11:01:32.818105  6439 leader_election.cc:304] T eaa30827b4204ee4bd3257f93d83494c P ed0e4e9cea2f4a6c8e4fad507307e7d8 [CANDIDATE]: Term 1 election: Election decided. Result: candidate won. Election summary: received 2 responses out of 3 voters: 2 yes votes; 0 no votes. yes voters: ed0e4e9cea2f4a6c8e4fad507307e7d8, f312b7cfd8e54957ad65aa56bb22f1f9; no voters: 
I20260710 11:01:32.818868  6671 raft_consensus.cc:2804] T eaa30827b4204ee4bd3257f93d83494c P ed0e4e9cea2f4a6c8e4fad507307e7d8 [term 1 FOLLOWER]: Leader election won for term 1
I20260710 11:01:32.819923  6671 raft_consensus.cc:697] T eaa30827b4204ee4bd3257f93d83494c P ed0e4e9cea2f4a6c8e4fad507307e7d8 [term 1 LEADER]: Becoming Leader. State: Replica: ed0e4e9cea2f4a6c8e4fad507307e7d8, State: Running, Role: LEADER
I20260710 11:01:32.820011  6549 raft_consensus.cc:2468] T eaa30827b4204ee4bd3257f93d83494c P 1af5f51f528a4de396e554b5dc99fa25 [term 1 FOLLOWER]: Leader election vote request: Granting yes vote for candidate ed0e4e9cea2f4a6c8e4fad507307e7d8 in term 1.
I20260710 11:01:32.820855  6671 consensus_queue.cc:237] T eaa30827b4204ee4bd3257f93d83494c P ed0e4e9cea2f4a6c8e4fad507307e7d8 [LEADER]: Queue going to LEADER mode. State: All replicated index: 0, Majority replicated index: 0, Committed index: 0, Last appended: 0.0, Last appended by leader: 0, Current term: 1, Majority size: 2, State: 0, Mode: LEADER, active raft config: opid_index: -1 OBSOLETE_local: false peers { permanent_uuid: "ed0e4e9cea2f4a6c8e4fad507307e7d8" member_type: VOTER last_known_addr { host: "127.6.48.193" port: 45247 } } peers { permanent_uuid: "1af5f51f528a4de396e554b5dc99fa25" member_type: VOTER last_known_addr { host: "127.6.48.194" port: 33917 } } peers { permanent_uuid: "f312b7cfd8e54957ad65aa56bb22f1f9" member_type: VOTER last_known_addr { host: "127.6.48.195" port: 38027 } }
I20260710 11:01:32.828805  6371 catalog_manager.cc:5697] T eaa30827b4204ee4bd3257f93d83494c P ed0e4e9cea2f4a6c8e4fad507307e7d8 reported cstate change: term changed from 0 to 1, leader changed from <none> to ed0e4e9cea2f4a6c8e4fad507307e7d8 (127.6.48.193). New cstate: current_term: 1 leader_uuid: "ed0e4e9cea2f4a6c8e4fad507307e7d8" committed_config { opid_index: -1 OBSOLETE_local: false peers { permanent_uuid: "ed0e4e9cea2f4a6c8e4fad507307e7d8" member_type: VOTER last_known_addr { host: "127.6.48.193" port: 45247 } health_report { overall_health: HEALTHY } } peers { permanent_uuid: "1af5f51f528a4de396e554b5dc99fa25" member_type: VOTER last_known_addr { host: "127.6.48.194" port: 33917 } health_report { overall_health: UNKNOWN } } peers { permanent_uuid: "f312b7cfd8e54957ad65aa56bb22f1f9" member_type: VOTER last_known_addr { host: "127.6.48.195" port: 38027 } health_report { overall_health: UNKNOWN } } }
I20260710 11:01:32.873536  6705 raft_consensus.cc:493] T 9a0ba79e368342189d1352ee8f07741a P 1af5f51f528a4de396e554b5dc99fa25 [term 0 FOLLOWER]: Starting pre-election (no leader contacted us within the election timeout)
I20260710 11:01:32.874063  6705 raft_consensus.cc:515] T 9a0ba79e368342189d1352ee8f07741a P 1af5f51f528a4de396e554b5dc99fa25 [term 0 FOLLOWER]: Starting pre-election with config: opid_index: -1 OBSOLETE_local: false peers { permanent_uuid: "1af5f51f528a4de396e554b5dc99fa25" member_type: VOTER last_known_addr { host: "127.6.48.194" port: 33917 } } peers { permanent_uuid: "f312b7cfd8e54957ad65aa56bb22f1f9" member_type: VOTER last_known_addr { host: "127.6.48.195" port: 38027 } } peers { permanent_uuid: "ed0e4e9cea2f4a6c8e4fad507307e7d8" member_type: VOTER last_known_addr { host: "127.6.48.193" port: 45247 } }
I20260710 11:01:32.876048  6705 leader_election.cc:290] T 9a0ba79e368342189d1352ee8f07741a P 1af5f51f528a4de396e554b5dc99fa25 [CANDIDATE]: Term 1 pre-election: Requested pre-vote from peers f312b7cfd8e54957ad65aa56bb22f1f9 (127.6.48.195:38027), ed0e4e9cea2f4a6c8e4fad507307e7d8 (127.6.48.193:45247)
I20260710 11:01:32.876797  6623 tablet_service.cc:1917] Received RequestConsensusVote() RPC: tablet_id: "9a0ba79e368342189d1352ee8f07741a" candidate_uuid: "1af5f51f528a4de396e554b5dc99fa25" candidate_term: 1 candidate_status { last_received { term: 0 index: 0 } } ignore_live_leader: false dest_uuid: "f312b7cfd8e54957ad65aa56bb22f1f9" is_pre_election: true
I20260710 11:01:32.877173  6473 tablet_service.cc:1917] Received RequestConsensusVote() RPC: tablet_id: "9a0ba79e368342189d1352ee8f07741a" candidate_uuid: "1af5f51f528a4de396e554b5dc99fa25" candidate_term: 1 candidate_status { last_received { term: 0 index: 0 } } ignore_live_leader: false dest_uuid: "ed0e4e9cea2f4a6c8e4fad507307e7d8" is_pre_election: true
I20260710 11:01:32.877928  6473 raft_consensus.cc:2393] T 9a0ba79e368342189d1352ee8f07741a P ed0e4e9cea2f4a6c8e4fad507307e7d8 [term 1 FOLLOWER]: Leader pre-election vote request: Denying vote to candidate 1af5f51f528a4de396e554b5dc99fa25 in current term 1: Already voted for candidate f312b7cfd8e54957ad65aa56bb22f1f9 in this term.
I20260710 11:01:32.878871  6512 leader_election.cc:304] T 9a0ba79e368342189d1352ee8f07741a P 1af5f51f528a4de396e554b5dc99fa25 [CANDIDATE]: Term 1 pre-election: Election decided. Result: candidate lost. Election summary: received 3 responses out of 3 voters: 1 yes votes; 2 no votes. yes voters: 1af5f51f528a4de396e554b5dc99fa25; no voters: ed0e4e9cea2f4a6c8e4fad507307e7d8, f312b7cfd8e54957ad65aa56bb22f1f9
I20260710 11:01:32.879514  6705 raft_consensus.cc:3060] T 9a0ba79e368342189d1352ee8f07741a P 1af5f51f528a4de396e554b5dc99fa25 [term 0 FOLLOWER]: Advancing to term 1
I20260710 11:01:32.886242  6705 raft_consensus.cc:2749] T 9a0ba79e368342189d1352ee8f07741a P 1af5f51f528a4de396e554b5dc99fa25 [term 1 FOLLOWER]: Leader pre-election lost for term 1. Reason: could not achieve majority
I20260710 11:01:32.894940  6671 raft_consensus.cc:493] T 9409c5ac9eb54333a648e60b73b3b0d1 P ed0e4e9cea2f4a6c8e4fad507307e7d8 [term 0 FOLLOWER]: Starting pre-election (no leader contacted us within the election timeout)
I20260710 11:01:32.895474  6671 raft_consensus.cc:515] T 9409c5ac9eb54333a648e60b73b3b0d1 P ed0e4e9cea2f4a6c8e4fad507307e7d8 [term 0 FOLLOWER]: Starting pre-election with config: opid_index: -1 OBSOLETE_local: false peers { permanent_uuid: "ed0e4e9cea2f4a6c8e4fad507307e7d8" member_type: VOTER last_known_addr { host: "127.6.48.193" port: 45247 } } peers { permanent_uuid: "1af5f51f528a4de396e554b5dc99fa25" member_type: VOTER last_known_addr { host: "127.6.48.194" port: 33917 } } peers { permanent_uuid: "f312b7cfd8e54957ad65aa56bb22f1f9" member_type: VOTER last_known_addr { host: "127.6.48.195" port: 38027 } }
I20260710 11:01:32.897607  6671 leader_election.cc:290] T 9409c5ac9eb54333a648e60b73b3b0d1 P ed0e4e9cea2f4a6c8e4fad507307e7d8 [CANDIDATE]: Term 1 pre-election: Requested pre-vote from peers 1af5f51f528a4de396e554b5dc99fa25 (127.6.48.194:33917), f312b7cfd8e54957ad65aa56bb22f1f9 (127.6.48.195:38027)
I20260710 11:01:32.898286  6549 tablet_service.cc:1917] Received RequestConsensusVote() RPC: tablet_id: "9409c5ac9eb54333a648e60b73b3b0d1" candidate_uuid: "ed0e4e9cea2f4a6c8e4fad507307e7d8" candidate_term: 1 candidate_status { last_received { term: 0 index: 0 } } ignore_live_leader: false dest_uuid: "1af5f51f528a4de396e554b5dc99fa25" is_pre_election: true
I20260710 11:01:32.898918  6549 raft_consensus.cc:2393] T 9409c5ac9eb54333a648e60b73b3b0d1 P 1af5f51f528a4de396e554b5dc99fa25 [term 1 FOLLOWER]: Leader pre-election vote request: Denying vote to candidate ed0e4e9cea2f4a6c8e4fad507307e7d8 in current term 1: Already voted for candidate f312b7cfd8e54957ad65aa56bb22f1f9 in this term.
I20260710 11:01:32.898703  6623 tablet_service.cc:1917] Received RequestConsensusVote() RPC: tablet_id: "9409c5ac9eb54333a648e60b73b3b0d1" candidate_uuid: "ed0e4e9cea2f4a6c8e4fad507307e7d8" candidate_term: 1 candidate_status { last_received { term: 0 index: 0 } } ignore_live_leader: false dest_uuid: "f312b7cfd8e54957ad65aa56bb22f1f9" is_pre_election: true
I20260710 11:01:32.900032  6439 leader_election.cc:304] T 9409c5ac9eb54333a648e60b73b3b0d1 P ed0e4e9cea2f4a6c8e4fad507307e7d8 [CANDIDATE]: Term 1 pre-election: Election decided. Result: candidate lost. Election summary: received 3 responses out of 3 voters: 1 yes votes; 2 no votes. yes voters: ed0e4e9cea2f4a6c8e4fad507307e7d8; no voters: 1af5f51f528a4de396e554b5dc99fa25, f312b7cfd8e54957ad65aa56bb22f1f9
I20260710 11:01:32.900786  6671 raft_consensus.cc:3060] T 9409c5ac9eb54333a648e60b73b3b0d1 P ed0e4e9cea2f4a6c8e4fad507307e7d8 [term 0 FOLLOWER]: Advancing to term 1
I20260710 11:01:32.905483  6671 raft_consensus.cc:2749] T 9409c5ac9eb54333a648e60b73b3b0d1 P ed0e4e9cea2f4a6c8e4fad507307e7d8 [term 1 FOLLOWER]: Leader pre-election lost for term 1. Reason: could not achieve majority
I20260710 11:01:32.931041  6705 raft_consensus.cc:493] T b81bb0ff35fb4ce9a9bc1fb2a7488302 P 1af5f51f528a4de396e554b5dc99fa25 [term 0 FOLLOWER]: Starting pre-election (no leader contacted us within the election timeout)
I20260710 11:01:32.931608  6705 raft_consensus.cc:515] T b81bb0ff35fb4ce9a9bc1fb2a7488302 P 1af5f51f528a4de396e554b5dc99fa25 [term 0 FOLLOWER]: Starting pre-election with config: opid_index: -1 OBSOLETE_local: false peers { permanent_uuid: "ed0e4e9cea2f4a6c8e4fad507307e7d8" member_type: VOTER last_known_addr { host: "127.6.48.193" port: 45247 } } peers { permanent_uuid: "1af5f51f528a4de396e554b5dc99fa25" member_type: VOTER last_known_addr { host: "127.6.48.194" port: 33917 } } peers { permanent_uuid: "f312b7cfd8e54957ad65aa56bb22f1f9" member_type: VOTER last_known_addr { host: "127.6.48.195" port: 38027 } }
I20260710 11:01:32.934784  6473 tablet_service.cc:1917] Received RequestConsensusVote() RPC: tablet_id: "b81bb0ff35fb4ce9a9bc1fb2a7488302" candidate_uuid: "1af5f51f528a4de396e554b5dc99fa25" candidate_term: 1 candidate_status { last_received { term: 0 index: 0 } } ignore_live_leader: false dest_uuid: "ed0e4e9cea2f4a6c8e4fad507307e7d8" is_pre_election: true
I20260710 11:01:32.934868  6623 tablet_service.cc:2072] Received LeaderStepDown RPC: tablet_id: "9a0ba79e368342189d1352ee8f07741a"
dest_uuid: "f312b7cfd8e54957ad65aa56bb22f1f9"
mode: GRACEFUL
new_leader_uuid: "ed0e4e9cea2f4a6c8e4fad507307e7d8"
 from {username='slave'} at 127.0.0.1:45338
I20260710 11:01:32.935552  6473 raft_consensus.cc:2393] T b81bb0ff35fb4ce9a9bc1fb2a7488302 P ed0e4e9cea2f4a6c8e4fad507307e7d8 [term 1 FOLLOWER]: Leader pre-election vote request: Denying vote to candidate 1af5f51f528a4de396e554b5dc99fa25 in current term 1: Already voted for candidate f312b7cfd8e54957ad65aa56bb22f1f9 in this term.
I20260710 11:01:32.935609  6623 raft_consensus.cc:606] T 9a0ba79e368342189d1352ee8f07741a P f312b7cfd8e54957ad65aa56bb22f1f9 [term 1 LEADER]: Received request to transfer leadership to TS ed0e4e9cea2f4a6c8e4fad507307e7d8
I20260710 11:01:32.936162  6622 tablet_service.cc:1917] Received RequestConsensusVote() RPC: tablet_id: "b81bb0ff35fb4ce9a9bc1fb2a7488302" candidate_uuid: "1af5f51f528a4de396e554b5dc99fa25" candidate_term: 1 candidate_status { last_received { term: 0 index: 0 } } ignore_live_leader: false dest_uuid: "f312b7cfd8e54957ad65aa56bb22f1f9" is_pre_election: true
I20260710 11:01:32.936883  6705 leader_election.cc:290] T b81bb0ff35fb4ce9a9bc1fb2a7488302 P 1af5f51f528a4de396e554b5dc99fa25 [CANDIDATE]: Term 1 pre-election: Requested pre-vote from peers ed0e4e9cea2f4a6c8e4fad507307e7d8 (127.6.48.193:45247), f312b7cfd8e54957ad65aa56bb22f1f9 (127.6.48.195:38027)
I20260710 11:01:32.937580  6514 leader_election.cc:304] T b81bb0ff35fb4ce9a9bc1fb2a7488302 P 1af5f51f528a4de396e554b5dc99fa25 [CANDIDATE]: Term 1 pre-election: Election decided. Result: candidate lost. Election summary: received 3 responses out of 3 voters: 1 yes votes; 2 no votes. yes voters: 1af5f51f528a4de396e554b5dc99fa25; no voters: ed0e4e9cea2f4a6c8e4fad507307e7d8, f312b7cfd8e54957ad65aa56bb22f1f9
I20260710 11:01:32.938284  6705 raft_consensus.cc:3060] T b81bb0ff35fb4ce9a9bc1fb2a7488302 P 1af5f51f528a4de396e554b5dc99fa25 [term 0 FOLLOWER]: Advancing to term 1
I20260710 11:01:32.941745  6622 tablet_service.cc:2072] Received LeaderStepDown RPC: tablet_id: "b81bb0ff35fb4ce9a9bc1fb2a7488302"
dest_uuid: "f312b7cfd8e54957ad65aa56bb22f1f9"
mode: GRACEFUL
new_leader_uuid: "ed0e4e9cea2f4a6c8e4fad507307e7d8"
 from {username='slave'} at 127.0.0.1:45338
I20260710 11:01:32.942329  6622 raft_consensus.cc:606] T b81bb0ff35fb4ce9a9bc1fb2a7488302 P f312b7cfd8e54957ad65aa56bb22f1f9 [term 1 LEADER]: Received request to transfer leadership to TS ed0e4e9cea2f4a6c8e4fad507307e7d8
I20260710 11:01:32.943545  6705 raft_consensus.cc:2749] T b81bb0ff35fb4ce9a9bc1fb2a7488302 P 1af5f51f528a4de396e554b5dc99fa25 [term 1 FOLLOWER]: Leader pre-election lost for term 1. Reason: could not achieve majority
I20260710 11:01:32.947844  6622 tablet_service.cc:2072] Received LeaderStepDown RPC: tablet_id: "cc59c125f4dd4992aac21e7bcc73cf67"
dest_uuid: "f312b7cfd8e54957ad65aa56bb22f1f9"
mode: GRACEFUL
new_leader_uuid: "ed0e4e9cea2f4a6c8e4fad507307e7d8"
 from {username='slave'} at 127.0.0.1:45338
I20260710 11:01:32.948318  6622 raft_consensus.cc:606] T cc59c125f4dd4992aac21e7bcc73cf67 P f312b7cfd8e54957ad65aa56bb22f1f9 [term 1 LEADER]: Received request to transfer leadership to TS ed0e4e9cea2f4a6c8e4fad507307e7d8
I20260710 11:01:32.955701  6622 tablet_service.cc:2072] Received LeaderStepDown RPC: tablet_id: "87edd07177b542648f69ceacd175a9b5"
dest_uuid: "f312b7cfd8e54957ad65aa56bb22f1f9"
mode: GRACEFUL
new_leader_uuid: "1af5f51f528a4de396e554b5dc99fa25"
 from {username='slave'} at 127.0.0.1:45338
I20260710 11:01:32.956151  6622 raft_consensus.cc:606] T 87edd07177b542648f69ceacd175a9b5 P f312b7cfd8e54957ad65aa56bb22f1f9 [term 1 LEADER]: Received request to transfer leadership to TS 1af5f51f528a4de396e554b5dc99fa25
I20260710 11:01:32.961146  6622 tablet_service.cc:2072] Received LeaderStepDown RPC: tablet_id: "beb6c0ac872647b7a433403b45677cdb"
dest_uuid: "f312b7cfd8e54957ad65aa56bb22f1f9"
mode: GRACEFUL
new_leader_uuid: "1af5f51f528a4de396e554b5dc99fa25"
 from {username='slave'} at 127.0.0.1:45338
I20260710 11:01:32.961097  6700 consensus_queue.cc:1048] T 9a0ba79e368342189d1352ee8f07741a P f312b7cfd8e54957ad65aa56bb22f1f9 [LEADER]: Connected to new peer: Peer: permanent_uuid: "1af5f51f528a4de396e554b5dc99fa25" member_type: VOTER last_known_addr { host: "127.6.48.194" port: 33917 }, Status: LMP_MISMATCH, Last received: 0.0, Next index: 1, Last known committed idx: 0, Time since last communication: 0.000s
I20260710 11:01:32.961712  6622 raft_consensus.cc:606] T beb6c0ac872647b7a433403b45677cdb P f312b7cfd8e54957ad65aa56bb22f1f9 [term 1 LEADER]: Received request to transfer leadership to TS 1af5f51f528a4de396e554b5dc99fa25
I20260710 11:01:32.966048  6622 tablet_service.cc:2072] Received LeaderStepDown RPC: tablet_id: "6a32adbebd5848bab8e453ae1c0ab22f"
dest_uuid: "f312b7cfd8e54957ad65aa56bb22f1f9"
mode: GRACEFUL
new_leader_uuid: "1af5f51f528a4de396e554b5dc99fa25"
 from {username='slave'} at 127.0.0.1:45338
I20260710 11:01:32.966490  6622 raft_consensus.cc:606] T 6a32adbebd5848bab8e453ae1c0ab22f P f312b7cfd8e54957ad65aa56bb22f1f9 [term 1 LEADER]: Received request to transfer leadership to TS 1af5f51f528a4de396e554b5dc99fa25
I20260710 11:01:32.970140  6700 consensus_queue.cc:1048] T 9409c5ac9eb54333a648e60b73b3b0d1 P f312b7cfd8e54957ad65aa56bb22f1f9 [LEADER]: Connected to new peer: Peer: permanent_uuid: "1af5f51f528a4de396e554b5dc99fa25" member_type: VOTER last_known_addr { host: "127.6.48.194" port: 33917 }, Status: LMP_MISMATCH, Last received: 0.0, Next index: 1, Last known committed idx: 0, Time since last communication: 0.000s
I20260710 11:01:32.976537  6700 consensus_queue.cc:1048] T cc59c125f4dd4992aac21e7bcc73cf67 P f312b7cfd8e54957ad65aa56bb22f1f9 [LEADER]: Connected to new peer: Peer: permanent_uuid: "ed0e4e9cea2f4a6c8e4fad507307e7d8" member_type: VOTER last_known_addr { host: "127.6.48.193" port: 45247 }, Status: LMP_MISMATCH, Last received: 0.0, Next index: 1, Last known committed idx: 0, Time since last communication: 0.000s
I20260710 11:01:32.996795  6707 consensus_queue.cc:1048] T 9409c5ac9eb54333a648e60b73b3b0d1 P f312b7cfd8e54957ad65aa56bb22f1f9 [LEADER]: Connected to new peer: Peer: permanent_uuid: "ed0e4e9cea2f4a6c8e4fad507307e7d8" member_type: VOTER last_known_addr { host: "127.6.48.193" port: 45247 }, Status: LMP_MISMATCH, Last received: 0.0, Next index: 1, Last known committed idx: 0, Time since last communication: 0.000s
I20260710 11:01:32.998056  6707 consensus_queue.cc:1048] T 9a0ba79e368342189d1352ee8f07741a P f312b7cfd8e54957ad65aa56bb22f1f9 [LEADER]: Connected to new peer: Peer: permanent_uuid: "ed0e4e9cea2f4a6c8e4fad507307e7d8" member_type: VOTER last_known_addr { host: "127.6.48.193" port: 45247 }, Status: LMP_MISMATCH, Last received: 0.0, Next index: 1, Last known committed idx: 0, Time since last communication: 0.000s
I20260710 11:01:33.002588  6705 consensus_queue.cc:1048] T 021d609831764b30b70e220639b2826a P 1af5f51f528a4de396e554b5dc99fa25 [LEADER]: Connected to new peer: Peer: permanent_uuid: "f312b7cfd8e54957ad65aa56bb22f1f9" member_type: VOTER last_known_addr { host: "127.6.48.195" port: 38027 }, Status: LMP_MISMATCH, Last received: 0.0, Next index: 1, Last known committed idx: 0, Time since last communication: 0.000s
I20260710 11:01:33.010562  6705 raft_consensus.cc:493] T 6a32adbebd5848bab8e453ae1c0ab22f P 1af5f51f528a4de396e554b5dc99fa25 [term 0 FOLLOWER]: Starting pre-election (no leader contacted us within the election timeout)
I20260710 11:01:33.011052  6705 raft_consensus.cc:515] T 6a32adbebd5848bab8e453ae1c0ab22f P 1af5f51f528a4de396e554b5dc99fa25 [term 0 FOLLOWER]: Starting pre-election with config: opid_index: -1 OBSOLETE_local: false peers { permanent_uuid: "ed0e4e9cea2f4a6c8e4fad507307e7d8" member_type: VOTER last_known_addr { host: "127.6.48.193" port: 45247 } } peers { permanent_uuid: "1af5f51f528a4de396e554b5dc99fa25" member_type: VOTER last_known_addr { host: "127.6.48.194" port: 33917 } } peers { permanent_uuid: "f312b7cfd8e54957ad65aa56bb22f1f9" member_type: VOTER last_known_addr { host: "127.6.48.195" port: 38027 } }
I20260710 11:01:33.013657  6705 leader_election.cc:290] T 6a32adbebd5848bab8e453ae1c0ab22f P 1af5f51f528a4de396e554b5dc99fa25 [CANDIDATE]: Term 1 pre-election: Requested pre-vote from peers ed0e4e9cea2f4a6c8e4fad507307e7d8 (127.6.48.193:45247), f312b7cfd8e54957ad65aa56bb22f1f9 (127.6.48.195:38027)
I20260710 11:01:33.013882  6471 tablet_service.cc:1917] Received RequestConsensusVote() RPC: tablet_id: "6a32adbebd5848bab8e453ae1c0ab22f" candidate_uuid: "1af5f51f528a4de396e554b5dc99fa25" candidate_term: 1 candidate_status { last_received { term: 0 index: 0 } } ignore_live_leader: false dest_uuid: "ed0e4e9cea2f4a6c8e4fad507307e7d8" is_pre_election: true
I20260710 11:01:33.014783  6471 raft_consensus.cc:2393] T 6a32adbebd5848bab8e453ae1c0ab22f P ed0e4e9cea2f4a6c8e4fad507307e7d8 [term 1 FOLLOWER]: Leader pre-election vote request: Denying vote to candidate 1af5f51f528a4de396e554b5dc99fa25 in current term 1: Already voted for candidate f312b7cfd8e54957ad65aa56bb22f1f9 in this term.
I20260710 11:01:33.015177  6623 tablet_service.cc:1917] Received RequestConsensusVote() RPC: tablet_id: "6a32adbebd5848bab8e453ae1c0ab22f" candidate_uuid: "1af5f51f528a4de396e554b5dc99fa25" candidate_term: 1 candidate_status { last_received { term: 0 index: 0 } } ignore_live_leader: false dest_uuid: "f312b7cfd8e54957ad65aa56bb22f1f9" is_pre_election: true
I20260710 11:01:33.016598  6514 leader_election.cc:304] T 6a32adbebd5848bab8e453ae1c0ab22f P 1af5f51f528a4de396e554b5dc99fa25 [CANDIDATE]: Term 1 pre-election: Election decided. Result: candidate lost. Election summary: received 3 responses out of 3 voters: 1 yes votes; 2 no votes. yes voters: 1af5f51f528a4de396e554b5dc99fa25; no voters: ed0e4e9cea2f4a6c8e4fad507307e7d8, f312b7cfd8e54957ad65aa56bb22f1f9
I20260710 11:01:33.020988  6705 raft_consensus.cc:3060] T 6a32adbebd5848bab8e453ae1c0ab22f P 1af5f51f528a4de396e554b5dc99fa25 [term 0 FOLLOWER]: Advancing to term 1
I20260710 11:01:33.024168  6674 consensus_queue.cc:1048] T 021d609831764b30b70e220639b2826a P 1af5f51f528a4de396e554b5dc99fa25 [LEADER]: Connected to new peer: Peer: permanent_uuid: "ed0e4e9cea2f4a6c8e4fad507307e7d8" member_type: VOTER last_known_addr { host: "127.6.48.193" port: 45247 }, Status: LMP_MISMATCH, Last received: 0.0, Next index: 1, Last known committed idx: 0, Time since last communication: 0.000s
I20260710 11:01:33.024930  6700 raft_consensus.cc:993] T cc59c125f4dd4992aac21e7bcc73cf67 P f312b7cfd8e54957ad65aa56bb22f1f9: : Instructing follower ed0e4e9cea2f4a6c8e4fad507307e7d8 to start an election
I20260710 11:01:33.025346  6700 raft_consensus.cc:1081] T cc59c125f4dd4992aac21e7bcc73cf67 P f312b7cfd8e54957ad65aa56bb22f1f9 [term 1 LEADER]: Signalling peer ed0e4e9cea2f4a6c8e4fad507307e7d8 to start an election
I20260710 11:01:33.027158  6705 raft_consensus.cc:2749] T 6a32adbebd5848bab8e453ae1c0ab22f P 1af5f51f528a4de396e554b5dc99fa25 [term 1 FOLLOWER]: Leader pre-election lost for term 1. Reason: could not achieve majority
I20260710 11:01:33.030049  6471 tablet_service.cc:2044] Received Run Leader Election RPC: tablet_id: "cc59c125f4dd4992aac21e7bcc73cf67"
dest_uuid: "ed0e4e9cea2f4a6c8e4fad507307e7d8"
 from {username='slave'} at 127.0.0.1:48624
I20260710 11:01:33.030596  6471 raft_consensus.cc:493] T cc59c125f4dd4992aac21e7bcc73cf67 P ed0e4e9cea2f4a6c8e4fad507307e7d8 [term 1 FOLLOWER]: Starting forced leader election (received explicit request)
I20260710 11:01:33.030957  6471 raft_consensus.cc:3060] T cc59c125f4dd4992aac21e7bcc73cf67 P ed0e4e9cea2f4a6c8e4fad507307e7d8 [term 1 FOLLOWER]: Advancing to term 2
I20260710 11:01:33.041059  6549 raft_consensus.cc:3060] T cc59c125f4dd4992aac21e7bcc73cf67 P 1af5f51f528a4de396e554b5dc99fa25 [term 0 FOLLOWER]: Advancing to term 1
I20260710 11:01:33.047116  6700 consensus_queue.cc:1048] T 6a32adbebd5848bab8e453ae1c0ab22f P f312b7cfd8e54957ad65aa56bb22f1f9 [LEADER]: Connected to new peer: Peer: permanent_uuid: "ed0e4e9cea2f4a6c8e4fad507307e7d8" member_type: VOTER last_known_addr { host: "127.6.48.193" port: 45247 }, Status: LMP_MISMATCH, Last received: 0.0, Next index: 1, Last known committed idx: 0, Time since last communication: 0.000s
I20260710 11:01:33.040136  6471 raft_consensus.cc:515] T cc59c125f4dd4992aac21e7bcc73cf67 P ed0e4e9cea2f4a6c8e4fad507307e7d8 [term 2 FOLLOWER]: Starting forced leader election with config: opid_index: -1 OBSOLETE_local: false peers { permanent_uuid: "ed0e4e9cea2f4a6c8e4fad507307e7d8" member_type: VOTER last_known_addr { host: "127.6.48.193" port: 45247 } } peers { permanent_uuid: "1af5f51f528a4de396e554b5dc99fa25" member_type: VOTER last_known_addr { host: "127.6.48.194" port: 33917 } } peers { permanent_uuid: "f312b7cfd8e54957ad65aa56bb22f1f9" member_type: VOTER last_known_addr { host: "127.6.48.195" port: 38027 } }
I20260710 11:01:33.051357  6471 leader_election.cc:290] T cc59c125f4dd4992aac21e7bcc73cf67 P ed0e4e9cea2f4a6c8e4fad507307e7d8 [CANDIDATE]: Term 2 election: Requested vote from peers 1af5f51f528a4de396e554b5dc99fa25 (127.6.48.194:33917), f312b7cfd8e54957ad65aa56bb22f1f9 (127.6.48.195:38027)
I20260710 11:01:33.052659  6622 tablet_service.cc:1917] Received RequestConsensusVote() RPC: tablet_id: "cc59c125f4dd4992aac21e7bcc73cf67" candidate_uuid: "ed0e4e9cea2f4a6c8e4fad507307e7d8" candidate_term: 2 candidate_status { last_received { term: 1 index: 1 } } ignore_live_leader: true dest_uuid: "f312b7cfd8e54957ad65aa56bb22f1f9"
I20260710 11:01:33.052855  6547 tablet_service.cc:1917] Received RequestConsensusVote() RPC: tablet_id: "cc59c125f4dd4992aac21e7bcc73cf67" candidate_uuid: "ed0e4e9cea2f4a6c8e4fad507307e7d8" candidate_term: 2 candidate_status { last_received { term: 1 index: 1 } } ignore_live_leader: true dest_uuid: "1af5f51f528a4de396e554b5dc99fa25"
I20260710 11:01:33.053223  6622 raft_consensus.cc:3055] T cc59c125f4dd4992aac21e7bcc73cf67 P f312b7cfd8e54957ad65aa56bb22f1f9 [term 1 LEADER]: Stepping down as leader of term 1
I20260710 11:01:33.053539  6622 raft_consensus.cc:740] T cc59c125f4dd4992aac21e7bcc73cf67 P f312b7cfd8e54957ad65aa56bb22f1f9 [term 1 LEADER]: Becoming Follower/Learner. State: Replica: f312b7cfd8e54957ad65aa56bb22f1f9, State: Running, Role: LEADER
I20260710 11:01:33.054401  6622 consensus_queue.cc:260] T cc59c125f4dd4992aac21e7bcc73cf67 P f312b7cfd8e54957ad65aa56bb22f1f9 [NON_LEADER]: Queue going to NON_LEADER mode. State: All replicated index: 0, Majority replicated index: 1, Committed index: 1, Last appended: 1.1, Last appended by leader: 1, Current term: 1, Majority size: -1, State: 0, Mode: NON_LEADER, active raft config: opid_index: -1 OBSOLETE_local: false peers { permanent_uuid: "ed0e4e9cea2f4a6c8e4fad507307e7d8" member_type: VOTER last_known_addr { host: "127.6.48.193" port: 45247 } } peers { permanent_uuid: "1af5f51f528a4de396e554b5dc99fa25" member_type: VOTER last_known_addr { host: "127.6.48.194" port: 33917 } } peers { permanent_uuid: "f312b7cfd8e54957ad65aa56bb22f1f9" member_type: VOTER last_known_addr { host: "127.6.48.195" port: 38027 } }
I20260710 11:01:33.055533  6622 raft_consensus.cc:3060] T cc59c125f4dd4992aac21e7bcc73cf67 P f312b7cfd8e54957ad65aa56bb22f1f9 [term 1 FOLLOWER]: Advancing to term 2
I20260710 11:01:33.055737  6474 raft_consensus.cc:1240] T cc59c125f4dd4992aac21e7bcc73cf67 P ed0e4e9cea2f4a6c8e4fad507307e7d8 [term 2 FOLLOWER]: Rejecting Update request from peer f312b7cfd8e54957ad65aa56bb22f1f9 for earlier term 1. Current term is 2. Ops: []
I20260710 11:01:33.058398  6700 raft_consensus.cc:993] T 9a0ba79e368342189d1352ee8f07741a P f312b7cfd8e54957ad65aa56bb22f1f9: : Instructing follower ed0e4e9cea2f4a6c8e4fad507307e7d8 to start an election
I20260710 11:01:33.058827  6700 raft_consensus.cc:1081] T 9a0ba79e368342189d1352ee8f07741a P f312b7cfd8e54957ad65aa56bb22f1f9 [term 1 LEADER]: Signalling peer ed0e4e9cea2f4a6c8e4fad507307e7d8 to start an election
I20260710 11:01:33.060832  6469 tablet_service.cc:2044] Received Run Leader Election RPC: tablet_id: "9a0ba79e368342189d1352ee8f07741a"
dest_uuid: "ed0e4e9cea2f4a6c8e4fad507307e7d8"
 from {username='slave'} at 127.0.0.1:48624
I20260710 11:01:33.061388  6469 raft_consensus.cc:493] T 9a0ba79e368342189d1352ee8f07741a P ed0e4e9cea2f4a6c8e4fad507307e7d8 [term 1 FOLLOWER]: Starting forced leader election (received explicit request)
I20260710 11:01:33.061728  6469 raft_consensus.cc:3060] T 9a0ba79e368342189d1352ee8f07741a P ed0e4e9cea2f4a6c8e4fad507307e7d8 [term 1 FOLLOWER]: Advancing to term 2
I20260710 11:01:33.071363  6622 raft_consensus.cc:2468] T cc59c125f4dd4992aac21e7bcc73cf67 P f312b7cfd8e54957ad65aa56bb22f1f9 [term 2 FOLLOWER]: Leader election vote request: Granting yes vote for candidate ed0e4e9cea2f4a6c8e4fad507307e7d8 in term 2.
I20260710 11:01:33.071558  6469 raft_consensus.cc:515] T 9a0ba79e368342189d1352ee8f07741a P ed0e4e9cea2f4a6c8e4fad507307e7d8 [term 2 FOLLOWER]: Starting forced leader election with config: opid_index: -1 OBSOLETE_local: false peers { permanent_uuid: "1af5f51f528a4de396e554b5dc99fa25" member_type: VOTER last_known_addr { host: "127.6.48.194" port: 33917 } } peers { permanent_uuid: "f312b7cfd8e54957ad65aa56bb22f1f9" member_type: VOTER last_known_addr { host: "127.6.48.195" port: 38027 } } peers { permanent_uuid: "ed0e4e9cea2f4a6c8e4fad507307e7d8" member_type: VOTER last_known_addr { host: "127.6.48.193" port: 45247 } }
I20260710 11:01:33.072707  6439 leader_election.cc:304] T cc59c125f4dd4992aac21e7bcc73cf67 P ed0e4e9cea2f4a6c8e4fad507307e7d8 [CANDIDATE]: Term 2 election: Election decided. Result: candidate won. Election summary: received 3 responses out of 3 voters: 2 yes votes; 1 no votes. yes voters: ed0e4e9cea2f4a6c8e4fad507307e7d8, f312b7cfd8e54957ad65aa56bb22f1f9; no voters: 1af5f51f528a4de396e554b5dc99fa25
I20260710 11:01:33.073791  6671 raft_consensus.cc:2804] T cc59c125f4dd4992aac21e7bcc73cf67 P ed0e4e9cea2f4a6c8e4fad507307e7d8 [term 2 FOLLOWER]: Leader election won for term 2
I20260710 11:01:33.074252  6671 raft_consensus.cc:697] T cc59c125f4dd4992aac21e7bcc73cf67 P ed0e4e9cea2f4a6c8e4fad507307e7d8 [term 2 LEADER]: Becoming Leader. State: Replica: ed0e4e9cea2f4a6c8e4fad507307e7d8, State: Running, Role: LEADER
I20260710 11:01:33.075023  6671 consensus_queue.cc:237] T cc59c125f4dd4992aac21e7bcc73cf67 P ed0e4e9cea2f4a6c8e4fad507307e7d8 [LEADER]: Queue going to LEADER mode. State: All replicated index: 0, Majority replicated index: 0, Committed index: 0, Last appended: 1.1, Last appended by leader: 1, Current term: 2, Majority size: 2, State: 0, Mode: LEADER, active raft config: opid_index: -1 OBSOLETE_local: false peers { permanent_uuid: "ed0e4e9cea2f4a6c8e4fad507307e7d8" member_type: VOTER last_known_addr { host: "127.6.48.193" port: 45247 } } peers { permanent_uuid: "1af5f51f528a4de396e554b5dc99fa25" member_type: VOTER last_known_addr { host: "127.6.48.194" port: 33917 } } peers { permanent_uuid: "f312b7cfd8e54957ad65aa56bb22f1f9" member_type: VOTER last_known_addr { host: "127.6.48.195" port: 38027 } }
I20260710 11:01:33.076721  6547 tablet_service.cc:1917] Received RequestConsensusVote() RPC: tablet_id: "9a0ba79e368342189d1352ee8f07741a" candidate_uuid: "ed0e4e9cea2f4a6c8e4fad507307e7d8" candidate_term: 2 candidate_status { last_received { term: 1 index: 1 } } ignore_live_leader: true dest_uuid: "1af5f51f528a4de396e554b5dc99fa25"
I20260710 11:01:33.077268  6547 raft_consensus.cc:3060] T 9a0ba79e368342189d1352ee8f07741a P 1af5f51f528a4de396e554b5dc99fa25 [term 1 FOLLOWER]: Advancing to term 2
I20260710 11:01:33.081912  6469 leader_election.cc:290] T 9a0ba79e368342189d1352ee8f07741a P ed0e4e9cea2f4a6c8e4fad507307e7d8 [CANDIDATE]: Term 2 election: Requested vote from peers 1af5f51f528a4de396e554b5dc99fa25 (127.6.48.194:33917), f312b7cfd8e54957ad65aa56bb22f1f9 (127.6.48.195:38027)
I20260710 11:01:33.082931  6622 tablet_service.cc:1917] Received RequestConsensusVote() RPC: tablet_id: "9a0ba79e368342189d1352ee8f07741a" candidate_uuid: "ed0e4e9cea2f4a6c8e4fad507307e7d8" candidate_term: 2 candidate_status { last_received { term: 1 index: 1 } } ignore_live_leader: true dest_uuid: "f312b7cfd8e54957ad65aa56bb22f1f9"
I20260710 11:01:33.083537  6622 raft_consensus.cc:3055] T 9a0ba79e368342189d1352ee8f07741a P f312b7cfd8e54957ad65aa56bb22f1f9 [term 1 LEADER]: Stepping down as leader of term 1
I20260710 11:01:33.083863  6622 raft_consensus.cc:740] T 9a0ba79e368342189d1352ee8f07741a P f312b7cfd8e54957ad65aa56bb22f1f9 [term 1 LEADER]: Becoming Follower/Learner. State: Replica: f312b7cfd8e54957ad65aa56bb22f1f9, State: Running, Role: LEADER
I20260710 11:01:33.084728  6622 consensus_queue.cc:260] T 9a0ba79e368342189d1352ee8f07741a P f312b7cfd8e54957ad65aa56bb22f1f9 [NON_LEADER]: Queue going to NON_LEADER mode. State: All replicated index: 0, Majority replicated index: 1, Committed index: 1, Last appended: 1.1, Last appended by leader: 1, Current term: 1, Majority size: -1, State: 0, Mode: NON_LEADER, active raft config: opid_index: -1 OBSOLETE_local: false peers { permanent_uuid: "1af5f51f528a4de396e554b5dc99fa25" member_type: VOTER last_known_addr { host: "127.6.48.194" port: 33917 } } peers { permanent_uuid: "f312b7cfd8e54957ad65aa56bb22f1f9" member_type: VOTER last_known_addr { host: "127.6.48.195" port: 38027 } } peers { permanent_uuid: "ed0e4e9cea2f4a6c8e4fad507307e7d8" member_type: VOTER last_known_addr { host: "127.6.48.193" port: 45247 } }
I20260710 11:01:33.086153  6622 raft_consensus.cc:3060] T 9a0ba79e368342189d1352ee8f07741a P f312b7cfd8e54957ad65aa56bb22f1f9 [term 1 FOLLOWER]: Advancing to term 2
I20260710 11:01:33.088912  6547 raft_consensus.cc:2468] T 9a0ba79e368342189d1352ee8f07741a P 1af5f51f528a4de396e554b5dc99fa25 [term 2 FOLLOWER]: Leader election vote request: Granting yes vote for candidate ed0e4e9cea2f4a6c8e4fad507307e7d8 in term 2.
I20260710 11:01:33.090031  6438 leader_election.cc:304] T 9a0ba79e368342189d1352ee8f07741a P ed0e4e9cea2f4a6c8e4fad507307e7d8 [CANDIDATE]: Term 2 election: Election decided. Result: candidate won. Election summary: received 2 responses out of 3 voters: 2 yes votes; 0 no votes. yes voters: 1af5f51f528a4de396e554b5dc99fa25, ed0e4e9cea2f4a6c8e4fad507307e7d8; no voters: 
I20260710 11:01:33.090844  6671 raft_consensus.cc:2804] T 9a0ba79e368342189d1352ee8f07741a P ed0e4e9cea2f4a6c8e4fad507307e7d8 [term 2 FOLLOWER]: Leader election won for term 2
I20260710 11:01:33.091307  6671 raft_consensus.cc:697] T 9a0ba79e368342189d1352ee8f07741a P ed0e4e9cea2f4a6c8e4fad507307e7d8 [term 2 LEADER]: Becoming Leader. State: Replica: ed0e4e9cea2f4a6c8e4fad507307e7d8, State: Running, Role: LEADER
I20260710 11:01:33.092088  6671 consensus_queue.cc:237] T 9a0ba79e368342189d1352ee8f07741a P ed0e4e9cea2f4a6c8e4fad507307e7d8 [LEADER]: Queue going to LEADER mode. State: All replicated index: 0, Majority replicated index: 1, Committed index: 1, Last appended: 1.1, Last appended by leader: 1, Current term: 2, Majority size: 2, State: 0, Mode: LEADER, active raft config: opid_index: -1 OBSOLETE_local: false peers { permanent_uuid: "1af5f51f528a4de396e554b5dc99fa25" member_type: VOTER last_known_addr { host: "127.6.48.194" port: 33917 } } peers { permanent_uuid: "f312b7cfd8e54957ad65aa56bb22f1f9" member_type: VOTER last_known_addr { host: "127.6.48.195" port: 38027 } } peers { permanent_uuid: "ed0e4e9cea2f4a6c8e4fad507307e7d8" member_type: VOTER last_known_addr { host: "127.6.48.193" port: 45247 } }
I20260710 11:01:33.092731  6700 consensus_queue.cc:1048] T beb6c0ac872647b7a433403b45677cdb P f312b7cfd8e54957ad65aa56bb22f1f9 [LEADER]: Connected to new peer: Peer: permanent_uuid: "ed0e4e9cea2f4a6c8e4fad507307e7d8" member_type: VOTER last_known_addr { host: "127.6.48.193" port: 45247 }, Status: LMP_MISMATCH, Last received: 0.0, Next index: 1, Last known committed idx: 0, Time since last communication: 0.000s
I20260710 11:01:33.096565  6700 consensus_queue.cc:1048] T 6a32adbebd5848bab8e453ae1c0ab22f P f312b7cfd8e54957ad65aa56bb22f1f9 [LEADER]: Connected to new peer: Peer: permanent_uuid: "1af5f51f528a4de396e554b5dc99fa25" member_type: VOTER last_known_addr { host: "127.6.48.194" port: 33917 }, Status: LMP_MISMATCH, Last received: 0.0, Next index: 1, Last known committed idx: 0, Time since last communication: 0.000s
I20260710 11:01:33.110262  6622 raft_consensus.cc:2468] T 9a0ba79e368342189d1352ee8f07741a P f312b7cfd8e54957ad65aa56bb22f1f9 [term 2 FOLLOWER]: Leader election vote request: Granting yes vote for candidate ed0e4e9cea2f4a6c8e4fad507307e7d8 in term 2.
I20260710 11:01:33.118571  6698 consensus_queue.cc:1048] T beb6c0ac872647b7a433403b45677cdb P f312b7cfd8e54957ad65aa56bb22f1f9 [LEADER]: Connected to new peer: Peer: permanent_uuid: "1af5f51f528a4de396e554b5dc99fa25" member_type: VOTER last_known_addr { host: "127.6.48.194" port: 33917 }, Status: LMP_MISMATCH, Last received: 0.0, Next index: 1, Last known committed idx: 0, Time since last communication: 0.000s
I20260710 11:01:33.124977  6698 raft_consensus.cc:993] T 6a32adbebd5848bab8e453ae1c0ab22f P f312b7cfd8e54957ad65aa56bb22f1f9: : Instructing follower 1af5f51f528a4de396e554b5dc99fa25 to start an election
I20260710 11:01:33.125422  6699 raft_consensus.cc:1081] T 6a32adbebd5848bab8e453ae1c0ab22f P f312b7cfd8e54957ad65aa56bb22f1f9 [term 1 LEADER]: Signalling peer 1af5f51f528a4de396e554b5dc99fa25 to start an election
I20260710 11:01:33.119518  6369 catalog_manager.cc:5697] T 9a0ba79e368342189d1352ee8f07741a P ed0e4e9cea2f4a6c8e4fad507307e7d8 reported cstate change: term changed from 1 to 2, leader changed from f312b7cfd8e54957ad65aa56bb22f1f9 (127.6.48.195) to ed0e4e9cea2f4a6c8e4fad507307e7d8 (127.6.48.193). New cstate: current_term: 2 leader_uuid: "ed0e4e9cea2f4a6c8e4fad507307e7d8" committed_config { opid_index: -1 OBSOLETE_local: false peers { permanent_uuid: "1af5f51f528a4de396e554b5dc99fa25" member_type: VOTER last_known_addr { host: "127.6.48.194" port: 33917 } health_report { overall_health: UNKNOWN } } peers { permanent_uuid: "f312b7cfd8e54957ad65aa56bb22f1f9" member_type: VOTER last_known_addr { host: "127.6.48.195" port: 38027 } health_report { overall_health: UNKNOWN } } peers { permanent_uuid: "ed0e4e9cea2f4a6c8e4fad507307e7d8" member_type: VOTER last_known_addr { host: "127.6.48.193" port: 45247 } health_report { overall_health: HEALTHY } } }
I20260710 11:01:33.127010  6548 tablet_service.cc:2044] Received Run Leader Election RPC: tablet_id: "6a32adbebd5848bab8e453ae1c0ab22f"
dest_uuid: "1af5f51f528a4de396e554b5dc99fa25"
 from {username='slave'} at 127.0.0.1:44426
I20260710 11:01:33.127590  6548 raft_consensus.cc:493] T 6a32adbebd5848bab8e453ae1c0ab22f P 1af5f51f528a4de396e554b5dc99fa25 [term 1 FOLLOWER]: Starting forced leader election (received explicit request)
I20260710 11:01:33.128012  6548 raft_consensus.cc:3060] T 6a32adbebd5848bab8e453ae1c0ab22f P 1af5f51f528a4de396e554b5dc99fa25 [term 1 FOLLOWER]: Advancing to term 2
I20260710 11:01:33.127660  6369 catalog_manager.cc:5697] T cc59c125f4dd4992aac21e7bcc73cf67 P ed0e4e9cea2f4a6c8e4fad507307e7d8 reported cstate change: term changed from 1 to 2, leader changed from f312b7cfd8e54957ad65aa56bb22f1f9 (127.6.48.195) to ed0e4e9cea2f4a6c8e4fad507307e7d8 (127.6.48.193). New cstate: current_term: 2 leader_uuid: "ed0e4e9cea2f4a6c8e4fad507307e7d8" committed_config { opid_index: -1 OBSOLETE_local: false peers { permanent_uuid: "ed0e4e9cea2f4a6c8e4fad507307e7d8" member_type: VOTER last_known_addr { host: "127.6.48.193" port: 45247 } health_report { overall_health: HEALTHY } } peers { permanent_uuid: "1af5f51f528a4de396e554b5dc99fa25" member_type: VOTER last_known_addr { host: "127.6.48.194" port: 33917 } health_report { overall_health: UNKNOWN } } peers { permanent_uuid: "f312b7cfd8e54957ad65aa56bb22f1f9" member_type: VOTER last_known_addr { host: "127.6.48.195" port: 38027 } health_report { overall_health: UNKNOWN } } }
I20260710 11:01:33.129870  6699 raft_consensus.cc:993] T beb6c0ac872647b7a433403b45677cdb P f312b7cfd8e54957ad65aa56bb22f1f9: : Instructing follower 1af5f51f528a4de396e554b5dc99fa25 to start an election
I20260710 11:01:33.130280  6699 raft_consensus.cc:1081] T beb6c0ac872647b7a433403b45677cdb P f312b7cfd8e54957ad65aa56bb22f1f9 [term 1 LEADER]: Signalling peer 1af5f51f528a4de396e554b5dc99fa25 to start an election
I20260710 11:01:33.131775  6549 tablet_service.cc:2044] Received Run Leader Election RPC: tablet_id: "beb6c0ac872647b7a433403b45677cdb"
dest_uuid: "1af5f51f528a4de396e554b5dc99fa25"
 from {username='slave'} at 127.0.0.1:44426
I20260710 11:01:33.134509  6549 raft_consensus.cc:493] T beb6c0ac872647b7a433403b45677cdb P 1af5f51f528a4de396e554b5dc99fa25 [term 1 FOLLOWER]: Starting forced leader election (received explicit request)
I20260710 11:01:33.134940  6549 raft_consensus.cc:3060] T beb6c0ac872647b7a433403b45677cdb P 1af5f51f528a4de396e554b5dc99fa25 [term 1 FOLLOWER]: Advancing to term 2
I20260710 11:01:33.134744  6548 raft_consensus.cc:515] T 6a32adbebd5848bab8e453ae1c0ab22f P 1af5f51f528a4de396e554b5dc99fa25 [term 2 FOLLOWER]: Starting forced leader election with config: opid_index: -1 OBSOLETE_local: false peers { permanent_uuid: "ed0e4e9cea2f4a6c8e4fad507307e7d8" member_type: VOTER last_known_addr { host: "127.6.48.193" port: 45247 } } peers { permanent_uuid: "1af5f51f528a4de396e554b5dc99fa25" member_type: VOTER last_known_addr { host: "127.6.48.194" port: 33917 } } peers { permanent_uuid: "f312b7cfd8e54957ad65aa56bb22f1f9" member_type: VOTER last_known_addr { host: "127.6.48.195" port: 38027 } }
I20260710 11:01:33.138162  6548 leader_election.cc:290] T 6a32adbebd5848bab8e453ae1c0ab22f P 1af5f51f528a4de396e554b5dc99fa25 [CANDIDATE]: Term 2 election: Requested vote from peers ed0e4e9cea2f4a6c8e4fad507307e7d8 (127.6.48.193:45247), f312b7cfd8e54957ad65aa56bb22f1f9 (127.6.48.195:38027)
I20260710 11:01:33.138855  6622 tablet_service.cc:1917] Received RequestConsensusVote() RPC: tablet_id: "6a32adbebd5848bab8e453ae1c0ab22f" candidate_uuid: "1af5f51f528a4de396e554b5dc99fa25" candidate_term: 2 candidate_status { last_received { term: 1 index: 1 } } ignore_live_leader: true dest_uuid: "f312b7cfd8e54957ad65aa56bb22f1f9"
I20260710 11:01:33.139437  6622 raft_consensus.cc:3055] T 6a32adbebd5848bab8e453ae1c0ab22f P f312b7cfd8e54957ad65aa56bb22f1f9 [term 1 LEADER]: Stepping down as leader of term 1
I20260710 11:01:33.139744  6622 raft_consensus.cc:740] T 6a32adbebd5848bab8e453ae1c0ab22f P f312b7cfd8e54957ad65aa56bb22f1f9 [term 1 LEADER]: Becoming Follower/Learner. State: Replica: f312b7cfd8e54957ad65aa56bb22f1f9, State: Running, Role: LEADER
I20260710 11:01:33.140926  6622 consensus_queue.cc:260] T 6a32adbebd5848bab8e453ae1c0ab22f P f312b7cfd8e54957ad65aa56bb22f1f9 [NON_LEADER]: Queue going to NON_LEADER mode. State: All replicated index: 0, Majority replicated index: 1, Committed index: 1, Last appended: 1.1, Last appended by leader: 1, Current term: 1, Majority size: -1, State: 0, Mode: NON_LEADER, active raft config: opid_index: -1 OBSOLETE_local: false peers { permanent_uuid: "ed0e4e9cea2f4a6c8e4fad507307e7d8" member_type: VOTER last_known_addr { host: "127.6.48.193" port: 45247 } } peers { permanent_uuid: "1af5f51f528a4de396e554b5dc99fa25" member_type: VOTER last_known_addr { host: "127.6.48.194" port: 33917 } } peers { permanent_uuid: "f312b7cfd8e54957ad65aa56bb22f1f9" member_type: VOTER last_known_addr { host: "127.6.48.195" port: 38027 } }
I20260710 11:01:33.142088  6622 raft_consensus.cc:3060] T 6a32adbebd5848bab8e453ae1c0ab22f P f312b7cfd8e54957ad65aa56bb22f1f9 [term 1 FOLLOWER]: Advancing to term 2
I20260710 11:01:33.142326  6549 raft_consensus.cc:515] T beb6c0ac872647b7a433403b45677cdb P 1af5f51f528a4de396e554b5dc99fa25 [term 2 FOLLOWER]: Starting forced leader election with config: opid_index: -1 OBSOLETE_local: false peers { permanent_uuid: "ed0e4e9cea2f4a6c8e4fad507307e7d8" member_type: VOTER last_known_addr { host: "127.6.48.193" port: 45247 } } peers { permanent_uuid: "1af5f51f528a4de396e554b5dc99fa25" member_type: VOTER last_known_addr { host: "127.6.48.194" port: 33917 } } peers { permanent_uuid: "f312b7cfd8e54957ad65aa56bb22f1f9" member_type: VOTER last_known_addr { host: "127.6.48.195" port: 38027 } }
I20260710 11:01:33.145093  6469 tablet_service.cc:1917] Received RequestConsensusVote() RPC: tablet_id: "beb6c0ac872647b7a433403b45677cdb" candidate_uuid: "1af5f51f528a4de396e554b5dc99fa25" candidate_term: 2 candidate_status { last_received { term: 1 index: 1 } } ignore_live_leader: true dest_uuid: "ed0e4e9cea2f4a6c8e4fad507307e7d8"
I20260710 11:01:33.145628  6469 raft_consensus.cc:3060] T beb6c0ac872647b7a433403b45677cdb P ed0e4e9cea2f4a6c8e4fad507307e7d8 [term 1 FOLLOWER]: Advancing to term 2
I20260710 11:01:33.148463  6622 raft_consensus.cc:2468] T 6a32adbebd5848bab8e453ae1c0ab22f P f312b7cfd8e54957ad65aa56bb22f1f9 [term 2 FOLLOWER]: Leader election vote request: Granting yes vote for candidate 1af5f51f528a4de396e554b5dc99fa25 in term 2.
I20260710 11:01:33.149861  6514 leader_election.cc:304] T 6a32adbebd5848bab8e453ae1c0ab22f P 1af5f51f528a4de396e554b5dc99fa25 [CANDIDATE]: Term 2 election: Election decided. Result: candidate won. Election summary: received 2 responses out of 3 voters: 2 yes votes; 0 no votes. yes voters: 1af5f51f528a4de396e554b5dc99fa25, f312b7cfd8e54957ad65aa56bb22f1f9; no voters: 
I20260710 11:01:33.151119  6705 raft_consensus.cc:2804] T 6a32adbebd5848bab8e453ae1c0ab22f P 1af5f51f528a4de396e554b5dc99fa25 [term 2 FOLLOWER]: Leader election won for term 2
I20260710 11:01:33.151547  6705 raft_consensus.cc:697] T 6a32adbebd5848bab8e453ae1c0ab22f P 1af5f51f528a4de396e554b5dc99fa25 [term 2 LEADER]: Becoming Leader. State: Replica: 1af5f51f528a4de396e554b5dc99fa25, State: Running, Role: LEADER
I20260710 11:01:33.151679  6469 raft_consensus.cc:2468] T beb6c0ac872647b7a433403b45677cdb P ed0e4e9cea2f4a6c8e4fad507307e7d8 [term 2 FOLLOWER]: Leader election vote request: Granting yes vote for candidate 1af5f51f528a4de396e554b5dc99fa25 in term 2.
I20260710 11:01:33.152863  6512 leader_election.cc:304] T beb6c0ac872647b7a433403b45677cdb P 1af5f51f528a4de396e554b5dc99fa25 [CANDIDATE]: Term 2 election: Election decided. Result: candidate won. Election summary: received 2 responses out of 3 voters: 2 yes votes; 0 no votes. yes voters: 1af5f51f528a4de396e554b5dc99fa25, ed0e4e9cea2f4a6c8e4fad507307e7d8; no voters: 
I20260710 11:01:33.152988  6705 consensus_queue.cc:237] T 6a32adbebd5848bab8e453ae1c0ab22f P 1af5f51f528a4de396e554b5dc99fa25 [LEADER]: Queue going to LEADER mode. State: All replicated index: 0, Majority replicated index: 1, Committed index: 1, Last appended: 1.1, Last appended by leader: 1, Current term: 2, Majority size: 2, State: 0, Mode: LEADER, active raft config: opid_index: -1 OBSOLETE_local: false peers { permanent_uuid: "ed0e4e9cea2f4a6c8e4fad507307e7d8" member_type: VOTER last_known_addr { host: "127.6.48.193" port: 45247 } } peers { permanent_uuid: "1af5f51f528a4de396e554b5dc99fa25" member_type: VOTER last_known_addr { host: "127.6.48.194" port: 33917 } } peers { permanent_uuid: "f312b7cfd8e54957ad65aa56bb22f1f9" member_type: VOTER last_known_addr { host: "127.6.48.195" port: 38027 } }
I20260710 11:01:33.153741  6674 raft_consensus.cc:2804] T beb6c0ac872647b7a433403b45677cdb P 1af5f51f528a4de396e554b5dc99fa25 [term 2 FOLLOWER]: Leader election won for term 2
I20260710 11:01:33.154177  6674 raft_consensus.cc:697] T beb6c0ac872647b7a433403b45677cdb P 1af5f51f528a4de396e554b5dc99fa25 [term 2 LEADER]: Becoming Leader. State: Replica: 1af5f51f528a4de396e554b5dc99fa25, State: Running, Role: LEADER
I20260710 11:01:33.154914  6674 consensus_queue.cc:237] T beb6c0ac872647b7a433403b45677cdb P 1af5f51f528a4de396e554b5dc99fa25 [LEADER]: Queue going to LEADER mode. State: All replicated index: 0, Majority replicated index: 1, Committed index: 1, Last appended: 1.1, Last appended by leader: 1, Current term: 2, Majority size: 2, State: 0, Mode: LEADER, active raft config: opid_index: -1 OBSOLETE_local: false peers { permanent_uuid: "ed0e4e9cea2f4a6c8e4fad507307e7d8" member_type: VOTER last_known_addr { host: "127.6.48.193" port: 45247 } } peers { permanent_uuid: "1af5f51f528a4de396e554b5dc99fa25" member_type: VOTER last_known_addr { host: "127.6.48.194" port: 33917 } } peers { permanent_uuid: "f312b7cfd8e54957ad65aa56bb22f1f9" member_type: VOTER last_known_addr { host: "127.6.48.195" port: 38027 } }
I20260710 11:01:33.139693  6474 tablet_service.cc:1917] Received RequestConsensusVote() RPC: tablet_id: "6a32adbebd5848bab8e453ae1c0ab22f" candidate_uuid: "1af5f51f528a4de396e554b5dc99fa25" candidate_term: 2 candidate_status { last_received { term: 1 index: 1 } } ignore_live_leader: true dest_uuid: "ed0e4e9cea2f4a6c8e4fad507307e7d8"
