I20260710 11:01:56.100415 24134 auto_leader_rebalancer.cc:141] leader rebalance for table test-workload
I20260710 11:01:56.100660 24843 pending_rounds.cc:85] T d6648a178bb9479983632a2ad2ed0ab4 P dbac201165544abeb3076e258beffe66: Aborting all ops after (but not including) 2
I20260710 11:01:56.100942 24843 pending_rounds.cc:107] T d6648a178bb9479983632a2ad2ed0ab4 P dbac201165544abeb3076e258beffe66: Aborting uncommitted NO_OP operation due to leader change: 3.3
I20260710 11:01:56.101224 24843 raft_consensus.cc:2889] T d6648a178bb9479983632a2ad2ed0ab4 P dbac201165544abeb3076e258beffe66 [term 4 FOLLOWER]: NO_OP replication failed: Aborted: Op aborted by new leader
I20260710 11:01:56.102859 25102 consensus_queue.cc:1048] T d6648a178bb9479983632a2ad2ed0ab4 P c5b2b4cdb0714f918c73e651ec6d559c [LEADER]: Connected to new peer: Peer: permanent_uuid: "dbac201165544abeb3076e258beffe66" member_type: VOTER last_known_addr { host: "127.23.145.130" port: 36857 }, Status: LMP_MISMATCH, Last received: 0.0, Next index: 3, Last known committed idx: 2, Time since last communication: 0.000s
I20260710 11:01:56.104065 25144 consensus_queue.cc:1048] T 678a169c4a354bae82bcc03d9e8a9dac P dbac201165544abeb3076e258beffe66 [LEADER]: Connected to new peer: Peer: permanent_uuid: "c5b2b4cdb0714f918c73e651ec6d559c" member_type: VOTER last_known_addr { host: "127.23.145.129" port: 38917 }, Status: LMP_MISMATCH, Last received: 0.0, Next index: 3, Last known committed idx: 2, Time since last communication: 0.000s
I20260710 11:01:56.094406 25118 consensus_queue.cc:1048] T 9c2b6168a1c4456391a8fd364b82949c P c5b2b4cdb0714f918c73e651ec6d559c [LEADER]: Connected to new peer: Peer: permanent_uuid: "dbac201165544abeb3076e258beffe66" member_type: VOTER last_known_addr { host: "127.23.145.130" port: 36857 }, Status: LMP_MISMATCH, Last received: 0.0, Next index: 3, Last known committed idx: 2, Time since last communication: 0.000s
I20260710 11:01:56.143314 24918 raft_consensus.cc:1275] T d6648a178bb9479983632a2ad2ed0ab4 P 18d1761e2994428eb0271267c15fb780 [term 4 FOLLOWER]: Refusing update from remote peer c5b2b4cdb0714f918c73e651ec6d559c: Log matching property violated. Preceding OpId in replica: term: 2 index: 2. Preceding OpId from leader: term: 4 index: 3. (index mismatch)
I20260710 11:01:56.146651 25120 consensus_queue.cc:1048] T d6648a178bb9479983632a2ad2ed0ab4 P c5b2b4cdb0714f918c73e651ec6d559c [LEADER]: Connected to new peer: Peer: permanent_uuid: "18d1761e2994428eb0271267c15fb780" member_type: VOTER last_known_addr { host: "127.23.145.131" port: 44661 }, Status: LMP_MISMATCH, Last received: 0.0, Next index: 3, Last known committed idx: 2, Time since last communication: 0.000s
I20260710 11:01:56.159579 24764 raft_consensus.cc:1240] T 3229c5cc292e498f9fa6e01f4df306c9 P c5b2b4cdb0714f918c73e651ec6d559c [term 4 FOLLOWER]: Rejecting Update request from peer 18d1761e2994428eb0271267c15fb780 for earlier term 3. Current term is 4. Ops: []
I20260710 11:01:56.161142 25135 consensus_queue.cc:1059] T 3229c5cc292e498f9fa6e01f4df306c9 P 18d1761e2994428eb0271267c15fb780 [LEADER]: Peer responded invalid term: Peer: permanent_uuid: "c5b2b4cdb0714f918c73e651ec6d559c" member_type: VOTER last_known_addr { host: "127.23.145.129" port: 38917 }, Status: INVALID_TERM, Last received: 0.0, Next index: 3, Last known committed idx: 2, Time since last communication: 0.000s
I20260710 11:01:56.162019 25131 raft_consensus.cc:3055] T 3229c5cc292e498f9fa6e01f4df306c9 P 18d1761e2994428eb0271267c15fb780 [term 3 LEADER]: Stepping down as leader of term 3
I20260710 11:01:56.162361 25131 raft_consensus.cc:740] T 3229c5cc292e498f9fa6e01f4df306c9 P 18d1761e2994428eb0271267c15fb780 [term 3 LEADER]: Becoming Follower/Learner. State: Replica: 18d1761e2994428eb0271267c15fb780, State: Running, Role: LEADER
I20260710 11:01:56.163141 25131 consensus_queue.cc:260] T 3229c5cc292e498f9fa6e01f4df306c9 P 18d1761e2994428eb0271267c15fb780 [NON_LEADER]: Queue going to NON_LEADER mode. State: All replicated index: 0, Majority replicated index: 2, Committed index: 2, Last appended: 3.3, Last appended by leader: 3, Current term: 3, Majority size: -1, State: 0, Mode: NON_LEADER, active raft config: opid_index: -1 OBSOLETE_local: false peers { permanent_uuid: "c5b2b4cdb0714f918c73e651ec6d559c" member_type: VOTER last_known_addr { host: "127.23.145.129" port: 38917 } } peers { permanent_uuid: "dbac201165544abeb3076e258beffe66" member_type: VOTER last_known_addr { host: "127.23.145.130" port: 36857 } } peers { permanent_uuid: "18d1761e2994428eb0271267c15fb780" member_type: VOTER last_known_addr { host: "127.23.145.131" port: 44661 } }
I20260710 11:01:56.164310 25131 raft_consensus.cc:3060] T 3229c5cc292e498f9fa6e01f4df306c9 P 18d1761e2994428eb0271267c15fb780 [term 3 FOLLOWER]: Advancing to term 4
I20260710 11:01:56.186002 25144 raft_consensus.cc:493] T e58223f3727c467a8864dad59e3eb358 P dbac201165544abeb3076e258beffe66 [term 2 FOLLOWER]: Starting pre-election (no leader contacted us within the election timeout)
I20260710 11:01:56.186476 25144 raft_consensus.cc:515] T e58223f3727c467a8864dad59e3eb358 P dbac201165544abeb3076e258beffe66 [term 2 FOLLOWER]: Starting pre-election with config: opid_index: -1 OBSOLETE_local: false peers { permanent_uuid: "c5b2b4cdb0714f918c73e651ec6d559c" member_type: VOTER last_known_addr { host: "127.23.145.129" port: 38917 } } peers { permanent_uuid: "dbac201165544abeb3076e258beffe66" member_type: VOTER last_known_addr { host: "127.23.145.130" port: 36857 } } peers { permanent_uuid: "18d1761e2994428eb0271267c15fb780" member_type: VOTER last_known_addr { host: "127.23.145.131" port: 44661 } }
I20260710 11:01:56.188581 25144 leader_election.cc:290] T e58223f3727c467a8864dad59e3eb358 P dbac201165544abeb3076e258beffe66 [CANDIDATE]: Term 3 pre-election: Requested pre-vote from peers c5b2b4cdb0714f918c73e651ec6d559c (127.23.145.129:38917), 18d1761e2994428eb0271267c15fb780 (127.23.145.131:44661)
I20260710 11:01:56.189525 24918 tablet_service.cc:1917] Received RequestConsensusVote() RPC: tablet_id: "e58223f3727c467a8864dad59e3eb358" candidate_uuid: "dbac201165544abeb3076e258beffe66" candidate_term: 3 candidate_status { last_received { term: 1 index: 1 } } ignore_live_leader: false dest_uuid: "18d1761e2994428eb0271267c15fb780" is_pre_election: true
I20260710 11:01:56.189915 24764 tablet_service.cc:1917] Received RequestConsensusVote() RPC: tablet_id: "e58223f3727c467a8864dad59e3eb358" candidate_uuid: "dbac201165544abeb3076e258beffe66" candidate_term: 3 candidate_status { last_received { term: 1 index: 1 } } ignore_live_leader: false dest_uuid: "c5b2b4cdb0714f918c73e651ec6d559c" is_pre_election: true
I20260710 11:01:56.190441 24764 raft_consensus.cc:2468] T e58223f3727c467a8864dad59e3eb358 P c5b2b4cdb0714f918c73e651ec6d559c [term 2 FOLLOWER]: Leader pre-election vote request: Granting yes vote for candidate dbac201165544abeb3076e258beffe66 in term 2.
I20260710 11:01:56.191758 24811 leader_election.cc:304] T e58223f3727c467a8864dad59e3eb358 P dbac201165544abeb3076e258beffe66 [CANDIDATE]: Term 3 pre-election: Election decided. Result: candidate won. Election summary: received 3 responses out of 3 voters: 2 yes votes; 1 no votes. yes voters: c5b2b4cdb0714f918c73e651ec6d559c, dbac201165544abeb3076e258beffe66; no voters: 18d1761e2994428eb0271267c15fb780
I20260710 11:01:56.192775 25144 raft_consensus.cc:2804] T e58223f3727c467a8864dad59e3eb358 P dbac201165544abeb3076e258beffe66 [term 2 FOLLOWER]: Leader pre-election won for term 3
I20260710 11:01:56.193099 25144 raft_consensus.cc:493] T e58223f3727c467a8864dad59e3eb358 P dbac201165544abeb3076e258beffe66 [term 2 FOLLOWER]: Starting leader election (no leader contacted us within the election timeout)
I20260710 11:01:56.193403 25144 raft_consensus.cc:3060] T e58223f3727c467a8864dad59e3eb358 P dbac201165544abeb3076e258beffe66 [term 2 FOLLOWER]: Advancing to term 3
I20260710 11:01:56.201779 25144 raft_consensus.cc:515] T e58223f3727c467a8864dad59e3eb358 P dbac201165544abeb3076e258beffe66 [term 3 FOLLOWER]: Starting leader election with config: opid_index: -1 OBSOLETE_local: false peers { permanent_uuid: "c5b2b4cdb0714f918c73e651ec6d559c" member_type: VOTER last_known_addr { host: "127.23.145.129" port: 38917 } } peers { permanent_uuid: "dbac201165544abeb3076e258beffe66" member_type: VOTER last_known_addr { host: "127.23.145.130" port: 36857 } } peers { permanent_uuid: "18d1761e2994428eb0271267c15fb780" member_type: VOTER last_known_addr { host: "127.23.145.131" port: 44661 } }
I20260710 11:01:56.204433 24764 tablet_service.cc:1917] Received RequestConsensusVote() RPC: tablet_id: "e58223f3727c467a8864dad59e3eb358" candidate_uuid: "dbac201165544abeb3076e258beffe66" candidate_term: 3 candidate_status { last_received { term: 1 index: 1 } } ignore_live_leader: false dest_uuid: "c5b2b4cdb0714f918c73e651ec6d559c"
I20260710 11:01:56.204995 24764 raft_consensus.cc:3060] T e58223f3727c467a8864dad59e3eb358 P c5b2b4cdb0714f918c73e651ec6d559c [term 2 FOLLOWER]: Advancing to term 3
I20260710 11:01:56.210978 24764 raft_consensus.cc:2468] T e58223f3727c467a8864dad59e3eb358 P c5b2b4cdb0714f918c73e651ec6d559c [term 3 FOLLOWER]: Leader election vote request: Granting yes vote for candidate dbac201165544abeb3076e258beffe66 in term 3.
I20260710 11:01:56.212146 24811 leader_election.cc:304] T e58223f3727c467a8864dad59e3eb358 P dbac201165544abeb3076e258beffe66 [CANDIDATE]: Term 3 election: Election decided. Result: candidate won. Election summary: received 2 responses out of 3 voters: 2 yes votes; 0 no votes. yes voters: c5b2b4cdb0714f918c73e651ec6d559c, dbac201165544abeb3076e258beffe66; no voters: 
I20260710 11:01:56.212976 25145 raft_consensus.cc:2804] T e58223f3727c467a8864dad59e3eb358 P dbac201165544abeb3076e258beffe66 [term 3 FOLLOWER]: Leader election won for term 3
I20260710 11:01:56.212993 24918 tablet_service.cc:1917] Received RequestConsensusVote() RPC: tablet_id: "e58223f3727c467a8864dad59e3eb358" candidate_uuid: "dbac201165544abeb3076e258beffe66" candidate_term: 3 candidate_status { last_received { term: 1 index: 1 } } ignore_live_leader: false dest_uuid: "18d1761e2994428eb0271267c15fb780"
I20260710 11:01:56.213538 25145 raft_consensus.cc:697] T e58223f3727c467a8864dad59e3eb358 P dbac201165544abeb3076e258beffe66 [term 3 LEADER]: Becoming Leader. State: Replica: dbac201165544abeb3076e258beffe66, State: Running, Role: LEADER
I20260710 11:01:56.214505 25144 leader_election.cc:290] T e58223f3727c467a8864dad59e3eb358 P dbac201165544abeb3076e258beffe66 [CANDIDATE]: Term 3 election: Requested vote from peers c5b2b4cdb0714f918c73e651ec6d559c (127.23.145.129:38917), 18d1761e2994428eb0271267c15fb780 (127.23.145.131:44661)
I20260710 11:01:56.214332 25145 consensus_queue.cc:237] T e58223f3727c467a8864dad59e3eb358 P dbac201165544abeb3076e258beffe66 [LEADER]: Queue going to LEADER mode. State: All replicated index: 0, Majority replicated index: 1, Committed index: 1, Last appended: 1.1, Last appended by leader: 1, Current term: 3, Majority size: 2, State: 0, Mode: LEADER, active raft config: opid_index: -1 OBSOLETE_local: false peers { permanent_uuid: "c5b2b4cdb0714f918c73e651ec6d559c" member_type: VOTER last_known_addr { host: "127.23.145.129" port: 38917 } } peers { permanent_uuid: "dbac201165544abeb3076e258beffe66" member_type: VOTER last_known_addr { host: "127.23.145.130" port: 36857 } } peers { permanent_uuid: "18d1761e2994428eb0271267c15fb780" member_type: VOTER last_known_addr { host: "127.23.145.131" port: 44661 } }
I20260710 11:01:56.219218 24840 tablet_service.cc:2072] Received LeaderStepDown RPC: tablet_id: "678a169c4a354bae82bcc03d9e8a9dac"
dest_uuid: "dbac201165544abeb3076e258beffe66"
mode: GRACEFUL
new_leader_uuid: "18d1761e2994428eb0271267c15fb780"
 from {username='slave'} at 127.0.0.1:60512
I20260710 11:01:56.219875 24840 raft_consensus.cc:606] T 678a169c4a354bae82bcc03d9e8a9dac P dbac201165544abeb3076e258beffe66 [term 4 LEADER]: Received request to transfer leadership to TS 18d1761e2994428eb0271267c15fb780
I20260710 11:01:56.223531 24764 tablet_service.cc:2072] Received LeaderStepDown RPC: tablet_id: "8f89490f83044e549f79cbba1e823356"
dest_uuid: "c5b2b4cdb0714f918c73e651ec6d559c"
mode: GRACEFUL
new_leader_uuid: "18d1761e2994428eb0271267c15fb780"
 from {username='slave'} at 127.0.0.1:48860
I20260710 11:01:56.224292 24764 raft_consensus.cc:606] T 8f89490f83044e549f79cbba1e823356 P c5b2b4cdb0714f918c73e651ec6d559c [term 5 LEADER]: Received request to transfer leadership to TS 18d1761e2994428eb0271267c15fb780
I20260710 11:01:56.225831 24134 auto_leader_rebalancer.cc:452] table: test-workload, leader rebalance finish, leader transfer count: 2
I20260710 11:01:56.226423 24134 auto_leader_rebalancer.cc:527] All tables' leader rebalancing finished this round
I20260710 11:01:56.230767 24764 raft_consensus.cc:1240] T e58223f3727c467a8864dad59e3eb358 P c5b2b4cdb0714f918c73e651ec6d559c [term 3 FOLLOWER]: Rejecting Update request from peer 18d1761e2994428eb0271267c15fb780 for earlier term 2. Current term is 3. Ops: []
I20260710 11:01:56.232420 25131 consensus_queue.cc:1059] T e58223f3727c467a8864dad59e3eb358 P 18d1761e2994428eb0271267c15fb780 [LEADER]: Peer responded invalid term: Peer: permanent_uuid: "c5b2b4cdb0714f918c73e651ec6d559c" member_type: VOTER last_known_addr { host: "127.23.145.129" port: 38917 }, Status: INVALID_TERM, Last received: 0.0, Next index: 2, Last known committed idx: 1, Time since last communication: 0.000s
I20260710 11:01:56.233265 25131 raft_consensus.cc:3055] T e58223f3727c467a8864dad59e3eb358 P 18d1761e2994428eb0271267c15fb780 [term 2 LEADER]: Stepping down as leader of term 2
I20260710 11:01:56.233561 25131 raft_consensus.cc:740] T e58223f3727c467a8864dad59e3eb358 P 18d1761e2994428eb0271267c15fb780 [term 2 LEADER]: Becoming Follower/Learner. State: Replica: 18d1761e2994428eb0271267c15fb780, State: Running, Role: LEADER
I20260710 11:01:56.234310 25131 consensus_queue.cc:260] T e58223f3727c467a8864dad59e3eb358 P 18d1761e2994428eb0271267c15fb780 [NON_LEADER]: Queue going to NON_LEADER mode. State: All replicated index: 0, Majority replicated index: 1, Committed index: 1, Last appended: 2.2, Last appended by leader: 2, Current term: 2, Majority size: -1, State: 0, Mode: NON_LEADER, active raft config: opid_index: -1 OBSOLETE_local: false peers { permanent_uuid: "c5b2b4cdb0714f918c73e651ec6d559c" member_type: VOTER last_known_addr { host: "127.23.145.129" port: 38917 } } peers { permanent_uuid: "dbac201165544abeb3076e258beffe66" member_type: VOTER last_known_addr { host: "127.23.145.130" port: 36857 } } peers { permanent_uuid: "18d1761e2994428eb0271267c15fb780" member_type: VOTER last_known_addr { host: "127.23.145.131" port: 44661 } }
I20260710 11:01:56.239283 25131 raft_consensus.cc:3060] T e58223f3727c467a8864dad59e3eb358 P 18d1761e2994428eb0271267c15fb780 [term 2 FOLLOWER]: Advancing to term 3
I20260710 11:01:56.238497 24668 catalog_manager.cc:5697] T e58223f3727c467a8864dad59e3eb358 P dbac201165544abeb3076e258beffe66 reported cstate change: term changed from 2 to 3, leader changed from 18d1761e2994428eb0271267c15fb780 (127.23.145.131) to dbac201165544abeb3076e258beffe66 (127.23.145.130). New cstate: current_term: 3 leader_uuid: "dbac201165544abeb3076e258beffe66" committed_config { opid_index: -1 OBSOLETE_local: false peers { permanent_uuid: "c5b2b4cdb0714f918c73e651ec6d559c" member_type: VOTER last_known_addr { host: "127.23.145.129" port: 38917 } health_report { overall_health: UNKNOWN } } peers { permanent_uuid: "dbac201165544abeb3076e258beffe66" member_type: VOTER last_known_addr { host: "127.23.145.130" port: 36857 } health_report { overall_health: HEALTHY } } peers { permanent_uuid: "18d1761e2994428eb0271267c15fb780" member_type: VOTER last_known_addr { host: "127.23.145.131" port: 44661 } health_report { overall_health: UNKNOWN } } }
I20260710 11:01:56.275733 24764 raft_consensus.cc:1275] T 4604169217884d6a95dd55d4325dbfa0 P c5b2b4cdb0714f918c73e651ec6d559c [term 5 FOLLOWER]: Refusing update from remote peer dbac201165544abeb3076e258beffe66: Log matching property violated. Preceding OpId in replica: term: 3 index: 3. Preceding OpId from leader: term: 5 index: 4. (index mismatch)
I20260710 11:01:56.276885 25145 consensus_queue.cc:1048] T 4604169217884d6a95dd55d4325dbfa0 P dbac201165544abeb3076e258beffe66 [LEADER]: Connected to new peer: Peer: permanent_uuid: "c5b2b4cdb0714f918c73e651ec6d559c" member_type: VOTER last_known_addr { host: "127.23.145.129" port: 38917 }, Status: LMP_MISMATCH, Last received: 0.0, Next index: 4, Last known committed idx: 3, Time since last communication: 0.000s
I20260710 11:01:56.287603 24918 raft_consensus.cc:1275] T 4604169217884d6a95dd55d4325dbfa0 P 18d1761e2994428eb0271267c15fb780 [term 5 FOLLOWER]: Refusing update from remote peer dbac201165544abeb3076e258beffe66: Log matching property violated. Preceding OpId in replica: term: 4 index: 4. Preceding OpId from leader: term: 5 index: 4. (term mismatch)
I20260710 11:01:56.287968 24918 pending_rounds.cc:85] T 4604169217884d6a95dd55d4325dbfa0 P 18d1761e2994428eb0271267c15fb780: Aborting all ops after (but not including) 3
I20260710 11:01:56.288168 24918 pending_rounds.cc:107] T 4604169217884d6a95dd55d4325dbfa0 P 18d1761e2994428eb0271267c15fb780: Aborting uncommitted NO_OP operation due to leader change: 4.4
I20260710 11:01:56.288374 24918 raft_consensus.cc:2889] T 4604169217884d6a95dd55d4325dbfa0 P 18d1761e2994428eb0271267c15fb780 [term 5 FOLLOWER]: NO_OP replication failed: Aborted: Op aborted by new leader
I20260710 11:01:56.290035 25106 consensus_queue.cc:1048] T 4604169217884d6a95dd55d4325dbfa0 P dbac201165544abeb3076e258beffe66 [LEADER]: Connected to new peer: Peer: permanent_uuid: "18d1761e2994428eb0271267c15fb780" member_type: VOTER last_known_addr { host: "127.23.145.131" port: 44661 }, Status: LMP_MISMATCH, Last received: 0.0, Next index: 4, Last known committed idx: 3, Time since last communication: 0.000s
I20260710 11:01:56.419603 24918 raft_consensus.cc:1275] T 3229c5cc292e498f9fa6e01f4df306c9 P 18d1761e2994428eb0271267c15fb780 [term 4 FOLLOWER]: Refusing update from remote peer dbac201165544abeb3076e258beffe66: Log matching property violated. Preceding OpId in replica: term: 3 index: 3. Preceding OpId from leader: term: 4 index: 3. (term mismatch)
I20260710 11:01:56.419988 24918 pending_rounds.cc:85] T 3229c5cc292e498f9fa6e01f4df306c9 P 18d1761e2994428eb0271267c15fb780: Aborting all ops after (but not including) 2
I20260710 11:01:56.420207 24918 pending_rounds.cc:107] T 3229c5cc292e498f9fa6e01f4df306c9 P 18d1761e2994428eb0271267c15fb780: Aborting uncommitted NO_OP operation due to leader change: 3.3
I20260710 11:01:56.420423 24918 raft_consensus.cc:2889] T 3229c5cc292e498f9fa6e01f4df306c9 P 18d1761e2994428eb0271267c15fb780 [term 4 FOLLOWER]: NO_OP replication failed: Aborted: Op aborted by new leader
I20260710 11:01:56.421684 25145 consensus_queue.cc:1048] T 3229c5cc292e498f9fa6e01f4df306c9 P dbac201165544abeb3076e258beffe66 [LEADER]: Connected to new peer: Peer: permanent_uuid: "18d1761e2994428eb0271267c15fb780" member_type: VOTER last_known_addr { host: "127.23.145.131" port: 44661 }, Status: LMP_MISMATCH, Last received: 0.0, Next index: 3, Last known committed idx: 2, Time since last communication: 0.000s
I20260710 11:01:56.429656 24764 raft_consensus.cc:1275] T 3229c5cc292e498f9fa6e01f4df306c9 P c5b2b4cdb0714f918c73e651ec6d559c [term 4 FOLLOWER]: Refusing update from remote peer dbac201165544abeb3076e258beffe66: Log matching property violated. Preceding OpId in replica: term: 2 index: 2. Preceding OpId from leader: term: 4 index: 3. (index mismatch)
I20260710 11:01:56.431305 25144 consensus_queue.cc:1048] T 3229c5cc292e498f9fa6e01f4df306c9 P dbac201165544abeb3076e258beffe66 [LEADER]: Connected to new peer: Peer: permanent_uuid: "c5b2b4cdb0714f918c73e651ec6d559c" member_type: VOTER last_known_addr { host: "127.23.145.129" port: 38917 }, Status: LMP_MISMATCH, Last received: 0.0, Next index: 3, Last known committed idx: 2, Time since last communication: 0.000s
I20260710 11:01:56.583432 25102 raft_consensus.cc:993] T 8f89490f83044e549f79cbba1e823356 P c5b2b4cdb0714f918c73e651ec6d559c: : Instructing follower 18d1761e2994428eb0271267c15fb780 to start an election
I20260710 11:01:56.583880 25102 raft_consensus.cc:1081] T 8f89490f83044e549f79cbba1e823356 P c5b2b4cdb0714f918c73e651ec6d559c [term 5 LEADER]: Signalling peer 18d1761e2994428eb0271267c15fb780 to start an election
I20260710 11:01:56.586283 24918 tablet_service.cc:2044] Received Run Leader Election RPC: tablet_id: "8f89490f83044e549f79cbba1e823356"
dest_uuid: "18d1761e2994428eb0271267c15fb780"
 from {username='slave'} at 127.0.0.1:39974
I20260710 11:01:56.586838 24918 raft_consensus.cc:493] T 8f89490f83044e549f79cbba1e823356 P 18d1761e2994428eb0271267c15fb780 [term 5 FOLLOWER]: Starting forced leader election (received explicit request)
I20260710 11:01:56.587204 24918 raft_consensus.cc:3060] T 8f89490f83044e549f79cbba1e823356 P 18d1761e2994428eb0271267c15fb780 [term 5 FOLLOWER]: Advancing to term 6
I20260710 11:01:56.593191 24918 raft_consensus.cc:515] T 8f89490f83044e549f79cbba1e823356 P 18d1761e2994428eb0271267c15fb780 [term 6 FOLLOWER]: Starting forced leader election with config: opid_index: -1 OBSOLETE_local: false peers { permanent_uuid: "c5b2b4cdb0714f918c73e651ec6d559c" member_type: VOTER last_known_addr { host: "127.23.145.129" port: 38917 } } peers { permanent_uuid: "dbac201165544abeb3076e258beffe66" member_type: VOTER last_known_addr { host: "127.23.145.130" port: 36857 } } peers { permanent_uuid: "18d1761e2994428eb0271267c15fb780" member_type: VOTER last_known_addr { host: "127.23.145.131" port: 44661 } }
I20260710 11:01:56.594945 24918 leader_election.cc:290] T 8f89490f83044e549f79cbba1e823356 P 18d1761e2994428eb0271267c15fb780 [CANDIDATE]: Term 6 election: Requested vote from peers c5b2b4cdb0714f918c73e651ec6d559c (127.23.145.129:38917), dbac201165544abeb3076e258beffe66 (127.23.145.130:36857)
I20260710 11:01:56.596177 24764 tablet_service.cc:1917] Received RequestConsensusVote() RPC: tablet_id: "8f89490f83044e549f79cbba1e823356" candidate_uuid: "18d1761e2994428eb0271267c15fb780" candidate_term: 6 candidate_status { last_received { term: 5 index: 4 } } ignore_live_leader: true dest_uuid: "c5b2b4cdb0714f918c73e651ec6d559c"
I20260710 11:01:56.596729 24764 raft_consensus.cc:3055] T 8f89490f83044e549f79cbba1e823356 P c5b2b4cdb0714f918c73e651ec6d559c [term 5 LEADER]: Stepping down as leader of term 5
I20260710 11:01:56.596717 24840 tablet_service.cc:1917] Received RequestConsensusVote() RPC: tablet_id: "8f89490f83044e549f79cbba1e823356" candidate_uuid: "18d1761e2994428eb0271267c15fb780" candidate_term: 6 candidate_status { last_received { term: 5 index: 4 } } ignore_live_leader: true dest_uuid: "dbac201165544abeb3076e258beffe66"
I20260710 11:01:56.597218 24764 raft_consensus.cc:740] T 8f89490f83044e549f79cbba1e823356 P c5b2b4cdb0714f918c73e651ec6d559c [term 5 LEADER]: Becoming Follower/Learner. State: Replica: c5b2b4cdb0714f918c73e651ec6d559c, State: Running, Role: LEADER
I20260710 11:01:56.597411 24840 raft_consensus.cc:3060] T 8f89490f83044e549f79cbba1e823356 P dbac201165544abeb3076e258beffe66 [term 5 FOLLOWER]: Advancing to term 6
I20260710 11:01:56.597990 24764 consensus_queue.cc:260] T 8f89490f83044e549f79cbba1e823356 P c5b2b4cdb0714f918c73e651ec6d559c [NON_LEADER]: Queue going to NON_LEADER mode. State: All replicated index: 0, Majority replicated index: 4, Committed index: 4, Last appended: 5.4, Last appended by leader: 4, Current term: 5, Majority size: -1, State: 0, Mode: NON_LEADER, active raft config: opid_index: -1 OBSOLETE_local: false peers { permanent_uuid: "c5b2b4cdb0714f918c73e651ec6d559c" member_type: VOTER last_known_addr { host: "127.23.145.129" port: 38917 } } peers { permanent_uuid: "dbac201165544abeb3076e258beffe66" member_type: VOTER last_known_addr { host: "127.23.145.130" port: 36857 } } peers { permanent_uuid: "18d1761e2994428eb0271267c15fb780" member_type: VOTER last_known_addr { host: "127.23.145.131" port: 44661 } }
I20260710 11:01:56.599522 24764 raft_consensus.cc:3060] T 8f89490f83044e549f79cbba1e823356 P c5b2b4cdb0714f918c73e651ec6d559c [term 5 FOLLOWER]: Advancing to term 6
I20260710 11:01:56.604907 24840 raft_consensus.cc:2468] T 8f89490f83044e549f79cbba1e823356 P dbac201165544abeb3076e258beffe66 [term 6 FOLLOWER]: Leader election vote request: Granting yes vote for candidate 18d1761e2994428eb0271267c15fb780 in term 6.
I20260710 11:01:56.606249 24885 leader_election.cc:304] T 8f89490f83044e549f79cbba1e823356 P 18d1761e2994428eb0271267c15fb780 [CANDIDATE]: Term 6 election: Election decided. Result: candidate won. Election summary: received 2 responses out of 3 voters: 2 yes votes; 0 no votes. yes voters: 18d1761e2994428eb0271267c15fb780, dbac201165544abeb3076e258beffe66; no voters: 
I20260710 11:01:56.607055 25135 raft_consensus.cc:2804] T 8f89490f83044e549f79cbba1e823356 P 18d1761e2994428eb0271267c15fb780 [term 6 FOLLOWER]: Leader election won for term 6
I20260710 11:01:56.607488 25135 raft_consensus.cc:697] T 8f89490f83044e549f79cbba1e823356 P 18d1761e2994428eb0271267c15fb780 [term 6 LEADER]: Becoming Leader. State: Replica: 18d1761e2994428eb0271267c15fb780, State: Running, Role: LEADER
I20260710 11:01:56.607527 24764 raft_consensus.cc:2468] T 8f89490f83044e549f79cbba1e823356 P c5b2b4cdb0714f918c73e651ec6d559c [term 6 FOLLOWER]: Leader election vote request: Granting yes vote for candidate 18d1761e2994428eb0271267c15fb780 in term 6.
I20260710 11:01:56.608441 25135 consensus_queue.cc:237] T 8f89490f83044e549f79cbba1e823356 P 18d1761e2994428eb0271267c15fb780 [LEADER]: Queue going to LEADER mode. State: All replicated index: 0, Majority replicated index: 4, Committed index: 4, Last appended: 5.4, Last appended by leader: 4, Current term: 6, Majority size: 2, State: 0, Mode: LEADER, active raft config: opid_index: -1 OBSOLETE_local: false peers { permanent_uuid: "c5b2b4cdb0714f918c73e651ec6d559c" member_type: VOTER last_known_addr { host: "127.23.145.129" port: 38917 } } peers { permanent_uuid: "dbac201165544abeb3076e258beffe66" member_type: VOTER last_known_addr { host: "127.23.145.130" port: 36857 } } peers { permanent_uuid: "18d1761e2994428eb0271267c15fb780" member_type: VOTER last_known_addr { host: "127.23.145.131" port: 44661 } }
I20260710 11:01:56.615836 24668 catalog_manager.cc:5697] T 8f89490f83044e549f79cbba1e823356 P 18d1761e2994428eb0271267c15fb780 reported cstate change: term changed from 5 to 6, leader changed from c5b2b4cdb0714f918c73e651ec6d559c (127.23.145.129) to 18d1761e2994428eb0271267c15fb780 (127.23.145.131). New cstate: current_term: 6 leader_uuid: "18d1761e2994428eb0271267c15fb780" committed_config { opid_index: -1 OBSOLETE_local: false peers { permanent_uuid: "c5b2b4cdb0714f918c73e651ec6d559c" member_type: VOTER last_known_addr { host: "127.23.145.129" port: 38917 } health_report { overall_health: UNKNOWN } } peers { permanent_uuid: "dbac201165544abeb3076e258beffe66" member_type: VOTER last_known_addr { host: "127.23.145.130" port: 36857 } health_report { overall_health: UNKNOWN } } peers { permanent_uuid: "18d1761e2994428eb0271267c15fb780" member_type: VOTER last_known_addr { host: "127.23.145.131" port: 44661 } health_report { overall_health: HEALTHY } } }
I20260710 11:01:56.639457 25144 raft_consensus.cc:993] T 678a169c4a354bae82bcc03d9e8a9dac P dbac201165544abeb3076e258beffe66: : Instructing follower 18d1761e2994428eb0271267c15fb780 to start an election
I20260710 11:01:56.639917 25145 raft_consensus.cc:1081] T 678a169c4a354bae82bcc03d9e8a9dac P dbac201165544abeb3076e258beffe66 [term 4 LEADER]: Signalling peer 18d1761e2994428eb0271267c15fb780 to start an election
I20260710 11:01:56.641378 24918 tablet_service.cc:2044] Received Run Leader Election RPC: tablet_id: "678a169c4a354bae82bcc03d9e8a9dac"
dest_uuid: "18d1761e2994428eb0271267c15fb780"
 from {username='slave'} at 127.0.0.1:39958
I20260710 11:01:56.641853 24918 raft_consensus.cc:493] T 678a169c4a354bae82bcc03d9e8a9dac P 18d1761e2994428eb0271267c15fb780 [term 4 FOLLOWER]: Starting forced leader election (received explicit request)
I20260710 11:01:56.642153 24918 raft_consensus.cc:3060] T 678a169c4a354bae82bcc03d9e8a9dac P 18d1761e2994428eb0271267c15fb780 [term 4 FOLLOWER]: Advancing to term 5
I20260710 11:01:56.647871 24918 raft_consensus.cc:515] T 678a169c4a354bae82bcc03d9e8a9dac P 18d1761e2994428eb0271267c15fb780 [term 5 FOLLOWER]: Starting forced leader election with config: opid_index: -1 OBSOLETE_local: false peers { permanent_uuid: "c5b2b4cdb0714f918c73e651ec6d559c" member_type: VOTER last_known_addr { host: "127.23.145.129" port: 38917 } } peers { permanent_uuid: "dbac201165544abeb3076e258beffe66" member_type: VOTER last_known_addr { host: "127.23.145.130" port: 36857 } } peers { permanent_uuid: "18d1761e2994428eb0271267c15fb780" member_type: VOTER last_known_addr { host: "127.23.145.131" port: 44661 } }
I20260710 11:01:56.648857 24919 raft_consensus.cc:1275] T e58223f3727c467a8864dad59e3eb358 P 18d1761e2994428eb0271267c15fb780 [term 3 FOLLOWER]: Refusing update from remote peer dbac201165544abeb3076e258beffe66: Log matching property violated. Preceding OpId in replica: term: 2 index: 2. Preceding OpId from leader: term: 3 index: 2. (term mismatch)
I20260710 11:01:56.649174 24919 pending_rounds.cc:85] T e58223f3727c467a8864dad59e3eb358 P 18d1761e2994428eb0271267c15fb780: Aborting all ops after (but not including) 1
I20260710 11:01:56.649362 24919 pending_rounds.cc:107] T e58223f3727c467a8864dad59e3eb358 P 18d1761e2994428eb0271267c15fb780: Aborting uncommitted NO_OP operation due to leader change: 2.2
I20260710 11:01:56.649555 24919 raft_consensus.cc:2889] T e58223f3727c467a8864dad59e3eb358 P 18d1761e2994428eb0271267c15fb780 [term 3 FOLLOWER]: NO_OP replication failed: Aborted: Op aborted by new leader
I20260710 11:01:56.649844 24918 leader_election.cc:290] T 678a169c4a354bae82bcc03d9e8a9dac P 18d1761e2994428eb0271267c15fb780 [CANDIDATE]: Term 5 election: Requested vote from peers c5b2b4cdb0714f918c73e651ec6d559c (127.23.145.129:38917), dbac201165544abeb3076e258beffe66 (127.23.145.130:36857)
I20260710 11:01:56.652446 25145 consensus_queue.cc:1048] T e58223f3727c467a8864dad59e3eb358 P dbac201165544abeb3076e258beffe66 [LEADER]: Connected to new peer: Peer: permanent_uuid: "18d1761e2994428eb0271267c15fb780" member_type: VOTER last_known_addr { host: "127.23.145.131" port: 44661 }, Status: LMP_MISMATCH, Last received: 0.0, Next index: 2, Last known committed idx: 1, Time since last communication: 0.000s
I20260710 11:01:56.652700 24840 tablet_service.cc:1917] Received RequestConsensusVote() RPC: tablet_id: "678a169c4a354bae82bcc03d9e8a9dac" candidate_uuid: "18d1761e2994428eb0271267c15fb780" candidate_term: 5 candidate_status { last_received { term: 4 index: 3 } } ignore_live_leader: true dest_uuid: "dbac201165544abeb3076e258beffe66"
I20260710 11:01:56.653260 24840 raft_consensus.cc:3055] T 678a169c4a354bae82bcc03d9e8a9dac P dbac201165544abeb3076e258beffe66 [term 4 LEADER]: Stepping down as leader of term 4
I20260710 11:01:56.653673 24840 raft_consensus.cc:740] T 678a169c4a354bae82bcc03d9e8a9dac P dbac201165544abeb3076e258beffe66 [term 4 LEADER]: Becoming Follower/Learner. State: Replica: dbac201165544abeb3076e258beffe66, State: Running, Role: LEADER
I20260710 11:01:56.654451 24840 consensus_queue.cc:260] T 678a169c4a354bae82bcc03d9e8a9dac P dbac201165544abeb3076e258beffe66 [NON_LEADER]: Queue going to NON_LEADER mode. State: All replicated index: 0, Majority replicated index: 3, Committed index: 3, Last appended: 4.3, Last appended by leader: 3, Current term: 4, Majority size: -1, State: 0, Mode: NON_LEADER, active raft config: opid_index: -1 OBSOLETE_local: false peers { permanent_uuid: "c5b2b4cdb0714f918c73e651ec6d559c" member_type: VOTER last_known_addr { host: "127.23.145.129" port: 38917 } } peers { permanent_uuid: "dbac201165544abeb3076e258beffe66" member_type: VOTER last_known_addr { host: "127.23.145.130" port: 36857 } } peers { permanent_uuid: "18d1761e2994428eb0271267c15fb780" member_type: VOTER last_known_addr { host: "127.23.145.131" port: 44661 } }
I20260710 11:01:56.655637 24840 raft_consensus.cc:3060] T 678a169c4a354bae82bcc03d9e8a9dac P dbac201165544abeb3076e258beffe66 [term 4 FOLLOWER]: Advancing to term 5
I20260710 11:01:56.657279 24764 tablet_service.cc:1917] Received RequestConsensusVote() RPC: tablet_id: "678a169c4a354bae82bcc03d9e8a9dac" candidate_uuid: "18d1761e2994428eb0271267c15fb780" candidate_term: 5 candidate_status { last_received { term: 4 index: 3 } } ignore_live_leader: true dest_uuid: "c5b2b4cdb0714f918c73e651ec6d559c"
I20260710 11:01:56.657804 24764 raft_consensus.cc:3060] T 678a169c4a354bae82bcc03d9e8a9dac P c5b2b4cdb0714f918c73e651ec6d559c [term 4 FOLLOWER]: Advancing to term 5
I20260710 11:01:56.666117 24764 raft_consensus.cc:2468] T 678a169c4a354bae82bcc03d9e8a9dac P c5b2b4cdb0714f918c73e651ec6d559c [term 5 FOLLOWER]: Leader election vote request: Granting yes vote for candidate 18d1761e2994428eb0271267c15fb780 in term 5.
I20260710 11:01:56.667099 24885 leader_election.cc:304] T 678a169c4a354bae82bcc03d9e8a9dac P 18d1761e2994428eb0271267c15fb780 [CANDIDATE]: Term 5 election: Election decided. Result: candidate won. Election summary: received 2 responses out of 3 voters: 2 yes votes; 0 no votes. yes voters: 18d1761e2994428eb0271267c15fb780, c5b2b4cdb0714f918c73e651ec6d559c; no voters: 
I20260710 11:01:56.667922 25131 raft_consensus.cc:2804] T 678a169c4a354bae82bcc03d9e8a9dac P 18d1761e2994428eb0271267c15fb780 [term 5 FOLLOWER]: Leader election won for term 5
I20260710 11:01:56.668355 25131 raft_consensus.cc:697] T 678a169c4a354bae82bcc03d9e8a9dac P 18d1761e2994428eb0271267c15fb780 [term 5 LEADER]: Becoming Leader. State: Replica: 18d1761e2994428eb0271267c15fb780, State: Running, Role: LEADER
I20260710 11:01:56.669144 25131 consensus_queue.cc:237] T 678a169c4a354bae82bcc03d9e8a9dac P 18d1761e2994428eb0271267c15fb780 [LEADER]: Queue going to LEADER mode. State: All replicated index: 0, Majority replicated index: 3, Committed index: 3, Last appended: 4.3, Last appended by leader: 3, Current term: 5, Majority size: 2, State: 0, Mode: LEADER, active raft config: opid_index: -1 OBSOLETE_local: false peers { permanent_uuid: "c5b2b4cdb0714f918c73e651ec6d559c" member_type: VOTER last_known_addr { host: "127.23.145.129" port: 38917 } } peers { permanent_uuid: "dbac201165544abeb3076e258beffe66" member_type: VOTER last_known_addr { host: "127.23.145.130" port: 36857 } } peers { permanent_uuid: "18d1761e2994428eb0271267c15fb780" member_type: VOTER last_known_addr { host: "127.23.145.131" port: 44661 } }
I20260710 11:01:56.683681 24665 catalog_manager.cc:5697] T 678a169c4a354bae82bcc03d9e8a9dac P 18d1761e2994428eb0271267c15fb780 reported cstate change: term changed from 4 to 5, leader changed from dbac201165544abeb3076e258beffe66 (127.23.145.130) to 18d1761e2994428eb0271267c15fb780 (127.23.145.131). New cstate: current_term: 5 leader_uuid: "18d1761e2994428eb0271267c15fb780" committed_config { opid_index: -1 OBSOLETE_local: false peers { permanent_uuid: "c5b2b4cdb0714f918c73e651ec6d559c" member_type: VOTER last_known_addr { host: "127.23.145.129" port: 38917 } health_report { overall_health: UNKNOWN } } peers { permanent_uuid: "dbac201165544abeb3076e258beffe66" member_type: VOTER last_known_addr { host: "127.23.145.130" port: 36857 } health_report { overall_health: UNKNOWN } } peers { permanent_uuid: "18d1761e2994428eb0271267c15fb780" member_type: VOTER last_known_addr { host: "127.23.145.131" port: 44661 } health_report { overall_health: HEALTHY } } }
I20260710 11:01:56.684845 24840 raft_consensus.cc:2468] T 678a169c4a354bae82bcc03d9e8a9dac P dbac201165544abeb3076e258beffe66 [term 5 FOLLOWER]: Leader election vote request: Granting yes vote for candidate 18d1761e2994428eb0271267c15fb780 in term 5.
I20260710 11:01:56.685005 24764 raft_consensus.cc:1275] T e58223f3727c467a8864dad59e3eb358 P c5b2b4cdb0714f918c73e651ec6d559c [term 3 FOLLOWER]: Refusing update from remote peer dbac201165544abeb3076e258beffe66: Log matching property violated. Preceding OpId in replica: term: 1 index: 1. Preceding OpId from leader: term: 3 index: 2. (index mismatch)
I20260710 11:01:56.689445 25145 consensus_queue.cc:1048] T e58223f3727c467a8864dad59e3eb358 P dbac201165544abeb3076e258beffe66 [LEADER]: Connected to new peer: Peer: permanent_uuid: "c5b2b4cdb0714f918c73e651ec6d559c" member_type: VOTER last_known_addr { host: "127.23.145.129" port: 38917 }, Status: LMP_MISMATCH, Last received: 0.0, Next index: 2, Last known committed idx: 1, Time since last communication: 0.000s
I20260710 11:01:57.095438 24765 raft_consensus.cc:1275] T 8f89490f83044e549f79cbba1e823356 P c5b2b4cdb0714f918c73e651ec6d559c [term 6 FOLLOWER]: Refusing update from remote peer 18d1761e2994428eb0271267c15fb780: Log matching property violated. Preceding OpId in replica: term: 5 index: 4. Preceding OpId from leader: term: 6 index: 5. (index mismatch)
I20260710 11:01:57.096539 25131 consensus_queue.cc:1048] T 8f89490f83044e549f79cbba1e823356 P 18d1761e2994428eb0271267c15fb780 [LEADER]: Connected to new peer: Peer: permanent_uuid: "c5b2b4cdb0714f918c73e651ec6d559c" member_type: VOTER last_known_addr { host: "127.23.145.129" port: 38917 }, Status: LMP_MISMATCH, Last received: 0.0, Next index: 5, Last known committed idx: 4, Time since last communication: 0.000s
I20260710 11:01:57.105522 24840 raft_consensus.cc:1275] T 8f89490f83044e549f79cbba1e823356 P dbac201165544abeb3076e258beffe66 [term 6 FOLLOWER]: Refusing update from remote peer 18d1761e2994428eb0271267c15fb780: Log matching property violated. Preceding OpId in replica: term: 5 index: 4. Preceding OpId from leader: term: 6 index: 5. (index mismatch)
I20260710 11:01:57.114418 25164 consensus_queue.cc:1048] T 8f89490f83044e549f79cbba1e823356 P 18d1761e2994428eb0271267c15fb780 [LEADER]: Connected to new peer: Peer: permanent_uuid: "dbac201165544abeb3076e258beffe66" member_type: VOTER last_known_addr { host: "127.23.145.130" port: 36857 }, Status: LMP_MISMATCH, Last received: 0.0, Next index: 5, Last known committed idx: 4, Time since last communication: 0.001s
I20260710 11:01:57.196743 24765 raft_consensus.cc:1275] T 678a169c4a354bae82bcc03d9e8a9dac P c5b2b4cdb0714f918c73e651ec6d559c [term 5 FOLLOWER]: Refusing update from remote peer 18d1761e2994428eb0271267c15fb780: Log matching property violated. Preceding OpId in replica: term: 4 index: 3. Preceding OpId from leader: term: 5 index: 4. (index mismatch)
I20260710 11:01:57.197973 25164 consensus_queue.cc:1048] T 678a169c4a354bae82bcc03d9e8a9dac P 18d1761e2994428eb0271267c15fb780 [LEADER]: Connected to new peer: Peer: permanent_uuid: "c5b2b4cdb0714f918c73e651ec6d559c" member_type: VOTER last_known_addr { host: "127.23.145.129" port: 38917 }, Status: LMP_MISMATCH, Last received: 0.0, Next index: 4, Last known committed idx: 3, Time since last communication: 0.000s
I20260710 11:01:57.205763 24840 raft_consensus.cc:1275] T 678a169c4a354bae82bcc03d9e8a9dac P dbac201165544abeb3076e258beffe66 [term 5 FOLLOWER]: Refusing update from remote peer 18d1761e2994428eb0271267c15fb780: Log matching property violated. Preceding OpId in replica: term: 4 index: 3. Preceding OpId from leader: term: 5 index: 4. (index mismatch)
I20260710 11:01:57.211915 25135 consensus_queue.cc:1048] T 678a169c4a354bae82bcc03d9e8a9dac P 18d1761e2994428eb0271267c15fb780 [LEADER]: Connected to new peer: Peer: permanent_uuid: "dbac201165544abeb3076e258beffe66" member_type: VOTER last_known_addr { host: "127.23.145.130" port: 36857 }, Status: LMP_MISMATCH, Last received: 0.0, Next index: 4, Last known committed idx: 3, Time since last communication: 0.000s
I20260710 11:01:57.227097 24134 auto_leader_rebalancer.cc:141] leader rebalance for table test-workload
I20260710 11:01:57.235276 24134 auto_leader_rebalancer.cc:141] leader rebalance for table test-workload
I20260710 11:01:57.241657 24840 tablet_service.cc:2072] Received LeaderStepDown RPC: tablet_id: "3229c5cc292e498f9fa6e01f4df306c9"
dest_uuid: "dbac201165544abeb3076e258beffe66"
mode: GRACEFUL
new_leader_uuid: "18d1761e2994428eb0271267c15fb780"
 from {username='slave'} at 127.0.0.1:60512
I20260710 11:01:57.242106 24840 raft_consensus.cc:606] T 3229c5cc292e498f9fa6e01f4df306c9 P dbac201165544abeb3076e258beffe66 [term 4 LEADER]: Received request to transfer leadership to TS 18d1761e2994428eb0271267c15fb780
I20260710 11:01:57.243038 24134 auto_leader_rebalancer.cc:452] table: test-workload, leader rebalance finish, leader transfer count: 1
I20260710 11:01:57.243402 24134 auto_leader_rebalancer.cc:527] All tables' leader rebalancing finished this round
I20260710 11:01:57.256865 25121 raft_consensus.cc:993] T 3229c5cc292e498f9fa6e01f4df306c9 P dbac201165544abeb3076e258beffe66: : Instructing follower 18d1761e2994428eb0271267c15fb780 to start an election
I20260710 11:01:57.257323 25145 raft_consensus.cc:1081] T 3229c5cc292e498f9fa6e01f4df306c9 P dbac201165544abeb3076e258beffe66 [term 4 LEADER]: Signalling peer 18d1761e2994428eb0271267c15fb780 to start an election
I20260710 11:01:57.258554 24918 tablet_service.cc:2044] Received Run Leader Election RPC: tablet_id: "3229c5cc292e498f9fa6e01f4df306c9"
dest_uuid: "18d1761e2994428eb0271267c15fb780"
 from {username='slave'} at 127.0.0.1:39958
I20260710 11:01:57.259032 24918 raft_consensus.cc:493] T 3229c5cc292e498f9fa6e01f4df306c9 P 18d1761e2994428eb0271267c15fb780 [term 4 FOLLOWER]: Starting forced leader election (received explicit request)
I20260710 11:01:57.259333 24918 raft_consensus.cc:3060] T 3229c5cc292e498f9fa6e01f4df306c9 P 18d1761e2994428eb0271267c15fb780 [term 4 FOLLOWER]: Advancing to term 5
I20260710 11:01:57.265076 24918 raft_consensus.cc:515] T 3229c5cc292e498f9fa6e01f4df306c9 P 18d1761e2994428eb0271267c15fb780 [term 5 FOLLOWER]: Starting forced leader election with config: opid_index: -1 OBSOLETE_local: false peers { permanent_uuid: "c5b2b4cdb0714f918c73e651ec6d559c" member_type: VOTER last_known_addr { host: "127.23.145.129" port: 38917 } } peers { permanent_uuid: "dbac201165544abeb3076e258beffe66" member_type: VOTER last_known_addr { host: "127.23.145.130" port: 36857 } } peers { permanent_uuid: "18d1761e2994428eb0271267c15fb780" member_type: VOTER last_known_addr { host: "127.23.145.131" port: 44661 } }
I20260710 11:01:57.266733 24918 leader_election.cc:290] T 3229c5cc292e498f9fa6e01f4df306c9 P 18d1761e2994428eb0271267c15fb780 [CANDIDATE]: Term 5 election: Requested vote from peers c5b2b4cdb0714f918c73e651ec6d559c (127.23.145.129:38917), dbac201165544abeb3076e258beffe66 (127.23.145.130:36857)
I20260710 11:01:57.267382 24765 tablet_service.cc:1917] Received RequestConsensusVote() RPC: tablet_id: "3229c5cc292e498f9fa6e01f4df306c9" candidate_uuid: "18d1761e2994428eb0271267c15fb780" candidate_term: 5 candidate_status { last_received { term: 4 index: 3 } } ignore_live_leader: true dest_uuid: "c5b2b4cdb0714f918c73e651ec6d559c"
I20260710 11:01:57.267688 24840 tablet_service.cc:1917] Received RequestConsensusVote() RPC: tablet_id: "3229c5cc292e498f9fa6e01f4df306c9" candidate_uuid: "18d1761e2994428eb0271267c15fb780" candidate_term: 5 candidate_status { last_received { term: 4 index: 3 } } ignore_live_leader: true dest_uuid: "dbac201165544abeb3076e258beffe66"
I20260710 11:01:57.267972 24765 raft_consensus.cc:3060] T 3229c5cc292e498f9fa6e01f4df306c9 P c5b2b4cdb0714f918c73e651ec6d559c [term 4 FOLLOWER]: Advancing to term 5
I20260710 11:01:57.268275 24840 raft_consensus.cc:3055] T 3229c5cc292e498f9fa6e01f4df306c9 P dbac201165544abeb3076e258beffe66 [term 4 LEADER]: Stepping down as leader of term 4
I20260710 11:01:57.268571 24840 raft_consensus.cc:740] T 3229c5cc292e498f9fa6e01f4df306c9 P dbac201165544abeb3076e258beffe66 [term 4 LEADER]: Becoming Follower/Learner. State: Replica: dbac201165544abeb3076e258beffe66, State: Running, Role: LEADER
I20260710 11:01:57.269312 24840 consensus_queue.cc:260] T 3229c5cc292e498f9fa6e01f4df306c9 P dbac201165544abeb3076e258beffe66 [NON_LEADER]: Queue going to NON_LEADER mode. State: All replicated index: 0, Majority replicated index: 3, Committed index: 3, Last appended: 4.3, Last appended by leader: 3, Current term: 4, Majority size: -1, State: 0, Mode: NON_LEADER, active raft config: opid_index: -1 OBSOLETE_local: false peers { permanent_uuid: "c5b2b4cdb0714f918c73e651ec6d559c" member_type: VOTER last_known_addr { host: "127.23.145.129" port: 38917 } } peers { permanent_uuid: "dbac201165544abeb3076e258beffe66" member_type: VOTER last_known_addr { host: "127.23.145.130" port: 36857 } } peers { permanent_uuid: "18d1761e2994428eb0271267c15fb780" member_type: VOTER last_known_addr { host: "127.23.145.131" port: 44661 } }
I20260710 11:01:57.271409 24840 raft_consensus.cc:3060] T 3229c5cc292e498f9fa6e01f4df306c9 P dbac201165544abeb3076e258beffe66 [term 4 FOLLOWER]: Advancing to term 5
I20260710 11:01:57.274241 24765 raft_consensus.cc:2468] T 3229c5cc292e498f9fa6e01f4df306c9 P c5b2b4cdb0714f918c73e651ec6d559c [term 5 FOLLOWER]: Leader election vote request: Granting yes vote for candidate 18d1761e2994428eb0271267c15fb780 in term 5.
I20260710 11:01:57.275322 24885 leader_election.cc:304] T 3229c5cc292e498f9fa6e01f4df306c9 P 18d1761e2994428eb0271267c15fb780 [CANDIDATE]: Term 5 election: Election decided. Result: candidate won. Election summary: received 2 responses out of 3 voters: 2 yes votes; 0 no votes. yes voters: 18d1761e2994428eb0271267c15fb780, c5b2b4cdb0714f918c73e651ec6d559c; no voters: 
I20260710 11:01:57.276084 25135 raft_consensus.cc:2804] T 3229c5cc292e498f9fa6e01f4df306c9 P 18d1761e2994428eb0271267c15fb780 [term 5 FOLLOWER]: Leader election won for term 5
I20260710 11:01:57.276551 25135 raft_consensus.cc:697] T 3229c5cc292e498f9fa6e01f4df306c9 P 18d1761e2994428eb0271267c15fb780 [term 5 LEADER]: Becoming Leader. State: Replica: 18d1761e2994428eb0271267c15fb780, State: Running, Role: LEADER
I20260710 11:01:57.277595 24840 raft_consensus.cc:2468] T 3229c5cc292e498f9fa6e01f4df306c9 P dbac201165544abeb3076e258beffe66 [term 5 FOLLOWER]: Leader election vote request: Granting yes vote for candidate 18d1761e2994428eb0271267c15fb780 in term 5.
I20260710 11:01:57.277305 25135 consensus_queue.cc:237] T 3229c5cc292e498f9fa6e01f4df306c9 P 18d1761e2994428eb0271267c15fb780 [LEADER]: Queue going to LEADER mode. State: All replicated index: 0, Majority replicated index: 3, Committed index: 3, Last appended: 4.3, Last appended by leader: 3, Current term: 5, Majority size: 2, State: 0, Mode: LEADER, active raft config: opid_index: -1 OBSOLETE_local: false peers { permanent_uuid: "c5b2b4cdb0714f918c73e651ec6d559c" member_type: VOTER last_known_addr { host: "127.23.145.129" port: 38917 } } peers { permanent_uuid: "dbac201165544abeb3076e258beffe66" member_type: VOTER last_known_addr { host: "127.23.145.130" port: 36857 } } peers { permanent_uuid: "18d1761e2994428eb0271267c15fb780" member_type: VOTER last_known_addr { host: "127.23.145.131" port: 44661 } }
I20260710 11:01:57.283250 24668 catalog_manager.cc:5697] T 3229c5cc292e498f9fa6e01f4df306c9 P 18d1761e2994428eb0271267c15fb780 reported cstate change: term changed from 4 to 5, leader changed from dbac201165544abeb3076e258beffe66 (127.23.145.130) to 18d1761e2994428eb0271267c15fb780 (127.23.145.131). New cstate: current_term: 5 leader_uuid: "18d1761e2994428eb0271267c15fb780" committed_config { opid_index: -1 OBSOLETE_local: false peers { permanent_uuid: "c5b2b4cdb0714f918c73e651ec6d559c" member_type: VOTER last_known_addr { host: "127.23.145.129" port: 38917 } health_report { overall_health: UNKNOWN } } peers { permanent_uuid: "dbac201165544abeb3076e258beffe66" member_type: VOTER last_known_addr { host: "127.23.145.130" port: 36857 } health_report { overall_health: UNKNOWN } } peers { permanent_uuid: "18d1761e2994428eb0271267c15fb780" member_type: VOTER last_known_addr { host: "127.23.145.131" port: 44661 } health_report { overall_health: HEALTHY } } }
I20260710 11:01:57.758826 24840 raft_consensus.cc:1275] T 3229c5cc292e498f9fa6e01f4df306c9 P dbac201165544abeb3076e258beffe66 [term 5 FOLLOWER]: Refusing update from remote peer 18d1761e2994428eb0271267c15fb780: Log matching property violated. Preceding OpId in replica: term: 4 index: 3. Preceding OpId from leader: term: 5 index: 4. (index mismatch)
I20260710 11:01:57.759917 25135 consensus_queue.cc:1048] T 3229c5cc292e498f9fa6e01f4df306c9 P 18d1761e2994428eb0271267c15fb780 [LEADER]: Connected to new peer: Peer: permanent_uuid: "dbac201165544abeb3076e258beffe66" member_type: VOTER last_known_addr { host: "127.23.145.130" port: 36857 }, Status: LMP_MISMATCH, Last received: 0.0, Next index: 4, Last known committed idx: 3, Time since last communication: 0.000s
I20260710 11:01:57.768616 24765 raft_consensus.cc:1275] T 3229c5cc292e498f9fa6e01f4df306c9 P c5b2b4cdb0714f918c73e651ec6d559c [term 5 FOLLOWER]: Refusing update from remote peer 18d1761e2994428eb0271267c15fb780: Log matching property violated. Preceding OpId in replica: term: 4 index: 3. Preceding OpId from leader: term: 5 index: 4. (index mismatch)
I20260710 11:01:57.769766 25135 consensus_queue.cc:1048] T 3229c5cc292e498f9fa6e01f4df306c9 P 18d1761e2994428eb0271267c15fb780 [LEADER]: Connected to new peer: Peer: permanent_uuid: "c5b2b4cdb0714f918c73e651ec6d559c" member_type: VOTER last_known_addr { host: "127.23.145.129" port: 38917 }, Status: LMP_MISMATCH, Last received: 0.0, Next index: 4, Last known committed idx: 3, Time since last communication: 0.000s
I20260710 11:01:58.244051 24134 auto_leader_rebalancer.cc:141] leader rebalance for table test-workload
I20260710 11:01:58.249496 24134 tablet_server.cc:179] TabletServer@127.23.145.129:0 shutting down...
W20260710 11:01:58.265997 24811 proxy.cc:239] Call had error, refreshing address and retrying: Remote error: Service unavailable: service kudu.consensus.ConsensusService not registered on TabletServer [suppressed 55 similar messages]
