I20260710 11:01:40.585291 11988 consensus_queue.cc:260] T 0129d9cf9da04af88f92817d6eac31ab P 184bea76ce754a58b47fe6496edcb475 [NON_LEADER]: Queue going to NON_LEADER mode. State: All replicated index: 0, Majority replicated index: 0, Committed index: 0, Last appended: 0.0, Last appended by leader: 0, Current term: 0, Majority size: -1, State: 0, Mode: NON_LEADER, active raft config: opid_index: -1 OBSOLETE_local: false peers { permanent_uuid: "e403a31ec7984076afd380fa893abb00" member_type: VOTER last_known_addr { host: "127.10.234.1" port: 39683 } } peers { permanent_uuid: "10d28cf621d140efa82343880a022ffc" member_type: VOTER last_known_addr { host: "127.10.234.2" port: 43607 } } peers { permanent_uuid: "184bea76ce754a58b47fe6496edcb475" member_type: VOTER last_known_addr { host: "127.10.234.3" port: 45029 } }
I20260710 11:01:40.586738 11797 tablet_service.cc:1917] Received RequestConsensusVote() RPC: tablet_id: "1f7526b121c84c6187727afbcc833ae7" candidate_uuid: "10d28cf621d140efa82343880a022ffc" candidate_term: 1 candidate_status { last_received { term: 0 index: 0 } } ignore_live_leader: false dest_uuid: "e403a31ec7984076afd380fa893abb00" is_pre_election: true
I20260710 11:01:40.587376 11797 raft_consensus.cc:2468] T 1f7526b121c84c6187727afbcc833ae7 P e403a31ec7984076afd380fa893abb00 [term 0 FOLLOWER]: Leader pre-election vote request: Granting yes vote for candidate 10d28cf621d140efa82343880a022ffc in term 0.
I20260710 11:01:40.588457 11837 leader_election.cc:304] T 1f7526b121c84c6187727afbcc833ae7 P 10d28cf621d140efa82343880a022ffc [CANDIDATE]: Term 1 pre-election: Election decided. Result: candidate won. Election summary: received 3 responses out of 3 voters: 2 yes votes; 1 no votes. yes voters: 10d28cf621d140efa82343880a022ffc, e403a31ec7984076afd380fa893abb00; no voters: 184bea76ce754a58b47fe6496edcb475
I20260710 11:01:40.589504 11990 raft_consensus.cc:2804] T 1f7526b121c84c6187727afbcc833ae7 P 10d28cf621d140efa82343880a022ffc [term 0 FOLLOWER]: Leader pre-election won for term 1
I20260710 11:01:40.589843 11990 raft_consensus.cc:493] T 1f7526b121c84c6187727afbcc833ae7 P 10d28cf621d140efa82343880a022ffc [term 0 FOLLOWER]: Starting leader election (no leader contacted us within the election timeout)
I20260710 11:01:40.590193 11990 raft_consensus.cc:3060] T 1f7526b121c84c6187727afbcc833ae7 P 10d28cf621d140efa82343880a022ffc [term 0 FOLLOWER]: Advancing to term 1
I20260710 11:01:40.590637 11988 ts_tablet_manager.cc:1434] T 0129d9cf9da04af88f92817d6eac31ab P 184bea76ce754a58b47fe6496edcb475: Time spent starting tablet: real 0.012s	user 0.008s	sys 0.000s
I20260710 11:01:40.591657 11988 tablet_bootstrap.cc:492] T 1f7526b121c84c6187727afbcc833ae7 P 184bea76ce754a58b47fe6496edcb475: Bootstrap starting.
I20260710 11:01:40.600325 11991 tablet_bootstrap.cc:654] T 944715b2c6404db29f92f4b271091fc8 P e403a31ec7984076afd380fa893abb00: Neither blocks nor log segments found. Creating new log.
I20260710 11:01:40.603564 11990 raft_consensus.cc:515] T 1f7526b121c84c6187727afbcc833ae7 P 10d28cf621d140efa82343880a022ffc [term 1 FOLLOWER]: Starting leader election with config: opid_index: -1 OBSOLETE_local: false peers { permanent_uuid: "e403a31ec7984076afd380fa893abb00" member_type: VOTER last_known_addr { host: "127.10.234.1" port: 39683 } } peers { permanent_uuid: "10d28cf621d140efa82343880a022ffc" member_type: VOTER last_known_addr { host: "127.10.234.2" port: 43607 } } peers { permanent_uuid: "184bea76ce754a58b47fe6496edcb475" member_type: VOTER last_known_addr { host: "127.10.234.3" port: 45029 } }
I20260710 11:01:40.604388 11988 tablet_bootstrap.cc:654] T 1f7526b121c84c6187727afbcc833ae7 P 184bea76ce754a58b47fe6496edcb475: Neither blocks nor log segments found. Creating new log.
I20260710 11:01:40.606303 11797 tablet_service.cc:1917] Received RequestConsensusVote() RPC: tablet_id: "1f7526b121c84c6187727afbcc833ae7" candidate_uuid: "10d28cf621d140efa82343880a022ffc" candidate_term: 1 candidate_status { last_received { term: 0 index: 0 } } ignore_live_leader: false dest_uuid: "e403a31ec7984076afd380fa893abb00"
I20260710 11:01:40.606866 11797 raft_consensus.cc:3060] T 1f7526b121c84c6187727afbcc833ae7 P e403a31ec7984076afd380fa893abb00 [term 0 FOLLOWER]: Advancing to term 1
I20260710 11:01:40.613094 11797 raft_consensus.cc:2468] T 1f7526b121c84c6187727afbcc833ae7 P e403a31ec7984076afd380fa893abb00 [term 1 FOLLOWER]: Leader election vote request: Granting yes vote for candidate 10d28cf621d140efa82343880a022ffc in term 1.
I20260710 11:01:40.613238 11873 tablet_service.cc:1917] Received RequestConsensusVote() RPC: tablet_id: "740072a2db3046aaa936313decef81d9" candidate_uuid: "e403a31ec7984076afd380fa893abb00" candidate_term: 1 candidate_status { last_received { term: 0 index: 0 } } ignore_live_leader: false dest_uuid: "10d28cf621d140efa82343880a022ffc" is_pre_election: true
I20260710 11:01:40.613792 11873 raft_consensus.cc:2468] T 740072a2db3046aaa936313decef81d9 P 10d28cf621d140efa82343880a022ffc [term 0 FOLLOWER]: Leader pre-election vote request: Granting yes vote for candidate e403a31ec7984076afd380fa893abb00 in term 0.
I20260710 11:01:40.614187 11837 leader_election.cc:304] T 1f7526b121c84c6187727afbcc833ae7 P 10d28cf621d140efa82343880a022ffc [CANDIDATE]: Term 1 election: Election decided. Result: candidate won. Election summary: received 2 responses out of 3 voters: 2 yes votes; 0 no votes. yes voters: 10d28cf621d140efa82343880a022ffc, e403a31ec7984076afd380fa893abb00; no voters: 
I20260710 11:01:40.615437 11762 leader_election.cc:304] T 740072a2db3046aaa936313decef81d9 P e403a31ec7984076afd380fa893abb00 [CANDIDATE]: Term 1 pre-election: Election decided. Result: candidate won. Election summary: received 2 responses out of 3 voters: 2 yes votes; 0 no votes. yes voters: 10d28cf621d140efa82343880a022ffc, e403a31ec7984076afd380fa893abb00; no voters: 
I20260710 11:01:40.616839 11947 tablet_service.cc:1917] Received RequestConsensusVote() RPC: tablet_id: "740072a2db3046aaa936313decef81d9" candidate_uuid: "e403a31ec7984076afd380fa893abb00" candidate_term: 1 candidate_status { last_received { term: 0 index: 0 } } ignore_live_leader: false dest_uuid: "184bea76ce754a58b47fe6496edcb475" is_pre_election: true
I20260710 11:01:40.617702 11947 raft_consensus.cc:2468] T 740072a2db3046aaa936313decef81d9 P 184bea76ce754a58b47fe6496edcb475 [term 0 FOLLOWER]: Leader pre-election vote request: Granting yes vote for candidate e403a31ec7984076afd380fa893abb00 in term 0.
I20260710 11:01:40.618307 11991 tablet_bootstrap.cc:492] T 944715b2c6404db29f92f4b271091fc8 P e403a31ec7984076afd380fa893abb00: No bootstrap required, opened a new log
I20260710 11:01:40.618745 11991 ts_tablet_manager.cc:1403] T 944715b2c6404db29f92f4b271091fc8 P e403a31ec7984076afd380fa893abb00: Time spent bootstrapping tablet: real 0.040s	user 0.005s	sys 0.004s
I20260710 11:01:40.619176 11999 raft_consensus.cc:2804] T 740072a2db3046aaa936313decef81d9 P e403a31ec7984076afd380fa893abb00 [term 0 FOLLOWER]: Leader pre-election won for term 1
I20260710 11:01:40.619560 11999 raft_consensus.cc:493] T 740072a2db3046aaa936313decef81d9 P e403a31ec7984076afd380fa893abb00 [term 0 FOLLOWER]: Starting leader election (no leader contacted us within the election timeout)
I20260710 11:01:40.619880 11999 raft_consensus.cc:3060] T 740072a2db3046aaa936313decef81d9 P e403a31ec7984076afd380fa893abb00 [term 0 FOLLOWER]: Advancing to term 1
I20260710 11:01:40.621439 11991 raft_consensus.cc:359] T 944715b2c6404db29f92f4b271091fc8 P e403a31ec7984076afd380fa893abb00 [term 0 FOLLOWER]: Replica starting. Triggering 0 pending ops. Active config: opid_index: -1 OBSOLETE_local: false peers { permanent_uuid: "10d28cf621d140efa82343880a022ffc" member_type: VOTER last_known_addr { host: "127.10.234.2" port: 43607 } } peers { permanent_uuid: "e403a31ec7984076afd380fa893abb00" member_type: VOTER last_known_addr { host: "127.10.234.1" port: 39683 } } peers { permanent_uuid: "184bea76ce754a58b47fe6496edcb475" member_type: VOTER last_known_addr { host: "127.10.234.3" port: 45029 } }
I20260710 11:01:40.622073 11991 raft_consensus.cc:385] T 944715b2c6404db29f92f4b271091fc8 P e403a31ec7984076afd380fa893abb00 [term 0 FOLLOWER]: Consensus starting up: Expiring failure detector timer to make a prompt election more likely
I20260710 11:01:40.622349 11991 raft_consensus.cc:740] T 944715b2c6404db29f92f4b271091fc8 P e403a31ec7984076afd380fa893abb00 [term 0 FOLLOWER]: Becoming Follower/Learner. State: Replica: e403a31ec7984076afd380fa893abb00, State: Initialized, Role: FOLLOWER
I20260710 11:01:40.623078 11991 consensus_queue.cc:260] T 944715b2c6404db29f92f4b271091fc8 P e403a31ec7984076afd380fa893abb00 [NON_LEADER]: Queue going to NON_LEADER mode. State: All replicated index: 0, Majority replicated index: 0, Committed index: 0, Last appended: 0.0, Last appended by leader: 0, Current term: 0, Majority size: -1, State: 0, Mode: NON_LEADER, active raft config: opid_index: -1 OBSOLETE_local: false peers { permanent_uuid: "10d28cf621d140efa82343880a022ffc" member_type: VOTER last_known_addr { host: "127.10.234.2" port: 43607 } } peers { permanent_uuid: "e403a31ec7984076afd380fa893abb00" member_type: VOTER last_known_addr { host: "127.10.234.1" port: 39683 } } peers { permanent_uuid: "184bea76ce754a58b47fe6496edcb475" member_type: VOTER last_known_addr { host: "127.10.234.3" port: 45029 } }
I20260710 11:01:40.626618 11999 raft_consensus.cc:515] T 740072a2db3046aaa936313decef81d9 P e403a31ec7984076afd380fa893abb00 [term 1 FOLLOWER]: Starting leader election with config: opid_index: -1 OBSOLETE_local: false peers { permanent_uuid: "e403a31ec7984076afd380fa893abb00" member_type: VOTER last_known_addr { host: "127.10.234.1" port: 39683 } } peers { permanent_uuid: "10d28cf621d140efa82343880a022ffc" member_type: VOTER last_known_addr { host: "127.10.234.2" port: 43607 } } peers { permanent_uuid: "184bea76ce754a58b47fe6496edcb475" member_type: VOTER last_known_addr { host: "127.10.234.3" port: 45029 } }
I20260710 11:01:40.629489 11873 tablet_service.cc:1917] Received RequestConsensusVote() RPC: tablet_id: "740072a2db3046aaa936313decef81d9" candidate_uuid: "e403a31ec7984076afd380fa893abb00" candidate_term: 1 candidate_status { last_received { term: 0 index: 0 } } ignore_live_leader: false dest_uuid: "10d28cf621d140efa82343880a022ffc"
I20260710 11:01:40.630033 11873 raft_consensus.cc:3060] T 740072a2db3046aaa936313decef81d9 P 10d28cf621d140efa82343880a022ffc [term 0 FOLLOWER]: Advancing to term 1
I20260710 11:01:40.636682 11873 raft_consensus.cc:2468] T 740072a2db3046aaa936313decef81d9 P 10d28cf621d140efa82343880a022ffc [term 1 FOLLOWER]: Leader election vote request: Granting yes vote for candidate e403a31ec7984076afd380fa893abb00 in term 1.
I20260710 11:01:40.637823 11762 leader_election.cc:304] T 740072a2db3046aaa936313decef81d9 P e403a31ec7984076afd380fa893abb00 [CANDIDATE]: Term 1 election: Election decided. Result: candidate won. Election summary: received 2 responses out of 3 voters: 2 yes votes; 0 no votes. yes voters: 10d28cf621d140efa82343880a022ffc, e403a31ec7984076afd380fa893abb00; no voters: 
I20260710 11:01:40.640780 11947 tablet_service.cc:1917] Received RequestConsensusVote() RPC: tablet_id: "740072a2db3046aaa936313decef81d9" candidate_uuid: "e403a31ec7984076afd380fa893abb00" candidate_term: 1 candidate_status { last_received { term: 0 index: 0 } } ignore_live_leader: false dest_uuid: "184bea76ce754a58b47fe6496edcb475"
I20260710 11:01:40.641314 11947 raft_consensus.cc:3060] T 740072a2db3046aaa936313decef81d9 P 184bea76ce754a58b47fe6496edcb475 [term 0 FOLLOWER]: Advancing to term 1
I20260710 11:01:40.647819 11947 raft_consensus.cc:2468] T 740072a2db3046aaa936313decef81d9 P 184bea76ce754a58b47fe6496edcb475 [term 1 FOLLOWER]: Leader election vote request: Granting yes vote for candidate e403a31ec7984076afd380fa893abb00 in term 1.
I20260710 11:01:40.650997 11999 leader_election.cc:290] T 740072a2db3046aaa936313decef81d9 P e403a31ec7984076afd380fa893abb00 [CANDIDATE]: Term 1 election: Requested vote from peers 10d28cf621d140efa82343880a022ffc (127.10.234.2:43607), 184bea76ce754a58b47fe6496edcb475 (127.10.234.3:45029)
I20260710 11:01:40.651569 11946 tablet_service.cc:1917] Received RequestConsensusVote() RPC: tablet_id: "1f7526b121c84c6187727afbcc833ae7" candidate_uuid: "10d28cf621d140efa82343880a022ffc" candidate_term: 1 candidate_status { last_received { term: 0 index: 0 } } ignore_live_leader: false dest_uuid: "184bea76ce754a58b47fe6496edcb475"
W20260710 11:01:40.652976 11838 leader_election.cc:343] T 1f7526b121c84c6187727afbcc833ae7 P 10d28cf621d140efa82343880a022ffc [CANDIDATE]: Term 1 election: Tablet error from VoteRequest() call to peer 184bea76ce754a58b47fe6496edcb475 (127.10.234.3:45029): Illegal state: must be running to vote when last-logged opid is not known
I20260710 11:01:40.652136 11990 leader_election.cc:290] T 1f7526b121c84c6187727afbcc833ae7 P 10d28cf621d140efa82343880a022ffc [CANDIDATE]: Term 1 election: Requested vote from peers e403a31ec7984076afd380fa893abb00 (127.10.234.1:39683), 184bea76ce754a58b47fe6496edcb475 (127.10.234.3:45029)
I20260710 11:01:40.658262 12025 raft_consensus.cc:2804] T 740072a2db3046aaa936313decef81d9 P e403a31ec7984076afd380fa893abb00 [term 1 FOLLOWER]: Leader election won for term 1
I20260710 11:01:40.658046 11999 raft_consensus.cc:493] T f47f7928ee6d4478b6277f67311daf79 P e403a31ec7984076afd380fa893abb00 [term 0 FOLLOWER]: Starting pre-election (no leader contacted us within the election timeout)
I20260710 11:01:40.658855 12025 raft_consensus.cc:697] T 740072a2db3046aaa936313decef81d9 P e403a31ec7984076afd380fa893abb00 [term 1 LEADER]: Becoming Leader. State: Replica: e403a31ec7984076afd380fa893abb00, State: Running, Role: LEADER
I20260710 11:01:40.659425 11990 raft_consensus.cc:2804] T 1f7526b121c84c6187727afbcc833ae7 P 10d28cf621d140efa82343880a022ffc [term 1 FOLLOWER]: Leader election won for term 1
I20260710 11:01:40.660286 12025 consensus_queue.cc:237] T 740072a2db3046aaa936313decef81d9 P e403a31ec7984076afd380fa893abb00 [LEADER]: Queue going to LEADER mode. State: All replicated index: 0, Majority replicated index: 0, Committed index: 0, Last appended: 0.0, Last appended by leader: 0, Current term: 1, Majority size: 2, State: 0, Mode: LEADER, active raft config: opid_index: -1 OBSOLETE_local: false peers { permanent_uuid: "e403a31ec7984076afd380fa893abb00" member_type: VOTER last_known_addr { host: "127.10.234.1" port: 39683 } } peers { permanent_uuid: "10d28cf621d140efa82343880a022ffc" member_type: VOTER last_known_addr { host: "127.10.234.2" port: 43607 } } peers { permanent_uuid: "184bea76ce754a58b47fe6496edcb475" member_type: VOTER last_known_addr { host: "127.10.234.3" port: 45029 } }
I20260710 11:01:40.662227 11990 raft_consensus.cc:697] T 1f7526b121c84c6187727afbcc833ae7 P 10d28cf621d140efa82343880a022ffc [term 1 LEADER]: Becoming Leader. State: Replica: 10d28cf621d140efa82343880a022ffc, State: Running, Role: LEADER
I20260710 11:01:40.659979 11999 raft_consensus.cc:515] T f47f7928ee6d4478b6277f67311daf79 P e403a31ec7984076afd380fa893abb00 [term 0 FOLLOWER]: Starting pre-election with config: opid_index: -1 OBSOLETE_local: false peers { permanent_uuid: "e403a31ec7984076afd380fa893abb00" member_type: VOTER last_known_addr { host: "127.10.234.1" port: 39683 } } peers { permanent_uuid: "10d28cf621d140efa82343880a022ffc" member_type: VOTER last_known_addr { host: "127.10.234.2" port: 43607 } } peers { permanent_uuid: "184bea76ce754a58b47fe6496edcb475" member_type: VOTER last_known_addr { host: "127.10.234.3" port: 45029 } }
I20260710 11:01:40.663872 11990 consensus_queue.cc:237] T 1f7526b121c84c6187727afbcc833ae7 P 10d28cf621d140efa82343880a022ffc [LEADER]: Queue going to LEADER mode. State: All replicated index: 0, Majority replicated index: 0, Committed index: 0, Last appended: 0.0, Last appended by leader: 0, Current term: 1, Majority size: 2, State: 0, Mode: LEADER, active raft config: opid_index: -1 OBSOLETE_local: false peers { permanent_uuid: "e403a31ec7984076afd380fa893abb00" member_type: VOTER last_known_addr { host: "127.10.234.1" port: 39683 } } peers { permanent_uuid: "10d28cf621d140efa82343880a022ffc" member_type: VOTER last_known_addr { host: "127.10.234.2" port: 43607 } } peers { permanent_uuid: "184bea76ce754a58b47fe6496edcb475" member_type: VOTER last_known_addr { host: "127.10.234.3" port: 45029 } }
I20260710 11:01:40.666946 11987 ts_tablet_manager.cc:1434] T e67f6e35b56846c2a1a043de709d5eba P 10d28cf621d140efa82343880a022ffc: Time spent starting tablet: real 0.113s	user 0.023s	sys 0.065s
I20260710 11:01:40.668447 11995 raft_consensus.cc:493] T 1e8cd834be764ee2995c6f5f7b547689 P 184bea76ce754a58b47fe6496edcb475 [term 0 FOLLOWER]: Starting pre-election (no leader contacted us within the election timeout)
W20260710 11:01:40.668612 11744 auto_rebalancer.cc:288] Could not retrieve cluster info: Service unavailable: Tablet not running
I20260710 11:01:40.668865 11995 raft_consensus.cc:515] T 1e8cd834be764ee2995c6f5f7b547689 P 184bea76ce754a58b47fe6496edcb475 [term 0 FOLLOWER]: Starting pre-election with config: opid_index: -1 OBSOLETE_local: false peers { permanent_uuid: "e403a31ec7984076afd380fa893abb00" member_type: VOTER last_known_addr { host: "127.10.234.1" port: 39683 } } peers { permanent_uuid: "10d28cf621d140efa82343880a022ffc" member_type: VOTER last_known_addr { host: "127.10.234.2" port: 43607 } } peers { permanent_uuid: "184bea76ce754a58b47fe6496edcb475" member_type: VOTER last_known_addr { host: "127.10.234.3" port: 45029 } }
I20260710 11:01:40.670693 11995 leader_election.cc:290] T 1e8cd834be764ee2995c6f5f7b547689 P 184bea76ce754a58b47fe6496edcb475 [CANDIDATE]: Term 1 pre-election: Requested pre-vote from peers e403a31ec7984076afd380fa893abb00 (127.10.234.1:39683), 10d28cf621d140efa82343880a022ffc (127.10.234.2:43607)
I20260710 11:01:40.672302 11797 tablet_service.cc:1917] Received RequestConsensusVote() RPC: tablet_id: "1e8cd834be764ee2995c6f5f7b547689" candidate_uuid: "184bea76ce754a58b47fe6496edcb475" candidate_term: 1 candidate_status { last_received { term: 0 index: 0 } } ignore_live_leader: false dest_uuid: "e403a31ec7984076afd380fa893abb00" is_pre_election: true
I20260710 11:01:40.672894 11797 raft_consensus.cc:2468] T 1e8cd834be764ee2995c6f5f7b547689 P e403a31ec7984076afd380fa893abb00 [term 0 FOLLOWER]: Leader pre-election vote request: Granting yes vote for candidate 184bea76ce754a58b47fe6496edcb475 in term 0.
I20260710 11:01:40.673810 11873 tablet_service.cc:1917] Received RequestConsensusVote() RPC: tablet_id: "1e8cd834be764ee2995c6f5f7b547689" candidate_uuid: "184bea76ce754a58b47fe6496edcb475" candidate_term: 1 candidate_status { last_received { term: 0 index: 0 } } ignore_live_leader: false dest_uuid: "10d28cf621d140efa82343880a022ffc" is_pre_election: true
I20260710 11:01:40.673986 11987 tablet_bootstrap.cc:492] T 064d4fcc2d644892a4ecdec169342c63 P 10d28cf621d140efa82343880a022ffc: Bootstrap starting.
I20260710 11:01:40.674386 11873 raft_consensus.cc:2468] T 1e8cd834be764ee2995c6f5f7b547689 P 10d28cf621d140efa82343880a022ffc [term 0 FOLLOWER]: Leader pre-election vote request: Granting yes vote for candidate 184bea76ce754a58b47fe6496edcb475 in term 0.
I20260710 11:01:40.675240 11911 leader_election.cc:304] T 1e8cd834be764ee2995c6f5f7b547689 P 184bea76ce754a58b47fe6496edcb475 [CANDIDATE]: Term 1 pre-election: Election decided. Result: candidate won. Election summary: received 2 responses out of 3 voters: 2 yes votes; 0 no votes. yes voters: 184bea76ce754a58b47fe6496edcb475, e403a31ec7984076afd380fa893abb00; no voters: 
I20260710 11:01:40.675537 12026 raft_consensus.cc:493] T 944715b2c6404db29f92f4b271091fc8 P e403a31ec7984076afd380fa893abb00 [term 0 FOLLOWER]: Starting pre-election (no leader contacted us within the election timeout)
I20260710 11:01:40.676513 11995 raft_consensus.cc:2804] T 1e8cd834be764ee2995c6f5f7b547689 P 184bea76ce754a58b47fe6496edcb475 [term 0 FOLLOWER]: Leader pre-election won for term 1
I20260710 11:01:40.676254 12026 raft_consensus.cc:515] T 944715b2c6404db29f92f4b271091fc8 P e403a31ec7984076afd380fa893abb00 [term 0 FOLLOWER]: Starting pre-election with config: opid_index: -1 OBSOLETE_local: false peers { permanent_uuid: "10d28cf621d140efa82343880a022ffc" member_type: VOTER last_known_addr { host: "127.10.234.2" port: 43607 } } peers { permanent_uuid: "e403a31ec7984076afd380fa893abb00" member_type: VOTER last_known_addr { host: "127.10.234.1" port: 39683 } } peers { permanent_uuid: "184bea76ce754a58b47fe6496edcb475" member_type: VOTER last_known_addr { host: "127.10.234.3" port: 45029 } }
I20260710 11:01:40.676887 11995 raft_consensus.cc:493] T 1e8cd834be764ee2995c6f5f7b547689 P 184bea76ce754a58b47fe6496edcb475 [term 0 FOLLOWER]: Starting leader election (no leader contacted us within the election timeout)
I20260710 11:01:40.677223 11995 raft_consensus.cc:3060] T 1e8cd834be764ee2995c6f5f7b547689 P 184bea76ce754a58b47fe6496edcb475 [term 0 FOLLOWER]: Advancing to term 1
I20260710 11:01:40.679373 11946 tablet_service.cc:1917] Received RequestConsensusVote() RPC: tablet_id: "944715b2c6404db29f92f4b271091fc8" candidate_uuid: "e403a31ec7984076afd380fa893abb00" candidate_term: 1 candidate_status { last_received { term: 0 index: 0 } } ignore_live_leader: false dest_uuid: "184bea76ce754a58b47fe6496edcb475" is_pre_election: true
I20260710 11:01:40.680719 11873 tablet_service.cc:1917] Received RequestConsensusVote() RPC: tablet_id: "944715b2c6404db29f92f4b271091fc8" candidate_uuid: "e403a31ec7984076afd380fa893abb00" candidate_term: 1 candidate_status { last_received { term: 0 index: 0 } } ignore_live_leader: false dest_uuid: "10d28cf621d140efa82343880a022ffc" is_pre_election: true
I20260710 11:01:40.680985 12026 leader_election.cc:290] T 944715b2c6404db29f92f4b271091fc8 P e403a31ec7984076afd380fa893abb00 [CANDIDATE]: Term 1 pre-election: Requested pre-vote from peers 10d28cf621d140efa82343880a022ffc (127.10.234.2:43607), 184bea76ce754a58b47fe6496edcb475 (127.10.234.3:45029)
I20260710 11:01:40.685395 11995 raft_consensus.cc:515] T 1e8cd834be764ee2995c6f5f7b547689 P 184bea76ce754a58b47fe6496edcb475 [term 1 FOLLOWER]: Starting leader election with config: opid_index: -1 OBSOLETE_local: false peers { permanent_uuid: "e403a31ec7984076afd380fa893abb00" member_type: VOTER last_known_addr { host: "127.10.234.1" port: 39683 } } peers { permanent_uuid: "10d28cf621d140efa82343880a022ffc" member_type: VOTER last_known_addr { host: "127.10.234.2" port: 43607 } } peers { permanent_uuid: "184bea76ce754a58b47fe6496edcb475" member_type: VOTER last_known_addr { host: "127.10.234.3" port: 45029 } }
I20260710 11:01:40.688462 11872 tablet_service.cc:1917] Received RequestConsensusVote() RPC: tablet_id: "1e8cd834be764ee2995c6f5f7b547689" candidate_uuid: "184bea76ce754a58b47fe6496edcb475" candidate_term: 1 candidate_status { last_received { term: 0 index: 0 } } ignore_live_leader: false dest_uuid: "10d28cf621d140efa82343880a022ffc"
I20260710 11:01:40.689091 11872 raft_consensus.cc:3060] T 1e8cd834be764ee2995c6f5f7b547689 P 10d28cf621d140efa82343880a022ffc [term 0 FOLLOWER]: Advancing to term 1
I20260710 11:01:40.689697 11946 tablet_service.cc:1917] Received RequestConsensusVote() RPC: tablet_id: "f47f7928ee6d4478b6277f67311daf79" candidate_uuid: "e403a31ec7984076afd380fa893abb00" candidate_term: 1 candidate_status { last_received { term: 0 index: 0 } } ignore_live_leader: false dest_uuid: "184bea76ce754a58b47fe6496edcb475" is_pre_election: true
W20260710 11:01:40.691146 11763 leader_election.cc:343] T f47f7928ee6d4478b6277f67311daf79 P e403a31ec7984076afd380fa893abb00 [CANDIDATE]: Term 1 pre-election: Tablet error from VoteRequest() call to peer 184bea76ce754a58b47fe6496edcb475 (127.10.234.3:45029): Illegal state: must be running to vote when last-logged opid is not known
I20260710 11:01:40.692811 11873 raft_consensus.cc:2393] T 944715b2c6404db29f92f4b271091fc8 P 10d28cf621d140efa82343880a022ffc [term 1 FOLLOWER]: Leader pre-election vote request: Denying vote to candidate e403a31ec7984076afd380fa893abb00 in current term 1: Already voted for candidate 184bea76ce754a58b47fe6496edcb475 in this term.
I20260710 11:01:40.692768 11871 tablet_service.cc:1917] Received RequestConsensusVote() RPC: tablet_id: "f47f7928ee6d4478b6277f67311daf79" candidate_uuid: "e403a31ec7984076afd380fa893abb00" candidate_term: 1 candidate_status { last_received { term: 0 index: 0 } } ignore_live_leader: false dest_uuid: "10d28cf621d140efa82343880a022ffc" is_pre_election: true
I20260710 11:01:40.693552 11871 raft_consensus.cc:2468] T f47f7928ee6d4478b6277f67311daf79 P 10d28cf621d140efa82343880a022ffc [term 0 FOLLOWER]: Leader pre-election vote request: Granting yes vote for candidate e403a31ec7984076afd380fa893abb00 in term 0.
I20260710 11:01:40.694187 11762 leader_election.cc:304] T 944715b2c6404db29f92f4b271091fc8 P e403a31ec7984076afd380fa893abb00 [CANDIDATE]: Term 1 pre-election: Election decided. Result: candidate lost. Election summary: received 3 responses out of 3 voters: 1 yes votes; 2 no votes. yes voters: e403a31ec7984076afd380fa893abb00; no voters: 10d28cf621d140efa82343880a022ffc, 184bea76ce754a58b47fe6496edcb475
I20260710 11:01:40.695413 11762 leader_election.cc:304] T f47f7928ee6d4478b6277f67311daf79 P e403a31ec7984076afd380fa893abb00 [CANDIDATE]: Term 1 pre-election: Election decided. Result: candidate won. Election summary: received 3 responses out of 3 voters: 2 yes votes; 1 no votes. yes voters: 10d28cf621d140efa82343880a022ffc, e403a31ec7984076afd380fa893abb00; no voters: 184bea76ce754a58b47fe6496edcb475
I20260710 11:01:40.686820 11987 tablet_bootstrap.cc:654] T 064d4fcc2d644892a4ecdec169342c63 P 10d28cf621d140efa82343880a022ffc: Neither blocks nor log segments found. Creating new log.
I20260710 11:01:40.695371 11797 tablet_service.cc:1917] Received RequestConsensusVote() RPC: tablet_id: "1e8cd834be764ee2995c6f5f7b547689" candidate_uuid: "184bea76ce754a58b47fe6496edcb475" candidate_term: 1 candidate_status { last_received { term: 0 index: 0 } } ignore_live_leader: false dest_uuid: "e403a31ec7984076afd380fa893abb00"
I20260710 11:01:40.699488 11797 raft_consensus.cc:3060] T 1e8cd834be764ee2995c6f5f7b547689 P e403a31ec7984076afd380fa893abb00 [term 0 FOLLOWER]: Advancing to term 1
I20260710 11:01:40.698849 11999 leader_election.cc:290] T f47f7928ee6d4478b6277f67311daf79 P e403a31ec7984076afd380fa893abb00 [CANDIDATE]: Term 1 pre-election: Requested pre-vote from peers 10d28cf621d140efa82343880a022ffc (127.10.234.2:43607), 184bea76ce754a58b47fe6496edcb475 (127.10.234.3:45029)
I20260710 11:01:40.700443 11999 raft_consensus.cc:2804] T f47f7928ee6d4478b6277f67311daf79 P e403a31ec7984076afd380fa893abb00 [term 0 FOLLOWER]: Leader pre-election won for term 1
I20260710 11:01:40.701085 11999 raft_consensus.cc:493] T f47f7928ee6d4478b6277f67311daf79 P e403a31ec7984076afd380fa893abb00 [term 0 FOLLOWER]: Starting leader election (no leader contacted us within the election timeout)
I20260710 11:01:40.701493 11999 raft_consensus.cc:3060] T f47f7928ee6d4478b6277f67311daf79 P e403a31ec7984076afd380fa893abb00 [term 0 FOLLOWER]: Advancing to term 1
I20260710 11:01:40.706045 11797 raft_consensus.cc:2468] T 1e8cd834be764ee2995c6f5f7b547689 P e403a31ec7984076afd380fa893abb00 [term 1 FOLLOWER]: Leader election vote request: Granting yes vote for candidate 184bea76ce754a58b47fe6496edcb475 in term 1.
I20260710 11:01:40.700894 12026 raft_consensus.cc:3060] T 944715b2c6404db29f92f4b271091fc8 P e403a31ec7984076afd380fa893abb00 [term 0 FOLLOWER]: Advancing to term 1
I20260710 11:01:40.707286 11911 leader_election.cc:304] T 1e8cd834be764ee2995c6f5f7b547689 P 184bea76ce754a58b47fe6496edcb475 [CANDIDATE]: Term 1 election: Election decided. Result: candidate won. Election summary: received 2 responses out of 3 voters: 2 yes votes; 0 no votes. yes voters: 184bea76ce754a58b47fe6496edcb475, e403a31ec7984076afd380fa893abb00; no voters: 
I20260710 11:01:40.687271 11995 leader_election.cc:290] T 1e8cd834be764ee2995c6f5f7b547689 P 184bea76ce754a58b47fe6496edcb475 [CANDIDATE]: Term 1 election: Requested vote from peers e403a31ec7984076afd380fa893abb00 (127.10.234.1:39683), 10d28cf621d140efa82343880a022ffc (127.10.234.2:43607)
I20260710 11:01:40.712442 11993 raft_consensus.cc:2804] T 1e8cd834be764ee2995c6f5f7b547689 P 184bea76ce754a58b47fe6496edcb475 [term 1 FOLLOWER]: Leader election won for term 1
I20260710 11:01:40.713276 11872 raft_consensus.cc:2468] T 1e8cd834be764ee2995c6f5f7b547689 P 10d28cf621d140efa82343880a022ffc [term 1 FOLLOWER]: Leader election vote request: Granting yes vote for candidate 184bea76ce754a58b47fe6496edcb475 in term 1.
I20260710 11:01:40.716243 11993 raft_consensus.cc:697] T 1e8cd834be764ee2995c6f5f7b547689 P 184bea76ce754a58b47fe6496edcb475 [term 1 LEADER]: Becoming Leader. State: Replica: 184bea76ce754a58b47fe6496edcb475, State: Running, Role: LEADER
I20260710 11:01:40.717031 11993 consensus_queue.cc:237] T 1e8cd834be764ee2995c6f5f7b547689 P 184bea76ce754a58b47fe6496edcb475 [LEADER]: Queue going to LEADER mode. State: All replicated index: 0, Majority replicated index: 0, Committed index: 0, Last appended: 0.0, Last appended by leader: 0, Current term: 1, Majority size: 2, State: 0, Mode: LEADER, active raft config: opid_index: -1 OBSOLETE_local: false peers { permanent_uuid: "e403a31ec7984076afd380fa893abb00" member_type: VOTER last_known_addr { host: "127.10.234.1" port: 39683 } } peers { permanent_uuid: "10d28cf621d140efa82343880a022ffc" member_type: VOTER last_known_addr { host: "127.10.234.2" port: 43607 } } peers { permanent_uuid: "184bea76ce754a58b47fe6496edcb475" member_type: VOTER last_known_addr { host: "127.10.234.3" port: 45029 } }
I20260710 11:01:40.718370 11991 ts_tablet_manager.cc:1434] T 944715b2c6404db29f92f4b271091fc8 P e403a31ec7984076afd380fa893abb00: Time spent starting tablet: real 0.099s	user 0.017s	sys 0.040s
I20260710 11:01:40.719295 11991 tablet_bootstrap.cc:492] T 631c3ee2f41b423fa80921ee58764909 P e403a31ec7984076afd380fa893abb00: Bootstrap starting.
I20260710 11:01:40.718732 11696 catalog_manager.cc:5697] T 740072a2db3046aaa936313decef81d9 P e403a31ec7984076afd380fa893abb00 reported cstate change: term changed from 0 to 1, leader changed from <none> to e403a31ec7984076afd380fa893abb00 (127.10.234.1). New cstate: current_term: 1 leader_uuid: "e403a31ec7984076afd380fa893abb00" committed_config { opid_index: -1 OBSOLETE_local: false peers { permanent_uuid: "e403a31ec7984076afd380fa893abb00" member_type: VOTER last_known_addr { host: "127.10.234.1" port: 39683 } health_report { overall_health: HEALTHY } } peers { permanent_uuid: "10d28cf621d140efa82343880a022ffc" member_type: VOTER last_known_addr { host: "127.10.234.2" port: 43607 } health_report { overall_health: UNKNOWN } } peers { permanent_uuid: "184bea76ce754a58b47fe6496edcb475" member_type: VOTER last_known_addr { host: "127.10.234.3" port: 45029 } health_report { overall_health: UNKNOWN } } }
I20260710 11:01:40.720103 11988 tablet_bootstrap.cc:492] T 1f7526b121c84c6187727afbcc833ae7 P 184bea76ce754a58b47fe6496edcb475: No bootstrap required, opened a new log
I20260710 11:01:40.720503 11988 ts_tablet_manager.cc:1403] T 1f7526b121c84c6187727afbcc833ae7 P 184bea76ce754a58b47fe6496edcb475: Time spent bootstrapping tablet: real 0.129s	user 0.042s	sys 0.059s
I20260710 11:01:40.721141 12018 raft_consensus.cc:493] T 390df53a4bea4c3292f2a6e7c5fc75d6 P 10d28cf621d140efa82343880a022ffc [term 0 FOLLOWER]: Starting pre-election (no leader contacted us within the election timeout)
I20260710 11:01:40.721570 12018 raft_consensus.cc:515] T 390df53a4bea4c3292f2a6e7c5fc75d6 P 10d28cf621d140efa82343880a022ffc [term 0 FOLLOWER]: Starting pre-election with config: opid_index: -1 OBSOLETE_local: false peers { permanent_uuid: "e403a31ec7984076afd380fa893abb00" member_type: VOTER last_known_addr { host: "127.10.234.1" port: 39683 } } peers { permanent_uuid: "10d28cf621d140efa82343880a022ffc" member_type: VOTER last_known_addr { host: "127.10.234.2" port: 43607 } } peers { permanent_uuid: "184bea76ce754a58b47fe6496edcb475" member_type: VOTER last_known_addr { host: "127.10.234.3" port: 45029 } }
I20260710 11:01:40.724888 11797 tablet_service.cc:1917] Received RequestConsensusVote() RPC: tablet_id: "390df53a4bea4c3292f2a6e7c5fc75d6" candidate_uuid: "10d28cf621d140efa82343880a022ffc" candidate_term: 1 candidate_status { last_received { term: 0 index: 0 } } ignore_live_leader: false dest_uuid: "e403a31ec7984076afd380fa893abb00" is_pre_election: true
I20260710 11:01:40.725435 11797 raft_consensus.cc:2468] T 390df53a4bea4c3292f2a6e7c5fc75d6 P e403a31ec7984076afd380fa893abb00 [term 0 FOLLOWER]: Leader pre-election vote request: Granting yes vote for candidate 10d28cf621d140efa82343880a022ffc in term 0.
I20260710 11:01:40.725984 11991 tablet_bootstrap.cc:654] T 631c3ee2f41b423fa80921ee58764909 P e403a31ec7984076afd380fa893abb00: Neither blocks nor log segments found. Creating new log.
I20260710 11:01:40.726432 11837 leader_election.cc:304] T 390df53a4bea4c3292f2a6e7c5fc75d6 P 10d28cf621d140efa82343880a022ffc [CANDIDATE]: Term 1 pre-election: Election decided. Result: candidate won. Election summary: received 2 responses out of 3 voters: 2 yes votes; 0 no votes. yes voters: 10d28cf621d140efa82343880a022ffc, e403a31ec7984076afd380fa893abb00; no voters: 
I20260710 11:01:40.727259 12027 raft_consensus.cc:2804] T 390df53a4bea4c3292f2a6e7c5fc75d6 P 10d28cf621d140efa82343880a022ffc [term 0 FOLLOWER]: Leader pre-election won for term 1
I20260710 11:01:40.727619 12027 raft_consensus.cc:493] T 390df53a4bea4c3292f2a6e7c5fc75d6 P 10d28cf621d140efa82343880a022ffc [term 0 FOLLOWER]: Starting leader election (no leader contacted us within the election timeout)
I20260710 11:01:40.727937 12027 raft_consensus.cc:3060] T 390df53a4bea4c3292f2a6e7c5fc75d6 P 10d28cf621d140efa82343880a022ffc [term 0 FOLLOWER]: Advancing to term 1
I20260710 11:01:40.734041 12027 raft_consensus.cc:515] T 390df53a4bea4c3292f2a6e7c5fc75d6 P 10d28cf621d140efa82343880a022ffc [term 1 FOLLOWER]: Starting leader election with config: opid_index: -1 OBSOLETE_local: false peers { permanent_uuid: "e403a31ec7984076afd380fa893abb00" member_type: VOTER last_known_addr { host: "127.10.234.1" port: 39683 } } peers { permanent_uuid: "10d28cf621d140efa82343880a022ffc" member_type: VOTER last_known_addr { host: "127.10.234.2" port: 43607 } } peers { permanent_uuid: "184bea76ce754a58b47fe6496edcb475" member_type: VOTER last_known_addr { host: "127.10.234.3" port: 45029 } }
I20260710 11:01:40.734903 11696 catalog_manager.cc:5697] T 1f7526b121c84c6187727afbcc833ae7 P 10d28cf621d140efa82343880a022ffc reported cstate change: term changed from 0 to 1, leader changed from <none> to 10d28cf621d140efa82343880a022ffc (127.10.234.2). New cstate: current_term: 1 leader_uuid: "10d28cf621d140efa82343880a022ffc" committed_config { opid_index: -1 OBSOLETE_local: false peers { permanent_uuid: "e403a31ec7984076afd380fa893abb00" member_type: VOTER last_known_addr { host: "127.10.234.1" port: 39683 } health_report { overall_health: UNKNOWN } } peers { permanent_uuid: "10d28cf621d140efa82343880a022ffc" member_type: VOTER last_known_addr { host: "127.10.234.2" port: 43607 } health_report { overall_health: HEALTHY } } peers { permanent_uuid: "184bea76ce754a58b47fe6496edcb475" member_type: VOTER last_known_addr { host: "127.10.234.3" port: 45029 } health_report { overall_health: UNKNOWN } } }
I20260710 11:01:40.735605 11993 raft_consensus.cc:493] T 0129d9cf9da04af88f92817d6eac31ab P 184bea76ce754a58b47fe6496edcb475 [term 0 FOLLOWER]: Starting pre-election (no leader contacted us within the election timeout)
I20260710 11:01:40.737197 11993 raft_consensus.cc:515] T 0129d9cf9da04af88f92817d6eac31ab P 184bea76ce754a58b47fe6496edcb475 [term 0 FOLLOWER]: Starting pre-election with config: opid_index: -1 OBSOLETE_local: false peers { permanent_uuid: "e403a31ec7984076afd380fa893abb00" member_type: VOTER last_known_addr { host: "127.10.234.1" port: 39683 } } peers { permanent_uuid: "10d28cf621d140efa82343880a022ffc" member_type: VOTER last_known_addr { host: "127.10.234.2" port: 43607 } } peers { permanent_uuid: "184bea76ce754a58b47fe6496edcb475" member_type: VOTER last_known_addr { host: "127.10.234.3" port: 45029 } }
I20260710 11:01:40.739990 11946 tablet_service.cc:1917] Received RequestConsensusVote() RPC: tablet_id: "390df53a4bea4c3292f2a6e7c5fc75d6" candidate_uuid: "10d28cf621d140efa82343880a022ffc" candidate_term: 1 candidate_status { last_received { term: 0 index: 0 } } ignore_live_leader: false dest_uuid: "184bea76ce754a58b47fe6496edcb475" is_pre_election: true
I20260710 11:01:40.740589 11946 raft_consensus.cc:2468] T 390df53a4bea4c3292f2a6e7c5fc75d6 P 184bea76ce754a58b47fe6496edcb475 [term 0 FOLLOWER]: Leader pre-election vote request: Granting yes vote for candidate 10d28cf621d140efa82343880a022ffc in term 0.
I20260710 11:01:40.740741 11798 tablet_service.cc:1917] Received RequestConsensusVote() RPC: tablet_id: "0129d9cf9da04af88f92817d6eac31ab" candidate_uuid: "184bea76ce754a58b47fe6496edcb475" candidate_term: 1 candidate_status { last_received { term: 0 index: 0 } } ignore_live_leader: false dest_uuid: "e403a31ec7984076afd380fa893abb00" is_pre_election: true
I20260710 11:01:40.741314 11798 raft_consensus.cc:2468] T 0129d9cf9da04af88f92817d6eac31ab P e403a31ec7984076afd380fa893abb00 [term 0 FOLLOWER]: Leader pre-election vote request: Granting yes vote for candidate 184bea76ce754a58b47fe6496edcb475 in term 0.
I20260710 11:01:40.741578 12018 leader_election.cc:290] T 390df53a4bea4c3292f2a6e7c5fc75d6 P 10d28cf621d140efa82343880a022ffc [CANDIDATE]: Term 1 pre-election: Requested pre-vote from peers e403a31ec7984076afd380fa893abb00 (127.10.234.1:39683), 184bea76ce754a58b47fe6496edcb475 (127.10.234.3:45029)
I20260710 11:01:40.743402 11872 tablet_service.cc:1917] Received RequestConsensusVote() RPC: tablet_id: "0129d9cf9da04af88f92817d6eac31ab" candidate_uuid: "184bea76ce754a58b47fe6496edcb475" candidate_term: 1 candidate_status { last_received { term: 0 index: 0 } } ignore_live_leader: false dest_uuid: "10d28cf621d140efa82343880a022ffc" is_pre_election: true
I20260710 11:01:40.743980 11872 raft_consensus.cc:2468] T 0129d9cf9da04af88f92817d6eac31ab P 10d28cf621d140efa82343880a022ffc [term 0 FOLLOWER]: Leader pre-election vote request: Granting yes vote for candidate 184bea76ce754a58b47fe6496edcb475 in term 0.
I20260710 11:01:40.744098 11797 tablet_service.cc:1917] Received RequestConsensusVote() RPC: tablet_id: "390df53a4bea4c3292f2a6e7c5fc75d6" candidate_uuid: "10d28cf621d140efa82343880a022ffc" candidate_term: 1 candidate_status { last_received { term: 0 index: 0 } } ignore_live_leader: false dest_uuid: "e403a31ec7984076afd380fa893abb00"
I20260710 11:01:40.744961 11911 leader_election.cc:304] T 0129d9cf9da04af88f92817d6eac31ab P 184bea76ce754a58b47fe6496edcb475 [CANDIDATE]: Term 1 pre-election: Election decided. Result: candidate won. Election summary: received 2 responses out of 3 voters: 2 yes votes; 0 no votes. yes voters: 10d28cf621d140efa82343880a022ffc, 184bea76ce754a58b47fe6496edcb475; no voters: 
I20260710 11:01:40.745779 11993 leader_election.cc:290] T 0129d9cf9da04af88f92817d6eac31ab P 184bea76ce754a58b47fe6496edcb475 [CANDIDATE]: Term 1 pre-election: Requested pre-vote from peers e403a31ec7984076afd380fa893abb00 (127.10.234.1:39683), 10d28cf621d140efa82343880a022ffc (127.10.234.2:43607)
I20260710 11:01:40.746227 11993 raft_consensus.cc:2804] T 0129d9cf9da04af88f92817d6eac31ab P 184bea76ce754a58b47fe6496edcb475 [term 0 FOLLOWER]: Leader pre-election won for term 1
I20260710 11:01:40.746528 11993 raft_consensus.cc:493] T 0129d9cf9da04af88f92817d6eac31ab P 184bea76ce754a58b47fe6496edcb475 [term 0 FOLLOWER]: Starting leader election (no leader contacted us within the election timeout)
I20260710 11:01:40.746907 11993 raft_consensus.cc:3060] T 0129d9cf9da04af88f92817d6eac31ab P 184bea76ce754a58b47fe6496edcb475 [term 0 FOLLOWER]: Advancing to term 1
I20260710 11:01:40.744989 12027 leader_election.cc:290] T 390df53a4bea4c3292f2a6e7c5fc75d6 P 10d28cf621d140efa82343880a022ffc [CANDIDATE]: Term 1 election: Requested vote from peers e403a31ec7984076afd380fa893abb00 (127.10.234.1:39683), 184bea76ce754a58b47fe6496edcb475 (127.10.234.3:45029)
I20260710 11:01:40.746603 11987 tablet_bootstrap.cc:492] T 064d4fcc2d644892a4ecdec169342c63 P 10d28cf621d140efa82343880a022ffc: No bootstrap required, opened a new log
I20260710 11:01:40.747830 11987 ts_tablet_manager.cc:1403] T 064d4fcc2d644892a4ecdec169342c63 P 10d28cf621d140efa82343880a022ffc: Time spent bootstrapping tablet: real 0.074s	user 0.006s	sys 0.005s
I20260710 11:01:40.722899 11988 raft_consensus.cc:359] T 1f7526b121c84c6187727afbcc833ae7 P 184bea76ce754a58b47fe6496edcb475 [term 0 FOLLOWER]: Replica starting. Triggering 0 pending ops. Active config: opid_index: -1 OBSOLETE_local: false peers { permanent_uuid: "e403a31ec7984076afd380fa893abb00" member_type: VOTER last_known_addr { host: "127.10.234.1" port: 39683 } } peers { permanent_uuid: "10d28cf621d140efa82343880a022ffc" member_type: VOTER last_known_addr { host: "127.10.234.2" port: 43607 } } peers { permanent_uuid: "184bea76ce754a58b47fe6496edcb475" member_type: VOTER last_known_addr { host: "127.10.234.3" port: 45029 } }
I20260710 11:01:40.746851 11797 raft_consensus.cc:3060] T 390df53a4bea4c3292f2a6e7c5fc75d6 P e403a31ec7984076afd380fa893abb00 [term 0 FOLLOWER]: Advancing to term 1
I20260710 11:01:40.749593 11988 raft_consensus.cc:385] T 1f7526b121c84c6187727afbcc833ae7 P 184bea76ce754a58b47fe6496edcb475 [term 0 FOLLOWER]: Consensus starting up: Expiring failure detector timer to make a prompt election more likely
I20260710 11:01:40.750073 11988 raft_consensus.cc:740] T 1f7526b121c84c6187727afbcc833ae7 P 184bea76ce754a58b47fe6496edcb475 [term 0 FOLLOWER]: Becoming Follower/Learner. State: Replica: 184bea76ce754a58b47fe6496edcb475, State: Initialized, Role: FOLLOWER
I20260710 11:01:40.714712 11999 raft_consensus.cc:515] T f47f7928ee6d4478b6277f67311daf79 P e403a31ec7984076afd380fa893abb00 [term 1 FOLLOWER]: Starting leader election with config: opid_index: -1 OBSOLETE_local: false peers { permanent_uuid: "e403a31ec7984076afd380fa893abb00" member_type: VOTER last_known_addr { host: "127.10.234.1" port: 39683 } } peers { permanent_uuid: "10d28cf621d140efa82343880a022ffc" member_type: VOTER last_known_addr { host: "127.10.234.2" port: 43607 } } peers { permanent_uuid: "184bea76ce754a58b47fe6496edcb475" member_type: VOTER last_known_addr { host: "127.10.234.3" port: 45029 } }
I20260710 11:01:40.744396 11694 catalog_manager.cc:5697] T 1e8cd834be764ee2995c6f5f7b547689 P 184bea76ce754a58b47fe6496edcb475 reported cstate change: term changed from 0 to 1, leader changed from <none> to 184bea76ce754a58b47fe6496edcb475 (127.10.234.3). New cstate: current_term: 1 leader_uuid: "184bea76ce754a58b47fe6496edcb475" committed_config { opid_index: -1 OBSOLETE_local: false peers { permanent_uuid: "e403a31ec7984076afd380fa893abb00" member_type: VOTER last_known_addr { host: "127.10.234.1" port: 39683 } health_report { overall_health: UNKNOWN } } peers { permanent_uuid: "10d28cf621d140efa82343880a022ffc" member_type: VOTER last_known_addr { host: "127.10.234.2" port: 43607 } health_report { overall_health: UNKNOWN } } peers { permanent_uuid: "184bea76ce754a58b47fe6496edcb475" member_type: VOTER last_known_addr { host: "127.10.234.3" port: 45029 } health_report { overall_health: HEALTHY } } }
I20260710 11:01:40.749145 11946 tablet_service.cc:1917] Received RequestConsensusVote() RPC: tablet_id: "390df53a4bea4c3292f2a6e7c5fc75d6" candidate_uuid: "10d28cf621d140efa82343880a022ffc" candidate_term: 1 candidate_status { last_received { term: 0 index: 0 } } ignore_live_leader: false dest_uuid: "184bea76ce754a58b47fe6496edcb475"
I20260710 11:01:40.751009 11946 raft_consensus.cc:3060] T 390df53a4bea4c3292f2a6e7c5fc75d6 P 184bea76ce754a58b47fe6496edcb475 [term 0 FOLLOWER]: Advancing to term 1
I20260710 11:01:40.752142 11999 leader_election.cc:290] T f47f7928ee6d4478b6277f67311daf79 P e403a31ec7984076afd380fa893abb00 [CANDIDATE]: Term 1 election: Requested vote from peers 10d28cf621d140efa82343880a022ffc (127.10.234.2:43607), 184bea76ce754a58b47fe6496edcb475 (127.10.234.3:45029)
I20260710 11:01:40.752700 11872 tablet_service.cc:1917] Received RequestConsensusVote() RPC: tablet_id: "f47f7928ee6d4478b6277f67311daf79" candidate_uuid: "e403a31ec7984076afd380fa893abb00" candidate_term: 1 candidate_status { last_received { term: 0 index: 0 } } ignore_live_leader: false dest_uuid: "10d28cf621d140efa82343880a022ffc"
I20260710 11:01:40.753094 11947 tablet_service.cc:1917] Received RequestConsensusVote() RPC: tablet_id: "f47f7928ee6d4478b6277f67311daf79" candidate_uuid: "e403a31ec7984076afd380fa893abb00" candidate_term: 1 candidate_status { last_received { term: 0 index: 0 } } ignore_live_leader: false dest_uuid: "184bea76ce754a58b47fe6496edcb475"
I20260710 11:01:40.753225 11872 raft_consensus.cc:3060] T f47f7928ee6d4478b6277f67311daf79 P 10d28cf621d140efa82343880a022ffc [term 0 FOLLOWER]: Advancing to term 1
W20260710 11:01:40.754428 11763 leader_election.cc:343] T f47f7928ee6d4478b6277f67311daf79 P e403a31ec7984076afd380fa893abb00 [CANDIDATE]: Term 1 election: Tablet error from VoteRequest() call to peer 184bea76ce754a58b47fe6496edcb475 (127.10.234.3:45029): Illegal state: must be running to vote when last-logged opid is not known
I20260710 11:01:40.752723 11988 consensus_queue.cc:260] T 1f7526b121c84c6187727afbcc833ae7 P 184bea76ce754a58b47fe6496edcb475 [NON_LEADER]: Queue going to NON_LEADER mode. State: All replicated index: 0, Majority replicated index: 0, Committed index: 0, Last appended: 0.0, Last appended by leader: 0, Current term: 0, Majority size: -1, State: 0, Mode: NON_LEADER, active raft config: opid_index: -1 OBSOLETE_local: false peers { permanent_uuid: "e403a31ec7984076afd380fa893abb00" member_type: VOTER last_known_addr { host: "127.10.234.1" port: 39683 } } peers { permanent_uuid: "10d28cf621d140efa82343880a022ffc" member_type: VOTER last_known_addr { host: "127.10.234.2" port: 43607 } } peers { permanent_uuid: "184bea76ce754a58b47fe6496edcb475" member_type: VOTER last_known_addr { host: "127.10.234.3" port: 45029 } }
I20260710 11:01:40.757380 11988 ts_tablet_manager.cc:1434] T 1f7526b121c84c6187727afbcc833ae7 P 184bea76ce754a58b47fe6496edcb475: Time spent starting tablet: real 0.037s	user 0.006s	sys 0.000s
I20260710 11:01:40.736231 12026 raft_consensus.cc:2749] T 944715b2c6404db29f92f4b271091fc8 P e403a31ec7984076afd380fa893abb00 [term 1 FOLLOWER]: Leader pre-election lost for term 1. Reason: could not achieve majority
I20260710 11:01:40.758194 11988 tablet_bootstrap.cc:492] T f47f7928ee6d4478b6277f67311daf79 P 184bea76ce754a58b47fe6496edcb475: Bootstrap starting.
I20260710 11:01:40.758329 11993 raft_consensus.cc:515] T 0129d9cf9da04af88f92817d6eac31ab P 184bea76ce754a58b47fe6496edcb475 [term 1 FOLLOWER]: Starting leader election with config: opid_index: -1 OBSOLETE_local: false peers { permanent_uuid: "e403a31ec7984076afd380fa893abb00" member_type: VOTER last_known_addr { host: "127.10.234.1" port: 39683 } } peers { permanent_uuid: "10d28cf621d140efa82343880a022ffc" member_type: VOTER last_known_addr { host: "127.10.234.2" port: 43607 } } peers { permanent_uuid: "184bea76ce754a58b47fe6496edcb475" member_type: VOTER last_known_addr { host: "127.10.234.3" port: 45029 } }
I20260710 11:01:40.760363 11993 leader_election.cc:290] T 0129d9cf9da04af88f92817d6eac31ab P 184bea76ce754a58b47fe6496edcb475 [CANDIDATE]: Term 1 election: Requested vote from peers e403a31ec7984076afd380fa893abb00 (127.10.234.1:39683), 10d28cf621d140efa82343880a022ffc (127.10.234.2:43607)
I20260710 11:01:40.762247 11797 raft_consensus.cc:2468] T 390df53a4bea4c3292f2a6e7c5fc75d6 P e403a31ec7984076afd380fa893abb00 [term 1 FOLLOWER]: Leader election vote request: Granting yes vote for candidate 10d28cf621d140efa82343880a022ffc in term 1.
I20260710 11:01:40.762732 11798 tablet_service.cc:1917] Received RequestConsensusVote() RPC: tablet_id: "0129d9cf9da04af88f92817d6eac31ab" candidate_uuid: "184bea76ce754a58b47fe6496edcb475" candidate_term: 1 candidate_status { last_received { term: 0 index: 0 } } ignore_live_leader: false dest_uuid: "e403a31ec7984076afd380fa893abb00"
I20260710 11:01:40.762985 11871 tablet_service.cc:1917] Received RequestConsensusVote() RPC: tablet_id: "0129d9cf9da04af88f92817d6eac31ab" candidate_uuid: "184bea76ce754a58b47fe6496edcb475" candidate_term: 1 candidate_status { last_received { term: 0 index: 0 } } ignore_live_leader: false dest_uuid: "10d28cf621d140efa82343880a022ffc"
I20260710 11:01:40.763293 11798 raft_consensus.cc:3060] T 0129d9cf9da04af88f92817d6eac31ab P e403a31ec7984076afd380fa893abb00 [term 0 FOLLOWER]: Advancing to term 1
I20260710 11:01:40.763535 11871 raft_consensus.cc:3060] T 0129d9cf9da04af88f92817d6eac31ab P 10d28cf621d140efa82343880a022ffc [term 0 FOLLOWER]: Advancing to term 1
I20260710 11:01:40.763242 11837 leader_election.cc:304] T 390df53a4bea4c3292f2a6e7c5fc75d6 P 10d28cf621d140efa82343880a022ffc [CANDIDATE]: Term 1 election: Election decided. Result: candidate won. Election summary: received 2 responses out of 3 voters: 2 yes votes; 0 no votes. yes voters: 10d28cf621d140efa82343880a022ffc, e403a31ec7984076afd380fa893abb00; no voters: 
I20260710 11:01:40.766713 11987 raft_consensus.cc:359] T 064d4fcc2d644892a4ecdec169342c63 P 10d28cf621d140efa82343880a022ffc [term 0 FOLLOWER]: Replica starting. Triggering 0 pending ops. Active config: opid_index: -1 OBSOLETE_local: false peers { permanent_uuid: "e403a31ec7984076afd380fa893abb00" member_type: VOTER last_known_addr { host: "127.10.234.1" port: 39683 } } peers { permanent_uuid: "10d28cf621d140efa82343880a022ffc" member_type: VOTER last_known_addr { host: "127.10.234.2" port: 43607 } } peers { permanent_uuid: "184bea76ce754a58b47fe6496edcb475" member_type: VOTER last_known_addr { host: "127.10.234.3" port: 45029 } }
