I20260710 11:01:55.735855 12433 raft_consensus.cc:2955] T bc75ee42a7614ffd9d6f93436454de91 P 05a9288142ef4ee09308c3d5e662978e [term 1 FOLLOWER]: Committing config change with OpId 1.4: config changed from index 3 to 4, VOTER 726992cb8fec4957a000617b406fdde4 (127.10.234.2) evicted. New config: { opid_index: 4 OBSOLETE_local: false peers { permanent_uuid: "0025a6002235471494f31dbdb9ea6016" member_type: VOTER last_known_addr { host: "127.10.234.1" port: 44029 } } peers { permanent_uuid: "05a9288142ef4ee09308c3d5e662978e" member_type: VOTER last_known_addr { host: "127.10.234.3" port: 43917 } } peers { permanent_uuid: "11a2fcdadb5147b190827d55b0e123aa" member_type: VOTER last_known_addr { host: "127.10.234.4" port: 45417 } attrs { promote: false } } }
I20260710 11:01:55.747603 12789 ts_tablet_manager.cc:1929] T 5ba151851c284c569c44e96eeb79ca9f P 0025a6002235471494f31dbdb9ea6016: tablet deleted with delete type TABLET_DATA_TOMBSTONED: last-logged OpId 1.3
I20260710 11:01:55.743459 12760 raft_consensus.cc:2955] T dc96611d6f4d43658ca2fdefa2f49a9c P 05a9288142ef4ee09308c3d5e662978e [term 1 LEADER]: Committing config change with OpId 1.4: config changed from index 3 to 4, VOTER 0025a6002235471494f31dbdb9ea6016 (127.10.234.1) evicted. New config: { opid_index: 4 OBSOLETE_local: false peers { permanent_uuid: "726992cb8fec4957a000617b406fdde4" member_type: VOTER last_known_addr { host: "127.10.234.2" port: 38681 } } peers { permanent_uuid: "05a9288142ef4ee09308c3d5e662978e" member_type: VOTER last_known_addr { host: "127.10.234.3" port: 43917 } } peers { permanent_uuid: "11a2fcdadb5147b190827d55b0e123aa" member_type: VOTER last_known_addr { host: "127.10.234.4" port: 45417 } attrs { promote: false } } }
I20260710 11:01:55.748077 12789 log.cc:1199] T 5ba151851c284c569c44e96eeb79ca9f P 0025a6002235471494f31dbdb9ea6016: Deleting WAL directory at /tmp/dist-test-taskSGCgVP/test-tmp/auto_leader_rebalancer-test.0.LeaderRebalancerTest.AddTserver.1783681287516117-11176-0/minicluster-data/ts-0-root/wals/5ba151851c284c569c44e96eeb79ca9f
I20260710 11:01:55.745225 12692 raft_consensus.cc:2955] T dc96611d6f4d43658ca2fdefa2f49a9c P 11a2fcdadb5147b190827d55b0e123aa [term 1 FOLLOWER]: Committing config change with OpId 1.4: config changed from index 3 to 4, VOTER 0025a6002235471494f31dbdb9ea6016 (127.10.234.1) evicted. New config: { opid_index: 4 OBSOLETE_local: false peers { permanent_uuid: "726992cb8fec4957a000617b406fdde4" member_type: VOTER last_known_addr { host: "127.10.234.2" port: 38681 } } peers { permanent_uuid: "05a9288142ef4ee09308c3d5e662978e" member_type: VOTER last_known_addr { host: "127.10.234.3" port: 43917 } } peers { permanent_uuid: "11a2fcdadb5147b190827d55b0e123aa" member_type: VOTER last_known_addr { host: "127.10.234.4" port: 45417 } attrs { promote: false } } }
I20260710 11:01:55.756193 12691 raft_consensus.cc:2955] T bc75ee42a7614ffd9d6f93436454de91 P 11a2fcdadb5147b190827d55b0e123aa [term 1 FOLLOWER]: Committing config change with OpId 1.4: config changed from index 3 to 4, VOTER 726992cb8fec4957a000617b406fdde4 (127.10.234.2) evicted. New config: { opid_index: 4 OBSOLETE_local: false peers { permanent_uuid: "0025a6002235471494f31dbdb9ea6016" member_type: VOTER last_known_addr { host: "127.10.234.1" port: 44029 } } peers { permanent_uuid: "05a9288142ef4ee09308c3d5e662978e" member_type: VOTER last_known_addr { host: "127.10.234.3" port: 43917 } } peers { permanent_uuid: "11a2fcdadb5147b190827d55b0e123aa" member_type: VOTER last_known_addr { host: "127.10.234.4" port: 45417 } attrs { promote: false } } }
I20260710 11:01:55.759240 12166 catalog_manager.cc:5028] TS 0025a6002235471494f31dbdb9ea6016 (127.10.234.1:44029): tablet 5ba151851c284c569c44e96eeb79ca9f (table test-workload [id=9b405e53d46646d29403cc179fc508c0]) successfully deleted
I20260710 11:01:55.759950 12166 catalog_manager.cc:5210] ChangeConfig:REMOVE_PEER RPC for tablet bc75ee42a7614ffd9d6f93436454de91 with cas_config_opid_index 3: ChangeConfig:REMOVE_PEER succeeded (attempt 1)
I20260710 11:01:55.760737 12180 catalog_manager.cc:5697] T bc75ee42a7614ffd9d6f93436454de91 P 0025a6002235471494f31dbdb9ea6016 reported cstate change: config changed from index 3 to 4, VOTER 726992cb8fec4957a000617b406fdde4 (127.10.234.2) evicted. New cstate: current_term: 1 leader_uuid: "0025a6002235471494f31dbdb9ea6016" committed_config { opid_index: 4 OBSOLETE_local: false peers { permanent_uuid: "0025a6002235471494f31dbdb9ea6016" member_type: VOTER last_known_addr { host: "127.10.234.1" port: 44029 } health_report { overall_health: HEALTHY } } peers { permanent_uuid: "05a9288142ef4ee09308c3d5e662978e" member_type: VOTER last_known_addr { host: "127.10.234.3" port: 43917 } health_report { overall_health: HEALTHY } } peers { permanent_uuid: "11a2fcdadb5147b190827d55b0e123aa" member_type: VOTER last_known_addr { host: "127.10.234.4" port: 45417 } attrs { promote: false } health_report { overall_health: HEALTHY } } }
I20260710 11:01:55.766646 12356 raft_consensus.cc:2955] T dc96611d6f4d43658ca2fdefa2f49a9c P 726992cb8fec4957a000617b406fdde4 [term 1 FOLLOWER]: Committing config change with OpId 1.4: config changed from index 3 to 4, VOTER 0025a6002235471494f31dbdb9ea6016 (127.10.234.1) evicted. New config: { opid_index: 4 OBSOLETE_local: false peers { permanent_uuid: "726992cb8fec4957a000617b406fdde4" member_type: VOTER last_known_addr { host: "127.10.234.2" port: 38681 } } peers { permanent_uuid: "05a9288142ef4ee09308c3d5e662978e" member_type: VOTER last_known_addr { host: "127.10.234.3" port: 43917 } } peers { permanent_uuid: "11a2fcdadb5147b190827d55b0e123aa" member_type: VOTER last_known_addr { host: "127.10.234.4" port: 45417 } attrs { promote: false } } }
I20260710 11:01:55.771603 12344 tablet_service.cc:1558] Processing DeleteTablet for tablet bc75ee42a7614ffd9d6f93436454de91 with delete_type TABLET_DATA_TOMBSTONED (TS 726992cb8fec4957a000617b406fdde4 not found in new config with opid_index 4) from {username='slave'} at 127.0.0.1:57634
I20260710 11:01:55.773483 12790 tablet_replica.cc:333] T bc75ee42a7614ffd9d6f93436454de91 P 726992cb8fec4957a000617b406fdde4: stopping tablet replica
I20260710 11:01:55.773988 12166 catalog_manager.cc:5210] ChangeConfig:REMOVE_PEER RPC for tablet dc96611d6f4d43658ca2fdefa2f49a9c with cas_config_opid_index 3: ChangeConfig:REMOVE_PEER succeeded (attempt 1)
I20260710 11:01:55.774466 12790 raft_consensus.cc:2243] T bc75ee42a7614ffd9d6f93436454de91 P 726992cb8fec4957a000617b406fdde4 [term 1 FOLLOWER]: Raft consensus shutting down.
I20260710 11:01:55.775089 12790 raft_consensus.cc:2272] T bc75ee42a7614ffd9d6f93436454de91 P 726992cb8fec4957a000617b406fdde4 [term 1 FOLLOWER]: Raft consensus is shut down!
I20260710 11:01:55.779078 12180 catalog_manager.cc:5697] T dc96611d6f4d43658ca2fdefa2f49a9c P 11a2fcdadb5147b190827d55b0e123aa reported cstate change: config changed from index 3 to 4, VOTER 0025a6002235471494f31dbdb9ea6016 (127.10.234.1) evicted. New cstate: current_term: 1 leader_uuid: "05a9288142ef4ee09308c3d5e662978e" committed_config { opid_index: 4 OBSOLETE_local: false peers { permanent_uuid: "726992cb8fec4957a000617b406fdde4" member_type: VOTER last_known_addr { host: "127.10.234.2" port: 38681 } } peers { permanent_uuid: "05a9288142ef4ee09308c3d5e662978e" member_type: VOTER last_known_addr { host: "127.10.234.3" port: 43917 } } peers { permanent_uuid: "11a2fcdadb5147b190827d55b0e123aa" member_type: VOTER last_known_addr { host: "127.10.234.4" port: 45417 } attrs { promote: false } } }
I20260710 11:01:55.788429 12790 ts_tablet_manager.cc:1916] T bc75ee42a7614ffd9d6f93436454de91 P 726992cb8fec4957a000617b406fdde4: Deleting tablet data with delete state TABLET_DATA_TOMBSTONED
I20260710 11:01:55.791407 12272 tablet_service.cc:1558] Processing DeleteTablet for tablet dc96611d6f4d43658ca2fdefa2f49a9c with delete_type TABLET_DATA_TOMBSTONED (TS 0025a6002235471494f31dbdb9ea6016 not found in new config with opid_index 4) from {username='slave'} at 127.0.0.1:40034
I20260710 11:01:55.792272 12789 tablet_replica.cc:333] T dc96611d6f4d43658ca2fdefa2f49a9c P 0025a6002235471494f31dbdb9ea6016: stopping tablet replica
I20260710 11:01:55.793171 12789 raft_consensus.cc:2243] T dc96611d6f4d43658ca2fdefa2f49a9c P 0025a6002235471494f31dbdb9ea6016 [term 1 FOLLOWER]: Raft consensus shutting down.
I20260710 11:01:55.793766 12789 raft_consensus.cc:2272] T dc96611d6f4d43658ca2fdefa2f49a9c P 0025a6002235471494f31dbdb9ea6016 [term 1 FOLLOWER]: Raft consensus is shut down!
I20260710 11:01:55.796423 12789 ts_tablet_manager.cc:1916] T dc96611d6f4d43658ca2fdefa2f49a9c P 0025a6002235471494f31dbdb9ea6016: Deleting tablet data with delete state TABLET_DATA_TOMBSTONED
I20260710 11:01:55.802342 12790 ts_tablet_manager.cc:1929] T bc75ee42a7614ffd9d6f93436454de91 P 726992cb8fec4957a000617b406fdde4: tablet deleted with delete type TABLET_DATA_TOMBSTONED: last-logged OpId 1.3
I20260710 11:01:55.802742 12790 log.cc:1199] T bc75ee42a7614ffd9d6f93436454de91 P 726992cb8fec4957a000617b406fdde4: Deleting WAL directory at /tmp/dist-test-taskSGCgVP/test-tmp/auto_leader_rebalancer-test.0.LeaderRebalancerTest.AddTserver.1783681287516117-11176-0/minicluster-data/ts-1-root/wals/bc75ee42a7614ffd9d6f93436454de91
I20260710 11:01:55.804154 12169 catalog_manager.cc:5028] TS 726992cb8fec4957a000617b406fdde4 (127.10.234.2:38681): tablet bc75ee42a7614ffd9d6f93436454de91 (table test-workload [id=9b405e53d46646d29403cc179fc508c0]) successfully deleted
I20260710 11:01:55.808311 12789 ts_tablet_manager.cc:1929] T dc96611d6f4d43658ca2fdefa2f49a9c P 0025a6002235471494f31dbdb9ea6016: tablet deleted with delete type TABLET_DATA_TOMBSTONED: last-logged OpId 1.3
I20260710 11:01:55.808602 12789 log.cc:1199] T dc96611d6f4d43658ca2fdefa2f49a9c P 0025a6002235471494f31dbdb9ea6016: Deleting WAL directory at /tmp/dist-test-taskSGCgVP/test-tmp/auto_leader_rebalancer-test.0.LeaderRebalancerTest.AddTserver.1783681287516117-11176-0/minicluster-data/ts-0-root/wals/dc96611d6f4d43658ca2fdefa2f49a9c
I20260710 11:01:55.809556 12166 catalog_manager.cc:5028] TS 0025a6002235471494f31dbdb9ea6016 (127.10.234.1:44029): tablet dc96611d6f4d43658ca2fdefa2f49a9c (table test-workload [id=9b405e53d46646d29403cc179fc508c0]) successfully deleted
I20260710 11:01:56.822557 12433 consensus_queue.cc:237] T 4a85b405670e4838b453d71760e72109 P 05a9288142ef4ee09308c3d5e662978e [LEADER]: Queue going to LEADER mode. State: All replicated index: 0, Majority replicated index: 1, Committed index: 1, Last appended: 1.1, Last appended by leader: 0, Current term: 1, Majority size: 2, State: 0, Mode: LEADER, active raft config: opid_index: 2 OBSOLETE_local: false peers { permanent_uuid: "0025a6002235471494f31dbdb9ea6016" member_type: VOTER last_known_addr { host: "127.10.234.1" port: 44029 } } peers { permanent_uuid: "726992cb8fec4957a000617b406fdde4" member_type: VOTER last_known_addr { host: "127.10.234.2" port: 38681 } attrs { replace: true } } peers { permanent_uuid: "05a9288142ef4ee09308c3d5e662978e" member_type: VOTER last_known_addr { host: "127.10.234.3" port: 43917 } } peers { permanent_uuid: "11a2fcdadb5147b190827d55b0e123aa" member_type: NON_VOTER last_known_addr { host: "127.10.234.4" port: 45417 } attrs { promote: true } }
I20260710 11:01:56.828758 12356 raft_consensus.cc:1275] T 4a85b405670e4838b453d71760e72109 P 726992cb8fec4957a000617b406fdde4 [term 1 FOLLOWER]: Refusing update from remote peer 05a9288142ef4ee09308c3d5e662978e: Log matching property violated. Preceding OpId in replica: term: 1 index: 1. Preceding OpId from leader: term: 1 index: 2. (index mismatch)
I20260710 11:01:56.828722 12283 raft_consensus.cc:1275] T 4a85b405670e4838b453d71760e72109 P 0025a6002235471494f31dbdb9ea6016 [term 1 FOLLOWER]: Refusing update from remote peer 05a9288142ef4ee09308c3d5e662978e: Log matching property violated. Preceding OpId in replica: term: 1 index: 1. Preceding OpId from leader: term: 1 index: 2. (index mismatch)
I20260710 11:01:56.831036 12567 consensus_queue.cc:1048] T 4a85b405670e4838b453d71760e72109 P 05a9288142ef4ee09308c3d5e662978e [LEADER]: Connected to new peer: Peer: permanent_uuid: "726992cb8fec4957a000617b406fdde4" member_type: VOTER last_known_addr { host: "127.10.234.2" port: 38681 } attrs { replace: true }, Status: LMP_MISMATCH, Last received: 0.0, Next index: 2, Last known committed idx: 1, Time since last communication: 0.000s
I20260710 11:01:56.831820 12791 consensus_queue.cc:1048] T 4a85b405670e4838b453d71760e72109 P 05a9288142ef4ee09308c3d5e662978e [LEADER]: Connected to new peer: Peer: permanent_uuid: "0025a6002235471494f31dbdb9ea6016" member_type: VOTER last_known_addr { host: "127.10.234.1" port: 44029 }, Status: LMP_MISMATCH, Last received: 0.0, Next index: 2, Last known committed idx: 1, Time since last communication: 0.000s
W20260710 11:01:56.833719 12399 consensus_peers.cc:597] T 4a85b405670e4838b453d71760e72109 P 05a9288142ef4ee09308c3d5e662978e -> Peer 11a2fcdadb5147b190827d55b0e123aa (127.10.234.4:45417): Couldn't send request to peer 11a2fcdadb5147b190827d55b0e123aa. Error code: TABLET_NOT_FOUND (6). Status: Not found: Tablet not found: 4a85b405670e4838b453d71760e72109. This is attempt 1: this message will repeat every 5th retry.
I20260710 11:01:56.838620 12567 raft_consensus.cc:2955] T 4a85b405670e4838b453d71760e72109 P 05a9288142ef4ee09308c3d5e662978e [term 1 LEADER]: Committing config change with OpId 1.2: config changed from index -1 to 2, NON_VOTER 11a2fcdadb5147b190827d55b0e123aa (127.10.234.4) added. New config: { opid_index: 2 OBSOLETE_local: false peers { permanent_uuid: "0025a6002235471494f31dbdb9ea6016" member_type: VOTER last_known_addr { host: "127.10.234.1" port: 44029 } } peers { permanent_uuid: "726992cb8fec4957a000617b406fdde4" member_type: VOTER last_known_addr { host: "127.10.234.2" port: 38681 } attrs { replace: true } } peers { permanent_uuid: "05a9288142ef4ee09308c3d5e662978e" member_type: VOTER last_known_addr { host: "127.10.234.3" port: 43917 } } peers { permanent_uuid: "11a2fcdadb5147b190827d55b0e123aa" member_type: NON_VOTER last_known_addr { host: "127.10.234.4" port: 45417 } attrs { promote: true } } }
I20260710 11:01:56.840119 12281 raft_consensus.cc:2955] T 4a85b405670e4838b453d71760e72109 P 0025a6002235471494f31dbdb9ea6016 [term 1 FOLLOWER]: Committing config change with OpId 1.2: config changed from index -1 to 2, NON_VOTER 11a2fcdadb5147b190827d55b0e123aa (127.10.234.4) added. New config: { opid_index: 2 OBSOLETE_local: false peers { permanent_uuid: "0025a6002235471494f31dbdb9ea6016" member_type: VOTER last_known_addr { host: "127.10.234.1" port: 44029 } } peers { permanent_uuid: "726992cb8fec4957a000617b406fdde4" member_type: VOTER last_known_addr { host: "127.10.234.2" port: 38681 } attrs { replace: true } } peers { permanent_uuid: "05a9288142ef4ee09308c3d5e662978e" member_type: VOTER last_known_addr { host: "127.10.234.3" port: 43917 } } peers { permanent_uuid: "11a2fcdadb5147b190827d55b0e123aa" member_type: NON_VOTER last_known_addr { host: "127.10.234.4" port: 45417 } attrs { promote: true } } }
I20260710 11:01:56.840348 12356 raft_consensus.cc:2955] T 4a85b405670e4838b453d71760e72109 P 726992cb8fec4957a000617b406fdde4 [term 1 FOLLOWER]: Committing config change with OpId 1.2: config changed from index -1 to 2, NON_VOTER 11a2fcdadb5147b190827d55b0e123aa (127.10.234.4) added. New config: { opid_index: 2 OBSOLETE_local: false peers { permanent_uuid: "0025a6002235471494f31dbdb9ea6016" member_type: VOTER last_known_addr { host: "127.10.234.1" port: 44029 } } peers { permanent_uuid: "726992cb8fec4957a000617b406fdde4" member_type: VOTER last_known_addr { host: "127.10.234.2" port: 38681 } attrs { replace: true } } peers { permanent_uuid: "05a9288142ef4ee09308c3d5e662978e" member_type: VOTER last_known_addr { host: "127.10.234.3" port: 43917 } } peers { permanent_uuid: "11a2fcdadb5147b190827d55b0e123aa" member_type: NON_VOTER last_known_addr { host: "127.10.234.4" port: 45417 } attrs { promote: true } } }
I20260710 11:01:56.849587 12355 consensus_queue.cc:237] T eab42dda911a447683f5ebc17c922c19 P 726992cb8fec4957a000617b406fdde4 [LEADER]: Queue going to LEADER mode. State: All replicated index: 0, Majority replicated index: 1, Committed index: 1, Last appended: 1.1, Last appended by leader: 0, Current term: 1, Majority size: 2, State: 0, Mode: LEADER, active raft config: opid_index: 2 OBSOLETE_local: false peers { permanent_uuid: "0025a6002235471494f31dbdb9ea6016" member_type: VOTER last_known_addr { host: "127.10.234.1" port: 44029 } } peers { permanent_uuid: "726992cb8fec4957a000617b406fdde4" member_type: VOTER last_known_addr { host: "127.10.234.2" port: 38681 } } peers { permanent_uuid: "05a9288142ef4ee09308c3d5e662978e" member_type: VOTER last_known_addr { host: "127.10.234.3" port: 43917 } attrs { replace: true } } peers { permanent_uuid: "11a2fcdadb5147b190827d55b0e123aa" member_type: NON_VOTER last_known_addr { host: "127.10.234.4" port: 45417 } attrs { promote: true } }
I20260710 11:01:56.850531 12182 catalog_manager.cc:5697] T 4a85b405670e4838b453d71760e72109 P 05a9288142ef4ee09308c3d5e662978e reported cstate change: config changed from index -1 to 2, NON_VOTER 11a2fcdadb5147b190827d55b0e123aa (127.10.234.4) added. New cstate: current_term: 1 leader_uuid: "05a9288142ef4ee09308c3d5e662978e" committed_config { opid_index: 2 OBSOLETE_local: false peers { permanent_uuid: "0025a6002235471494f31dbdb9ea6016" member_type: VOTER last_known_addr { host: "127.10.234.1" port: 44029 } health_report { overall_health: HEALTHY } } peers { permanent_uuid: "726992cb8fec4957a000617b406fdde4" member_type: VOTER last_known_addr { host: "127.10.234.2" port: 38681 } attrs { replace: true } health_report { overall_health: HEALTHY } } peers { permanent_uuid: "05a9288142ef4ee09308c3d5e662978e" member_type: VOTER last_known_addr { host: "127.10.234.3" port: 43917 } health_report { overall_health: HEALTHY } } peers { permanent_uuid: "11a2fcdadb5147b190827d55b0e123aa" member_type: NON_VOTER last_known_addr { host: "127.10.234.4" port: 45417 } attrs { promote: true } health_report { overall_health: UNKNOWN } } }
W20260710 11:01:56.858603 12325 consensus_peers.cc:597] T eab42dda911a447683f5ebc17c922c19 P 726992cb8fec4957a000617b406fdde4 -> Peer 11a2fcdadb5147b190827d55b0e123aa (127.10.234.4:45417): Couldn't send request to peer 11a2fcdadb5147b190827d55b0e123aa. Error code: TABLET_NOT_FOUND (6). Status: Not found: Tablet not found: eab42dda911a447683f5ebc17c922c19. This is attempt 1: this message will repeat every 5th retry.
I20260710 11:01:56.861482 12281 raft_consensus.cc:1275] T eab42dda911a447683f5ebc17c922c19 P 0025a6002235471494f31dbdb9ea6016 [term 1 FOLLOWER]: Refusing update from remote peer 726992cb8fec4957a000617b406fdde4: Log matching property violated. Preceding OpId in replica: term: 1 index: 1. Preceding OpId from leader: term: 1 index: 2. (index mismatch)
I20260710 11:01:56.861554 12433 raft_consensus.cc:1275] T eab42dda911a447683f5ebc17c922c19 P 05a9288142ef4ee09308c3d5e662978e [term 1 FOLLOWER]: Refusing update from remote peer 726992cb8fec4957a000617b406fdde4: Log matching property violated. Preceding OpId in replica: term: 1 index: 1. Preceding OpId from leader: term: 1 index: 2. (index mismatch)
I20260710 11:01:56.863005 12485 consensus_queue.cc:1048] T eab42dda911a447683f5ebc17c922c19 P 726992cb8fec4957a000617b406fdde4 [LEADER]: Connected to new peer: Peer: permanent_uuid: "05a9288142ef4ee09308c3d5e662978e" member_type: VOTER last_known_addr { host: "127.10.234.3" port: 43917 } attrs { replace: true }, Status: LMP_MISMATCH, Last received: 0.0, Next index: 2, Last known committed idx: 1, Time since last communication: 0.000s
I20260710 11:01:56.863787 12772 consensus_queue.cc:1048] T eab42dda911a447683f5ebc17c922c19 P 726992cb8fec4957a000617b406fdde4 [LEADER]: Connected to new peer: Peer: permanent_uuid: "0025a6002235471494f31dbdb9ea6016" member_type: VOTER last_known_addr { host: "127.10.234.1" port: 44029 }, Status: LMP_MISMATCH, Last received: 0.0, Next index: 2, Last known committed idx: 1, Time since last communication: 0.000s
I20260710 11:01:56.898567 12485 raft_consensus.cc:2955] T eab42dda911a447683f5ebc17c922c19 P 726992cb8fec4957a000617b406fdde4 [term 1 LEADER]: Committing config change with OpId 1.2: config changed from index -1 to 2, NON_VOTER 11a2fcdadb5147b190827d55b0e123aa (127.10.234.4) added. New config: { opid_index: 2 OBSOLETE_local: false peers { permanent_uuid: "0025a6002235471494f31dbdb9ea6016" member_type: VOTER last_known_addr { host: "127.10.234.1" port: 44029 } } peers { permanent_uuid: "726992cb8fec4957a000617b406fdde4" member_type: VOTER last_known_addr { host: "127.10.234.2" port: 38681 } } peers { permanent_uuid: "05a9288142ef4ee09308c3d5e662978e" member_type: VOTER last_known_addr { host: "127.10.234.3" port: 43917 } attrs { replace: true } } peers { permanent_uuid: "11a2fcdadb5147b190827d55b0e123aa" member_type: NON_VOTER last_known_addr { host: "127.10.234.4" port: 45417 } attrs { promote: true } } }
I20260710 11:01:56.907326 12433 raft_consensus.cc:2955] T eab42dda911a447683f5ebc17c922c19 P 05a9288142ef4ee09308c3d5e662978e [term 1 FOLLOWER]: Committing config change with OpId 1.2: config changed from index -1 to 2, NON_VOTER 11a2fcdadb5147b190827d55b0e123aa (127.10.234.4) added. New config: { opid_index: 2 OBSOLETE_local: false peers { permanent_uuid: "0025a6002235471494f31dbdb9ea6016" member_type: VOTER last_known_addr { host: "127.10.234.1" port: 44029 } } peers { permanent_uuid: "726992cb8fec4957a000617b406fdde4" member_type: VOTER last_known_addr { host: "127.10.234.2" port: 38681 } } peers { permanent_uuid: "05a9288142ef4ee09308c3d5e662978e" member_type: VOTER last_known_addr { host: "127.10.234.3" port: 43917 } attrs { replace: true } } peers { permanent_uuid: "11a2fcdadb5147b190827d55b0e123aa" member_type: NON_VOTER last_known_addr { host: "127.10.234.4" port: 45417 } attrs { promote: true } } }
I20260710 11:01:56.909229 12355 consensus_queue.cc:237] T 3019a36e4b8b405bb42e5943e52e8b71 P 726992cb8fec4957a000617b406fdde4 [LEADER]: Queue going to LEADER mode. State: All replicated index: 0, Majority replicated index: 1, Committed index: 1, Last appended: 1.1, Last appended by leader: 0, Current term: 1, Majority size: 2, State: 0, Mode: LEADER, active raft config: opid_index: 2 OBSOLETE_local: false peers { permanent_uuid: "0025a6002235471494f31dbdb9ea6016" member_type: VOTER last_known_addr { host: "127.10.234.1" port: 44029 } } peers { permanent_uuid: "726992cb8fec4957a000617b406fdde4" member_type: VOTER last_known_addr { host: "127.10.234.2" port: 38681 } } peers { permanent_uuid: "05a9288142ef4ee09308c3d5e662978e" member_type: VOTER last_known_addr { host: "127.10.234.3" port: 43917 } attrs { replace: true } } peers { permanent_uuid: "11a2fcdadb5147b190827d55b0e123aa" member_type: NON_VOTER last_known_addr { host: "127.10.234.4" port: 45417 } attrs { promote: true } }
I20260710 11:01:56.909680 12182 catalog_manager.cc:5697] T eab42dda911a447683f5ebc17c922c19 P 726992cb8fec4957a000617b406fdde4 reported cstate change: config changed from index -1 to 2, NON_VOTER 11a2fcdadb5147b190827d55b0e123aa (127.10.234.4) added. New cstate: current_term: 1 leader_uuid: "726992cb8fec4957a000617b406fdde4" committed_config { opid_index: 2 OBSOLETE_local: false peers { permanent_uuid: "0025a6002235471494f31dbdb9ea6016" member_type: VOTER last_known_addr { host: "127.10.234.1" port: 44029 } health_report { overall_health: UNKNOWN } } peers { permanent_uuid: "726992cb8fec4957a000617b406fdde4" member_type: VOTER last_known_addr { host: "127.10.234.2" port: 38681 } health_report { overall_health: HEALTHY } } peers { permanent_uuid: "05a9288142ef4ee09308c3d5e662978e" member_type: VOTER last_known_addr { host: "127.10.234.3" port: 43917 } attrs { replace: true } health_report { overall_health: HEALTHY } } peers { permanent_uuid: "11a2fcdadb5147b190827d55b0e123aa" member_type: NON_VOTER last_known_addr { host: "127.10.234.4" port: 45417 } attrs { promote: true } health_report { overall_health: UNKNOWN } } }
I20260710 11:01:56.913273 12281 raft_consensus.cc:2955] T eab42dda911a447683f5ebc17c922c19 P 0025a6002235471494f31dbdb9ea6016 [term 1 FOLLOWER]: Committing config change with OpId 1.2: config changed from index -1 to 2, NON_VOTER 11a2fcdadb5147b190827d55b0e123aa (127.10.234.4) added. New config: { opid_index: 2 OBSOLETE_local: false peers { permanent_uuid: "0025a6002235471494f31dbdb9ea6016" member_type: VOTER last_known_addr { host: "127.10.234.1" port: 44029 } } peers { permanent_uuid: "726992cb8fec4957a000617b406fdde4" member_type: VOTER last_known_addr { host: "127.10.234.2" port: 38681 } } peers { permanent_uuid: "05a9288142ef4ee09308c3d5e662978e" member_type: VOTER last_known_addr { host: "127.10.234.3" port: 43917 } attrs { replace: true } } peers { permanent_uuid: "11a2fcdadb5147b190827d55b0e123aa" member_type: NON_VOTER last_known_addr { host: "127.10.234.4" port: 45417 } attrs { promote: true } } }
W20260710 11:01:56.926959 12325 consensus_peers.cc:597] T 3019a36e4b8b405bb42e5943e52e8b71 P 726992cb8fec4957a000617b406fdde4 -> Peer 11a2fcdadb5147b190827d55b0e123aa (127.10.234.4:45417): Couldn't send request to peer 11a2fcdadb5147b190827d55b0e123aa. Error code: TABLET_NOT_FOUND (6). Status: Not found: Tablet not found: 3019a36e4b8b405bb42e5943e52e8b71. This is attempt 1: this message will repeat every 5th retry.
I20260710 11:01:56.929046 12433 raft_consensus.cc:1275] T 3019a36e4b8b405bb42e5943e52e8b71 P 05a9288142ef4ee09308c3d5e662978e [term 1 FOLLOWER]: Refusing update from remote peer 726992cb8fec4957a000617b406fdde4: Log matching property violated. Preceding OpId in replica: term: 1 index: 1. Preceding OpId from leader: term: 1 index: 2. (index mismatch)
I20260710 11:01:56.929695 12281 raft_consensus.cc:1275] T 3019a36e4b8b405bb42e5943e52e8b71 P 0025a6002235471494f31dbdb9ea6016 [term 1 FOLLOWER]: Refusing update from remote peer 726992cb8fec4957a000617b406fdde4: Log matching property violated. Preceding OpId in replica: term: 1 index: 1. Preceding OpId from leader: term: 1 index: 2. (index mismatch)
I20260710 11:01:56.930795 12772 consensus_queue.cc:1048] T 3019a36e4b8b405bb42e5943e52e8b71 P 726992cb8fec4957a000617b406fdde4 [LEADER]: Connected to new peer: Peer: permanent_uuid: "05a9288142ef4ee09308c3d5e662978e" member_type: VOTER last_known_addr { host: "127.10.234.3" port: 43917 } attrs { replace: true }, Status: LMP_MISMATCH, Last received: 0.0, Next index: 2, Last known committed idx: 1, Time since last communication: 0.000s
I20260710 11:01:56.931569 12485 consensus_queue.cc:1048] T 3019a36e4b8b405bb42e5943e52e8b71 P 726992cb8fec4957a000617b406fdde4 [LEADER]: Connected to new peer: Peer: permanent_uuid: "0025a6002235471494f31dbdb9ea6016" member_type: VOTER last_known_addr { host: "127.10.234.1" port: 44029 }, Status: LMP_MISMATCH, Last received: 0.0, Next index: 2, Last known committed idx: 1, Time since last communication: 0.000s
I20260710 11:01:56.937849 12803 raft_consensus.cc:2955] T 3019a36e4b8b405bb42e5943e52e8b71 P 726992cb8fec4957a000617b406fdde4 [term 1 LEADER]: Committing config change with OpId 1.2: config changed from index -1 to 2, NON_VOTER 11a2fcdadb5147b190827d55b0e123aa (127.10.234.4) added. New config: { opid_index: 2 OBSOLETE_local: false peers { permanent_uuid: "0025a6002235471494f31dbdb9ea6016" member_type: VOTER last_known_addr { host: "127.10.234.1" port: 44029 } } peers { permanent_uuid: "726992cb8fec4957a000617b406fdde4" member_type: VOTER last_known_addr { host: "127.10.234.2" port: 38681 } } peers { permanent_uuid: "05a9288142ef4ee09308c3d5e662978e" member_type: VOTER last_known_addr { host: "127.10.234.3" port: 43917 } attrs { replace: true } } peers { permanent_uuid: "11a2fcdadb5147b190827d55b0e123aa" member_type: NON_VOTER last_known_addr { host: "127.10.234.4" port: 45417 } attrs { promote: true } } }
I20260710 11:01:56.939695 12433 raft_consensus.cc:2955] T 3019a36e4b8b405bb42e5943e52e8b71 P 05a9288142ef4ee09308c3d5e662978e [term 1 FOLLOWER]: Committing config change with OpId 1.2: config changed from index -1 to 2, NON_VOTER 11a2fcdadb5147b190827d55b0e123aa (127.10.234.4) added. New config: { opid_index: 2 OBSOLETE_local: false peers { permanent_uuid: "0025a6002235471494f31dbdb9ea6016" member_type: VOTER last_known_addr { host: "127.10.234.1" port: 44029 } } peers { permanent_uuid: "726992cb8fec4957a000617b406fdde4" member_type: VOTER last_known_addr { host: "127.10.234.2" port: 38681 } } peers { permanent_uuid: "05a9288142ef4ee09308c3d5e662978e" member_type: VOTER last_known_addr { host: "127.10.234.3" port: 43917 } attrs { replace: true } } peers { permanent_uuid: "11a2fcdadb5147b190827d55b0e123aa" member_type: NON_VOTER last_known_addr { host: "127.10.234.4" port: 45417 } attrs { promote: true } } }
I20260710 11:01:56.940030 12281 raft_consensus.cc:2955] T 3019a36e4b8b405bb42e5943e52e8b71 P 0025a6002235471494f31dbdb9ea6016 [term 1 FOLLOWER]: Committing config change with OpId 1.2: config changed from index -1 to 2, NON_VOTER 11a2fcdadb5147b190827d55b0e123aa (127.10.234.4) added. New config: { opid_index: 2 OBSOLETE_local: false peers { permanent_uuid: "0025a6002235471494f31dbdb9ea6016" member_type: VOTER last_known_addr { host: "127.10.234.1" port: 44029 } } peers { permanent_uuid: "726992cb8fec4957a000617b406fdde4" member_type: VOTER last_known_addr { host: "127.10.234.2" port: 38681 } } peers { permanent_uuid: "05a9288142ef4ee09308c3d5e662978e" member_type: VOTER last_known_addr { host: "127.10.234.3" port: 43917 } attrs { replace: true } } peers { permanent_uuid: "11a2fcdadb5147b190827d55b0e123aa" member_type: NON_VOTER last_known_addr { host: "127.10.234.4" port: 45417 } attrs { promote: true } } }
I20260710 11:01:56.948778 12431 consensus_queue.cc:237] T 9924200541b441a687a0bf46f4a89505 P 05a9288142ef4ee09308c3d5e662978e [LEADER]: Queue going to LEADER mode. State: All replicated index: 0, Majority replicated index: 1, Committed index: 1, Last appended: 1.1, Last appended by leader: 0, Current term: 1, Majority size: 2, State: 0, Mode: LEADER, active raft config: opid_index: 2 OBSOLETE_local: false peers { permanent_uuid: "0025a6002235471494f31dbdb9ea6016" member_type: VOTER last_known_addr { host: "127.10.234.1" port: 44029 } attrs { replace: true } } peers { permanent_uuid: "726992cb8fec4957a000617b406fdde4" member_type: VOTER last_known_addr { host: "127.10.234.2" port: 38681 } } peers { permanent_uuid: "05a9288142ef4ee09308c3d5e662978e" member_type: VOTER last_known_addr { host: "127.10.234.3" port: 43917 } } peers { permanent_uuid: "11a2fcdadb5147b190827d55b0e123aa" member_type: NON_VOTER last_known_addr { host: "127.10.234.4" port: 45417 } attrs { promote: true } }
I20260710 11:01:56.950459 12182 catalog_manager.cc:5697] T 3019a36e4b8b405bb42e5943e52e8b71 P 726992cb8fec4957a000617b406fdde4 reported cstate change: config changed from index -1 to 2, NON_VOTER 11a2fcdadb5147b190827d55b0e123aa (127.10.234.4) added. New cstate: current_term: 1 leader_uuid: "726992cb8fec4957a000617b406fdde4" committed_config { opid_index: 2 OBSOLETE_local: false peers { permanent_uuid: "0025a6002235471494f31dbdb9ea6016" member_type: VOTER last_known_addr { host: "127.10.234.1" port: 44029 } health_report { overall_health: HEALTHY } } peers { permanent_uuid: "726992cb8fec4957a000617b406fdde4" member_type: VOTER last_known_addr { host: "127.10.234.2" port: 38681 } health_report { overall_health: HEALTHY } } peers { permanent_uuid: "05a9288142ef4ee09308c3d5e662978e" member_type: VOTER last_known_addr { host: "127.10.234.3" port: 43917 } attrs { replace: true } health_report { overall_health: HEALTHY } } peers { permanent_uuid: "11a2fcdadb5147b190827d55b0e123aa" member_type: NON_VOTER last_known_addr { host: "127.10.234.4" port: 45417 } attrs { promote: true } health_report { overall_health: UNKNOWN } } }
I20260710 11:01:56.959012 12355 raft_consensus.cc:1275] T 9924200541b441a687a0bf46f4a89505 P 726992cb8fec4957a000617b406fdde4 [term 1 FOLLOWER]: Refusing update from remote peer 05a9288142ef4ee09308c3d5e662978e: Log matching property violated. Preceding OpId in replica: term: 1 index: 1. Preceding OpId from leader: term: 1 index: 2. (index mismatch)
I20260710 11:01:56.959178 12281 raft_consensus.cc:1275] T 9924200541b441a687a0bf46f4a89505 P 0025a6002235471494f31dbdb9ea6016 [term 1 FOLLOWER]: Refusing update from remote peer 05a9288142ef4ee09308c3d5e662978e: Log matching property violated. Preceding OpId in replica: term: 1 index: 1. Preceding OpId from leader: term: 1 index: 2. (index mismatch)
I20260710 11:01:56.960201 12567 consensus_queue.cc:1048] T 9924200541b441a687a0bf46f4a89505 P 05a9288142ef4ee09308c3d5e662978e [LEADER]: Connected to new peer: Peer: permanent_uuid: "726992cb8fec4957a000617b406fdde4" member_type: VOTER last_known_addr { host: "127.10.234.2" port: 38681 }, Status: LMP_MISMATCH, Last received: 0.0, Next index: 2, Last known committed idx: 1, Time since last communication: 0.000s
I20260710 11:01:56.960896 12793 consensus_queue.cc:1048] T 9924200541b441a687a0bf46f4a89505 P 05a9288142ef4ee09308c3d5e662978e [LEADER]: Connected to new peer: Peer: permanent_uuid: "0025a6002235471494f31dbdb9ea6016" member_type: VOTER last_known_addr { host: "127.10.234.1" port: 44029 } attrs { replace: true }, Status: LMP_MISMATCH, Last received: 0.0, Next index: 2, Last known committed idx: 1, Time since last communication: 0.000s
W20260710 11:01:56.961974 12399 consensus_peers.cc:597] T 9924200541b441a687a0bf46f4a89505 P 05a9288142ef4ee09308c3d5e662978e -> Peer 11a2fcdadb5147b190827d55b0e123aa (127.10.234.4:45417): Couldn't send request to peer 11a2fcdadb5147b190827d55b0e123aa. Error code: TABLET_NOT_FOUND (6). Status: Not found: Tablet not found: 9924200541b441a687a0bf46f4a89505. This is attempt 1: this message will repeat every 5th retry.
I20260710 11:01:56.967906 12793 raft_consensus.cc:2955] T 9924200541b441a687a0bf46f4a89505 P 05a9288142ef4ee09308c3d5e662978e [term 1 LEADER]: Committing config change with OpId 1.2: config changed from index -1 to 2, NON_VOTER 11a2fcdadb5147b190827d55b0e123aa (127.10.234.4) added. New config: { opid_index: 2 OBSOLETE_local: false peers { permanent_uuid: "0025a6002235471494f31dbdb9ea6016" member_type: VOTER last_known_addr { host: "127.10.234.1" port: 44029 } attrs { replace: true } } peers { permanent_uuid: "726992cb8fec4957a000617b406fdde4" member_type: VOTER last_known_addr { host: "127.10.234.2" port: 38681 } } peers { permanent_uuid: "05a9288142ef4ee09308c3d5e662978e" member_type: VOTER last_known_addr { host: "127.10.234.3" port: 43917 } } peers { permanent_uuid: "11a2fcdadb5147b190827d55b0e123aa" member_type: NON_VOTER last_known_addr { host: "127.10.234.4" port: 45417 } attrs { promote: true } } }
I20260710 11:01:56.969512 12281 raft_consensus.cc:2955] T 9924200541b441a687a0bf46f4a89505 P 0025a6002235471494f31dbdb9ea6016 [term 1 FOLLOWER]: Committing config change with OpId 1.2: config changed from index -1 to 2, NON_VOTER 11a2fcdadb5147b190827d55b0e123aa (127.10.234.4) added. New config: { opid_index: 2 OBSOLETE_local: false peers { permanent_uuid: "0025a6002235471494f31dbdb9ea6016" member_type: VOTER last_known_addr { host: "127.10.234.1" port: 44029 } attrs { replace: true } } peers { permanent_uuid: "726992cb8fec4957a000617b406fdde4" member_type: VOTER last_known_addr { host: "127.10.234.2" port: 38681 } } peers { permanent_uuid: "05a9288142ef4ee09308c3d5e662978e" member_type: VOTER last_known_addr { host: "127.10.234.3" port: 43917 } } peers { permanent_uuid: "11a2fcdadb5147b190827d55b0e123aa" member_type: NON_VOTER last_known_addr { host: "127.10.234.4" port: 45417 } attrs { promote: true } } }
I20260710 11:01:56.970654 12355 raft_consensus.cc:2955] T 9924200541b441a687a0bf46f4a89505 P 726992cb8fec4957a000617b406fdde4 [term 1 FOLLOWER]: Committing config change with OpId 1.2: config changed from index -1 to 2, NON_VOTER 11a2fcdadb5147b190827d55b0e123aa (127.10.234.4) added. New config: { opid_index: 2 OBSOLETE_local: false peers { permanent_uuid: "0025a6002235471494f31dbdb9ea6016" member_type: VOTER last_known_addr { host: "127.10.234.1" port: 44029 } attrs { replace: true } } peers { permanent_uuid: "726992cb8fec4957a000617b406fdde4" member_type: VOTER last_known_addr { host: "127.10.234.2" port: 38681 } } peers { permanent_uuid: "05a9288142ef4ee09308c3d5e662978e" member_type: VOTER last_known_addr { host: "127.10.234.3" port: 43917 } } peers { permanent_uuid: "11a2fcdadb5147b190827d55b0e123aa" member_type: NON_VOTER last_known_addr { host: "127.10.234.4" port: 45417 } attrs { promote: true } } }
I20260710 11:01:56.982302 12182 catalog_manager.cc:5697] T 9924200541b441a687a0bf46f4a89505 P 0025a6002235471494f31dbdb9ea6016 reported cstate change: config changed from index -1 to 2, NON_VOTER 11a2fcdadb5147b190827d55b0e123aa (127.10.234.4) added. New cstate: current_term: 1 leader_uuid: "05a9288142ef4ee09308c3d5e662978e" committed_config { opid_index: 2 OBSOLETE_local: false peers { permanent_uuid: "0025a6002235471494f31dbdb9ea6016" member_type: VOTER last_known_addr { host: "127.10.234.1" port: 44029 } attrs { replace: true } } peers { permanent_uuid: "726992cb8fec4957a000617b406fdde4" member_type: VOTER last_known_addr { host: "127.10.234.2" port: 38681 } } peers { permanent_uuid: "05a9288142ef4ee09308c3d5e662978e" member_type: VOTER last_known_addr { host: "127.10.234.3" port: 43917 } } peers { permanent_uuid: "11a2fcdadb5147b190827d55b0e123aa" member_type: NON_VOTER last_known_addr { host: "127.10.234.4" port: 45417 } attrs { promote: true } } }
I20260710 11:01:57.213366 12810 ts_tablet_manager.cc:933] T 4a85b405670e4838b453d71760e72109 P 11a2fcdadb5147b190827d55b0e123aa: Initiating tablet copy from peer 05a9288142ef4ee09308c3d5e662978e (127.10.234.3:43917)
I20260710 11:01:57.215155 12810 tablet_copy_client.cc:323] T 4a85b405670e4838b453d71760e72109 P 11a2fcdadb5147b190827d55b0e123aa: tablet copy: Beginning tablet copy session from remote peer at address 127.10.234.3:43917
I20260710 11:01:57.216471 12443 tablet_copy_service.cc:140] P 05a9288142ef4ee09308c3d5e662978e: Received BeginTabletCopySession request for tablet 4a85b405670e4838b453d71760e72109 from peer 11a2fcdadb5147b190827d55b0e123aa ({username='slave'} at 127.0.0.1:56372)
I20260710 11:01:57.216866 12443 tablet_copy_service.cc:161] P 05a9288142ef4ee09308c3d5e662978e: Beginning new tablet copy session on tablet 4a85b405670e4838b453d71760e72109 from peer 11a2fcdadb5147b190827d55b0e123aa at {username='slave'} at 127.0.0.1:56372: session id = 11a2fcdadb5147b190827d55b0e123aa-4a85b405670e4838b453d71760e72109
I20260710 11:01:57.221228 12443 tablet_copy_source_session.cc:215] T 4a85b405670e4838b453d71760e72109 P 05a9288142ef4ee09308c3d5e662978e: Tablet Copy: opened 0 blocks and 1 log segments
I20260710 11:01:57.223644 12810 data_dirs.cc:400] Could only allocate 1 dirs of requested 3 for tablet 4a85b405670e4838b453d71760e72109. 1 dirs total, 0 dirs full, 0 dirs failed
I20260710 11:01:57.233385 12810 tablet_copy_client.cc:806] T 4a85b405670e4838b453d71760e72109 P 11a2fcdadb5147b190827d55b0e123aa: tablet copy: Starting download of 0 data blocks...
I20260710 11:01:57.233831 12810 tablet_copy_client.cc:670] T 4a85b405670e4838b453d71760e72109 P 11a2fcdadb5147b190827d55b0e123aa: tablet copy: Starting download of 1 WAL segments...
I20260710 11:01:57.236778 12810 tablet_copy_client.cc:538] T 4a85b405670e4838b453d71760e72109 P 11a2fcdadb5147b190827d55b0e123aa: tablet copy: Tablet Copy complete. Replacing tablet superblock.
I20260710 11:01:57.242080 12810 tablet_bootstrap.cc:492] T 4a85b405670e4838b453d71760e72109 P 11a2fcdadb5147b190827d55b0e123aa: Bootstrap starting.
I20260710 11:01:57.255241 12810 tablet_bootstrap.cc:492] T 4a85b405670e4838b453d71760e72109 P 11a2fcdadb5147b190827d55b0e123aa: Bootstrap replayed 1/1 log segments. Stats: ops{read=2 overwritten=0 applied=2 ignored=0} inserts{seen=0 ignored=0} mutations{seen=0 ignored=0} orphaned_commits=0. Pending: 0 replicates
I20260710 11:01:57.255873 12810 tablet_bootstrap.cc:492] T 4a85b405670e4838b453d71760e72109 P 11a2fcdadb5147b190827d55b0e123aa: Bootstrap complete.
I20260710 11:01:57.256332 12810 ts_tablet_manager.cc:1403] T 4a85b405670e4838b453d71760e72109 P 11a2fcdadb5147b190827d55b0e123aa: Time spent bootstrapping tablet: real 0.014s	user 0.016s	sys 0.000s
I20260710 11:01:57.258685 12810 raft_consensus.cc:359] T 4a85b405670e4838b453d71760e72109 P 11a2fcdadb5147b190827d55b0e123aa [term 1 LEARNER]: Replica starting. Triggering 0 pending ops. Active config: opid_index: 2 OBSOLETE_local: false peers { permanent_uuid: "0025a6002235471494f31dbdb9ea6016" member_type: VOTER last_known_addr { host: "127.10.234.1" port: 44029 } } peers { permanent_uuid: "726992cb8fec4957a000617b406fdde4" member_type: VOTER last_known_addr { host: "127.10.234.2" port: 38681 } attrs { replace: true } } peers { permanent_uuid: "05a9288142ef4ee09308c3d5e662978e" member_type: VOTER last_known_addr { host: "127.10.234.3" port: 43917 } } peers { permanent_uuid: "11a2fcdadb5147b190827d55b0e123aa" member_type: NON_VOTER last_known_addr { host: "127.10.234.4" port: 45417 } attrs { promote: true } }
I20260710 11:01:57.259438 12810 raft_consensus.cc:740] T 4a85b405670e4838b453d71760e72109 P 11a2fcdadb5147b190827d55b0e123aa [term 1 LEARNER]: Becoming Follower/Learner. State: Replica: 11a2fcdadb5147b190827d55b0e123aa, State: Initialized, Role: LEARNER
I20260710 11:01:57.260011 12810 consensus_queue.cc:260] T 4a85b405670e4838b453d71760e72109 P 11a2fcdadb5147b190827d55b0e123aa [NON_LEADER]: Queue going to NON_LEADER mode. State: All replicated index: 0, Majority replicated index: 0, Committed index: 2, Last appended: 1.2, Last appended by leader: 2, Current term: 0, Majority size: -1, State: 0, Mode: NON_LEADER, active raft config: opid_index: 2 OBSOLETE_local: false peers { permanent_uuid: "0025a6002235471494f31dbdb9ea6016" member_type: VOTER last_known_addr { host: "127.10.234.1" port: 44029 } } peers { permanent_uuid: "726992cb8fec4957a000617b406fdde4" member_type: VOTER last_known_addr { host: "127.10.234.2" port: 38681 } attrs { replace: true } } peers { permanent_uuid: "05a9288142ef4ee09308c3d5e662978e" member_type: VOTER last_known_addr { host: "127.10.234.3" port: 43917 } } peers { permanent_uuid: "11a2fcdadb5147b190827d55b0e123aa" member_type: NON_VOTER last_known_addr { host: "127.10.234.4" port: 45417 } attrs { promote: true } }
I20260710 11:01:57.262765 12810 ts_tablet_manager.cc:1434] T 4a85b405670e4838b453d71760e72109 P 11a2fcdadb5147b190827d55b0e123aa: Time spent starting tablet: real 0.006s	user 0.006s	sys 0.000s
I20260710 11:01:57.264127 12443 tablet_copy_service.cc:342] P 05a9288142ef4ee09308c3d5e662978e: Request end of tablet copy session 11a2fcdadb5147b190827d55b0e123aa-4a85b405670e4838b453d71760e72109 received from {username='slave'} at 127.0.0.1:56372
I20260710 11:01:57.264483 12443 tablet_copy_service.cc:434] P 05a9288142ef4ee09308c3d5e662978e: ending tablet copy session 11a2fcdadb5147b190827d55b0e123aa-4a85b405670e4838b453d71760e72109 on tablet 4a85b405670e4838b453d71760e72109 with peer 11a2fcdadb5147b190827d55b0e123aa
I20260710 11:01:57.402699 12810 ts_tablet_manager.cc:933] T eab42dda911a447683f5ebc17c922c19 P 11a2fcdadb5147b190827d55b0e123aa: Initiating tablet copy from peer 726992cb8fec4957a000617b406fdde4 (127.10.234.2:38681)
I20260710 11:01:57.404217 12810 tablet_copy_client.cc:323] T eab42dda911a447683f5ebc17c922c19 P 11a2fcdadb5147b190827d55b0e123aa: tablet copy: Beginning tablet copy session from remote peer at address 127.10.234.2:38681
I20260710 11:01:57.405471 12369 tablet_copy_service.cc:140] P 726992cb8fec4957a000617b406fdde4: Received BeginTabletCopySession request for tablet eab42dda911a447683f5ebc17c922c19 from peer 11a2fcdadb5147b190827d55b0e123aa ({username='slave'} at 127.0.0.1:57668)
I20260710 11:01:57.405859 12369 tablet_copy_service.cc:161] P 726992cb8fec4957a000617b406fdde4: Beginning new tablet copy session on tablet eab42dda911a447683f5ebc17c922c19 from peer 11a2fcdadb5147b190827d55b0e123aa at {username='slave'} at 127.0.0.1:57668: session id = 11a2fcdadb5147b190827d55b0e123aa-eab42dda911a447683f5ebc17c922c19
I20260710 11:01:57.410531 12369 tablet_copy_source_session.cc:215] T eab42dda911a447683f5ebc17c922c19 P 726992cb8fec4957a000617b406fdde4: Tablet Copy: opened 0 blocks and 1 log segments
I20260710 11:01:57.412940 12815 ts_tablet_manager.cc:933] T 9924200541b441a687a0bf46f4a89505 P 11a2fcdadb5147b190827d55b0e123aa: Initiating tablet copy from peer 05a9288142ef4ee09308c3d5e662978e (127.10.234.3:43917)
I20260710 11:01:57.413108 12810 data_dirs.cc:400] Could only allocate 1 dirs of requested 3 for tablet eab42dda911a447683f5ebc17c922c19. 1 dirs total, 0 dirs full, 0 dirs failed
I20260710 11:01:57.416041 12815 tablet_copy_client.cc:323] T 9924200541b441a687a0bf46f4a89505 P 11a2fcdadb5147b190827d55b0e123aa: tablet copy: Beginning tablet copy session from remote peer at address 127.10.234.3:43917
I20260710 11:01:57.417532 12443 tablet_copy_service.cc:140] P 05a9288142ef4ee09308c3d5e662978e: Received BeginTabletCopySession request for tablet 9924200541b441a687a0bf46f4a89505 from peer 11a2fcdadb5147b190827d55b0e123aa ({username='slave'} at 127.0.0.1:56372)
I20260710 11:01:57.418044 12443 tablet_copy_service.cc:161] P 05a9288142ef4ee09308c3d5e662978e: Beginning new tablet copy session on tablet 9924200541b441a687a0bf46f4a89505 from peer 11a2fcdadb5147b190827d55b0e123aa at {username='slave'} at 127.0.0.1:56372: session id = 11a2fcdadb5147b190827d55b0e123aa-9924200541b441a687a0bf46f4a89505
I20260710 11:01:57.427492 12443 tablet_copy_source_session.cc:215] T 9924200541b441a687a0bf46f4a89505 P 05a9288142ef4ee09308c3d5e662978e: Tablet Copy: opened 0 blocks and 1 log segments
I20260710 11:01:57.428094 12810 tablet_copy_client.cc:806] T eab42dda911a447683f5ebc17c922c19 P 11a2fcdadb5147b190827d55b0e123aa: tablet copy: Starting download of 0 data blocks...
I20260710 11:01:57.428591 12810 tablet_copy_client.cc:670] T eab42dda911a447683f5ebc17c922c19 P 11a2fcdadb5147b190827d55b0e123aa: tablet copy: Starting download of 1 WAL segments...
I20260710 11:01:57.430402 12815 data_dirs.cc:400] Could only allocate 1 dirs of requested 3 for tablet 9924200541b441a687a0bf46f4a89505. 1 dirs total, 0 dirs full, 0 dirs failed
I20260710 11:01:57.431948 12810 tablet_copy_client.cc:538] T eab42dda911a447683f5ebc17c922c19 P 11a2fcdadb5147b190827d55b0e123aa: tablet copy: Tablet Copy complete. Replacing tablet superblock.
I20260710 11:01:57.439738 12810 tablet_bootstrap.cc:492] T eab42dda911a447683f5ebc17c922c19 P 11a2fcdadb5147b190827d55b0e123aa: Bootstrap starting.
I20260710 11:01:57.440135 12815 tablet_copy_client.cc:806] T 9924200541b441a687a0bf46f4a89505 P 11a2fcdadb5147b190827d55b0e123aa: tablet copy: Starting download of 0 data blocks...
I20260710 11:01:57.440788 12815 tablet_copy_client.cc:670] T 9924200541b441a687a0bf46f4a89505 P 11a2fcdadb5147b190827d55b0e123aa: tablet copy: Starting download of 1 WAL segments...
I20260710 11:01:57.444133 12815 tablet_copy_client.cc:538] T 9924200541b441a687a0bf46f4a89505 P 11a2fcdadb5147b190827d55b0e123aa: tablet copy: Tablet Copy complete. Replacing tablet superblock.
I20260710 11:01:57.451241 12815 tablet_bootstrap.cc:492] T 9924200541b441a687a0bf46f4a89505 P 11a2fcdadb5147b190827d55b0e123aa: Bootstrap starting.
I20260710 11:01:57.465041 12810 tablet_bootstrap.cc:492] T eab42dda911a447683f5ebc17c922c19 P 11a2fcdadb5147b190827d55b0e123aa: Bootstrap replayed 1/1 log segments. Stats: ops{read=2 overwritten=0 applied=2 ignored=0} inserts{seen=0 ignored=0} mutations{seen=0 ignored=0} orphaned_commits=0. Pending: 0 replicates
I20260710 11:01:57.465854 12810 tablet_bootstrap.cc:492] T eab42dda911a447683f5ebc17c922c19 P 11a2fcdadb5147b190827d55b0e123aa: Bootstrap complete.
I20260710 11:01:57.466516 12810 ts_tablet_manager.cc:1403] T eab42dda911a447683f5ebc17c922c19 P 11a2fcdadb5147b190827d55b0e123aa: Time spent bootstrapping tablet: real 0.027s	user 0.018s	sys 0.004s
I20260710 11:01:57.468844 12815 tablet_bootstrap.cc:492] T 9924200541b441a687a0bf46f4a89505 P 11a2fcdadb5147b190827d55b0e123aa: Bootstrap replayed 1/1 log segments. Stats: ops{read=2 overwritten=0 applied=2 ignored=0} inserts{seen=0 ignored=0} mutations{seen=0 ignored=0} orphaned_commits=0. Pending: 0 replicates
I20260710 11:01:57.469468 12815 tablet_bootstrap.cc:492] T 9924200541b441a687a0bf46f4a89505 P 11a2fcdadb5147b190827d55b0e123aa: Bootstrap complete.
I20260710 11:01:57.469273 12810 raft_consensus.cc:359] T eab42dda911a447683f5ebc17c922c19 P 11a2fcdadb5147b190827d55b0e123aa [term 1 LEARNER]: Replica starting. Triggering 0 pending ops. Active config: opid_index: 2 OBSOLETE_local: false peers { permanent_uuid: "0025a6002235471494f31dbdb9ea6016" member_type: VOTER last_known_addr { host: "127.10.234.1" port: 44029 } } peers { permanent_uuid: "726992cb8fec4957a000617b406fdde4" member_type: VOTER last_known_addr { host: "127.10.234.2" port: 38681 } } peers { permanent_uuid: "05a9288142ef4ee09308c3d5e662978e" member_type: VOTER last_known_addr { host: "127.10.234.3" port: 43917 } attrs { replace: true } } peers { permanent_uuid: "11a2fcdadb5147b190827d55b0e123aa" member_type: NON_VOTER last_known_addr { host: "127.10.234.4" port: 45417 } attrs { promote: true } }
I20260710 11:01:57.470005 12815 ts_tablet_manager.cc:1403] T 9924200541b441a687a0bf46f4a89505 P 11a2fcdadb5147b190827d55b0e123aa: Time spent bootstrapping tablet: real 0.019s	user 0.014s	sys 0.002s
I20260710 11:01:57.470125 12810 raft_consensus.cc:740] T eab42dda911a447683f5ebc17c922c19 P 11a2fcdadb5147b190827d55b0e123aa [term 1 LEARNER]: Becoming Follower/Learner. State: Replica: 11a2fcdadb5147b190827d55b0e123aa, State: Initialized, Role: LEARNER
