I20260710 11:01:30.101137  5004 raft_consensus.cc:385] T c4a8d1c8753941faaa9fb4e8c0ade96d P 0424cd3659cc4765a9dc1d0801c02c08 [term 0 FOLLOWER]: Consensus starting up: Expiring failure detector timer to make a prompt election more likely
I20260710 11:01:30.101447  5004 raft_consensus.cc:740] T c4a8d1c8753941faaa9fb4e8c0ade96d P 0424cd3659cc4765a9dc1d0801c02c08 [term 0 FOLLOWER]: Becoming Follower/Learner. State: Replica: 0424cd3659cc4765a9dc1d0801c02c08, State: Initialized, Role: FOLLOWER
I20260710 11:01:30.104511  5008 raft_consensus.cc:493] T 8400c3973a5f4874a30384c3f8284cd8 P 9a60b5c754be4799a2ecd8d1a3f49b33 [term 0 FOLLOWER]: Starting pre-election (no leader contacted us within the election timeout)
I20260710 11:01:30.105141  5003 tablet_bootstrap.cc:492] T 8400c3973a5f4874a30384c3f8284cd8 P 1f1c9b09c8e04f8583e3cca07d5ca994: No bootstrap required, opened a new log
I20260710 11:01:30.104985  5008 raft_consensus.cc:515] T 8400c3973a5f4874a30384c3f8284cd8 P 9a60b5c754be4799a2ecd8d1a3f49b33 [term 0 FOLLOWER]: Starting pre-election with config: opid_index: -1 OBSOLETE_local: false peers { permanent_uuid: "0424cd3659cc4765a9dc1d0801c02c08" member_type: VOTER last_known_addr { host: "127.4.144.193" port: 41709 } } peers { permanent_uuid: "9a60b5c754be4799a2ecd8d1a3f49b33" member_type: VOTER last_known_addr { host: "127.4.144.194" port: 37905 } } peers { permanent_uuid: "1f1c9b09c8e04f8583e3cca07d5ca994" member_type: VOTER last_known_addr { host: "127.4.144.195" port: 35965 } }
I20260710 11:01:30.105664  5003 ts_tablet_manager.cc:1403] T 8400c3973a5f4874a30384c3f8284cd8 P 1f1c9b09c8e04f8583e3cca07d5ca994: Time spent bootstrapping tablet: real 0.041s	user 0.019s	sys 0.021s
I20260710 11:01:30.108484  5003 raft_consensus.cc:359] T 8400c3973a5f4874a30384c3f8284cd8 P 1f1c9b09c8e04f8583e3cca07d5ca994 [term 0 FOLLOWER]: Replica starting. Triggering 0 pending ops. Active config: opid_index: -1 OBSOLETE_local: false peers { permanent_uuid: "0424cd3659cc4765a9dc1d0801c02c08" member_type: VOTER last_known_addr { host: "127.4.144.193" port: 41709 } } peers { permanent_uuid: "9a60b5c754be4799a2ecd8d1a3f49b33" member_type: VOTER last_known_addr { host: "127.4.144.194" port: 37905 } } peers { permanent_uuid: "1f1c9b09c8e04f8583e3cca07d5ca994" member_type: VOTER last_known_addr { host: "127.4.144.195" port: 35965 } }
I20260710 11:01:30.109225  5003 raft_consensus.cc:385] T 8400c3973a5f4874a30384c3f8284cd8 P 1f1c9b09c8e04f8583e3cca07d5ca994 [term 0 FOLLOWER]: Consensus starting up: Expiring failure detector timer to make a prompt election more likely
I20260710 11:01:30.109916  5003 raft_consensus.cc:740] T 8400c3973a5f4874a30384c3f8284cd8 P 1f1c9b09c8e04f8583e3cca07d5ca994 [term 0 FOLLOWER]: Becoming Follower/Learner. State: Replica: 1f1c9b09c8e04f8583e3cca07d5ca994, State: Initialized, Role: FOLLOWER
I20260710 11:01:30.110670  5003 consensus_queue.cc:260] T 8400c3973a5f4874a30384c3f8284cd8 P 1f1c9b09c8e04f8583e3cca07d5ca994 [NON_LEADER]: Queue going to NON_LEADER mode. State: All replicated index: 0, Majority replicated index: 0, Committed index: 0, Last appended: 0.0, Last appended by leader: 0, Current term: 0, Majority size: -1, State: 0, Mode: NON_LEADER, active raft config: opid_index: -1 OBSOLETE_local: false peers { permanent_uuid: "0424cd3659cc4765a9dc1d0801c02c08" member_type: VOTER last_known_addr { host: "127.4.144.193" port: 41709 } } peers { permanent_uuid: "9a60b5c754be4799a2ecd8d1a3f49b33" member_type: VOTER last_known_addr { host: "127.4.144.194" port: 37905 } } peers { permanent_uuid: "1f1c9b09c8e04f8583e3cca07d5ca994" member_type: VOTER last_known_addr { host: "127.4.144.195" port: 35965 } }
I20260710 11:01:30.113000  5003 ts_tablet_manager.cc:1434] T 8400c3973a5f4874a30384c3f8284cd8 P 1f1c9b09c8e04f8583e3cca07d5ca994: Time spent starting tablet: real 0.007s	user 0.005s	sys 0.000s
I20260710 11:01:30.113924  5003 tablet_bootstrap.cc:492] T f6a0d8303fc54629b38b7e610071da1f P 1f1c9b09c8e04f8583e3cca07d5ca994: Bootstrap starting.
I20260710 11:01:30.114871  5002 ts_tablet_manager.cc:1434] T 8400c3973a5f4874a30384c3f8284cd8 P 9a60b5c754be4799a2ecd8d1a3f49b33: Time spent starting tablet: real 0.066s	user 0.014s	sys 0.013s
I20260710 11:01:30.115716  5002 tablet_bootstrap.cc:492] T f506c9f9dde0407a9baa360994bb2e51 P 9a60b5c754be4799a2ecd8d1a3f49b33: Bootstrap starting.
W20260710 11:01:30.116899  4985 tablet.cc:2406] T 8400c3973a5f4874a30384c3f8284cd8 P 1f1c9b09c8e04f8583e3cca07d5ca994: Can't schedule compaction. Clean time has not been advanced past its initial value.
I20260710 11:01:30.120316  5003 tablet_bootstrap.cc:654] T f6a0d8303fc54629b38b7e610071da1f P 1f1c9b09c8e04f8583e3cca07d5ca994: Neither blocks nor log segments found. Creating new log.
I20260710 11:01:30.140735  5002 tablet_bootstrap.cc:654] T f506c9f9dde0407a9baa360994bb2e51 P 9a60b5c754be4799a2ecd8d1a3f49b33: Neither blocks nor log segments found. Creating new log.
I20260710 11:01:30.135965  5008 leader_election.cc:290] T 8400c3973a5f4874a30384c3f8284cd8 P 9a60b5c754be4799a2ecd8d1a3f49b33 [CANDIDATE]: Term 1 pre-election: Requested pre-vote from peers 0424cd3659cc4765a9dc1d0801c02c08 (127.4.144.193:41709), 1f1c9b09c8e04f8583e3cca07d5ca994 (127.4.144.195:35965)
I20260710 11:01:30.146950  5004 consensus_queue.cc:260] T c4a8d1c8753941faaa9fb4e8c0ade96d P 0424cd3659cc4765a9dc1d0801c02c08 [NON_LEADER]: Queue going to NON_LEADER mode. State: All replicated index: 0, Majority replicated index: 0, Committed index: 0, Last appended: 0.0, Last appended by leader: 0, Current term: 0, Majority size: -1, State: 0, Mode: NON_LEADER, active raft config: opid_index: -1 OBSOLETE_local: false peers { permanent_uuid: "0424cd3659cc4765a9dc1d0801c02c08" member_type: VOTER last_known_addr { host: "127.4.144.193" port: 41709 } } peers { permanent_uuid: "9a60b5c754be4799a2ecd8d1a3f49b33" member_type: VOTER last_known_addr { host: "127.4.144.194" port: 37905 } } peers { permanent_uuid: "1f1c9b09c8e04f8583e3cca07d5ca994" member_type: VOTER last_known_addr { host: "127.4.144.195" port: 35965 } }
I20260710 11:01:30.149121  5015 raft_consensus.cc:493] T c4a8d1c8753941faaa9fb4e8c0ade96d P 0424cd3659cc4765a9dc1d0801c02c08 [term 0 FOLLOWER]: Starting pre-election (no leader contacted us within the election timeout)
I20260710 11:01:30.149575  5015 raft_consensus.cc:515] T c4a8d1c8753941faaa9fb4e8c0ade96d P 0424cd3659cc4765a9dc1d0801c02c08 [term 0 FOLLOWER]: Starting pre-election with config: opid_index: -1 OBSOLETE_local: false peers { permanent_uuid: "0424cd3659cc4765a9dc1d0801c02c08" member_type: VOTER last_known_addr { host: "127.4.144.193" port: 41709 } } peers { permanent_uuid: "9a60b5c754be4799a2ecd8d1a3f49b33" member_type: VOTER last_known_addr { host: "127.4.144.194" port: 37905 } } peers { permanent_uuid: "1f1c9b09c8e04f8583e3cca07d5ca994" member_type: VOTER last_known_addr { host: "127.4.144.195" port: 35965 } }
I20260710 11:01:30.155432  4959 tablet_service.cc:1917] Received RequestConsensusVote() RPC: tablet_id: "8400c3973a5f4874a30384c3f8284cd8" candidate_uuid: "9a60b5c754be4799a2ecd8d1a3f49b33" candidate_term: 1 candidate_status { last_received { term: 0 index: 0 } } ignore_live_leader: false dest_uuid: "1f1c9b09c8e04f8583e3cca07d5ca994" is_pre_election: true
I20260710 11:01:30.156157  5015 leader_election.cc:290] T c4a8d1c8753941faaa9fb4e8c0ade96d P 0424cd3659cc4765a9dc1d0801c02c08 [CANDIDATE]: Term 1 pre-election: Requested pre-vote from peers 9a60b5c754be4799a2ecd8d1a3f49b33 (127.4.144.194:37905), 1f1c9b09c8e04f8583e3cca07d5ca994 (127.4.144.195:35965)
I20260710 11:01:30.158926  4959 raft_consensus.cc:2468] T 8400c3973a5f4874a30384c3f8284cd8 P 1f1c9b09c8e04f8583e3cca07d5ca994 [term 0 FOLLOWER]: Leader pre-election vote request: Granting yes vote for candidate 9a60b5c754be4799a2ecd8d1a3f49b33 in term 0.
I20260710 11:01:30.172780  4835 heartbeater.cc:499] Master 127.4.144.254:40643 was elected leader, sending a full tablet report...
I20260710 11:01:30.176530  4850 leader_election.cc:304] T 8400c3973a5f4874a30384c3f8284cd8 P 9a60b5c754be4799a2ecd8d1a3f49b33 [CANDIDATE]: Term 1 pre-election: Election decided. Result: candidate won. Election summary: received 2 responses out of 3 voters: 2 yes votes; 0 no votes. yes voters: 1f1c9b09c8e04f8583e3cca07d5ca994, 9a60b5c754be4799a2ecd8d1a3f49b33; no voters: 
I20260710 11:01:30.177337  5008 raft_consensus.cc:2804] T 8400c3973a5f4874a30384c3f8284cd8 P 9a60b5c754be4799a2ecd8d1a3f49b33 [term 0 FOLLOWER]: Leader pre-election won for term 1
I20260710 11:01:30.177697  5008 raft_consensus.cc:493] T 8400c3973a5f4874a30384c3f8284cd8 P 9a60b5c754be4799a2ecd8d1a3f49b33 [term 0 FOLLOWER]: Starting leader election (no leader contacted us within the election timeout)
I20260710 11:01:30.177940  5008 raft_consensus.cc:3060] T 8400c3973a5f4874a30384c3f8284cd8 P 9a60b5c754be4799a2ecd8d1a3f49b33 [term 0 FOLLOWER]: Advancing to term 1
I20260710 11:01:30.182061  5004 ts_tablet_manager.cc:1434] T c4a8d1c8753941faaa9fb4e8c0ade96d P 0424cd3659cc4765a9dc1d0801c02c08: Time spent starting tablet: real 0.084s	user 0.013s	sys 0.013s
I20260710 11:01:30.183701  5004 tablet_bootstrap.cc:492] T f506c9f9dde0407a9baa360994bb2e51 P 0424cd3659cc4765a9dc1d0801c02c08: Bootstrap starting.
I20260710 11:01:30.195303  4810 tablet_service.cc:1917] Received RequestConsensusVote() RPC: tablet_id: "8400c3973a5f4874a30384c3f8284cd8" candidate_uuid: "9a60b5c754be4799a2ecd8d1a3f49b33" candidate_term: 1 candidate_status { last_received { term: 0 index: 0 } } ignore_live_leader: false dest_uuid: "0424cd3659cc4765a9dc1d0801c02c08" is_pre_election: true
W20260710 11:01:30.198669  4851 leader_election.cc:343] T 8400c3973a5f4874a30384c3f8284cd8 P 9a60b5c754be4799a2ecd8d1a3f49b33 [CANDIDATE]: Term 1 pre-election: Tablet error from VoteRequest() call to peer 0424cd3659cc4765a9dc1d0801c02c08 (127.4.144.193:41709): Illegal state: must be running to vote when last-logged opid is not known
I20260710 11:01:30.198722  5008 raft_consensus.cc:515] T 8400c3973a5f4874a30384c3f8284cd8 P 9a60b5c754be4799a2ecd8d1a3f49b33 [term 1 FOLLOWER]: Starting leader election with config: opid_index: -1 OBSOLETE_local: false peers { permanent_uuid: "0424cd3659cc4765a9dc1d0801c02c08" member_type: VOTER last_known_addr { host: "127.4.144.193" port: 41709 } } peers { permanent_uuid: "9a60b5c754be4799a2ecd8d1a3f49b33" member_type: VOTER last_known_addr { host: "127.4.144.194" port: 37905 } } peers { permanent_uuid: "1f1c9b09c8e04f8583e3cca07d5ca994" member_type: VOTER last_known_addr { host: "127.4.144.195" port: 35965 } }
I20260710 11:01:30.202520  5004 tablet_bootstrap.cc:654] T f506c9f9dde0407a9baa360994bb2e51 P 0424cd3659cc4765a9dc1d0801c02c08: Neither blocks nor log segments found. Creating new log.
I20260710 11:01:30.208326  4959 tablet_service.cc:1917] Received RequestConsensusVote() RPC: tablet_id: "c4a8d1c8753941faaa9fb4e8c0ade96d" candidate_uuid: "0424cd3659cc4765a9dc1d0801c02c08" candidate_term: 1 candidate_status { last_received { term: 0 index: 0 } } ignore_live_leader: false dest_uuid: "1f1c9b09c8e04f8583e3cca07d5ca994" is_pre_election: true
I20260710 11:01:30.210716  5003 tablet_bootstrap.cc:492] T f6a0d8303fc54629b38b7e610071da1f P 1f1c9b09c8e04f8583e3cca07d5ca994: No bootstrap required, opened a new log
W20260710 11:01:30.210848  4775 leader_election.cc:343] T c4a8d1c8753941faaa9fb4e8c0ade96d P 0424cd3659cc4765a9dc1d0801c02c08 [CANDIDATE]: Term 1 pre-election: Tablet error from VoteRequest() call to peer 1f1c9b09c8e04f8583e3cca07d5ca994 (127.4.144.195:35965): Illegal state: must be running to vote when last-logged opid is not known
I20260710 11:01:30.211786  5008 leader_election.cc:290] T 8400c3973a5f4874a30384c3f8284cd8 P 9a60b5c754be4799a2ecd8d1a3f49b33 [CANDIDATE]: Term 1 election: Requested vote from peers 0424cd3659cc4765a9dc1d0801c02c08 (127.4.144.193:41709), 1f1c9b09c8e04f8583e3cca07d5ca994 (127.4.144.195:35965)
I20260710 11:01:30.211217  5003 ts_tablet_manager.cc:1403] T f6a0d8303fc54629b38b7e610071da1f P 1f1c9b09c8e04f8583e3cca07d5ca994: Time spent bootstrapping tablet: real 0.097s	user 0.033s	sys 0.040s
I20260710 11:01:30.214839  4810 tablet_service.cc:1917] Received RequestConsensusVote() RPC: tablet_id: "8400c3973a5f4874a30384c3f8284cd8" candidate_uuid: "9a60b5c754be4799a2ecd8d1a3f49b33" candidate_term: 1 candidate_status { last_received { term: 0 index: 0 } } ignore_live_leader: false dest_uuid: "0424cd3659cc4765a9dc1d0801c02c08"
I20260710 11:01:30.215157  4959 tablet_service.cc:1917] Received RequestConsensusVote() RPC: tablet_id: "8400c3973a5f4874a30384c3f8284cd8" candidate_uuid: "9a60b5c754be4799a2ecd8d1a3f49b33" candidate_term: 1 candidate_status { last_received { term: 0 index: 0 } } ignore_live_leader: false dest_uuid: "1f1c9b09c8e04f8583e3cca07d5ca994"
I20260710 11:01:30.215689  4959 raft_consensus.cc:3060] T 8400c3973a5f4874a30384c3f8284cd8 P 1f1c9b09c8e04f8583e3cca07d5ca994 [term 0 FOLLOWER]: Advancing to term 1
W20260710 11:01:30.216094  4851 leader_election.cc:343] T 8400c3973a5f4874a30384c3f8284cd8 P 9a60b5c754be4799a2ecd8d1a3f49b33 [CANDIDATE]: Term 1 election: Tablet error from VoteRequest() call to peer 0424cd3659cc4765a9dc1d0801c02c08 (127.4.144.193:41709): Illegal state: must be running to vote when last-logged opid is not known
I20260710 11:01:30.230321  4959 raft_consensus.cc:2468] T 8400c3973a5f4874a30384c3f8284cd8 P 1f1c9b09c8e04f8583e3cca07d5ca994 [term 1 FOLLOWER]: Leader election vote request: Granting yes vote for candidate 9a60b5c754be4799a2ecd8d1a3f49b33 in term 1.
I20260710 11:01:30.237412  4885 tablet_service.cc:1917] Received RequestConsensusVote() RPC: tablet_id: "c4a8d1c8753941faaa9fb4e8c0ade96d" candidate_uuid: "0424cd3659cc4765a9dc1d0801c02c08" candidate_term: 1 candidate_status { last_received { term: 0 index: 0 } } ignore_live_leader: false dest_uuid: "9a60b5c754be4799a2ecd8d1a3f49b33" is_pre_election: true
I20260710 11:01:30.238154  4850 leader_election.cc:304] T 8400c3973a5f4874a30384c3f8284cd8 P 9a60b5c754be4799a2ecd8d1a3f49b33 [CANDIDATE]: Term 1 election: Election decided. Result: candidate won. Election summary: received 3 responses out of 3 voters: 2 yes votes; 1 no votes. yes voters: 1f1c9b09c8e04f8583e3cca07d5ca994, 9a60b5c754be4799a2ecd8d1a3f49b33; no voters: 0424cd3659cc4765a9dc1d0801c02c08
W20260710 11:01:30.239701  4774 leader_election.cc:343] T c4a8d1c8753941faaa9fb4e8c0ade96d P 0424cd3659cc4765a9dc1d0801c02c08 [CANDIDATE]: Term 1 pre-election: Tablet error from VoteRequest() call to peer 9a60b5c754be4799a2ecd8d1a3f49b33 (127.4.144.194:37905): Illegal state: must be running to vote when last-logged opid is not known
I20260710 11:01:30.240242  4774 leader_election.cc:304] T c4a8d1c8753941faaa9fb4e8c0ade96d P 0424cd3659cc4765a9dc1d0801c02c08 [CANDIDATE]: Term 1 pre-election: Election decided. Result: candidate lost. Election summary: received 3 responses out of 3 voters: 1 yes votes; 2 no votes. yes voters: 0424cd3659cc4765a9dc1d0801c02c08; no voters: 1f1c9b09c8e04f8583e3cca07d5ca994, 9a60b5c754be4799a2ecd8d1a3f49b33
I20260710 11:01:30.240571  5002 tablet_bootstrap.cc:492] T f506c9f9dde0407a9baa360994bb2e51 P 9a60b5c754be4799a2ecd8d1a3f49b33: No bootstrap required, opened a new log
I20260710 11:01:30.241034  5002 ts_tablet_manager.cc:1403] T f506c9f9dde0407a9baa360994bb2e51 P 9a60b5c754be4799a2ecd8d1a3f49b33: Time spent bootstrapping tablet: real 0.125s	user 0.018s	sys 0.012s
I20260710 11:01:30.241616  5016 raft_consensus.cc:2749] T c4a8d1c8753941faaa9fb4e8c0ade96d P 0424cd3659cc4765a9dc1d0801c02c08 [term 0 FOLLOWER]: Leader pre-election lost for term 1. Reason: could not achieve majority
I20260710 11:01:30.241721  5003 raft_consensus.cc:359] T f6a0d8303fc54629b38b7e610071da1f P 1f1c9b09c8e04f8583e3cca07d5ca994 [term 0 FOLLOWER]: Replica starting. Triggering 0 pending ops. Active config: opid_index: -1 OBSOLETE_local: false peers { permanent_uuid: "0424cd3659cc4765a9dc1d0801c02c08" member_type: VOTER last_known_addr { host: "127.4.144.193" port: 41709 } } peers { permanent_uuid: "9a60b5c754be4799a2ecd8d1a3f49b33" member_type: VOTER last_known_addr { host: "127.4.144.194" port: 37905 } } peers { permanent_uuid: "1f1c9b09c8e04f8583e3cca07d5ca994" member_type: VOTER last_known_addr { host: "127.4.144.195" port: 35965 } }
I20260710 11:01:30.242506  5008 raft_consensus.cc:2804] T 8400c3973a5f4874a30384c3f8284cd8 P 9a60b5c754be4799a2ecd8d1a3f49b33 [term 1 FOLLOWER]: Leader election won for term 1
I20260710 11:01:30.242561  5003 raft_consensus.cc:385] T f6a0d8303fc54629b38b7e610071da1f P 1f1c9b09c8e04f8583e3cca07d5ca994 [term 0 FOLLOWER]: Consensus starting up: Expiring failure detector timer to make a prompt election more likely
I20260710 11:01:30.243039  5003 raft_consensus.cc:740] T f6a0d8303fc54629b38b7e610071da1f P 1f1c9b09c8e04f8583e3cca07d5ca994 [term 0 FOLLOWER]: Becoming Follower/Learner. State: Replica: 1f1c9b09c8e04f8583e3cca07d5ca994, State: Initialized, Role: FOLLOWER
I20260710 11:01:30.243098  5008 raft_consensus.cc:697] T 8400c3973a5f4874a30384c3f8284cd8 P 9a60b5c754be4799a2ecd8d1a3f49b33 [term 1 LEADER]: Becoming Leader. State: Replica: 9a60b5c754be4799a2ecd8d1a3f49b33, State: Running, Role: LEADER
I20260710 11:01:30.243809  5003 consensus_queue.cc:260] T f6a0d8303fc54629b38b7e610071da1f P 1f1c9b09c8e04f8583e3cca07d5ca994 [NON_LEADER]: Queue going to NON_LEADER mode. State: All replicated index: 0, Majority replicated index: 0, Committed index: 0, Last appended: 0.0, Last appended by leader: 0, Current term: 0, Majority size: -1, State: 0, Mode: NON_LEADER, active raft config: opid_index: -1 OBSOLETE_local: false peers { permanent_uuid: "0424cd3659cc4765a9dc1d0801c02c08" member_type: VOTER last_known_addr { host: "127.4.144.193" port: 41709 } } peers { permanent_uuid: "9a60b5c754be4799a2ecd8d1a3f49b33" member_type: VOTER last_known_addr { host: "127.4.144.194" port: 37905 } } peers { permanent_uuid: "1f1c9b09c8e04f8583e3cca07d5ca994" member_type: VOTER last_known_addr { host: "127.4.144.195" port: 35965 } }
I20260710 11:01:30.243871  5002 raft_consensus.cc:359] T f506c9f9dde0407a9baa360994bb2e51 P 9a60b5c754be4799a2ecd8d1a3f49b33 [term 0 FOLLOWER]: Replica starting. Triggering 0 pending ops. Active config: opid_index: -1 OBSOLETE_local: false peers { permanent_uuid: "9a60b5c754be4799a2ecd8d1a3f49b33" member_type: VOTER last_known_addr { host: "127.4.144.194" port: 37905 } } peers { permanent_uuid: "1f1c9b09c8e04f8583e3cca07d5ca994" member_type: VOTER last_known_addr { host: "127.4.144.195" port: 35965 } } peers { permanent_uuid: "0424cd3659cc4765a9dc1d0801c02c08" member_type: VOTER last_known_addr { host: "127.4.144.193" port: 41709 } }
I20260710 11:01:30.244737  5002 raft_consensus.cc:385] T f506c9f9dde0407a9baa360994bb2e51 P 9a60b5c754be4799a2ecd8d1a3f49b33 [term 0 FOLLOWER]: Consensus starting up: Expiring failure detector timer to make a prompt election more likely
I20260710 11:01:30.245052  5002 raft_consensus.cc:740] T f506c9f9dde0407a9baa360994bb2e51 P 9a60b5c754be4799a2ecd8d1a3f49b33 [term 0 FOLLOWER]: Becoming Follower/Learner. State: Replica: 9a60b5c754be4799a2ecd8d1a3f49b33, State: Initialized, Role: FOLLOWER
I20260710 11:01:30.243963  5008 consensus_queue.cc:237] T 8400c3973a5f4874a30384c3f8284cd8 P 9a60b5c754be4799a2ecd8d1a3f49b33 [LEADER]: Queue going to LEADER mode. State: All replicated index: 0, Majority replicated index: 0, Committed index: 0, Last appended: 0.0, Last appended by leader: 0, Current term: 1, Majority size: 2, State: 0, Mode: LEADER, active raft config: opid_index: -1 OBSOLETE_local: false peers { permanent_uuid: "0424cd3659cc4765a9dc1d0801c02c08" member_type: VOTER last_known_addr { host: "127.4.144.193" port: 41709 } } peers { permanent_uuid: "9a60b5c754be4799a2ecd8d1a3f49b33" member_type: VOTER last_known_addr { host: "127.4.144.194" port: 37905 } } peers { permanent_uuid: "1f1c9b09c8e04f8583e3cca07d5ca994" member_type: VOTER last_known_addr { host: "127.4.144.195" port: 35965 } }
I20260710 11:01:30.246230  5003 ts_tablet_manager.cc:1434] T f6a0d8303fc54629b38b7e610071da1f P 1f1c9b09c8e04f8583e3cca07d5ca994: Time spent starting tablet: real 0.030s	user 0.005s	sys 0.001s
I20260710 11:01:30.245857  5002 consensus_queue.cc:260] T f506c9f9dde0407a9baa360994bb2e51 P 9a60b5c754be4799a2ecd8d1a3f49b33 [NON_LEADER]: Queue going to NON_LEADER mode. State: All replicated index: 0, Majority replicated index: 0, Committed index: 0, Last appended: 0.0, Last appended by leader: 0, Current term: 0, Majority size: -1, State: 0, Mode: NON_LEADER, active raft config: opid_index: -1 OBSOLETE_local: false peers { permanent_uuid: "9a60b5c754be4799a2ecd8d1a3f49b33" member_type: VOTER last_known_addr { host: "127.4.144.194" port: 37905 } } peers { permanent_uuid: "1f1c9b09c8e04f8583e3cca07d5ca994" member_type: VOTER last_known_addr { host: "127.4.144.195" port: 35965 } } peers { permanent_uuid: "0424cd3659cc4765a9dc1d0801c02c08" member_type: VOTER last_known_addr { host: "127.4.144.193" port: 41709 } }
I20260710 11:01:30.247171  5003 tablet_bootstrap.cc:492] T 25c187694ca1439cbedacc3870cb19ee P 1f1c9b09c8e04f8583e3cca07d5ca994: Bootstrap starting.
I20260710 11:01:30.247829  5002 ts_tablet_manager.cc:1434] T f506c9f9dde0407a9baa360994bb2e51 P 9a60b5c754be4799a2ecd8d1a3f49b33: Time spent starting tablet: real 0.006s	user 0.007s	sys 0.000s
I20260710 11:01:30.248620  5002 tablet_bootstrap.cc:492] T f6a0d8303fc54629b38b7e610071da1f P 9a60b5c754be4799a2ecd8d1a3f49b33: Bootstrap starting.
I20260710 11:01:30.253662  5003 tablet_bootstrap.cc:654] T 25c187694ca1439cbedacc3870cb19ee P 1f1c9b09c8e04f8583e3cca07d5ca994: Neither blocks nor log segments found. Creating new log.
I20260710 11:01:30.243822  5004 tablet_bootstrap.cc:492] T f506c9f9dde0407a9baa360994bb2e51 P 0424cd3659cc4765a9dc1d0801c02c08: No bootstrap required, opened a new log
I20260710 11:01:30.254302  5004 ts_tablet_manager.cc:1403] T f506c9f9dde0407a9baa360994bb2e51 P 0424cd3659cc4765a9dc1d0801c02c08: Time spent bootstrapping tablet: real 0.071s	user 0.012s	sys 0.004s
I20260710 11:01:30.254635  5002 tablet_bootstrap.cc:654] T f6a0d8303fc54629b38b7e610071da1f P 9a60b5c754be4799a2ecd8d1a3f49b33: Neither blocks nor log segments found. Creating new log.
I20260710 11:01:30.257606  5004 raft_consensus.cc:359] T f506c9f9dde0407a9baa360994bb2e51 P 0424cd3659cc4765a9dc1d0801c02c08 [term 0 FOLLOWER]: Replica starting. Triggering 0 pending ops. Active config: opid_index: -1 OBSOLETE_local: false peers { permanent_uuid: "9a60b5c754be4799a2ecd8d1a3f49b33" member_type: VOTER last_known_addr { host: "127.4.144.194" port: 37905 } } peers { permanent_uuid: "1f1c9b09c8e04f8583e3cca07d5ca994" member_type: VOTER last_known_addr { host: "127.4.144.195" port: 35965 } } peers { permanent_uuid: "0424cd3659cc4765a9dc1d0801c02c08" member_type: VOTER last_known_addr { host: "127.4.144.193" port: 41709 } }
I20260710 11:01:30.258323  5004 raft_consensus.cc:385] T f506c9f9dde0407a9baa360994bb2e51 P 0424cd3659cc4765a9dc1d0801c02c08 [term 0 FOLLOWER]: Consensus starting up: Expiring failure detector timer to make a prompt election more likely
I20260710 11:01:30.258673  5004 raft_consensus.cc:740] T f506c9f9dde0407a9baa360994bb2e51 P 0424cd3659cc4765a9dc1d0801c02c08 [term 0 FOLLOWER]: Becoming Follower/Learner. State: Replica: 0424cd3659cc4765a9dc1d0801c02c08, State: Initialized, Role: FOLLOWER
I20260710 11:01:30.259414  5004 consensus_queue.cc:260] T f506c9f9dde0407a9baa360994bb2e51 P 0424cd3659cc4765a9dc1d0801c02c08 [NON_LEADER]: Queue going to NON_LEADER mode. State: All replicated index: 0, Majority replicated index: 0, Committed index: 0, Last appended: 0.0, Last appended by leader: 0, Current term: 0, Majority size: -1, State: 0, Mode: NON_LEADER, active raft config: opid_index: -1 OBSOLETE_local: false peers { permanent_uuid: "9a60b5c754be4799a2ecd8d1a3f49b33" member_type: VOTER last_known_addr { host: "127.4.144.194" port: 37905 } } peers { permanent_uuid: "1f1c9b09c8e04f8583e3cca07d5ca994" member_type: VOTER last_known_addr { host: "127.4.144.195" port: 35965 } } peers { permanent_uuid: "0424cd3659cc4765a9dc1d0801c02c08" member_type: VOTER last_known_addr { host: "127.4.144.193" port: 41709 } }
I20260710 11:01:30.261650  5004 ts_tablet_manager.cc:1434] T f506c9f9dde0407a9baa360994bb2e51 P 0424cd3659cc4765a9dc1d0801c02c08: Time spent starting tablet: real 0.007s	user 0.005s	sys 0.000s
I20260710 11:01:30.267427  5004 tablet_bootstrap.cc:492] T f4b545ccbafb46ef9363e8fdd67e198c P 0424cd3659cc4765a9dc1d0801c02c08: Bootstrap starting.
I20260710 11:01:30.266053  5002 tablet_bootstrap.cc:492] T f6a0d8303fc54629b38b7e610071da1f P 9a60b5c754be4799a2ecd8d1a3f49b33: No bootstrap required, opened a new log
I20260710 11:01:30.270916  5002 ts_tablet_manager.cc:1403] T f6a0d8303fc54629b38b7e610071da1f P 9a60b5c754be4799a2ecd8d1a3f49b33: Time spent bootstrapping tablet: real 0.022s	user 0.008s	sys 0.008s
I20260710 11:01:30.273861  5002 raft_consensus.cc:359] T f6a0d8303fc54629b38b7e610071da1f P 9a60b5c754be4799a2ecd8d1a3f49b33 [term 0 FOLLOWER]: Replica starting. Triggering 0 pending ops. Active config: opid_index: -1 OBSOLETE_local: false peers { permanent_uuid: "0424cd3659cc4765a9dc1d0801c02c08" member_type: VOTER last_known_addr { host: "127.4.144.193" port: 41709 } } peers { permanent_uuid: "9a60b5c754be4799a2ecd8d1a3f49b33" member_type: VOTER last_known_addr { host: "127.4.144.194" port: 37905 } } peers { permanent_uuid: "1f1c9b09c8e04f8583e3cca07d5ca994" member_type: VOTER last_known_addr { host: "127.4.144.195" port: 35965 } }
I20260710 11:01:30.274804  5002 raft_consensus.cc:385] T f6a0d8303fc54629b38b7e610071da1f P 9a60b5c754be4799a2ecd8d1a3f49b33 [term 0 FOLLOWER]: Consensus starting up: Expiring failure detector timer to make a prompt election more likely
I20260710 11:01:30.276618  5002 raft_consensus.cc:740] T f6a0d8303fc54629b38b7e610071da1f P 9a60b5c754be4799a2ecd8d1a3f49b33 [term 0 FOLLOWER]: Becoming Follower/Learner. State: Replica: 9a60b5c754be4799a2ecd8d1a3f49b33, State: Initialized, Role: FOLLOWER
I20260710 11:01:30.280140  5002 consensus_queue.cc:260] T f6a0d8303fc54629b38b7e610071da1f P 9a60b5c754be4799a2ecd8d1a3f49b33 [NON_LEADER]: Queue going to NON_LEADER mode. State: All replicated index: 0, Majority replicated index: 0, Committed index: 0, Last appended: 0.0, Last appended by leader: 0, Current term: 0, Majority size: -1, State: 0, Mode: NON_LEADER, active raft config: opid_index: -1 OBSOLETE_local: false peers { permanent_uuid: "0424cd3659cc4765a9dc1d0801c02c08" member_type: VOTER last_known_addr { host: "127.4.144.193" port: 41709 } } peers { permanent_uuid: "9a60b5c754be4799a2ecd8d1a3f49b33" member_type: VOTER last_known_addr { host: "127.4.144.194" port: 37905 } } peers { permanent_uuid: "1f1c9b09c8e04f8583e3cca07d5ca994" member_type: VOTER last_known_addr { host: "127.4.144.195" port: 35965 } }
I20260710 11:01:30.281474  5003 tablet_bootstrap.cc:492] T 25c187694ca1439cbedacc3870cb19ee P 1f1c9b09c8e04f8583e3cca07d5ca994: No bootstrap required, opened a new log
I20260710 11:01:30.281903  5003 ts_tablet_manager.cc:1403] T 25c187694ca1439cbedacc3870cb19ee P 1f1c9b09c8e04f8583e3cca07d5ca994: Time spent bootstrapping tablet: real 0.035s	user 0.018s	sys 0.012s
I20260710 11:01:30.282104  5002 ts_tablet_manager.cc:1434] T f6a0d8303fc54629b38b7e610071da1f P 9a60b5c754be4799a2ecd8d1a3f49b33: Time spent starting tablet: real 0.011s	user 0.005s	sys 0.000s
I20260710 11:01:30.283059  5002 tablet_bootstrap.cc:492] T f4b545ccbafb46ef9363e8fdd67e198c P 9a60b5c754be4799a2ecd8d1a3f49b33: Bootstrap starting.
I20260710 11:01:30.283134  4705 catalog_manager.cc:5697] T 8400c3973a5f4874a30384c3f8284cd8 P 9a60b5c754be4799a2ecd8d1a3f49b33 reported cstate change: term changed from 0 to 1, leader changed from <none> to 9a60b5c754be4799a2ecd8d1a3f49b33 (127.4.144.194). New cstate: current_term: 1 leader_uuid: "9a60b5c754be4799a2ecd8d1a3f49b33" committed_config { opid_index: -1 OBSOLETE_local: false peers { permanent_uuid: "0424cd3659cc4765a9dc1d0801c02c08" member_type: VOTER last_known_addr { host: "127.4.144.193" port: 41709 } health_report { overall_health: UNKNOWN } } peers { permanent_uuid: "9a60b5c754be4799a2ecd8d1a3f49b33" member_type: VOTER last_known_addr { host: "127.4.144.194" port: 37905 } health_report { overall_health: HEALTHY } } peers { permanent_uuid: "1f1c9b09c8e04f8583e3cca07d5ca994" member_type: VOTER last_known_addr { host: "127.4.144.195" port: 35965 } health_report { overall_health: UNKNOWN } } }
I20260710 11:01:30.288009  5004 tablet_bootstrap.cc:654] T f4b545ccbafb46ef9363e8fdd67e198c P 0424cd3659cc4765a9dc1d0801c02c08: Neither blocks nor log segments found. Creating new log.
I20260710 11:01:30.293133  5002 tablet_bootstrap.cc:654] T f4b545ccbafb46ef9363e8fdd67e198c P 9a60b5c754be4799a2ecd8d1a3f49b33: Neither blocks nor log segments found. Creating new log.
I20260710 11:01:30.293843  5003 raft_consensus.cc:359] T 25c187694ca1439cbedacc3870cb19ee P 1f1c9b09c8e04f8583e3cca07d5ca994 [term 0 FOLLOWER]: Replica starting. Triggering 0 pending ops. Active config: opid_index: -1 OBSOLETE_local: false peers { permanent_uuid: "0424cd3659cc4765a9dc1d0801c02c08" member_type: VOTER last_known_addr { host: "127.4.144.193" port: 41709 } } peers { permanent_uuid: "9a60b5c754be4799a2ecd8d1a3f49b33" member_type: VOTER last_known_addr { host: "127.4.144.194" port: 37905 } } peers { permanent_uuid: "1f1c9b09c8e04f8583e3cca07d5ca994" member_type: VOTER last_known_addr { host: "127.4.144.195" port: 35965 } }
I20260710 11:01:30.294641  5003 raft_consensus.cc:385] T 25c187694ca1439cbedacc3870cb19ee P 1f1c9b09c8e04f8583e3cca07d5ca994 [term 0 FOLLOWER]: Consensus starting up: Expiring failure detector timer to make a prompt election more likely
I20260710 11:01:30.294974  5003 raft_consensus.cc:740] T 25c187694ca1439cbedacc3870cb19ee P 1f1c9b09c8e04f8583e3cca07d5ca994 [term 0 FOLLOWER]: Becoming Follower/Learner. State: Replica: 1f1c9b09c8e04f8583e3cca07d5ca994, State: Initialized, Role: FOLLOWER
I20260710 11:01:30.295707  5003 consensus_queue.cc:260] T 25c187694ca1439cbedacc3870cb19ee P 1f1c9b09c8e04f8583e3cca07d5ca994 [NON_LEADER]: Queue going to NON_LEADER mode. State: All replicated index: 0, Majority replicated index: 0, Committed index: 0, Last appended: 0.0, Last appended by leader: 0, Current term: 0, Majority size: -1, State: 0, Mode: NON_LEADER, active raft config: opid_index: -1 OBSOLETE_local: false peers { permanent_uuid: "0424cd3659cc4765a9dc1d0801c02c08" member_type: VOTER last_known_addr { host: "127.4.144.193" port: 41709 } } peers { permanent_uuid: "9a60b5c754be4799a2ecd8d1a3f49b33" member_type: VOTER last_known_addr { host: "127.4.144.194" port: 37905 } } peers { permanent_uuid: "1f1c9b09c8e04f8583e3cca07d5ca994" member_type: VOTER last_known_addr { host: "127.4.144.195" port: 35965 } }
I20260710 11:01:30.298067  5003 ts_tablet_manager.cc:1434] T 25c187694ca1439cbedacc3870cb19ee P 1f1c9b09c8e04f8583e3cca07d5ca994: Time spent starting tablet: real 0.016s	user 0.006s	sys 0.000s
I20260710 11:01:30.298969  5003 tablet_bootstrap.cc:492] T c4a8d1c8753941faaa9fb4e8c0ade96d P 1f1c9b09c8e04f8583e3cca07d5ca994: Bootstrap starting.
I20260710 11:01:30.310276  5007 raft_consensus.cc:493] T f6a0d8303fc54629b38b7e610071da1f P 1f1c9b09c8e04f8583e3cca07d5ca994 [term 0 FOLLOWER]: Starting pre-election (no leader contacted us within the election timeout)
I20260710 11:01:30.312891  5007 raft_consensus.cc:515] T f6a0d8303fc54629b38b7e610071da1f P 1f1c9b09c8e04f8583e3cca07d5ca994 [term 0 FOLLOWER]: Starting pre-election with config: opid_index: -1 OBSOLETE_local: false peers { permanent_uuid: "0424cd3659cc4765a9dc1d0801c02c08" member_type: VOTER last_known_addr { host: "127.4.144.193" port: 41709 } } peers { permanent_uuid: "9a60b5c754be4799a2ecd8d1a3f49b33" member_type: VOTER last_known_addr { host: "127.4.144.194" port: 37905 } } peers { permanent_uuid: "1f1c9b09c8e04f8583e3cca07d5ca994" member_type: VOTER last_known_addr { host: "127.4.144.195" port: 35965 } }
I20260710 11:01:30.315723  5007 leader_election.cc:290] T f6a0d8303fc54629b38b7e610071da1f P 1f1c9b09c8e04f8583e3cca07d5ca994 [CANDIDATE]: Term 1 pre-election: Requested pre-vote from peers 0424cd3659cc4765a9dc1d0801c02c08 (127.4.144.193:41709), 9a60b5c754be4799a2ecd8d1a3f49b33 (127.4.144.194:37905)
I20260710 11:01:30.318729  5003 tablet_bootstrap.cc:654] T c4a8d1c8753941faaa9fb4e8c0ade96d P 1f1c9b09c8e04f8583e3cca07d5ca994: Neither blocks nor log segments found. Creating new log.
I20260710 11:01:30.334936  4885 tablet_service.cc:1917] Received RequestConsensusVote() RPC: tablet_id: "f6a0d8303fc54629b38b7e610071da1f" candidate_uuid: "1f1c9b09c8e04f8583e3cca07d5ca994" candidate_term: 1 candidate_status { last_received { term: 0 index: 0 } } ignore_live_leader: false dest_uuid: "9a60b5c754be4799a2ecd8d1a3f49b33" is_pre_election: true
I20260710 11:01:30.335640  4885 raft_consensus.cc:2468] T f6a0d8303fc54629b38b7e610071da1f P 9a60b5c754be4799a2ecd8d1a3f49b33 [term 0 FOLLOWER]: Leader pre-election vote request: Granting yes vote for candidate 1f1c9b09c8e04f8583e3cca07d5ca994 in term 0.
I20260710 11:01:30.336795  5003 tablet_bootstrap.cc:492] T c4a8d1c8753941faaa9fb4e8c0ade96d P 1f1c9b09c8e04f8583e3cca07d5ca994: No bootstrap required, opened a new log
I20260710 11:01:30.336941  4923 leader_election.cc:304] T f6a0d8303fc54629b38b7e610071da1f P 1f1c9b09c8e04f8583e3cca07d5ca994 [CANDIDATE]: Term 1 pre-election: Election decided. Result: candidate won. Election summary: received 2 responses out of 3 voters: 2 yes votes; 0 no votes. yes voters: 1f1c9b09c8e04f8583e3cca07d5ca994, 9a60b5c754be4799a2ecd8d1a3f49b33; no voters: 
I20260710 11:01:30.337476  5003 ts_tablet_manager.cc:1403] T c4a8d1c8753941faaa9fb4e8c0ade96d P 1f1c9b09c8e04f8583e3cca07d5ca994: Time spent bootstrapping tablet: real 0.039s	user 0.010s	sys 0.002s
I20260710 11:01:30.337769  5007 raft_consensus.cc:2804] T f6a0d8303fc54629b38b7e610071da1f P 1f1c9b09c8e04f8583e3cca07d5ca994 [term 0 FOLLOWER]: Leader pre-election won for term 1
I20260710 11:01:30.338119  5007 raft_consensus.cc:493] T f6a0d8303fc54629b38b7e610071da1f P 1f1c9b09c8e04f8583e3cca07d5ca994 [term 0 FOLLOWER]: Starting leader election (no leader contacted us within the election timeout)
I20260710 11:01:30.338451  5007 raft_consensus.cc:3060] T f6a0d8303fc54629b38b7e610071da1f P 1f1c9b09c8e04f8583e3cca07d5ca994 [term 0 FOLLOWER]: Advancing to term 1
I20260710 11:01:30.340572  5003 raft_consensus.cc:359] T c4a8d1c8753941faaa9fb4e8c0ade96d P 1f1c9b09c8e04f8583e3cca07d5ca994 [term 0 FOLLOWER]: Replica starting. Triggering 0 pending ops. Active config: opid_index: -1 OBSOLETE_local: false peers { permanent_uuid: "0424cd3659cc4765a9dc1d0801c02c08" member_type: VOTER last_known_addr { host: "127.4.144.193" port: 41709 } } peers { permanent_uuid: "9a60b5c754be4799a2ecd8d1a3f49b33" member_type: VOTER last_known_addr { host: "127.4.144.194" port: 37905 } } peers { permanent_uuid: "1f1c9b09c8e04f8583e3cca07d5ca994" member_type: VOTER last_known_addr { host: "127.4.144.195" port: 35965 } }
I20260710 11:01:30.341305  5003 raft_consensus.cc:385] T c4a8d1c8753941faaa9fb4e8c0ade96d P 1f1c9b09c8e04f8583e3cca07d5ca994 [term 0 FOLLOWER]: Consensus starting up: Expiring failure detector timer to make a prompt election more likely
I20260710 11:01:30.341651  5003 raft_consensus.cc:740] T c4a8d1c8753941faaa9fb4e8c0ade96d P 1f1c9b09c8e04f8583e3cca07d5ca994 [term 0 FOLLOWER]: Becoming Follower/Learner. State: Replica: 1f1c9b09c8e04f8583e3cca07d5ca994, State: Initialized, Role: FOLLOWER
I20260710 11:01:30.342401  5003 consensus_queue.cc:260] T c4a8d1c8753941faaa9fb4e8c0ade96d P 1f1c9b09c8e04f8583e3cca07d5ca994 [NON_LEADER]: Queue going to NON_LEADER mode. State: All replicated index: 0, Majority replicated index: 0, Committed index: 0, Last appended: 0.0, Last appended by leader: 0, Current term: 0, Majority size: -1, State: 0, Mode: NON_LEADER, active raft config: opid_index: -1 OBSOLETE_local: false peers { permanent_uuid: "0424cd3659cc4765a9dc1d0801c02c08" member_type: VOTER last_known_addr { host: "127.4.144.193" port: 41709 } } peers { permanent_uuid: "9a60b5c754be4799a2ecd8d1a3f49b33" member_type: VOTER last_known_addr { host: "127.4.144.194" port: 37905 } } peers { permanent_uuid: "1f1c9b09c8e04f8583e3cca07d5ca994" member_type: VOTER last_known_addr { host: "127.4.144.195" port: 35965 } }
I20260710 11:01:30.343564  4810 tablet_service.cc:1917] Received RequestConsensusVote() RPC: tablet_id: "f6a0d8303fc54629b38b7e610071da1f" candidate_uuid: "1f1c9b09c8e04f8583e3cca07d5ca994" candidate_term: 1 candidate_status { last_received { term: 0 index: 0 } } ignore_live_leader: false dest_uuid: "0424cd3659cc4765a9dc1d0801c02c08" is_pre_election: true
W20260710 11:01:30.344987  4925 leader_election.cc:343] T f6a0d8303fc54629b38b7e610071da1f P 1f1c9b09c8e04f8583e3cca07d5ca994 [CANDIDATE]: Term 1 pre-election: Tablet error from VoteRequest() call to peer 0424cd3659cc4765a9dc1d0801c02c08 (127.4.144.193:41709): Illegal state: must be running to vote when last-logged opid is not known
I20260710 11:01:30.344998  5007 raft_consensus.cc:515] T f6a0d8303fc54629b38b7e610071da1f P 1f1c9b09c8e04f8583e3cca07d5ca994 [term 1 FOLLOWER]: Starting leader election with config: opid_index: -1 OBSOLETE_local: false peers { permanent_uuid: "0424cd3659cc4765a9dc1d0801c02c08" member_type: VOTER last_known_addr { host: "127.4.144.193" port: 41709 } } peers { permanent_uuid: "9a60b5c754be4799a2ecd8d1a3f49b33" member_type: VOTER last_known_addr { host: "127.4.144.194" port: 37905 } } peers { permanent_uuid: "1f1c9b09c8e04f8583e3cca07d5ca994" member_type: VOTER last_known_addr { host: "127.4.144.195" port: 35965 } }
I20260710 11:01:30.347224  5007 leader_election.cc:290] T f6a0d8303fc54629b38b7e610071da1f P 1f1c9b09c8e04f8583e3cca07d5ca994 [CANDIDATE]: Term 1 election: Requested vote from peers 0424cd3659cc4765a9dc1d0801c02c08 (127.4.144.193:41709), 9a60b5c754be4799a2ecd8d1a3f49b33 (127.4.144.194:37905)
I20260710 11:01:30.347810  4810 tablet_service.cc:1917] Received RequestConsensusVote() RPC: tablet_id: "f6a0d8303fc54629b38b7e610071da1f" candidate_uuid: "1f1c9b09c8e04f8583e3cca07d5ca994" candidate_term: 1 candidate_status { last_received { term: 0 index: 0 } } ignore_live_leader: false dest_uuid: "0424cd3659cc4765a9dc1d0801c02c08"
W20260710 11:01:30.348918  4925 leader_election.cc:343] T f6a0d8303fc54629b38b7e610071da1f P 1f1c9b09c8e04f8583e3cca07d5ca994 [CANDIDATE]: Term 1 election: Tablet error from VoteRequest() call to peer 0424cd3659cc4765a9dc1d0801c02c08 (127.4.144.193:41709): Illegal state: must be running to vote when last-logged opid is not known
I20260710 11:01:30.348971  5004 tablet_bootstrap.cc:492] T f4b545ccbafb46ef9363e8fdd67e198c P 0424cd3659cc4765a9dc1d0801c02c08: No bootstrap required, opened a new log
I20260710 11:01:30.349629  5004 ts_tablet_manager.cc:1403] T f4b545ccbafb46ef9363e8fdd67e198c P 0424cd3659cc4765a9dc1d0801c02c08: Time spent bootstrapping tablet: real 0.082s	user 0.028s	sys 0.025s
I20260710 11:01:30.349704  5003 ts_tablet_manager.cc:1434] T c4a8d1c8753941faaa9fb4e8c0ade96d P 1f1c9b09c8e04f8583e3cca07d5ca994: Time spent starting tablet: real 0.012s	user 0.007s	sys 0.004s
I20260710 11:01:30.350605  4885 tablet_service.cc:1917] Received RequestConsensusVote() RPC: tablet_id: "f6a0d8303fc54629b38b7e610071da1f" candidate_uuid: "1f1c9b09c8e04f8583e3cca07d5ca994" candidate_term: 1 candidate_status { last_received { term: 0 index: 0 } } ignore_live_leader: false dest_uuid: "9a60b5c754be4799a2ecd8d1a3f49b33"
I20260710 11:01:30.351135  4885 raft_consensus.cc:3060] T f6a0d8303fc54629b38b7e610071da1f P 9a60b5c754be4799a2ecd8d1a3f49b33 [term 0 FOLLOWER]: Advancing to term 1
I20260710 11:01:30.351243  5003 tablet_bootstrap.cc:492] T 47e967c2b55c4bffaf1c42b2d5435c71 P 1f1c9b09c8e04f8583e3cca07d5ca994: Bootstrap starting.
I20260710 11:01:30.353474  5004 raft_consensus.cc:359] T f4b545ccbafb46ef9363e8fdd67e198c P 0424cd3659cc4765a9dc1d0801c02c08 [term 0 FOLLOWER]: Replica starting. Triggering 0 pending ops. Active config: opid_index: -1 OBSOLETE_local: false peers { permanent_uuid: "0424cd3659cc4765a9dc1d0801c02c08" member_type: VOTER last_known_addr { host: "127.4.144.193" port: 41709 } } peers { permanent_uuid: "9a60b5c754be4799a2ecd8d1a3f49b33" member_type: VOTER last_known_addr { host: "127.4.144.194" port: 37905 } } peers { permanent_uuid: "1f1c9b09c8e04f8583e3cca07d5ca994" member_type: VOTER last_known_addr { host: "127.4.144.195" port: 35965 } }
I20260710 11:01:30.354184  5004 raft_consensus.cc:385] T f4b545ccbafb46ef9363e8fdd67e198c P 0424cd3659cc4765a9dc1d0801c02c08 [term 0 FOLLOWER]: Consensus starting up: Expiring failure detector timer to make a prompt election more likely
I20260710 11:01:30.354504  5004 raft_consensus.cc:740] T f4b545ccbafb46ef9363e8fdd67e198c P 0424cd3659cc4765a9dc1d0801c02c08 [term 0 FOLLOWER]: Becoming Follower/Learner. State: Replica: 0424cd3659cc4765a9dc1d0801c02c08, State: Initialized, Role: FOLLOWER
I20260710 11:01:30.355208  5004 consensus_queue.cc:260] T f4b545ccbafb46ef9363e8fdd67e198c P 0424cd3659cc4765a9dc1d0801c02c08 [NON_LEADER]: Queue going to NON_LEADER mode. State: All replicated index: 0, Majority replicated index: 0, Committed index: 0, Last appended: 0.0, Last appended by leader: 0, Current term: 0, Majority size: -1, State: 0, Mode: NON_LEADER, active raft config: opid_index: -1 OBSOLETE_local: false peers { permanent_uuid: "0424cd3659cc4765a9dc1d0801c02c08" member_type: VOTER last_known_addr { host: "127.4.144.193" port: 41709 } } peers { permanent_uuid: "9a60b5c754be4799a2ecd8d1a3f49b33" member_type: VOTER last_known_addr { host: "127.4.144.194" port: 37905 } } peers { permanent_uuid: "1f1c9b09c8e04f8583e3cca07d5ca994" member_type: VOTER last_known_addr { host: "127.4.144.195" port: 35965 } }
I20260710 11:01:30.357528  5004 ts_tablet_manager.cc:1434] T f4b545ccbafb46ef9363e8fdd67e198c P 0424cd3659cc4765a9dc1d0801c02c08: Time spent starting tablet: real 0.007s	user 0.005s	sys 0.000s
I20260710 11:01:30.357782  5003 tablet_bootstrap.cc:654] T 47e967c2b55c4bffaf1c42b2d5435c71 P 1f1c9b09c8e04f8583e3cca07d5ca994: Neither blocks nor log segments found. Creating new log.
I20260710 11:01:30.360452  5032 raft_consensus.cc:493] T 25c187694ca1439cbedacc3870cb19ee P 1f1c9b09c8e04f8583e3cca07d5ca994 [term 0 FOLLOWER]: Starting pre-election (no leader contacted us within the election timeout)
I20260710 11:01:30.360944  5032 raft_consensus.cc:515] T 25c187694ca1439cbedacc3870cb19ee P 1f1c9b09c8e04f8583e3cca07d5ca994 [term 0 FOLLOWER]: Starting pre-election with config: opid_index: -1 OBSOLETE_local: false peers { permanent_uuid: "0424cd3659cc4765a9dc1d0801c02c08" member_type: VOTER last_known_addr { host: "127.4.144.193" port: 41709 } } peers { permanent_uuid: "9a60b5c754be4799a2ecd8d1a3f49b33" member_type: VOTER last_known_addr { host: "127.4.144.194" port: 37905 } } peers { permanent_uuid: "1f1c9b09c8e04f8583e3cca07d5ca994" member_type: VOTER last_known_addr { host: "127.4.144.195" port: 35965 } }
I20260710 11:01:30.363616  5002 tablet_bootstrap.cc:492] T f4b545ccbafb46ef9363e8fdd67e198c P 9a60b5c754be4799a2ecd8d1a3f49b33: No bootstrap required, opened a new log
I20260710 11:01:30.363801  4810 tablet_service.cc:1917] Received RequestConsensusVote() RPC: tablet_id: "25c187694ca1439cbedacc3870cb19ee" candidate_uuid: "1f1c9b09c8e04f8583e3cca07d5ca994" candidate_term: 1 candidate_status { last_received { term: 0 index: 0 } } ignore_live_leader: false dest_uuid: "0424cd3659cc4765a9dc1d0801c02c08" is_pre_election: true
W20260710 11:01:30.365254  4925 leader_election.cc:343] T 25c187694ca1439cbedacc3870cb19ee P 1f1c9b09c8e04f8583e3cca07d5ca994 [CANDIDATE]: Term 1 pre-election: Tablet error from VoteRequest() call to peer 0424cd3659cc4765a9dc1d0801c02c08 (127.4.144.193:41709): Illegal state: must be running to vote when last-logged opid is not known
I20260710 11:01:30.366268  5032 leader_election.cc:290] T 25c187694ca1439cbedacc3870cb19ee P 1f1c9b09c8e04f8583e3cca07d5ca994 [CANDIDATE]: Term 1 pre-election: Requested pre-vote from peers 0424cd3659cc4765a9dc1d0801c02c08 (127.4.144.193:41709), 9a60b5c754be4799a2ecd8d1a3f49b33 (127.4.144.194:37905)
I20260710 11:01:30.364046  5002 ts_tablet_manager.cc:1403] T f4b545ccbafb46ef9363e8fdd67e198c P 9a60b5c754be4799a2ecd8d1a3f49b33: Time spent bootstrapping tablet: real 0.081s	user 0.012s	sys 0.010s
I20260710 11:01:30.367604  4884 tablet_service.cc:1917] Received RequestConsensusVote() RPC: tablet_id: "25c187694ca1439cbedacc3870cb19ee" candidate_uuid: "1f1c9b09c8e04f8583e3cca07d5ca994" candidate_term: 1 candidate_status { last_received { term: 0 index: 0 } } ignore_live_leader: false dest_uuid: "9a60b5c754be4799a2ecd8d1a3f49b33" is_pre_election: true
I20260710 11:01:30.369052  5004 tablet_bootstrap.cc:492] T 47e967c2b55c4bffaf1c42b2d5435c71 P 0424cd3659cc4765a9dc1d0801c02c08: Bootstrap starting.
I20260710 11:01:30.369235  5003 tablet_bootstrap.cc:492] T 47e967c2b55c4bffaf1c42b2d5435c71 P 1f1c9b09c8e04f8583e3cca07d5ca994: No bootstrap required, opened a new log
I20260710 11:01:30.369663  5003 ts_tablet_manager.cc:1403] T 47e967c2b55c4bffaf1c42b2d5435c71 P 1f1c9b09c8e04f8583e3cca07d5ca994: Time spent bootstrapping tablet: real 0.019s	user 0.011s	sys 0.004s
I20260710 11:01:30.369787  5002 raft_consensus.cc:359] T f4b545ccbafb46ef9363e8fdd67e198c P 9a60b5c754be4799a2ecd8d1a3f49b33 [term 0 FOLLOWER]: Replica starting. Triggering 0 pending ops. Active config: opid_index: -1 OBSOLETE_local: false peers { permanent_uuid: "0424cd3659cc4765a9dc1d0801c02c08" member_type: VOTER last_known_addr { host: "127.4.144.193" port: 41709 } } peers { permanent_uuid: "9a60b5c754be4799a2ecd8d1a3f49b33" member_type: VOTER last_known_addr { host: "127.4.144.194" port: 37905 } } peers { permanent_uuid: "1f1c9b09c8e04f8583e3cca07d5ca994" member_type: VOTER last_known_addr { host: "127.4.144.195" port: 35965 } }
I20260710 11:01:30.370486  5002 raft_consensus.cc:385] T f4b545ccbafb46ef9363e8fdd67e198c P 9a60b5c754be4799a2ecd8d1a3f49b33 [term 0 FOLLOWER]: Consensus starting up: Expiring failure detector timer to make a prompt election more likely
I20260710 11:01:30.370781  5002 raft_consensus.cc:740] T f4b545ccbafb46ef9363e8fdd67e198c P 9a60b5c754be4799a2ecd8d1a3f49b33 [term 0 FOLLOWER]: Becoming Follower/Learner. State: Replica: 9a60b5c754be4799a2ecd8d1a3f49b33, State: Initialized, Role: FOLLOWER
W20260710 11:01:30.370839  4923 leader_election.cc:343] T 25c187694ca1439cbedacc3870cb19ee P 1f1c9b09c8e04f8583e3cca07d5ca994 [CANDIDATE]: Term 1 pre-election: Tablet error from VoteRequest() call to peer 9a60b5c754be4799a2ecd8d1a3f49b33 (127.4.144.194:37905): Illegal state: must be running to vote when last-logged opid is not known
I20260710 11:01:30.371291  4923 leader_election.cc:304] T 25c187694ca1439cbedacc3870cb19ee P 1f1c9b09c8e04f8583e3cca07d5ca994 [CANDIDATE]: Term 1 pre-election: Election decided. Result: candidate lost. Election summary: received 3 responses out of 3 voters: 1 yes votes; 2 no votes. yes voters: 1f1c9b09c8e04f8583e3cca07d5ca994; no voters: 0424cd3659cc4765a9dc1d0801c02c08, 9a60b5c754be4799a2ecd8d1a3f49b33
I20260710 11:01:30.372361  5032 raft_consensus.cc:2749] T 25c187694ca1439cbedacc3870cb19ee P 1f1c9b09c8e04f8583e3cca07d5ca994 [term 0 FOLLOWER]: Leader pre-election lost for term 1. Reason: could not achieve majority
I20260710 11:01:30.372532  5003 raft_consensus.cc:359] T 47e967c2b55c4bffaf1c42b2d5435c71 P 1f1c9b09c8e04f8583e3cca07d5ca994 [term 0 FOLLOWER]: Replica starting. Triggering 0 pending ops. Active config: opid_index: -1 OBSOLETE_local: false peers { permanent_uuid: "0424cd3659cc4765a9dc1d0801c02c08" member_type: VOTER last_known_addr { host: "127.4.144.193" port: 41709 } } peers { permanent_uuid: "9a60b5c754be4799a2ecd8d1a3f49b33" member_type: VOTER last_known_addr { host: "127.4.144.194" port: 37905 } } peers { permanent_uuid: "1f1c9b09c8e04f8583e3cca07d5ca994" member_type: VOTER last_known_addr { host: "127.4.144.195" port: 35965 } }
I20260710 11:01:30.373181  5003 raft_consensus.cc:385] T 47e967c2b55c4bffaf1c42b2d5435c71 P 1f1c9b09c8e04f8583e3cca07d5ca994 [term 0 FOLLOWER]: Consensus starting up: Expiring failure detector timer to make a prompt election more likely
I20260710 11:01:30.373409  5003 raft_consensus.cc:740] T 47e967c2b55c4bffaf1c42b2d5435c71 P 1f1c9b09c8e04f8583e3cca07d5ca994 [term 0 FOLLOWER]: Becoming Follower/Learner. State: Replica: 1f1c9b09c8e04f8583e3cca07d5ca994, State: Initialized, Role: FOLLOWER
I20260710 11:01:30.360991  4885 raft_consensus.cc:2468] T f6a0d8303fc54629b38b7e610071da1f P 9a60b5c754be4799a2ecd8d1a3f49b33 [term 1 FOLLOWER]: Leader election vote request: Granting yes vote for candidate 1f1c9b09c8e04f8583e3cca07d5ca994 in term 1.
I20260710 11:01:30.374351  5003 consensus_queue.cc:260] T 47e967c2b55c4bffaf1c42b2d5435c71 P 1f1c9b09c8e04f8583e3cca07d5ca994 [NON_LEADER]: Queue going to NON_LEADER mode. State: All replicated index: 0, Majority replicated index: 0, Committed index: 0, Last appended: 0.0, Last appended by leader: 0, Current term: 0, Majority size: -1, State: 0, Mode: NON_LEADER, active raft config: opid_index: -1 OBSOLETE_local: false peers { permanent_uuid: "0424cd3659cc4765a9dc1d0801c02c08" member_type: VOTER last_known_addr { host: "127.4.144.193" port: 41709 } } peers { permanent_uuid: "9a60b5c754be4799a2ecd8d1a3f49b33" member_type: VOTER last_known_addr { host: "127.4.144.194" port: 37905 } } peers { permanent_uuid: "1f1c9b09c8e04f8583e3cca07d5ca994" member_type: VOTER last_known_addr { host: "127.4.144.195" port: 35965 } }
I20260710 11:01:30.375769  5004 tablet_bootstrap.cc:654] T 47e967c2b55c4bffaf1c42b2d5435c71 P 0424cd3659cc4765a9dc1d0801c02c08: Neither blocks nor log segments found. Creating new log.
