I20260710 11:01:38.382969 10513 consensus_queue.cc:260] T dfc611ecaf744bfbbab82693ba923b96 P 9f3905220f1d449b884589ec92b7c60c [NON_LEADER]: Queue going to NON_LEADER mode. State: All replicated index: 0, Majority replicated index: 0, Committed index: 0, Last appended: 0.0, Last appended by leader: 0, Current term: 0, Majority size: -1, State: 0, Mode: NON_LEADER, active raft config: opid_index: -1 OBSOLETE_local: false peers { permanent_uuid: "1c98cf2fa6ea470d8fd0c967128e84e0" member_type: VOTER last_known_addr { host: "127.9.121.129" port: 43297 } } peers { permanent_uuid: "6027efc1b7bd47a7b47d50d57e52ff3d" member_type: VOTER last_known_addr { host: "127.9.121.130" port: 43385 } } peers { permanent_uuid: "9f3905220f1d449b884589ec92b7c60c" member_type: VOTER last_known_addr { host: "127.9.121.131" port: 34517 } }
I20260710 11:01:38.383072 10514 raft_consensus.cc:359] T ba8106c6980a4cf4b0bf1f85ffad692c P 1c98cf2fa6ea470d8fd0c967128e84e0 [term 0 FOLLOWER]: Replica starting. Triggering 0 pending ops. Active config: opid_index: -1 OBSOLETE_local: false peers { permanent_uuid: "1c98cf2fa6ea470d8fd0c967128e84e0" member_type: VOTER last_known_addr { host: "127.9.121.129" port: 43297 } } peers { permanent_uuid: "6027efc1b7bd47a7b47d50d57e52ff3d" member_type: VOTER last_known_addr { host: "127.9.121.130" port: 43385 } } peers { permanent_uuid: "9f3905220f1d449b884589ec92b7c60c" member_type: VOTER last_known_addr { host: "127.9.121.131" port: 34517 } }
I20260710 11:01:38.383876 10514 raft_consensus.cc:385] T ba8106c6980a4cf4b0bf1f85ffad692c P 1c98cf2fa6ea470d8fd0c967128e84e0 [term 0 FOLLOWER]: Consensus starting up: Expiring failure detector timer to make a prompt election more likely
I20260710 11:01:38.383693 10515 raft_consensus.cc:359] T 2e39da272c364a91b59e991202f1649d P 6027efc1b7bd47a7b47d50d57e52ff3d [term 0 FOLLOWER]: Replica starting. Triggering 0 pending ops. Active config: opid_index: -1 OBSOLETE_local: false peers { permanent_uuid: "1c98cf2fa6ea470d8fd0c967128e84e0" member_type: VOTER last_known_addr { host: "127.9.121.129" port: 43297 } } peers { permanent_uuid: "6027efc1b7bd47a7b47d50d57e52ff3d" member_type: VOTER last_known_addr { host: "127.9.121.130" port: 43385 } } peers { permanent_uuid: "9f3905220f1d449b884589ec92b7c60c" member_type: VOTER last_known_addr { host: "127.9.121.131" port: 34517 } }
I20260710 11:01:38.384251 10514 raft_consensus.cc:740] T ba8106c6980a4cf4b0bf1f85ffad692c P 1c98cf2fa6ea470d8fd0c967128e84e0 [term 0 FOLLOWER]: Becoming Follower/Learner. State: Replica: 1c98cf2fa6ea470d8fd0c967128e84e0, State: Initialized, Role: FOLLOWER
I20260710 11:01:38.384480 10515 raft_consensus.cc:385] T 2e39da272c364a91b59e991202f1649d P 6027efc1b7bd47a7b47d50d57e52ff3d [term 0 FOLLOWER]: Consensus starting up: Expiring failure detector timer to make a prompt election more likely
I20260710 11:01:38.384886 10515 raft_consensus.cc:740] T 2e39da272c364a91b59e991202f1649d P 6027efc1b7bd47a7b47d50d57e52ff3d [term 0 FOLLOWER]: Becoming Follower/Learner. State: Replica: 6027efc1b7bd47a7b47d50d57e52ff3d, State: Initialized, Role: FOLLOWER
I20260710 11:01:38.385142 10514 consensus_queue.cc:260] T ba8106c6980a4cf4b0bf1f85ffad692c P 1c98cf2fa6ea470d8fd0c967128e84e0 [NON_LEADER]: Queue going to NON_LEADER mode. State: All replicated index: 0, Majority replicated index: 0, Committed index: 0, Last appended: 0.0, Last appended by leader: 0, Current term: 0, Majority size: -1, State: 0, Mode: NON_LEADER, active raft config: opid_index: -1 OBSOLETE_local: false peers { permanent_uuid: "1c98cf2fa6ea470d8fd0c967128e84e0" member_type: VOTER last_known_addr { host: "127.9.121.129" port: 43297 } } peers { permanent_uuid: "6027efc1b7bd47a7b47d50d57e52ff3d" member_type: VOTER last_known_addr { host: "127.9.121.130" port: 43385 } } peers { permanent_uuid: "9f3905220f1d449b884589ec92b7c60c" member_type: VOTER last_known_addr { host: "127.9.121.131" port: 34517 } }
I20260710 11:01:38.385612 10515 consensus_queue.cc:260] T 2e39da272c364a91b59e991202f1649d P 6027efc1b7bd47a7b47d50d57e52ff3d [NON_LEADER]: Queue going to NON_LEADER mode. State: All replicated index: 0, Majority replicated index: 0, Committed index: 0, Last appended: 0.0, Last appended by leader: 0, Current term: 0, Majority size: -1, State: 0, Mode: NON_LEADER, active raft config: opid_index: -1 OBSOLETE_local: false peers { permanent_uuid: "1c98cf2fa6ea470d8fd0c967128e84e0" member_type: VOTER last_known_addr { host: "127.9.121.129" port: 43297 } } peers { permanent_uuid: "6027efc1b7bd47a7b47d50d57e52ff3d" member_type: VOTER last_known_addr { host: "127.9.121.130" port: 43385 } } peers { permanent_uuid: "9f3905220f1d449b884589ec92b7c60c" member_type: VOTER last_known_addr { host: "127.9.121.131" port: 34517 } }
I20260710 11:01:38.386040 10473 raft_consensus.cc:2468] T 1dd3cba49a9c415aa11fc9fb80feb749 P 9f3905220f1d449b884589ec92b7c60c [term 1 FOLLOWER]: Leader election vote request: Granting yes vote for candidate 6027efc1b7bd47a7b47d50d57e52ff3d in term 1.
I20260710 11:01:38.387228 10364 leader_election.cc:304] T 1dd3cba49a9c415aa11fc9fb80feb749 P 6027efc1b7bd47a7b47d50d57e52ff3d [CANDIDATE]: Term 1 election: Election decided. Result: candidate won. Election summary: received 3 responses out of 3 voters: 2 yes votes; 1 no votes. yes voters: 6027efc1b7bd47a7b47d50d57e52ff3d, 9f3905220f1d449b884589ec92b7c60c; no voters: 1c98cf2fa6ea470d8fd0c967128e84e0
I20260710 11:01:38.388239 10520 raft_consensus.cc:2804] T 1dd3cba49a9c415aa11fc9fb80feb749 P 6027efc1b7bd47a7b47d50d57e52ff3d [term 1 FOLLOWER]: Leader election won for term 1
I20260710 11:01:38.390233 10514 ts_tablet_manager.cc:1434] T ba8106c6980a4cf4b0bf1f85ffad692c P 1c98cf2fa6ea470d8fd0c967128e84e0: Time spent starting tablet: real 0.010s	user 0.008s	sys 0.000s
I20260710 11:01:38.391157 10514 tablet_bootstrap.cc:492] T d80657bfe353479e9b4c3b02ceccae18 P 1c98cf2fa6ea470d8fd0c967128e84e0: Bootstrap starting.
I20260710 11:01:38.392606 10513 ts_tablet_manager.cc:1434] T dfc611ecaf744bfbbab82693ba923b96 P 9f3905220f1d449b884589ec92b7c60c: Time spent starting tablet: real 0.014s	user 0.005s	sys 0.001s
I20260710 11:01:38.396060 10513 tablet_bootstrap.cc:492] T 0e11a0bd6dcd483ea8ef6c8c93f48b38 P 9f3905220f1d449b884589ec92b7c60c: Bootstrap starting.
I20260710 11:01:38.398423 10514 tablet_bootstrap.cc:654] T d80657bfe353479e9b4c3b02ceccae18 P 1c98cf2fa6ea470d8fd0c967128e84e0: Neither blocks nor log segments found. Creating new log.
I20260710 11:01:38.402565 10521 raft_consensus.cc:493] T 2e39da272c364a91b59e991202f1649d P 1c98cf2fa6ea470d8fd0c967128e84e0 [term 0 FOLLOWER]: Starting pre-election (no leader contacted us within the election timeout)
I20260710 11:01:38.402729 10513 tablet_bootstrap.cc:654] T 0e11a0bd6dcd483ea8ef6c8c93f48b38 P 9f3905220f1d449b884589ec92b7c60c: Neither blocks nor log segments found. Creating new log.
I20260710 11:01:38.403221 10515 ts_tablet_manager.cc:1434] T 2e39da272c364a91b59e991202f1649d P 6027efc1b7bd47a7b47d50d57e52ff3d: Time spent starting tablet: real 0.022s	user 0.006s	sys 0.000s
I20260710 11:01:38.403056 10521 raft_consensus.cc:515] T 2e39da272c364a91b59e991202f1649d P 1c98cf2fa6ea470d8fd0c967128e84e0 [term 0 FOLLOWER]: Starting pre-election with config: opid_index: -1 OBSOLETE_local: false peers { permanent_uuid: "1c98cf2fa6ea470d8fd0c967128e84e0" member_type: VOTER last_known_addr { host: "127.9.121.129" port: 43297 } } peers { permanent_uuid: "6027efc1b7bd47a7b47d50d57e52ff3d" member_type: VOTER last_known_addr { host: "127.9.121.130" port: 43385 } } peers { permanent_uuid: "9f3905220f1d449b884589ec92b7c60c" member_type: VOTER last_known_addr { host: "127.9.121.131" port: 34517 } }
I20260710 11:01:38.408923 10520 raft_consensus.cc:697] T 1dd3cba49a9c415aa11fc9fb80feb749 P 6027efc1b7bd47a7b47d50d57e52ff3d [term 1 LEADER]: Becoming Leader. State: Replica: 6027efc1b7bd47a7b47d50d57e52ff3d, State: Running, Role: LEADER
I20260710 11:01:38.409829 10520 consensus_queue.cc:237] T 1dd3cba49a9c415aa11fc9fb80feb749 P 6027efc1b7bd47a7b47d50d57e52ff3d [LEADER]: Queue going to LEADER mode. State: All replicated index: 0, Majority replicated index: 0, Committed index: 0, Last appended: 0.0, Last appended by leader: 0, Current term: 1, Majority size: 2, State: 0, Mode: LEADER, active raft config: opid_index: -1 OBSOLETE_local: false peers { permanent_uuid: "1c98cf2fa6ea470d8fd0c967128e84e0" member_type: VOTER last_known_addr { host: "127.9.121.129" port: 43297 } } peers { permanent_uuid: "6027efc1b7bd47a7b47d50d57e52ff3d" member_type: VOTER last_known_addr { host: "127.9.121.130" port: 43385 } } peers { permanent_uuid: "9f3905220f1d449b884589ec92b7c60c" member_type: VOTER last_known_addr { host: "127.9.121.131" port: 34517 } }
I20260710 11:01:38.411666 10515 tablet_bootstrap.cc:492] T dfc611ecaf744bfbbab82693ba923b96 P 6027efc1b7bd47a7b47d50d57e52ff3d: Bootstrap starting.
I20260710 11:01:38.412981 10521 leader_election.cc:290] T 2e39da272c364a91b59e991202f1649d P 1c98cf2fa6ea470d8fd0c967128e84e0 [CANDIDATE]: Term 1 pre-election: Requested pre-vote from peers 6027efc1b7bd47a7b47d50d57e52ff3d (127.9.121.130:43385), 9f3905220f1d449b884589ec92b7c60c (127.9.121.131:34517)
I20260710 11:01:38.420425 10515 tablet_bootstrap.cc:654] T dfc611ecaf744bfbbab82693ba923b96 P 6027efc1b7bd47a7b47d50d57e52ff3d: Neither blocks nor log segments found. Creating new log.
I20260710 11:01:38.422475 10513 tablet_bootstrap.cc:492] T 0e11a0bd6dcd483ea8ef6c8c93f48b38 P 9f3905220f1d449b884589ec92b7c60c: No bootstrap required, opened a new log
I20260710 11:01:38.423043 10513 ts_tablet_manager.cc:1403] T 0e11a0bd6dcd483ea8ef6c8c93f48b38 P 9f3905220f1d449b884589ec92b7c60c: Time spent bootstrapping tablet: real 0.027s	user 0.013s	sys 0.006s
I20260710 11:01:38.426769 10514 tablet_bootstrap.cc:492] T d80657bfe353479e9b4c3b02ceccae18 P 1c98cf2fa6ea470d8fd0c967128e84e0: No bootstrap required, opened a new log
I20260710 11:01:38.427259 10514 ts_tablet_manager.cc:1403] T d80657bfe353479e9b4c3b02ceccae18 P 1c98cf2fa6ea470d8fd0c967128e84e0: Time spent bootstrapping tablet: real 0.036s	user 0.003s	sys 0.007s
I20260710 11:01:38.426841 10513 raft_consensus.cc:359] T 0e11a0bd6dcd483ea8ef6c8c93f48b38 P 9f3905220f1d449b884589ec92b7c60c [term 0 FOLLOWER]: Replica starting. Triggering 0 pending ops. Active config: opid_index: -1 OBSOLETE_local: false peers { permanent_uuid: "1c98cf2fa6ea470d8fd0c967128e84e0" member_type: VOTER last_known_addr { host: "127.9.121.129" port: 43297 } } peers { permanent_uuid: "6027efc1b7bd47a7b47d50d57e52ff3d" member_type: VOTER last_known_addr { host: "127.9.121.130" port: 43385 } } peers { permanent_uuid: "9f3905220f1d449b884589ec92b7c60c" member_type: VOTER last_known_addr { host: "127.9.121.131" port: 34517 } }
I20260710 11:01:38.427678 10513 raft_consensus.cc:385] T 0e11a0bd6dcd483ea8ef6c8c93f48b38 P 9f3905220f1d449b884589ec92b7c60c [term 0 FOLLOWER]: Consensus starting up: Expiring failure detector timer to make a prompt election more likely
I20260710 11:01:38.428035 10513 raft_consensus.cc:740] T 0e11a0bd6dcd483ea8ef6c8c93f48b38 P 9f3905220f1d449b884589ec92b7c60c [term 0 FOLLOWER]: Becoming Follower/Learner. State: Replica: 9f3905220f1d449b884589ec92b7c60c, State: Initialized, Role: FOLLOWER
I20260710 11:01:38.428869 10513 consensus_queue.cc:260] T 0e11a0bd6dcd483ea8ef6c8c93f48b38 P 9f3905220f1d449b884589ec92b7c60c [NON_LEADER]: Queue going to NON_LEADER mode. State: All replicated index: 0, Majority replicated index: 0, Committed index: 0, Last appended: 0.0, Last appended by leader: 0, Current term: 0, Majority size: -1, State: 0, Mode: NON_LEADER, active raft config: opid_index: -1 OBSOLETE_local: false peers { permanent_uuid: "1c98cf2fa6ea470d8fd0c967128e84e0" member_type: VOTER last_known_addr { host: "127.9.121.129" port: 43297 } } peers { permanent_uuid: "6027efc1b7bd47a7b47d50d57e52ff3d" member_type: VOTER last_known_addr { host: "127.9.121.130" port: 43385 } } peers { permanent_uuid: "9f3905220f1d449b884589ec92b7c60c" member_type: VOTER last_known_addr { host: "127.9.121.131" port: 34517 } }
I20260710 11:01:38.439054 10513 ts_tablet_manager.cc:1434] T 0e11a0bd6dcd483ea8ef6c8c93f48b38 P 9f3905220f1d449b884589ec92b7c60c: Time spent starting tablet: real 0.016s	user 0.007s	sys 0.000s
I20260710 11:01:38.439311 10514 raft_consensus.cc:359] T d80657bfe353479e9b4c3b02ceccae18 P 1c98cf2fa6ea470d8fd0c967128e84e0 [term 0 FOLLOWER]: Replica starting. Triggering 0 pending ops. Active config: opid_index: -1 OBSOLETE_local: false peers { permanent_uuid: "1c98cf2fa6ea470d8fd0c967128e84e0" member_type: VOTER last_known_addr { host: "127.9.121.129" port: 43297 } } peers { permanent_uuid: "6027efc1b7bd47a7b47d50d57e52ff3d" member_type: VOTER last_known_addr { host: "127.9.121.130" port: 43385 } } peers { permanent_uuid: "9f3905220f1d449b884589ec92b7c60c" member_type: VOTER last_known_addr { host: "127.9.121.131" port: 34517 } }
I20260710 11:01:38.440007 10514 raft_consensus.cc:385] T d80657bfe353479e9b4c3b02ceccae18 P 1c98cf2fa6ea470d8fd0c967128e84e0 [term 0 FOLLOWER]: Consensus starting up: Expiring failure detector timer to make a prompt election more likely
I20260710 11:01:38.440296 10514 raft_consensus.cc:740] T d80657bfe353479e9b4c3b02ceccae18 P 1c98cf2fa6ea470d8fd0c967128e84e0 [term 0 FOLLOWER]: Becoming Follower/Learner. State: Replica: 1c98cf2fa6ea470d8fd0c967128e84e0, State: Initialized, Role: FOLLOWER
I20260710 11:01:38.446365 10513 tablet_bootstrap.cc:492] T dbbb51b39e804c349549f2f283b7cd7f P 9f3905220f1d449b884589ec92b7c60c: Bootstrap starting.
I20260710 11:01:38.449100 10514 consensus_queue.cc:260] T d80657bfe353479e9b4c3b02ceccae18 P 1c98cf2fa6ea470d8fd0c967128e84e0 [NON_LEADER]: Queue going to NON_LEADER mode. State: All replicated index: 0, Majority replicated index: 0, Committed index: 0, Last appended: 0.0, Last appended by leader: 0, Current term: 0, Majority size: -1, State: 0, Mode: NON_LEADER, active raft config: opid_index: -1 OBSOLETE_local: false peers { permanent_uuid: "1c98cf2fa6ea470d8fd0c967128e84e0" member_type: VOTER last_known_addr { host: "127.9.121.129" port: 43297 } } peers { permanent_uuid: "6027efc1b7bd47a7b47d50d57e52ff3d" member_type: VOTER last_known_addr { host: "127.9.121.130" port: 43385 } } peers { permanent_uuid: "9f3905220f1d449b884589ec92b7c60c" member_type: VOTER last_known_addr { host: "127.9.121.131" port: 34517 } }
I20260710 11:01:38.452946 10513 tablet_bootstrap.cc:654] T dbbb51b39e804c349549f2f283b7cd7f P 9f3905220f1d449b884589ec92b7c60c: Neither blocks nor log segments found. Creating new log.
I20260710 11:01:38.454034 10533 raft_consensus.cc:493] T 2e39da272c364a91b59e991202f1649d P 6027efc1b7bd47a7b47d50d57e52ff3d [term 0 FOLLOWER]: Starting pre-election (no leader contacted us within the election timeout)
I20260710 11:01:38.454627 10533 raft_consensus.cc:515] T 2e39da272c364a91b59e991202f1649d P 6027efc1b7bd47a7b47d50d57e52ff3d [term 0 FOLLOWER]: Starting pre-election with config: opid_index: -1 OBSOLETE_local: false peers { permanent_uuid: "1c98cf2fa6ea470d8fd0c967128e84e0" member_type: VOTER last_known_addr { host: "127.9.121.129" port: 43297 } } peers { permanent_uuid: "6027efc1b7bd47a7b47d50d57e52ff3d" member_type: VOTER last_known_addr { host: "127.9.121.130" port: 43385 } } peers { permanent_uuid: "9f3905220f1d449b884589ec92b7c60c" member_type: VOTER last_known_addr { host: "127.9.121.131" port: 34517 } }
I20260710 11:01:38.457273 10533 leader_election.cc:290] T 2e39da272c364a91b59e991202f1649d P 6027efc1b7bd47a7b47d50d57e52ff3d [CANDIDATE]: Term 1 pre-election: Requested pre-vote from peers 1c98cf2fa6ea470d8fd0c967128e84e0 (127.9.121.129:43297), 9f3905220f1d449b884589ec92b7c60c (127.9.121.131:34517)
I20260710 11:01:38.459251 10473 tablet_service.cc:1917] Received RequestConsensusVote() RPC: tablet_id: "2e39da272c364a91b59e991202f1649d" candidate_uuid: "6027efc1b7bd47a7b47d50d57e52ff3d" candidate_term: 1 candidate_status { last_received { term: 0 index: 0 } } ignore_live_leader: false dest_uuid: "9f3905220f1d449b884589ec92b7c60c" is_pre_election: true
I20260710 11:01:38.459833 10473 raft_consensus.cc:2468] T 2e39da272c364a91b59e991202f1649d P 9f3905220f1d449b884589ec92b7c60c [term 0 FOLLOWER]: Leader pre-election vote request: Granting yes vote for candidate 6027efc1b7bd47a7b47d50d57e52ff3d in term 0.
I20260710 11:01:38.460112 10514 ts_tablet_manager.cc:1434] T d80657bfe353479e9b4c3b02ceccae18 P 1c98cf2fa6ea470d8fd0c967128e84e0: Time spent starting tablet: real 0.033s	user 0.006s	sys 0.001s
I20260710 11:01:38.461050 10364 leader_election.cc:304] T 2e39da272c364a91b59e991202f1649d P 6027efc1b7bd47a7b47d50d57e52ff3d [CANDIDATE]: Term 1 pre-election: Election decided. Result: candidate won. Election summary: received 2 responses out of 3 voters: 2 yes votes; 0 no votes. yes voters: 6027efc1b7bd47a7b47d50d57e52ff3d, 9f3905220f1d449b884589ec92b7c60c; no voters: 
I20260710 11:01:38.461185 10521 raft_consensus.cc:493] T dbbb51b39e804c349549f2f283b7cd7f P 1c98cf2fa6ea470d8fd0c967128e84e0 [term 0 FOLLOWER]: Starting pre-election (no leader contacted us within the election timeout)
I20260710 11:01:38.461778 10521 raft_consensus.cc:515] T dbbb51b39e804c349549f2f283b7cd7f P 1c98cf2fa6ea470d8fd0c967128e84e0 [term 0 FOLLOWER]: Starting pre-election with config: opid_index: -1 OBSOLETE_local: false peers { permanent_uuid: "1c98cf2fa6ea470d8fd0c967128e84e0" member_type: VOTER last_known_addr { host: "127.9.121.129" port: 43297 } } peers { permanent_uuid: "6027efc1b7bd47a7b47d50d57e52ff3d" member_type: VOTER last_known_addr { host: "127.9.121.130" port: 43385 } } peers { permanent_uuid: "9f3905220f1d449b884589ec92b7c60c" member_type: VOTER last_known_addr { host: "127.9.121.131" port: 34517 } }
I20260710 11:01:38.462864 10324 tablet_service.cc:1917] Received RequestConsensusVote() RPC: tablet_id: "2e39da272c364a91b59e991202f1649d" candidate_uuid: "6027efc1b7bd47a7b47d50d57e52ff3d" candidate_term: 1 candidate_status { last_received { term: 0 index: 0 } } ignore_live_leader: false dest_uuid: "1c98cf2fa6ea470d8fd0c967128e84e0" is_pre_election: true
W20260710 11:01:38.463105 10270 auto_rebalancer.cc:288] Could not retrieve cluster info: Service unavailable: Tablet not running
I20260710 11:01:38.463492 10324 raft_consensus.cc:2468] T 2e39da272c364a91b59e991202f1649d P 1c98cf2fa6ea470d8fd0c967128e84e0 [term 0 FOLLOWER]: Leader pre-election vote request: Granting yes vote for candidate 6027efc1b7bd47a7b47d50d57e52ff3d in term 0.
I20260710 11:01:38.464365 10521 leader_election.cc:290] T dbbb51b39e804c349549f2f283b7cd7f P 1c98cf2fa6ea470d8fd0c967128e84e0 [CANDIDATE]: Term 1 pre-election: Requested pre-vote from peers 6027efc1b7bd47a7b47d50d57e52ff3d (127.9.121.130:43385), 9f3905220f1d449b884589ec92b7c60c (127.9.121.131:34517)
I20260710 11:01:38.462273 10533 raft_consensus.cc:2804] T 2e39da272c364a91b59e991202f1649d P 6027efc1b7bd47a7b47d50d57e52ff3d [term 0 FOLLOWER]: Leader pre-election won for term 1
I20260710 11:01:38.473089 10533 raft_consensus.cc:493] T 2e39da272c364a91b59e991202f1649d P 6027efc1b7bd47a7b47d50d57e52ff3d [term 0 FOLLOWER]: Starting leader election (no leader contacted us within the election timeout)
I20260710 11:01:38.473487 10533 raft_consensus.cc:3060] T 2e39da272c364a91b59e991202f1649d P 6027efc1b7bd47a7b47d50d57e52ff3d [term 0 FOLLOWER]: Advancing to term 1
I20260710 11:01:38.474720 10513 tablet_bootstrap.cc:492] T dbbb51b39e804c349549f2f283b7cd7f P 9f3905220f1d449b884589ec92b7c60c: No bootstrap required, opened a new log
I20260710 11:01:38.475286 10513 ts_tablet_manager.cc:1403] T dbbb51b39e804c349549f2f283b7cd7f P 9f3905220f1d449b884589ec92b7c60c: Time spent bootstrapping tablet: real 0.029s	user 0.016s	sys 0.010s
I20260710 11:01:38.478536 10513 raft_consensus.cc:359] T dbbb51b39e804c349549f2f283b7cd7f P 9f3905220f1d449b884589ec92b7c60c [term 0 FOLLOWER]: Replica starting. Triggering 0 pending ops. Active config: opid_index: -1 OBSOLETE_local: false peers { permanent_uuid: "1c98cf2fa6ea470d8fd0c967128e84e0" member_type: VOTER last_known_addr { host: "127.9.121.129" port: 43297 } } peers { permanent_uuid: "6027efc1b7bd47a7b47d50d57e52ff3d" member_type: VOTER last_known_addr { host: "127.9.121.130" port: 43385 } } peers { permanent_uuid: "9f3905220f1d449b884589ec92b7c60c" member_type: VOTER last_known_addr { host: "127.9.121.131" port: 34517 } }
I20260710 11:01:38.479470 10513 raft_consensus.cc:385] T dbbb51b39e804c349549f2f283b7cd7f P 9f3905220f1d449b884589ec92b7c60c [term 0 FOLLOWER]: Consensus starting up: Expiring failure detector timer to make a prompt election more likely
I20260710 11:01:38.479801 10513 raft_consensus.cc:740] T dbbb51b39e804c349549f2f283b7cd7f P 9f3905220f1d449b884589ec92b7c60c [term 0 FOLLOWER]: Becoming Follower/Learner. State: Replica: 9f3905220f1d449b884589ec92b7c60c, State: Initialized, Role: FOLLOWER
I20260710 11:01:38.480634 10513 consensus_queue.cc:260] T dbbb51b39e804c349549f2f283b7cd7f P 9f3905220f1d449b884589ec92b7c60c [NON_LEADER]: Queue going to NON_LEADER mode. State: All replicated index: 0, Majority replicated index: 0, Committed index: 0, Last appended: 0.0, Last appended by leader: 0, Current term: 0, Majority size: -1, State: 0, Mode: NON_LEADER, active raft config: opid_index: -1 OBSOLETE_local: false peers { permanent_uuid: "1c98cf2fa6ea470d8fd0c967128e84e0" member_type: VOTER last_known_addr { host: "127.9.121.129" port: 43297 } } peers { permanent_uuid: "6027efc1b7bd47a7b47d50d57e52ff3d" member_type: VOTER last_known_addr { host: "127.9.121.130" port: 43385 } } peers { permanent_uuid: "9f3905220f1d449b884589ec92b7c60c" member_type: VOTER last_known_addr { host: "127.9.121.131" port: 34517 } }
I20260710 11:01:38.482143 10533 raft_consensus.cc:515] T 2e39da272c364a91b59e991202f1649d P 6027efc1b7bd47a7b47d50d57e52ff3d [term 1 FOLLOWER]: Starting leader election with config: opid_index: -1 OBSOLETE_local: false peers { permanent_uuid: "1c98cf2fa6ea470d8fd0c967128e84e0" member_type: VOTER last_known_addr { host: "127.9.121.129" port: 43297 } } peers { permanent_uuid: "6027efc1b7bd47a7b47d50d57e52ff3d" member_type: VOTER last_known_addr { host: "127.9.121.130" port: 43385 } } peers { permanent_uuid: "9f3905220f1d449b884589ec92b7c60c" member_type: VOTER last_known_addr { host: "127.9.121.131" port: 34517 } }
I20260710 11:01:38.482257 10399 tablet_service.cc:1917] Received RequestConsensusVote() RPC: tablet_id: "2e39da272c364a91b59e991202f1649d" candidate_uuid: "1c98cf2fa6ea470d8fd0c967128e84e0" candidate_term: 1 candidate_status { last_received { term: 0 index: 0 } } ignore_live_leader: false dest_uuid: "6027efc1b7bd47a7b47d50d57e52ff3d" is_pre_election: true
I20260710 11:01:38.483395 10399 raft_consensus.cc:2393] T 2e39da272c364a91b59e991202f1649d P 6027efc1b7bd47a7b47d50d57e52ff3d [term 1 FOLLOWER]: Leader pre-election vote request: Denying vote to candidate 1c98cf2fa6ea470d8fd0c967128e84e0 in current term 1: Already voted for candidate 6027efc1b7bd47a7b47d50d57e52ff3d in this term.
I20260710 11:01:38.484030 10533 leader_election.cc:290] T 2e39da272c364a91b59e991202f1649d P 6027efc1b7bd47a7b47d50d57e52ff3d [CANDIDATE]: Term 1 election: Requested vote from peers 1c98cf2fa6ea470d8fd0c967128e84e0 (127.9.121.129:43297), 9f3905220f1d449b884589ec92b7c60c (127.9.121.131:34517)
I20260710 11:01:38.484652 10398 tablet_service.cc:1917] Received RequestConsensusVote() RPC: tablet_id: "dbbb51b39e804c349549f2f283b7cd7f" candidate_uuid: "1c98cf2fa6ea470d8fd0c967128e84e0" candidate_term: 1 candidate_status { last_received { term: 0 index: 0 } } ignore_live_leader: false dest_uuid: "6027efc1b7bd47a7b47d50d57e52ff3d" is_pre_election: true
I20260710 11:01:38.487282 10473 tablet_service.cc:1917] Received RequestConsensusVote() RPC: tablet_id: "2e39da272c364a91b59e991202f1649d" candidate_uuid: "6027efc1b7bd47a7b47d50d57e52ff3d" candidate_term: 1 candidate_status { last_received { term: 0 index: 0 } } ignore_live_leader: false dest_uuid: "9f3905220f1d449b884589ec92b7c60c"
I20260710 11:01:38.487812 10473 raft_consensus.cc:3060] T 2e39da272c364a91b59e991202f1649d P 9f3905220f1d449b884589ec92b7c60c [term 0 FOLLOWER]: Advancing to term 1
W20260710 11:01:38.489039 10287 leader_election.cc:343] T dbbb51b39e804c349549f2f283b7cd7f P 1c98cf2fa6ea470d8fd0c967128e84e0 [CANDIDATE]: Term 1 pre-election: Tablet error from VoteRequest() call to peer 6027efc1b7bd47a7b47d50d57e52ff3d (127.9.121.130:43385): Illegal state: must be running to vote when last-logged opid is not known
I20260710 11:01:38.490128 10513 ts_tablet_manager.cc:1434] T dbbb51b39e804c349549f2f283b7cd7f P 9f3905220f1d449b884589ec92b7c60c: Time spent starting tablet: real 0.014s	user 0.006s	sys 0.000s
I20260710 11:01:38.491104 10515 tablet_bootstrap.cc:492] T dfc611ecaf744bfbbab82693ba923b96 P 6027efc1b7bd47a7b47d50d57e52ff3d: No bootstrap required, opened a new log
I20260710 11:01:38.491570 10515 ts_tablet_manager.cc:1403] T dfc611ecaf744bfbbab82693ba923b96 P 6027efc1b7bd47a7b47d50d57e52ff3d: Time spent bootstrapping tablet: real 0.080s	user 0.032s	sys 0.036s
I20260710 11:01:38.493903 10324 tablet_service.cc:1917] Received RequestConsensusVote() RPC: tablet_id: "2e39da272c364a91b59e991202f1649d" candidate_uuid: "6027efc1b7bd47a7b47d50d57e52ff3d" candidate_term: 1 candidate_status { last_received { term: 0 index: 0 } } ignore_live_leader: false dest_uuid: "1c98cf2fa6ea470d8fd0c967128e84e0"
I20260710 11:01:38.494451 10324 raft_consensus.cc:3060] T 2e39da272c364a91b59e991202f1649d P 1c98cf2fa6ea470d8fd0c967128e84e0 [term 0 FOLLOWER]: Advancing to term 1
I20260710 11:01:38.494557 10473 raft_consensus.cc:2468] T 2e39da272c364a91b59e991202f1649d P 9f3905220f1d449b884589ec92b7c60c [term 1 FOLLOWER]: Leader election vote request: Granting yes vote for candidate 6027efc1b7bd47a7b47d50d57e52ff3d in term 1.
I20260710 11:01:38.494382 10515 raft_consensus.cc:359] T dfc611ecaf744bfbbab82693ba923b96 P 6027efc1b7bd47a7b47d50d57e52ff3d [term 0 FOLLOWER]: Replica starting. Triggering 0 pending ops. Active config: opid_index: -1 OBSOLETE_local: false peers { permanent_uuid: "1c98cf2fa6ea470d8fd0c967128e84e0" member_type: VOTER last_known_addr { host: "127.9.121.129" port: 43297 } } peers { permanent_uuid: "6027efc1b7bd47a7b47d50d57e52ff3d" member_type: VOTER last_known_addr { host: "127.9.121.130" port: 43385 } } peers { permanent_uuid: "9f3905220f1d449b884589ec92b7c60c" member_type: VOTER last_known_addr { host: "127.9.121.131" port: 34517 } }
I20260710 11:01:38.495220 10515 raft_consensus.cc:385] T dfc611ecaf744bfbbab82693ba923b96 P 6027efc1b7bd47a7b47d50d57e52ff3d [term 0 FOLLOWER]: Consensus starting up: Expiring failure detector timer to make a prompt election more likely
I20260710 11:01:38.495541 10515 raft_consensus.cc:740] T dfc611ecaf744bfbbab82693ba923b96 P 6027efc1b7bd47a7b47d50d57e52ff3d [term 0 FOLLOWER]: Becoming Follower/Learner. State: Replica: 6027efc1b7bd47a7b47d50d57e52ff3d, State: Initialized, Role: FOLLOWER
I20260710 11:01:38.495769 10364 leader_election.cc:304] T 2e39da272c364a91b59e991202f1649d P 6027efc1b7bd47a7b47d50d57e52ff3d [CANDIDATE]: Term 1 election: Election decided. Result: candidate won. Election summary: received 2 responses out of 3 voters: 2 yes votes; 0 no votes. yes voters: 6027efc1b7bd47a7b47d50d57e52ff3d, 9f3905220f1d449b884589ec92b7c60c; no voters: 
I20260710 11:01:38.496255 10515 consensus_queue.cc:260] T dfc611ecaf744bfbbab82693ba923b96 P 6027efc1b7bd47a7b47d50d57e52ff3d [NON_LEADER]: Queue going to NON_LEADER mode. State: All replicated index: 0, Majority replicated index: 0, Committed index: 0, Last appended: 0.0, Last appended by leader: 0, Current term: 0, Majority size: -1, State: 0, Mode: NON_LEADER, active raft config: opid_index: -1 OBSOLETE_local: false peers { permanent_uuid: "1c98cf2fa6ea470d8fd0c967128e84e0" member_type: VOTER last_known_addr { host: "127.9.121.129" port: 43297 } } peers { permanent_uuid: "6027efc1b7bd47a7b47d50d57e52ff3d" member_type: VOTER last_known_addr { host: "127.9.121.130" port: 43385 } } peers { permanent_uuid: "9f3905220f1d449b884589ec92b7c60c" member_type: VOTER last_known_addr { host: "127.9.121.131" port: 34517 } }
I20260710 11:01:38.496745 10520 raft_consensus.cc:2804] T 2e39da272c364a91b59e991202f1649d P 6027efc1b7bd47a7b47d50d57e52ff3d [term 1 FOLLOWER]: Leader election won for term 1
I20260710 11:01:38.498921 10514 tablet_bootstrap.cc:492] T 1dd3cba49a9c415aa11fc9fb80feb749 P 1c98cf2fa6ea470d8fd0c967128e84e0: Bootstrap starting.
I20260710 11:01:38.500487 10473 tablet_service.cc:1917] Received RequestConsensusVote() RPC: tablet_id: "2e39da272c364a91b59e991202f1649d" candidate_uuid: "1c98cf2fa6ea470d8fd0c967128e84e0" candidate_term: 1 candidate_status { last_received { term: 0 index: 0 } } ignore_live_leader: false dest_uuid: "9f3905220f1d449b884589ec92b7c60c" is_pre_election: true
I20260710 11:01:38.501159 10515 ts_tablet_manager.cc:1434] T dfc611ecaf744bfbbab82693ba923b96 P 6027efc1b7bd47a7b47d50d57e52ff3d: Time spent starting tablet: real 0.009s	user 0.008s	sys 0.000s
I20260710 11:01:38.501257 10473 raft_consensus.cc:2393] T 2e39da272c364a91b59e991202f1649d P 9f3905220f1d449b884589ec92b7c60c [term 1 FOLLOWER]: Leader pre-election vote request: Denying vote to candidate 1c98cf2fa6ea470d8fd0c967128e84e0 in current term 1: Already voted for candidate 6027efc1b7bd47a7b47d50d57e52ff3d in this term.
I20260710 11:01:38.501371 10324 raft_consensus.cc:2468] T 2e39da272c364a91b59e991202f1649d P 1c98cf2fa6ea470d8fd0c967128e84e0 [term 1 FOLLOWER]: Leader election vote request: Granting yes vote for candidate 6027efc1b7bd47a7b47d50d57e52ff3d in term 1.
I20260710 11:01:38.502508 10289 leader_election.cc:304] T 2e39da272c364a91b59e991202f1649d P 1c98cf2fa6ea470d8fd0c967128e84e0 [CANDIDATE]: Term 1 pre-election: Election decided. Result: candidate lost. Election summary: received 3 responses out of 3 voters: 1 yes votes; 2 no votes. yes voters: 1c98cf2fa6ea470d8fd0c967128e84e0; no voters: 6027efc1b7bd47a7b47d50d57e52ff3d, 9f3905220f1d449b884589ec92b7c60c
I20260710 11:01:38.502755 10472 tablet_service.cc:1917] Received RequestConsensusVote() RPC: tablet_id: "dbbb51b39e804c349549f2f283b7cd7f" candidate_uuid: "1c98cf2fa6ea470d8fd0c967128e84e0" candidate_term: 1 candidate_status { last_received { term: 0 index: 0 } } ignore_live_leader: false dest_uuid: "9f3905220f1d449b884589ec92b7c60c" is_pre_election: true
I20260710 11:01:38.503350 10472 raft_consensus.cc:2468] T dbbb51b39e804c349549f2f283b7cd7f P 9f3905220f1d449b884589ec92b7c60c [term 0 FOLLOWER]: Leader pre-election vote request: Granting yes vote for candidate 1c98cf2fa6ea470d8fd0c967128e84e0 in term 0.
I20260710 11:01:38.503706 10521 raft_consensus.cc:2749] T 2e39da272c364a91b59e991202f1649d P 1c98cf2fa6ea470d8fd0c967128e84e0 [term 1 FOLLOWER]: Leader pre-election lost for term 1. Reason: could not achieve majority
I20260710 11:01:38.504909 10289 leader_election.cc:304] T dbbb51b39e804c349549f2f283b7cd7f P 1c98cf2fa6ea470d8fd0c967128e84e0 [CANDIDATE]: Term 1 pre-election: Election decided. Result: candidate won. Election summary: received 3 responses out of 3 voters: 2 yes votes; 1 no votes. yes voters: 1c98cf2fa6ea470d8fd0c967128e84e0, 9f3905220f1d449b884589ec92b7c60c; no voters: 6027efc1b7bd47a7b47d50d57e52ff3d
I20260710 11:01:38.498319 10513 tablet_bootstrap.cc:492] T ba8106c6980a4cf4b0bf1f85ffad692c P 9f3905220f1d449b884589ec92b7c60c: Bootstrap starting.
I20260710 11:01:38.505976 10519 raft_consensus.cc:493] T 13094a1a846947959208ca766b90456d P 9f3905220f1d449b884589ec92b7c60c [term 0 FOLLOWER]: Starting pre-election (no leader contacted us within the election timeout)
I20260710 11:01:38.506453 10515 tablet_bootstrap.cc:492] T 13094a1a846947959208ca766b90456d P 6027efc1b7bd47a7b47d50d57e52ff3d: Bootstrap starting.
I20260710 11:01:38.506417 10519 raft_consensus.cc:515] T 13094a1a846947959208ca766b90456d P 9f3905220f1d449b884589ec92b7c60c [term 0 FOLLOWER]: Starting pre-election with config: opid_index: -1 OBSOLETE_local: false peers { permanent_uuid: "1c98cf2fa6ea470d8fd0c967128e84e0" member_type: VOTER last_known_addr { host: "127.9.121.129" port: 43297 } } peers { permanent_uuid: "9f3905220f1d449b884589ec92b7c60c" member_type: VOTER last_known_addr { host: "127.9.121.131" port: 34517 } } peers { permanent_uuid: "6027efc1b7bd47a7b47d50d57e52ff3d" member_type: VOTER last_known_addr { host: "127.9.121.130" port: 43385 } }
I20260710 11:01:38.508263 10520 raft_consensus.cc:697] T 2e39da272c364a91b59e991202f1649d P 6027efc1b7bd47a7b47d50d57e52ff3d [term 1 LEADER]: Becoming Leader. State: Replica: 6027efc1b7bd47a7b47d50d57e52ff3d, State: Running, Role: LEADER
I20260710 11:01:38.509225 10520 consensus_queue.cc:237] T 2e39da272c364a91b59e991202f1649d P 6027efc1b7bd47a7b47d50d57e52ff3d [LEADER]: Queue going to LEADER mode. State: All replicated index: 0, Majority replicated index: 0, Committed index: 0, Last appended: 0.0, Last appended by leader: 0, Current term: 1, Majority size: 2, State: 0, Mode: LEADER, active raft config: opid_index: -1 OBSOLETE_local: false peers { permanent_uuid: "1c98cf2fa6ea470d8fd0c967128e84e0" member_type: VOTER last_known_addr { host: "127.9.121.129" port: 43297 } } peers { permanent_uuid: "6027efc1b7bd47a7b47d50d57e52ff3d" member_type: VOTER last_known_addr { host: "127.9.121.130" port: 43385 } } peers { permanent_uuid: "9f3905220f1d449b884589ec92b7c60c" member_type: VOTER last_known_addr { host: "127.9.121.131" port: 34517 } }
I20260710 11:01:38.512387 10513 tablet_bootstrap.cc:654] T ba8106c6980a4cf4b0bf1f85ffad692c P 9f3905220f1d449b884589ec92b7c60c: Neither blocks nor log segments found. Creating new log.
I20260710 11:01:38.514530 10515 tablet_bootstrap.cc:654] T 13094a1a846947959208ca766b90456d P 6027efc1b7bd47a7b47d50d57e52ff3d: Neither blocks nor log segments found. Creating new log.
I20260710 11:01:38.505988 10521 raft_consensus.cc:2804] T dbbb51b39e804c349549f2f283b7cd7f P 1c98cf2fa6ea470d8fd0c967128e84e0 [term 0 FOLLOWER]: Leader pre-election won for term 1
I20260710 11:01:38.515393 10521 raft_consensus.cc:493] T dbbb51b39e804c349549f2f283b7cd7f P 1c98cf2fa6ea470d8fd0c967128e84e0 [term 0 FOLLOWER]: Starting leader election (no leader contacted us within the election timeout)
I20260710 11:01:38.515772 10521 raft_consensus.cc:3060] T dbbb51b39e804c349549f2f283b7cd7f P 1c98cf2fa6ea470d8fd0c967128e84e0 [term 0 FOLLOWER]: Advancing to term 1
I20260710 11:01:38.521487 10219 catalog_manager.cc:5697] T 1dd3cba49a9c415aa11fc9fb80feb749 P 6027efc1b7bd47a7b47d50d57e52ff3d reported cstate change: term changed from 0 to 1, leader changed from <none> to 6027efc1b7bd47a7b47d50d57e52ff3d (127.9.121.130). New cstate: current_term: 1 leader_uuid: "6027efc1b7bd47a7b47d50d57e52ff3d" committed_config { opid_index: -1 OBSOLETE_local: false peers { permanent_uuid: "1c98cf2fa6ea470d8fd0c967128e84e0" member_type: VOTER last_known_addr { host: "127.9.121.129" port: 43297 } health_report { overall_health: UNKNOWN } } peers { permanent_uuid: "6027efc1b7bd47a7b47d50d57e52ff3d" member_type: VOTER last_known_addr { host: "127.9.121.130" port: 43385 } health_report { overall_health: HEALTHY } } peers { permanent_uuid: "9f3905220f1d449b884589ec92b7c60c" member_type: VOTER last_known_addr { host: "127.9.121.131" port: 34517 } health_report { overall_health: UNKNOWN } } }
I20260710 11:01:38.524542 10519 leader_election.cc:290] T 13094a1a846947959208ca766b90456d P 9f3905220f1d449b884589ec92b7c60c [CANDIDATE]: Term 1 pre-election: Requested pre-vote from peers 1c98cf2fa6ea470d8fd0c967128e84e0 (127.9.121.129:43297), 6027efc1b7bd47a7b47d50d57e52ff3d (127.9.121.130:43385)
I20260710 11:01:38.527352 10515 tablet_bootstrap.cc:492] T 13094a1a846947959208ca766b90456d P 6027efc1b7bd47a7b47d50d57e52ff3d: No bootstrap required, opened a new log
I20260710 11:01:38.527817 10515 ts_tablet_manager.cc:1403] T 13094a1a846947959208ca766b90456d P 6027efc1b7bd47a7b47d50d57e52ff3d: Time spent bootstrapping tablet: real 0.022s	user 0.008s	sys 0.002s
I20260710 11:01:38.531004 10515 raft_consensus.cc:359] T 13094a1a846947959208ca766b90456d P 6027efc1b7bd47a7b47d50d57e52ff3d [term 0 FOLLOWER]: Replica starting. Triggering 0 pending ops. Active config: opid_index: -1 OBSOLETE_local: false peers { permanent_uuid: "1c98cf2fa6ea470d8fd0c967128e84e0" member_type: VOTER last_known_addr { host: "127.9.121.129" port: 43297 } } peers { permanent_uuid: "9f3905220f1d449b884589ec92b7c60c" member_type: VOTER last_known_addr { host: "127.9.121.131" port: 34517 } } peers { permanent_uuid: "6027efc1b7bd47a7b47d50d57e52ff3d" member_type: VOTER last_known_addr { host: "127.9.121.130" port: 43385 } }
I20260710 11:01:38.531893 10515 raft_consensus.cc:385] T 13094a1a846947959208ca766b90456d P 6027efc1b7bd47a7b47d50d57e52ff3d [term 0 FOLLOWER]: Consensus starting up: Expiring failure detector timer to make a prompt election more likely
I20260710 11:01:38.532256 10515 raft_consensus.cc:740] T 13094a1a846947959208ca766b90456d P 6027efc1b7bd47a7b47d50d57e52ff3d [term 0 FOLLOWER]: Becoming Follower/Learner. State: Replica: 6027efc1b7bd47a7b47d50d57e52ff3d, State: Initialized, Role: FOLLOWER
I20260710 11:01:38.536368 10514 tablet_bootstrap.cc:654] T 1dd3cba49a9c415aa11fc9fb80feb749 P 1c98cf2fa6ea470d8fd0c967128e84e0: Neither blocks nor log segments found. Creating new log.
I20260710 11:01:38.538745 10521 raft_consensus.cc:515] T dbbb51b39e804c349549f2f283b7cd7f P 1c98cf2fa6ea470d8fd0c967128e84e0 [term 1 FOLLOWER]: Starting leader election with config: opid_index: -1 OBSOLETE_local: false peers { permanent_uuid: "1c98cf2fa6ea470d8fd0c967128e84e0" member_type: VOTER last_known_addr { host: "127.9.121.129" port: 43297 } } peers { permanent_uuid: "6027efc1b7bd47a7b47d50d57e52ff3d" member_type: VOTER last_known_addr { host: "127.9.121.130" port: 43385 } } peers { permanent_uuid: "9f3905220f1d449b884589ec92b7c60c" member_type: VOTER last_known_addr { host: "127.9.121.131" port: 34517 } }
I20260710 11:01:38.539206 10515 consensus_queue.cc:260] T 13094a1a846947959208ca766b90456d P 6027efc1b7bd47a7b47d50d57e52ff3d [NON_LEADER]: Queue going to NON_LEADER mode. State: All replicated index: 0, Majority replicated index: 0, Committed index: 0, Last appended: 0.0, Last appended by leader: 0, Current term: 0, Majority size: -1, State: 0, Mode: NON_LEADER, active raft config: opid_index: -1 OBSOLETE_local: false peers { permanent_uuid: "1c98cf2fa6ea470d8fd0c967128e84e0" member_type: VOTER last_known_addr { host: "127.9.121.129" port: 43297 } } peers { permanent_uuid: "9f3905220f1d449b884589ec92b7c60c" member_type: VOTER last_known_addr { host: "127.9.121.131" port: 34517 } } peers { permanent_uuid: "6027efc1b7bd47a7b47d50d57e52ff3d" member_type: VOTER last_known_addr { host: "127.9.121.130" port: 43385 } }
I20260710 11:01:38.541514 10398 tablet_service.cc:1917] Received RequestConsensusVote() RPC: tablet_id: "dbbb51b39e804c349549f2f283b7cd7f" candidate_uuid: "1c98cf2fa6ea470d8fd0c967128e84e0" candidate_term: 1 candidate_status { last_received { term: 0 index: 0 } } ignore_live_leader: false dest_uuid: "6027efc1b7bd47a7b47d50d57e52ff3d"
I20260710 11:01:38.541802 10473 tablet_service.cc:1917] Received RequestConsensusVote() RPC: tablet_id: "dbbb51b39e804c349549f2f283b7cd7f" candidate_uuid: "1c98cf2fa6ea470d8fd0c967128e84e0" candidate_term: 1 candidate_status { last_received { term: 0 index: 0 } } ignore_live_leader: false dest_uuid: "9f3905220f1d449b884589ec92b7c60c"
I20260710 11:01:38.542382 10473 raft_consensus.cc:3060] T dbbb51b39e804c349549f2f283b7cd7f P 9f3905220f1d449b884589ec92b7c60c [term 0 FOLLOWER]: Advancing to term 1
W20260710 11:01:38.542876 10287 leader_election.cc:343] T dbbb51b39e804c349549f2f283b7cd7f P 1c98cf2fa6ea470d8fd0c967128e84e0 [CANDIDATE]: Term 1 election: Tablet error from VoteRequest() call to peer 6027efc1b7bd47a7b47d50d57e52ff3d (127.9.121.130:43385): Illegal state: must be running to vote when last-logged opid is not known
I20260710 11:01:38.543109 10515 ts_tablet_manager.cc:1434] T 13094a1a846947959208ca766b90456d P 6027efc1b7bd47a7b47d50d57e52ff3d: Time spent starting tablet: real 0.015s	user 0.008s	sys 0.001s
I20260710 11:01:38.544170 10515 tablet_bootstrap.cc:492] T d7efcb1db7ee46499ef946f47326fbc9 P 6027efc1b7bd47a7b47d50d57e52ff3d: Bootstrap starting.
I20260710 11:01:38.544849 10513 tablet_bootstrap.cc:492] T ba8106c6980a4cf4b0bf1f85ffad692c P 9f3905220f1d449b884589ec92b7c60c: No bootstrap required, opened a new log
I20260710 11:01:38.545336 10513 ts_tablet_manager.cc:1403] T ba8106c6980a4cf4b0bf1f85ffad692c P 9f3905220f1d449b884589ec92b7c60c: Time spent bootstrapping tablet: real 0.047s	user 0.020s	sys 0.015s
I20260710 11:01:38.547845 10513 raft_consensus.cc:359] T ba8106c6980a4cf4b0bf1f85ffad692c P 9f3905220f1d449b884589ec92b7c60c [term 0 FOLLOWER]: Replica starting. Triggering 0 pending ops. Active config: opid_index: -1 OBSOLETE_local: false peers { permanent_uuid: "1c98cf2fa6ea470d8fd0c967128e84e0" member_type: VOTER last_known_addr { host: "127.9.121.129" port: 43297 } } peers { permanent_uuid: "6027efc1b7bd47a7b47d50d57e52ff3d" member_type: VOTER last_known_addr { host: "127.9.121.130" port: 43385 } } peers { permanent_uuid: "9f3905220f1d449b884589ec92b7c60c" member_type: VOTER last_known_addr { host: "127.9.121.131" port: 34517 } }
I20260710 11:01:38.548491 10513 raft_consensus.cc:385] T ba8106c6980a4cf4b0bf1f85ffad692c P 9f3905220f1d449b884589ec92b7c60c [term 0 FOLLOWER]: Consensus starting up: Expiring failure detector timer to make a prompt election more likely
I20260710 11:01:38.548774 10513 raft_consensus.cc:740] T ba8106c6980a4cf4b0bf1f85ffad692c P 9f3905220f1d449b884589ec92b7c60c [term 0 FOLLOWER]: Becoming Follower/Learner. State: Replica: 9f3905220f1d449b884589ec92b7c60c, State: Initialized, Role: FOLLOWER
I20260710 11:01:38.550246 10473 raft_consensus.cc:2468] T dbbb51b39e804c349549f2f283b7cd7f P 9f3905220f1d449b884589ec92b7c60c [term 1 FOLLOWER]: Leader election vote request: Granting yes vote for candidate 1c98cf2fa6ea470d8fd0c967128e84e0 in term 1.
I20260710 11:01:38.550829 10515 tablet_bootstrap.cc:654] T d7efcb1db7ee46499ef946f47326fbc9 P 6027efc1b7bd47a7b47d50d57e52ff3d: Neither blocks nor log segments found. Creating new log.
I20260710 11:01:38.550905 10398 tablet_service.cc:1917] Received RequestConsensusVote() RPC: tablet_id: "13094a1a846947959208ca766b90456d" candidate_uuid: "9f3905220f1d449b884589ec92b7c60c" candidate_term: 1 candidate_status { last_received { term: 0 index: 0 } } ignore_live_leader: false dest_uuid: "6027efc1b7bd47a7b47d50d57e52ff3d" is_pre_election: true
I20260710 11:01:38.551384 10289 leader_election.cc:304] T dbbb51b39e804c349549f2f283b7cd7f P 1c98cf2fa6ea470d8fd0c967128e84e0 [CANDIDATE]: Term 1 election: Election decided. Result: candidate won. Election summary: received 3 responses out of 3 voters: 2 yes votes; 1 no votes. yes voters: 1c98cf2fa6ea470d8fd0c967128e84e0, 9f3905220f1d449b884589ec92b7c60c; no voters: 6027efc1b7bd47a7b47d50d57e52ff3d
I20260710 11:01:38.551556 10398 raft_consensus.cc:2468] T 13094a1a846947959208ca766b90456d P 6027efc1b7bd47a7b47d50d57e52ff3d [term 0 FOLLOWER]: Leader pre-election vote request: Granting yes vote for candidate 9f3905220f1d449b884589ec92b7c60c in term 0.
I20260710 11:01:38.553120 10436 leader_election.cc:304] T 13094a1a846947959208ca766b90456d P 9f3905220f1d449b884589ec92b7c60c [CANDIDATE]: Term 1 pre-election: Election decided. Result: candidate won. Election summary: received 2 responses out of 3 voters: 2 yes votes; 0 no votes. yes voters: 6027efc1b7bd47a7b47d50d57e52ff3d, 9f3905220f1d449b884589ec92b7c60c; no voters: 
I20260710 11:01:38.554096 10519 raft_consensus.cc:2804] T 13094a1a846947959208ca766b90456d P 9f3905220f1d449b884589ec92b7c60c [term 0 FOLLOWER]: Leader pre-election won for term 1
I20260710 11:01:38.554468 10519 raft_consensus.cc:493] T 13094a1a846947959208ca766b90456d P 9f3905220f1d449b884589ec92b7c60c [term 0 FOLLOWER]: Starting leader election (no leader contacted us within the election timeout)
I20260710 11:01:38.554800 10519 raft_consensus.cc:3060] T 13094a1a846947959208ca766b90456d P 9f3905220f1d449b884589ec92b7c60c [term 0 FOLLOWER]: Advancing to term 1
I20260710 11:01:38.555009 10324 tablet_service.cc:1917] Received RequestConsensusVote() RPC: tablet_id: "13094a1a846947959208ca766b90456d" candidate_uuid: "9f3905220f1d449b884589ec92b7c60c" candidate_term: 1 candidate_status { last_received { term: 0 index: 0 } } ignore_live_leader: false dest_uuid: "1c98cf2fa6ea470d8fd0c967128e84e0" is_pre_election: true
I20260710 11:01:38.555591 10324 raft_consensus.cc:2468] T 13094a1a846947959208ca766b90456d P 1c98cf2fa6ea470d8fd0c967128e84e0 [term 0 FOLLOWER]: Leader pre-election vote request: Granting yes vote for candidate 9f3905220f1d449b884589ec92b7c60c in term 0.
I20260710 11:01:38.557772 10513 consensus_queue.cc:260] T ba8106c6980a4cf4b0bf1f85ffad692c P 9f3905220f1d449b884589ec92b7c60c [NON_LEADER]: Queue going to NON_LEADER mode. State: All replicated index: 0, Majority replicated index: 0, Committed index: 0, Last appended: 0.0, Last appended by leader: 0, Current term: 0, Majority size: -1, State: 0, Mode: NON_LEADER, active raft config: opid_index: -1 OBSOLETE_local: false peers { permanent_uuid: "1c98cf2fa6ea470d8fd0c967128e84e0" member_type: VOTER last_known_addr { host: "127.9.121.129" port: 43297 } } peers { permanent_uuid: "6027efc1b7bd47a7b47d50d57e52ff3d" member_type: VOTER last_known_addr { host: "127.9.121.130" port: 43385 } } peers { permanent_uuid: "9f3905220f1d449b884589ec92b7c60c" member_type: VOTER last_known_addr { host: "127.9.121.131" port: 34517 } }
I20260710 11:01:38.565088 10521 leader_election.cc:290] T dbbb51b39e804c349549f2f283b7cd7f P 1c98cf2fa6ea470d8fd0c967128e84e0 [CANDIDATE]: Term 1 election: Requested vote from peers 6027efc1b7bd47a7b47d50d57e52ff3d (127.9.121.130:43385), 9f3905220f1d449b884589ec92b7c60c (127.9.121.131:34517)
I20260710 11:01:38.566036 10521 raft_consensus.cc:2804] T dbbb51b39e804c349549f2f283b7cd7f P 1c98cf2fa6ea470d8fd0c967128e84e0 [term 1 FOLLOWER]: Leader election won for term 1
I20260710 11:01:38.566589 10521 raft_consensus.cc:697] T dbbb51b39e804c349549f2f283b7cd7f P 1c98cf2fa6ea470d8fd0c967128e84e0 [term 1 LEADER]: Becoming Leader. State: Replica: 1c98cf2fa6ea470d8fd0c967128e84e0, State: Running, Role: LEADER
I20260710 11:01:38.567595 10521 consensus_queue.cc:237] T dbbb51b39e804c349549f2f283b7cd7f P 1c98cf2fa6ea470d8fd0c967128e84e0 [LEADER]: Queue going to LEADER mode. State: All replicated index: 0, Majority replicated index: 0, Committed index: 0, Last appended: 0.0, Last appended by leader: 0, Current term: 1, Majority size: 2, State: 0, Mode: LEADER, active raft config: opid_index: -1 OBSOLETE_local: false peers { permanent_uuid: "1c98cf2fa6ea470d8fd0c967128e84e0" member_type: VOTER last_known_addr { host: "127.9.121.129" port: 43297 } } peers { permanent_uuid: "6027efc1b7bd47a7b47d50d57e52ff3d" member_type: VOTER last_known_addr { host: "127.9.121.130" port: 43385 } } peers { permanent_uuid: "9f3905220f1d449b884589ec92b7c60c" member_type: VOTER last_known_addr { host: "127.9.121.131" port: 34517 } }
I20260710 11:01:38.568850 10519 raft_consensus.cc:515] T 13094a1a846947959208ca766b90456d P 9f3905220f1d449b884589ec92b7c60c [term 1 FOLLOWER]: Starting leader election with config: opid_index: -1 OBSOLETE_local: false peers { permanent_uuid: "1c98cf2fa6ea470d8fd0c967128e84e0" member_type: VOTER last_known_addr { host: "127.9.121.129" port: 43297 } } peers { permanent_uuid: "9f3905220f1d449b884589ec92b7c60c" member_type: VOTER last_known_addr { host: "127.9.121.131" port: 34517 } } peers { permanent_uuid: "6027efc1b7bd47a7b47d50d57e52ff3d" member_type: VOTER last_known_addr { host: "127.9.121.130" port: 43385 } }
I20260710 11:01:38.576248 10324 tablet_service.cc:1917] Received RequestConsensusVote() RPC: tablet_id: "13094a1a846947959208ca766b90456d" candidate_uuid: "9f3905220f1d449b884589ec92b7c60c" candidate_term: 1 candidate_status { last_received { term: 0 index: 0 } } ignore_live_leader: false dest_uuid: "1c98cf2fa6ea470d8fd0c967128e84e0"
I20260710 11:01:38.576982 10324 raft_consensus.cc:3060] T 13094a1a846947959208ca766b90456d P 1c98cf2fa6ea470d8fd0c967128e84e0 [term 0 FOLLOWER]: Advancing to term 1
I20260710 11:01:38.586228 10324 raft_consensus.cc:2468] T 13094a1a846947959208ca766b90456d P 1c98cf2fa6ea470d8fd0c967128e84e0 [term 1 FOLLOWER]: Leader election vote request: Granting yes vote for candidate 9f3905220f1d449b884589ec92b7c60c in term 1.
I20260710 11:01:38.587934 10438 leader_election.cc:304] T 13094a1a846947959208ca766b90456d P 9f3905220f1d449b884589ec92b7c60c [CANDIDATE]: Term 1 election: Election decided. Result: candidate won. Election summary: received 2 responses out of 3 voters: 2 yes votes; 0 no votes. yes voters: 1c98cf2fa6ea470d8fd0c967128e84e0, 9f3905220f1d449b884589ec92b7c60c; no voters: 
I20260710 11:01:38.595031 10519 leader_election.cc:290] T 13094a1a846947959208ca766b90456d P 9f3905220f1d449b884589ec92b7c60c [CANDIDATE]: Term 1 election: Requested vote from peers 1c98cf2fa6ea470d8fd0c967128e84e0 (127.9.121.129:43297), 6027efc1b7bd47a7b47d50d57e52ff3d (127.9.121.130:43385)
I20260710 11:01:38.595588 10519 raft_consensus.cc:2804] T 13094a1a846947959208ca766b90456d P 9f3905220f1d449b884589ec92b7c60c [term 1 FOLLOWER]: Leader election won for term 1
I20260710 11:01:38.596020 10519 raft_consensus.cc:697] T 13094a1a846947959208ca766b90456d P 9f3905220f1d449b884589ec92b7c60c [term 1 LEADER]: Becoming Leader. State: Replica: 9f3905220f1d449b884589ec92b7c60c, State: Running, Role: LEADER
I20260710 11:01:38.597208 10520 raft_consensus.cc:493] T d80657bfe353479e9b4c3b02ceccae18 P 6027efc1b7bd47a7b47d50d57e52ff3d [term 0 FOLLOWER]: Starting pre-election (no leader contacted us within the election timeout)
