I20260710 11:01:35.868117 21952 raft_consensus.cc:359] T 4a2f2eee40c44bf7be521bc3844d567e P abbb7da84fc34ac3a23fcb84ecde2737 [term 0 FOLLOWER]: Replica starting. Triggering 0 pending ops. Active config: opid_index: -1 OBSOLETE_local: false peers { permanent_uuid: "abbb7da84fc34ac3a23fcb84ecde2737" member_type: VOTER last_known_addr { host: "127.20.157.1" port: 37101 } } peers { permanent_uuid: "e956f8157fe54ccdb0306e93a41db30c" member_type: VOTER last_known_addr { host: "127.20.157.2" port: 42383 } } peers { permanent_uuid: "9601f81da92a4eaf919cb9ddf4a81cde" member_type: VOTER last_known_addr { host: "127.20.157.3" port: 45239 } }
I20260710 11:01:35.868924 21952 raft_consensus.cc:385] T 4a2f2eee40c44bf7be521bc3844d567e P abbb7da84fc34ac3a23fcb84ecde2737 [term 0 FOLLOWER]: Consensus starting up: Expiring failure detector timer to make a prompt election more likely
I20260710 11:01:35.869263 21952 raft_consensus.cc:740] T 4a2f2eee40c44bf7be521bc3844d567e P abbb7da84fc34ac3a23fcb84ecde2737 [term 0 FOLLOWER]: Becoming Follower/Learner. State: Replica: abbb7da84fc34ac3a23fcb84ecde2737, State: Initialized, Role: FOLLOWER
I20260710 11:01:35.869799 21954 ts_tablet_manager.cc:1434] T a61604864c73479dbda24d4653517564 P 9601f81da92a4eaf919cb9ddf4a81cde: Time spent starting tablet: real 0.007s	user 0.003s	sys 0.002s
I20260710 11:01:35.869972 21952 consensus_queue.cc:260] T 4a2f2eee40c44bf7be521bc3844d567e P abbb7da84fc34ac3a23fcb84ecde2737 [NON_LEADER]: Queue going to NON_LEADER mode. State: All replicated index: 0, Majority replicated index: 0, Committed index: 0, Last appended: 0.0, Last appended by leader: 0, Current term: 0, Majority size: -1, State: 0, Mode: NON_LEADER, active raft config: opid_index: -1 OBSOLETE_local: false peers { permanent_uuid: "abbb7da84fc34ac3a23fcb84ecde2737" member_type: VOTER last_known_addr { host: "127.20.157.1" port: 37101 } } peers { permanent_uuid: "e956f8157fe54ccdb0306e93a41db30c" member_type: VOTER last_known_addr { host: "127.20.157.2" port: 42383 } } peers { permanent_uuid: "9601f81da92a4eaf919cb9ddf4a81cde" member_type: VOTER last_known_addr { host: "127.20.157.3" port: 45239 } }
I20260710 11:01:35.870904 21954 tablet_bootstrap.cc:492] T 5c09b397261c4f24bf908697cfdbc6f0 P 9601f81da92a4eaf919cb9ddf4a81cde: Bootstrap starting.
I20260710 11:01:35.874136 21957 raft_consensus.cc:493] T ce73507936aa4559937bbb7b7f56c994 P abbb7da84fc34ac3a23fcb84ecde2737 [term 0 FOLLOWER]: Starting pre-election (no leader contacted us within the election timeout)
I20260710 11:01:35.874591 21957 raft_consensus.cc:515] T ce73507936aa4559937bbb7b7f56c994 P abbb7da84fc34ac3a23fcb84ecde2737 [term 0 FOLLOWER]: Starting pre-election with config: opid_index: -1 OBSOLETE_local: false peers { permanent_uuid: "abbb7da84fc34ac3a23fcb84ecde2737" member_type: VOTER last_known_addr { host: "127.20.157.1" port: 37101 } } peers { permanent_uuid: "e956f8157fe54ccdb0306e93a41db30c" member_type: VOTER last_known_addr { host: "127.20.157.2" port: 42383 } } peers { permanent_uuid: "9601f81da92a4eaf919cb9ddf4a81cde" member_type: VOTER last_known_addr { host: "127.20.157.3" port: 45239 } }
I20260710 11:01:35.877005 21957 leader_election.cc:290] T ce73507936aa4559937bbb7b7f56c994 P abbb7da84fc34ac3a23fcb84ecde2737 [CANDIDATE]: Term 1 pre-election: Requested pre-vote from peers e956f8157fe54ccdb0306e93a41db30c (127.20.157.2:42383), 9601f81da92a4eaf919cb9ddf4a81cde (127.20.157.3:45239)
I20260710 11:01:35.873791 21952 ts_tablet_manager.cc:1434] T 4a2f2eee40c44bf7be521bc3844d567e P abbb7da84fc34ac3a23fcb84ecde2737: Time spent starting tablet: real 0.008s	user 0.006s	sys 0.000s
I20260710 11:01:35.878360 21952 tablet_bootstrap.cc:492] T 5c09b397261c4f24bf908697cfdbc6f0 P abbb7da84fc34ac3a23fcb84ecde2737: Bootstrap starting.
I20260710 11:01:35.884565 21952 tablet_bootstrap.cc:654] T 5c09b397261c4f24bf908697cfdbc6f0 P abbb7da84fc34ac3a23fcb84ecde2737: Neither blocks nor log segments found. Creating new log.
I20260710 11:01:35.886962 21954 tablet_bootstrap.cc:654] T 5c09b397261c4f24bf908697cfdbc6f0 P 9601f81da92a4eaf919cb9ddf4a81cde: Neither blocks nor log segments found. Creating new log.
I20260710 11:01:35.892256 21953 tablet_bootstrap.cc:492] T 75ad5ad29cc2491f8b3de99da0392bb2 P e956f8157fe54ccdb0306e93a41db30c: No bootstrap required, opened a new log
I20260710 11:01:35.892760 21953 ts_tablet_manager.cc:1403] T 75ad5ad29cc2491f8b3de99da0392bb2 P e956f8157fe54ccdb0306e93a41db30c: Time spent bootstrapping tablet: real 0.041s	user 0.025s	sys 0.012s
I20260710 11:01:35.895839 21953 raft_consensus.cc:359] T 75ad5ad29cc2491f8b3de99da0392bb2 P e956f8157fe54ccdb0306e93a41db30c [term 0 FOLLOWER]: Replica starting. Triggering 0 pending ops. Active config: opid_index: -1 OBSOLETE_local: false peers { permanent_uuid: "abbb7da84fc34ac3a23fcb84ecde2737" member_type: VOTER last_known_addr { host: "127.20.157.1" port: 37101 } } peers { permanent_uuid: "9601f81da92a4eaf919cb9ddf4a81cde" member_type: VOTER last_known_addr { host: "127.20.157.3" port: 45239 } } peers { permanent_uuid: "e956f8157fe54ccdb0306e93a41db30c" member_type: VOTER last_known_addr { host: "127.20.157.2" port: 42383 } }
I20260710 11:01:35.896514 21953 raft_consensus.cc:385] T 75ad5ad29cc2491f8b3de99da0392bb2 P e956f8157fe54ccdb0306e93a41db30c [term 0 FOLLOWER]: Consensus starting up: Expiring failure detector timer to make a prompt election more likely
I20260710 11:01:35.896802 21953 raft_consensus.cc:740] T 75ad5ad29cc2491f8b3de99da0392bb2 P e956f8157fe54ccdb0306e93a41db30c [term 0 FOLLOWER]: Becoming Follower/Learner. State: Replica: e956f8157fe54ccdb0306e93a41db30c, State: Initialized, Role: FOLLOWER
I20260710 11:01:35.897487 21953 consensus_queue.cc:260] T 75ad5ad29cc2491f8b3de99da0392bb2 P e956f8157fe54ccdb0306e93a41db30c [NON_LEADER]: Queue going to NON_LEADER mode. State: All replicated index: 0, Majority replicated index: 0, Committed index: 0, Last appended: 0.0, Last appended by leader: 0, Current term: 0, Majority size: -1, State: 0, Mode: NON_LEADER, active raft config: opid_index: -1 OBSOLETE_local: false peers { permanent_uuid: "abbb7da84fc34ac3a23fcb84ecde2737" member_type: VOTER last_known_addr { host: "127.20.157.1" port: 37101 } } peers { permanent_uuid: "9601f81da92a4eaf919cb9ddf4a81cde" member_type: VOTER last_known_addr { host: "127.20.157.3" port: 45239 } } peers { permanent_uuid: "e956f8157fe54ccdb0306e93a41db30c" member_type: VOTER last_known_addr { host: "127.20.157.2" port: 42383 } }
I20260710 11:01:35.902563 21953 ts_tablet_manager.cc:1434] T 75ad5ad29cc2491f8b3de99da0392bb2 P e956f8157fe54ccdb0306e93a41db30c: Time spent starting tablet: real 0.009s	user 0.005s	sys 0.000s
I20260710 11:01:35.903503 21953 tablet_bootstrap.cc:492] T ce73507936aa4559937bbb7b7f56c994 P e956f8157fe54ccdb0306e93a41db30c: Bootstrap starting.
I20260710 11:01:35.904165 21954 tablet_bootstrap.cc:492] T 5c09b397261c4f24bf908697cfdbc6f0 P 9601f81da92a4eaf919cb9ddf4a81cde: No bootstrap required, opened a new log
I20260710 11:01:35.908282 21954 ts_tablet_manager.cc:1403] T 5c09b397261c4f24bf908697cfdbc6f0 P 9601f81da92a4eaf919cb9ddf4a81cde: Time spent bootstrapping tablet: real 0.038s	user 0.011s	sys 0.000s
I20260710 11:01:35.909312 21953 tablet_bootstrap.cc:654] T ce73507936aa4559937bbb7b7f56c994 P e956f8157fe54ccdb0306e93a41db30c: Neither blocks nor log segments found. Creating new log.
I20260710 11:01:35.911134 21954 raft_consensus.cc:359] T 5c09b397261c4f24bf908697cfdbc6f0 P 9601f81da92a4eaf919cb9ddf4a81cde [term 0 FOLLOWER]: Replica starting. Triggering 0 pending ops. Active config: opid_index: -1 OBSOLETE_local: false peers { permanent_uuid: "abbb7da84fc34ac3a23fcb84ecde2737" member_type: VOTER last_known_addr { host: "127.20.157.1" port: 37101 } } peers { permanent_uuid: "e956f8157fe54ccdb0306e93a41db30c" member_type: VOTER last_known_addr { host: "127.20.157.2" port: 42383 } } peers { permanent_uuid: "9601f81da92a4eaf919cb9ddf4a81cde" member_type: VOTER last_known_addr { host: "127.20.157.3" port: 45239 } }
I20260710 11:01:35.916436 21839 tablet_service.cc:1917] Received RequestConsensusVote() RPC: tablet_id: "ce73507936aa4559937bbb7b7f56c994" candidate_uuid: "abbb7da84fc34ac3a23fcb84ecde2737" candidate_term: 1 candidate_status { last_received { term: 0 index: 0 } } ignore_live_leader: false dest_uuid: "e956f8157fe54ccdb0306e93a41db30c" is_pre_election: true
I20260710 11:01:35.918727 21952 tablet_bootstrap.cc:492] T 5c09b397261c4f24bf908697cfdbc6f0 P abbb7da84fc34ac3a23fcb84ecde2737: No bootstrap required, opened a new log
W20260710 11:01:35.918872 21730 leader_election.cc:343] T ce73507936aa4559937bbb7b7f56c994 P abbb7da84fc34ac3a23fcb84ecde2737 [CANDIDATE]: Term 1 pre-election: Tablet error from VoteRequest() call to peer e956f8157fe54ccdb0306e93a41db30c (127.20.157.2:42383): Illegal state: must be running to vote when last-logged opid is not known
I20260710 11:01:35.919312 21952 ts_tablet_manager.cc:1403] T 5c09b397261c4f24bf908697cfdbc6f0 P abbb7da84fc34ac3a23fcb84ecde2737: Time spent bootstrapping tablet: real 0.041s	user 0.020s	sys 0.020s
I20260710 11:01:35.919505 21954 raft_consensus.cc:385] T 5c09b397261c4f24bf908697cfdbc6f0 P 9601f81da92a4eaf919cb9ddf4a81cde [term 0 FOLLOWER]: Consensus starting up: Expiring failure detector timer to make a prompt election more likely
I20260710 11:01:35.919900 21954 raft_consensus.cc:740] T 5c09b397261c4f24bf908697cfdbc6f0 P 9601f81da92a4eaf919cb9ddf4a81cde [term 0 FOLLOWER]: Becoming Follower/Learner. State: Replica: 9601f81da92a4eaf919cb9ddf4a81cde, State: Initialized, Role: FOLLOWER
I20260710 11:01:35.920332 21960 raft_consensus.cc:493] T 9a6aee8c1a0b4a8c8cbef82da68ae0a8 P e956f8157fe54ccdb0306e93a41db30c [term 0 FOLLOWER]: Starting pre-election (no leader contacted us within the election timeout)
I20260710 11:01:35.920712 21954 consensus_queue.cc:260] T 5c09b397261c4f24bf908697cfdbc6f0 P 9601f81da92a4eaf919cb9ddf4a81cde [NON_LEADER]: Queue going to NON_LEADER mode. State: All replicated index: 0, Majority replicated index: 0, Committed index: 0, Last appended: 0.0, Last appended by leader: 0, Current term: 0, Majority size: -1, State: 0, Mode: NON_LEADER, active raft config: opid_index: -1 OBSOLETE_local: false peers { permanent_uuid: "abbb7da84fc34ac3a23fcb84ecde2737" member_type: VOTER last_known_addr { host: "127.20.157.1" port: 37101 } } peers { permanent_uuid: "e956f8157fe54ccdb0306e93a41db30c" member_type: VOTER last_known_addr { host: "127.20.157.2" port: 42383 } } peers { permanent_uuid: "9601f81da92a4eaf919cb9ddf4a81cde" member_type: VOTER last_known_addr { host: "127.20.157.3" port: 45239 } }
I20260710 11:01:35.920778 21960 raft_consensus.cc:515] T 9a6aee8c1a0b4a8c8cbef82da68ae0a8 P e956f8157fe54ccdb0306e93a41db30c [term 0 FOLLOWER]: Starting pre-election with config: opid_index: -1 OBSOLETE_local: false peers { permanent_uuid: "abbb7da84fc34ac3a23fcb84ecde2737" member_type: VOTER last_known_addr { host: "127.20.157.1" port: 37101 } } peers { permanent_uuid: "e956f8157fe54ccdb0306e93a41db30c" member_type: VOTER last_known_addr { host: "127.20.157.2" port: 42383 } } peers { permanent_uuid: "9601f81da92a4eaf919cb9ddf4a81cde" member_type: VOTER last_known_addr { host: "127.20.157.3" port: 45239 } }
I20260710 11:01:35.922123 21952 raft_consensus.cc:359] T 5c09b397261c4f24bf908697cfdbc6f0 P abbb7da84fc34ac3a23fcb84ecde2737 [term 0 FOLLOWER]: Replica starting. Triggering 0 pending ops. Active config: opid_index: -1 OBSOLETE_local: false peers { permanent_uuid: "abbb7da84fc34ac3a23fcb84ecde2737" member_type: VOTER last_known_addr { host: "127.20.157.1" port: 37101 } } peers { permanent_uuid: "e956f8157fe54ccdb0306e93a41db30c" member_type: VOTER last_known_addr { host: "127.20.157.2" port: 42383 } } peers { permanent_uuid: "9601f81da92a4eaf919cb9ddf4a81cde" member_type: VOTER last_known_addr { host: "127.20.157.3" port: 45239 } }
I20260710 11:01:35.922780 21952 raft_consensus.cc:385] T 5c09b397261c4f24bf908697cfdbc6f0 P abbb7da84fc34ac3a23fcb84ecde2737 [term 0 FOLLOWER]: Consensus starting up: Expiring failure detector timer to make a prompt election more likely
I20260710 11:01:35.923053 21952 raft_consensus.cc:740] T 5c09b397261c4f24bf908697cfdbc6f0 P abbb7da84fc34ac3a23fcb84ecde2737 [term 0 FOLLOWER]: Becoming Follower/Learner. State: Replica: abbb7da84fc34ac3a23fcb84ecde2737, State: Initialized, Role: FOLLOWER
I20260710 11:01:35.923530 21960 leader_election.cc:290] T 9a6aee8c1a0b4a8c8cbef82da68ae0a8 P e956f8157fe54ccdb0306e93a41db30c [CANDIDATE]: Term 1 pre-election: Requested pre-vote from peers abbb7da84fc34ac3a23fcb84ecde2737 (127.20.157.1:37101), 9601f81da92a4eaf919cb9ddf4a81cde (127.20.157.3:45239)
I20260710 11:01:35.923780 21952 consensus_queue.cc:260] T 5c09b397261c4f24bf908697cfdbc6f0 P abbb7da84fc34ac3a23fcb84ecde2737 [NON_LEADER]: Queue going to NON_LEADER mode. State: All replicated index: 0, Majority replicated index: 0, Committed index: 0, Last appended: 0.0, Last appended by leader: 0, Current term: 0, Majority size: -1, State: 0, Mode: NON_LEADER, active raft config: opid_index: -1 OBSOLETE_local: false peers { permanent_uuid: "abbb7da84fc34ac3a23fcb84ecde2737" member_type: VOTER last_known_addr { host: "127.20.157.1" port: 37101 } } peers { permanent_uuid: "e956f8157fe54ccdb0306e93a41db30c" member_type: VOTER last_known_addr { host: "127.20.157.2" port: 42383 } } peers { permanent_uuid: "9601f81da92a4eaf919cb9ddf4a81cde" member_type: VOTER last_known_addr { host: "127.20.157.3" port: 45239 } }
I20260710 11:01:35.924149 21963 raft_consensus.cc:493] T 5c09b397261c4f24bf908697cfdbc6f0 P 9601f81da92a4eaf919cb9ddf4a81cde [term 0 FOLLOWER]: Starting pre-election (no leader contacted us within the election timeout)
I20260710 11:01:35.924852 21963 raft_consensus.cc:515] T 5c09b397261c4f24bf908697cfdbc6f0 P 9601f81da92a4eaf919cb9ddf4a81cde [term 0 FOLLOWER]: Starting pre-election with config: opid_index: -1 OBSOLETE_local: false peers { permanent_uuid: "abbb7da84fc34ac3a23fcb84ecde2737" member_type: VOTER last_known_addr { host: "127.20.157.1" port: 37101 } } peers { permanent_uuid: "e956f8157fe54ccdb0306e93a41db30c" member_type: VOTER last_known_addr { host: "127.20.157.2" port: 42383 } } peers { permanent_uuid: "9601f81da92a4eaf919cb9ddf4a81cde" member_type: VOTER last_known_addr { host: "127.20.157.3" port: 45239 } }
I20260710 11:01:35.923065 21954 ts_tablet_manager.cc:1434] T 5c09b397261c4f24bf908697cfdbc6f0 P 9601f81da92a4eaf919cb9ddf4a81cde: Time spent starting tablet: real 0.014s	user 0.005s	sys 0.000s
I20260710 11:01:35.931242 21954 tablet_bootstrap.cc:492] T 75ad5ad29cc2491f8b3de99da0392bb2 P 9601f81da92a4eaf919cb9ddf4a81cde: Bootstrap starting.
I20260710 11:01:35.947219 21963 leader_election.cc:290] T 5c09b397261c4f24bf908697cfdbc6f0 P 9601f81da92a4eaf919cb9ddf4a81cde [CANDIDATE]: Term 1 pre-election: Requested pre-vote from peers abbb7da84fc34ac3a23fcb84ecde2737 (127.20.157.1:37101), e956f8157fe54ccdb0306e93a41db30c (127.20.157.2:42383)
I20260710 11:01:35.955760 21954 tablet_bootstrap.cc:654] T 75ad5ad29cc2491f8b3de99da0392bb2 P 9601f81da92a4eaf919cb9ddf4a81cde: Neither blocks nor log segments found. Creating new log.
I20260710 11:01:35.964804 21913 tablet_service.cc:1917] Received RequestConsensusVote() RPC: tablet_id: "ce73507936aa4559937bbb7b7f56c994" candidate_uuid: "abbb7da84fc34ac3a23fcb84ecde2737" candidate_term: 1 candidate_status { last_received { term: 0 index: 0 } } ignore_live_leader: false dest_uuid: "9601f81da92a4eaf919cb9ddf4a81cde" is_pre_election: true
I20260710 11:01:35.967275 21953 tablet_bootstrap.cc:492] T ce73507936aa4559937bbb7b7f56c994 P e956f8157fe54ccdb0306e93a41db30c: No bootstrap required, opened a new log
I20260710 11:01:35.977614 21953 ts_tablet_manager.cc:1403] T ce73507936aa4559937bbb7b7f56c994 P e956f8157fe54ccdb0306e93a41db30c: Time spent bootstrapping tablet: real 0.074s	user 0.020s	sys 0.033s
W20260710 11:01:35.977658 21730 leader_election.cc:343] T ce73507936aa4559937bbb7b7f56c994 P abbb7da84fc34ac3a23fcb84ecde2737 [CANDIDATE]: Term 1 pre-election: Tablet error from VoteRequest() call to peer 9601f81da92a4eaf919cb9ddf4a81cde (127.20.157.3:45239): Illegal state: must be running to vote when last-logged opid is not known
I20260710 11:01:35.978165 21730 leader_election.cc:304] T ce73507936aa4559937bbb7b7f56c994 P abbb7da84fc34ac3a23fcb84ecde2737 [CANDIDATE]: Term 1 pre-election: Election decided. Result: candidate lost. Election summary: received 3 responses out of 3 voters: 1 yes votes; 2 no votes. yes voters: abbb7da84fc34ac3a23fcb84ecde2737; no voters: 9601f81da92a4eaf919cb9ddf4a81cde, e956f8157fe54ccdb0306e93a41db30c
I20260710 11:01:35.978735 21763 tablet_service.cc:1917] Received RequestConsensusVote() RPC: tablet_id: "9a6aee8c1a0b4a8c8cbef82da68ae0a8" candidate_uuid: "e956f8157fe54ccdb0306e93a41db30c" candidate_term: 1 candidate_status { last_received { term: 0 index: 0 } } ignore_live_leader: false dest_uuid: "abbb7da84fc34ac3a23fcb84ecde2737" is_pre_election: true
I20260710 11:01:35.979424 21763 raft_consensus.cc:2468] T 9a6aee8c1a0b4a8c8cbef82da68ae0a8 P abbb7da84fc34ac3a23fcb84ecde2737 [term 0 FOLLOWER]: Leader pre-election vote request: Granting yes vote for candidate e956f8157fe54ccdb0306e93a41db30c in term 0.
I20260710 11:01:35.967573 21952 ts_tablet_manager.cc:1434] T 5c09b397261c4f24bf908697cfdbc6f0 P abbb7da84fc34ac3a23fcb84ecde2737: Time spent starting tablet: real 0.048s	user 0.005s	sys 0.000s
I20260710 11:01:35.973342 21839 tablet_service.cc:1917] Received RequestConsensusVote() RPC: tablet_id: "5c09b397261c4f24bf908697cfdbc6f0" candidate_uuid: "9601f81da92a4eaf919cb9ddf4a81cde" candidate_term: 1 candidate_status { last_received { term: 0 index: 0 } } ignore_live_leader: false dest_uuid: "e956f8157fe54ccdb0306e93a41db30c" is_pre_election: true
I20260710 11:01:35.974781 21957 raft_consensus.cc:493] T 4a2f2eee40c44bf7be521bc3844d567e P abbb7da84fc34ac3a23fcb84ecde2737 [term 0 FOLLOWER]: Starting pre-election (no leader contacted us within the election timeout)
I20260710 11:01:35.981463 21957 raft_consensus.cc:515] T 4a2f2eee40c44bf7be521bc3844d567e P abbb7da84fc34ac3a23fcb84ecde2737 [term 0 FOLLOWER]: Starting pre-election with config: opid_index: -1 OBSOLETE_local: false peers { permanent_uuid: "abbb7da84fc34ac3a23fcb84ecde2737" member_type: VOTER last_known_addr { host: "127.20.157.1" port: 37101 } } peers { permanent_uuid: "e956f8157fe54ccdb0306e93a41db30c" member_type: VOTER last_known_addr { host: "127.20.157.2" port: 42383 } } peers { permanent_uuid: "9601f81da92a4eaf919cb9ddf4a81cde" member_type: VOTER last_known_addr { host: "127.20.157.3" port: 45239 } }
I20260710 11:01:35.982503 21979 raft_consensus.cc:2749] T ce73507936aa4559937bbb7b7f56c994 P abbb7da84fc34ac3a23fcb84ecde2737 [term 0 FOLLOWER]: Leader pre-election lost for term 1. Reason: could not achieve majority
I20260710 11:01:35.983357 21957 leader_election.cc:290] T 4a2f2eee40c44bf7be521bc3844d567e P abbb7da84fc34ac3a23fcb84ecde2737 [CANDIDATE]: Term 1 pre-election: Requested pre-vote from peers e956f8157fe54ccdb0306e93a41db30c (127.20.157.2:42383), 9601f81da92a4eaf919cb9ddf4a81cde (127.20.157.3:45239)
I20260710 11:01:35.980602 21953 raft_consensus.cc:359] T ce73507936aa4559937bbb7b7f56c994 P e956f8157fe54ccdb0306e93a41db30c [term 0 FOLLOWER]: Replica starting. Triggering 0 pending ops. Active config: opid_index: -1 OBSOLETE_local: false peers { permanent_uuid: "abbb7da84fc34ac3a23fcb84ecde2737" member_type: VOTER last_known_addr { host: "127.20.157.1" port: 37101 } } peers { permanent_uuid: "e956f8157fe54ccdb0306e93a41db30c" member_type: VOTER last_known_addr { host: "127.20.157.2" port: 42383 } } peers { permanent_uuid: "9601f81da92a4eaf919cb9ddf4a81cde" member_type: VOTER last_known_addr { host: "127.20.157.3" port: 45239 } }
I20260710 11:01:35.983824 21952 tablet_bootstrap.cc:492] T cc4c541eb1d64e298d695a83c1b55bce P abbb7da84fc34ac3a23fcb84ecde2737: Bootstrap starting.
I20260710 11:01:35.983948 21953 raft_consensus.cc:385] T ce73507936aa4559937bbb7b7f56c994 P e956f8157fe54ccdb0306e93a41db30c [term 0 FOLLOWER]: Consensus starting up: Expiring failure detector timer to make a prompt election more likely
I20260710 11:01:35.984288 21953 raft_consensus.cc:740] T ce73507936aa4559937bbb7b7f56c994 P e956f8157fe54ccdb0306e93a41db30c [term 0 FOLLOWER]: Becoming Follower/Learner. State: Replica: e956f8157fe54ccdb0306e93a41db30c, State: Initialized, Role: FOLLOWER
W20260710 11:01:35.984400 21879 leader_election.cc:343] T 5c09b397261c4f24bf908697cfdbc6f0 P 9601f81da92a4eaf919cb9ddf4a81cde [CANDIDATE]: Term 1 pre-election: Tablet error from VoteRequest() call to peer e956f8157fe54ccdb0306e93a41db30c (127.20.157.2:42383): Illegal state: must be running to vote when last-logged opid is not known
I20260710 11:01:35.975833 21764 tablet_service.cc:1917] Received RequestConsensusVote() RPC: tablet_id: "5c09b397261c4f24bf908697cfdbc6f0" candidate_uuid: "9601f81da92a4eaf919cb9ddf4a81cde" candidate_term: 1 candidate_status { last_received { term: 0 index: 0 } } ignore_live_leader: false dest_uuid: "abbb7da84fc34ac3a23fcb84ecde2737" is_pre_election: true
I20260710 11:01:35.984545 21805 leader_election.cc:304] T 9a6aee8c1a0b4a8c8cbef82da68ae0a8 P e956f8157fe54ccdb0306e93a41db30c [CANDIDATE]: Term 1 pre-election: Election decided. Result: candidate won. Election summary: received 2 responses out of 3 voters: 2 yes votes; 0 no votes. yes voters: abbb7da84fc34ac3a23fcb84ecde2737, e956f8157fe54ccdb0306e93a41db30c; no voters: 
I20260710 11:01:35.985070 21764 raft_consensus.cc:2468] T 5c09b397261c4f24bf908697cfdbc6f0 P abbb7da84fc34ac3a23fcb84ecde2737 [term 0 FOLLOWER]: Leader pre-election vote request: Granting yes vote for candidate 9601f81da92a4eaf919cb9ddf4a81cde in term 0.
I20260710 11:01:35.985051 21953 consensus_queue.cc:260] T ce73507936aa4559937bbb7b7f56c994 P e956f8157fe54ccdb0306e93a41db30c [NON_LEADER]: Queue going to NON_LEADER mode. State: All replicated index: 0, Majority replicated index: 0, Committed index: 0, Last appended: 0.0, Last appended by leader: 0, Current term: 0, Majority size: -1, State: 0, Mode: NON_LEADER, active raft config: opid_index: -1 OBSOLETE_local: false peers { permanent_uuid: "abbb7da84fc34ac3a23fcb84ecde2737" member_type: VOTER last_known_addr { host: "127.20.157.1" port: 37101 } } peers { permanent_uuid: "e956f8157fe54ccdb0306e93a41db30c" member_type: VOTER last_known_addr { host: "127.20.157.2" port: 42383 } } peers { permanent_uuid: "9601f81da92a4eaf919cb9ddf4a81cde" member_type: VOTER last_known_addr { host: "127.20.157.3" port: 45239 } }
I20260710 11:01:35.987385 21953 ts_tablet_manager.cc:1434] T ce73507936aa4559937bbb7b7f56c994 P e956f8157fe54ccdb0306e93a41db30c: Time spent starting tablet: real 0.009s	user 0.003s	sys 0.002s
I20260710 11:01:35.987466 21839 tablet_service.cc:1917] Received RequestConsensusVote() RPC: tablet_id: "4a2f2eee40c44bf7be521bc3844d567e" candidate_uuid: "abbb7da84fc34ac3a23fcb84ecde2737" candidate_term: 1 candidate_status { last_received { term: 0 index: 0 } } ignore_live_leader: false dest_uuid: "e956f8157fe54ccdb0306e93a41db30c" is_pre_election: true
I20260710 11:01:35.988080 21839 raft_consensus.cc:2468] T 4a2f2eee40c44bf7be521bc3844d567e P e956f8157fe54ccdb0306e93a41db30c [term 0 FOLLOWER]: Leader pre-election vote request: Granting yes vote for candidate abbb7da84fc34ac3a23fcb84ecde2737 in term 0.
I20260710 11:01:35.988354 21953 tablet_bootstrap.cc:492] T 91f6d45cd3224ed284f89b24df3dfaba P e956f8157fe54ccdb0306e93a41db30c: Bootstrap starting.
I20260710 11:01:35.989989 21913 tablet_service.cc:1917] Received RequestConsensusVote() RPC: tablet_id: "4a2f2eee40c44bf7be521bc3844d567e" candidate_uuid: "abbb7da84fc34ac3a23fcb84ecde2737" candidate_term: 1 candidate_status { last_received { term: 0 index: 0 } } ignore_live_leader: false dest_uuid: "9601f81da92a4eaf919cb9ddf4a81cde" is_pre_election: true
I20260710 11:01:35.991478 21879 leader_election.cc:304] T 5c09b397261c4f24bf908697cfdbc6f0 P 9601f81da92a4eaf919cb9ddf4a81cde [CANDIDATE]: Term 1 pre-election: Election decided. Result: candidate won. Election summary: received 3 responses out of 3 voters: 2 yes votes; 1 no votes. yes voters: 9601f81da92a4eaf919cb9ddf4a81cde, abbb7da84fc34ac3a23fcb84ecde2737; no voters: e956f8157fe54ccdb0306e93a41db30c
I20260710 11:01:35.992770 21974 raft_consensus.cc:2804] T 5c09b397261c4f24bf908697cfdbc6f0 P 9601f81da92a4eaf919cb9ddf4a81cde [term 0 FOLLOWER]: Leader pre-election won for term 1
I20260710 11:01:35.993243 21974 raft_consensus.cc:493] T 5c09b397261c4f24bf908697cfdbc6f0 P 9601f81da92a4eaf919cb9ddf4a81cde [term 0 FOLLOWER]: Starting leader election (no leader contacted us within the election timeout)
I20260710 11:01:35.993623 21974 raft_consensus.cc:3060] T 5c09b397261c4f24bf908697cfdbc6f0 P 9601f81da92a4eaf919cb9ddf4a81cde [term 0 FOLLOWER]: Advancing to term 1
I20260710 11:01:35.994138 21960 raft_consensus.cc:2804] T 9a6aee8c1a0b4a8c8cbef82da68ae0a8 P e956f8157fe54ccdb0306e93a41db30c [term 0 FOLLOWER]: Leader pre-election won for term 1
I20260710 11:01:35.994491 21960 raft_consensus.cc:493] T 9a6aee8c1a0b4a8c8cbef82da68ae0a8 P e956f8157fe54ccdb0306e93a41db30c [term 0 FOLLOWER]: Starting leader election (no leader contacted us within the election timeout)
I20260710 11:01:35.994594 21953 tablet_bootstrap.cc:654] T 91f6d45cd3224ed284f89b24df3dfaba P e956f8157fe54ccdb0306e93a41db30c: Neither blocks nor log segments found. Creating new log.
I20260710 11:01:35.994843 21960 raft_consensus.cc:3060] T 9a6aee8c1a0b4a8c8cbef82da68ae0a8 P e956f8157fe54ccdb0306e93a41db30c [term 0 FOLLOWER]: Advancing to term 1
I20260710 11:01:36.000347 21954 tablet_bootstrap.cc:492] T 75ad5ad29cc2491f8b3de99da0392bb2 P 9601f81da92a4eaf919cb9ddf4a81cde: No bootstrap required, opened a new log
I20260710 11:01:36.000792 21954 ts_tablet_manager.cc:1403] T 75ad5ad29cc2491f8b3de99da0392bb2 P 9601f81da92a4eaf919cb9ddf4a81cde: Time spent bootstrapping tablet: real 0.070s	user 0.004s	sys 0.005s
W20260710 11:01:36.001422 21730 leader_election.cc:343] T 4a2f2eee40c44bf7be521bc3844d567e P abbb7da84fc34ac3a23fcb84ecde2737 [CANDIDATE]: Term 1 pre-election: Tablet error from VoteRequest() call to peer 9601f81da92a4eaf919cb9ddf4a81cde (127.20.157.3:45239): Illegal state: must be running to vote when last-logged opid is not known
I20260710 11:01:36.002290 21730 leader_election.cc:304] T 4a2f2eee40c44bf7be521bc3844d567e P abbb7da84fc34ac3a23fcb84ecde2737 [CANDIDATE]: Term 1 pre-election: Election decided. Result: candidate won. Election summary: received 3 responses out of 3 voters: 2 yes votes; 1 no votes. yes voters: abbb7da84fc34ac3a23fcb84ecde2737, e956f8157fe54ccdb0306e93a41db30c; no voters: 9601f81da92a4eaf919cb9ddf4a81cde
I20260710 11:01:36.002521 21960 raft_consensus.cc:515] T 9a6aee8c1a0b4a8c8cbef82da68ae0a8 P e956f8157fe54ccdb0306e93a41db30c [term 1 FOLLOWER]: Starting leader election with config: opid_index: -1 OBSOLETE_local: false peers { permanent_uuid: "abbb7da84fc34ac3a23fcb84ecde2737" member_type: VOTER last_known_addr { host: "127.20.157.1" port: 37101 } } peers { permanent_uuid: "e956f8157fe54ccdb0306e93a41db30c" member_type: VOTER last_known_addr { host: "127.20.157.2" port: 42383 } } peers { permanent_uuid: "9601f81da92a4eaf919cb9ddf4a81cde" member_type: VOTER last_known_addr { host: "127.20.157.3" port: 45239 } }
I20260710 11:01:36.003155 21957 raft_consensus.cc:2804] T 4a2f2eee40c44bf7be521bc3844d567e P abbb7da84fc34ac3a23fcb84ecde2737 [term 0 FOLLOWER]: Leader pre-election won for term 1
I20260710 11:01:36.003515 21957 raft_consensus.cc:493] T 4a2f2eee40c44bf7be521bc3844d567e P abbb7da84fc34ac3a23fcb84ecde2737 [term 0 FOLLOWER]: Starting leader election (no leader contacted us within the election timeout)
I20260710 11:01:36.003434 21954 raft_consensus.cc:359] T 75ad5ad29cc2491f8b3de99da0392bb2 P 9601f81da92a4eaf919cb9ddf4a81cde [term 0 FOLLOWER]: Replica starting. Triggering 0 pending ops. Active config: opid_index: -1 OBSOLETE_local: false peers { permanent_uuid: "abbb7da84fc34ac3a23fcb84ecde2737" member_type: VOTER last_known_addr { host: "127.20.157.1" port: 37101 } } peers { permanent_uuid: "9601f81da92a4eaf919cb9ddf4a81cde" member_type: VOTER last_known_addr { host: "127.20.157.3" port: 45239 } } peers { permanent_uuid: "e956f8157fe54ccdb0306e93a41db30c" member_type: VOTER last_known_addr { host: "127.20.157.2" port: 42383 } }
I20260710 11:01:36.004011 21957 raft_consensus.cc:3060] T 4a2f2eee40c44bf7be521bc3844d567e P abbb7da84fc34ac3a23fcb84ecde2737 [term 0 FOLLOWER]: Advancing to term 1
I20260710 11:01:36.004240 21954 raft_consensus.cc:385] T 75ad5ad29cc2491f8b3de99da0392bb2 P 9601f81da92a4eaf919cb9ddf4a81cde [term 0 FOLLOWER]: Consensus starting up: Expiring failure detector timer to make a prompt election more likely
I20260710 11:01:36.004526 21960 leader_election.cc:290] T 9a6aee8c1a0b4a8c8cbef82da68ae0a8 P e956f8157fe54ccdb0306e93a41db30c [CANDIDATE]: Term 1 election: Requested vote from peers abbb7da84fc34ac3a23fcb84ecde2737 (127.20.157.1:37101), 9601f81da92a4eaf919cb9ddf4a81cde (127.20.157.3:45239)
I20260710 11:01:36.004559 21954 raft_consensus.cc:740] T 75ad5ad29cc2491f8b3de99da0392bb2 P 9601f81da92a4eaf919cb9ddf4a81cde [term 0 FOLLOWER]: Becoming Follower/Learner. State: Replica: 9601f81da92a4eaf919cb9ddf4a81cde, State: Initialized, Role: FOLLOWER
I20260710 11:01:36.005431 21954 consensus_queue.cc:260] T 75ad5ad29cc2491f8b3de99da0392bb2 P 9601f81da92a4eaf919cb9ddf4a81cde [NON_LEADER]: Queue going to NON_LEADER mode. State: All replicated index: 0, Majority replicated index: 0, Committed index: 0, Last appended: 0.0, Last appended by leader: 0, Current term: 0, Majority size: -1, State: 0, Mode: NON_LEADER, active raft config: opid_index: -1 OBSOLETE_local: false peers { permanent_uuid: "abbb7da84fc34ac3a23fcb84ecde2737" member_type: VOTER last_known_addr { host: "127.20.157.1" port: 37101 } } peers { permanent_uuid: "9601f81da92a4eaf919cb9ddf4a81cde" member_type: VOTER last_known_addr { host: "127.20.157.3" port: 45239 } } peers { permanent_uuid: "e956f8157fe54ccdb0306e93a41db30c" member_type: VOTER last_known_addr { host: "127.20.157.2" port: 42383 } }
I20260710 11:01:36.006955 21913 tablet_service.cc:1917] Received RequestConsensusVote() RPC: tablet_id: "9a6aee8c1a0b4a8c8cbef82da68ae0a8" candidate_uuid: "e956f8157fe54ccdb0306e93a41db30c" candidate_term: 1 candidate_status { last_received { term: 0 index: 0 } } ignore_live_leader: false dest_uuid: "9601f81da92a4eaf919cb9ddf4a81cde" is_pre_election: true
I20260710 11:01:36.007516 21912 tablet_service.cc:1917] Received RequestConsensusVote() RPC: tablet_id: "9a6aee8c1a0b4a8c8cbef82da68ae0a8" candidate_uuid: "e956f8157fe54ccdb0306e93a41db30c" candidate_term: 1 candidate_status { last_received { term: 0 index: 0 } } ignore_live_leader: false dest_uuid: "9601f81da92a4eaf919cb9ddf4a81cde"
I20260710 11:01:36.008181 21764 tablet_service.cc:1917] Received RequestConsensusVote() RPC: tablet_id: "9a6aee8c1a0b4a8c8cbef82da68ae0a8" candidate_uuid: "e956f8157fe54ccdb0306e93a41db30c" candidate_term: 1 candidate_status { last_received { term: 0 index: 0 } } ignore_live_leader: false dest_uuid: "abbb7da84fc34ac3a23fcb84ecde2737"
I20260710 11:01:36.008733 21764 raft_consensus.cc:3060] T 9a6aee8c1a0b4a8c8cbef82da68ae0a8 P abbb7da84fc34ac3a23fcb84ecde2737 [term 0 FOLLOWER]: Advancing to term 1
I20260710 11:01:36.009338 21954 ts_tablet_manager.cc:1434] T 75ad5ad29cc2491f8b3de99da0392bb2 P 9601f81da92a4eaf919cb9ddf4a81cde: Time spent starting tablet: real 0.008s	user 0.004s	sys 0.005s
I20260710 11:01:36.010246 21954 tablet_bootstrap.cc:492] T cc4c541eb1d64e298d695a83c1b55bce P 9601f81da92a4eaf919cb9ddf4a81cde: Bootstrap starting.
I20260710 11:01:35.993561 21952 tablet_bootstrap.cc:654] T cc4c541eb1d64e298d695a83c1b55bce P abbb7da84fc34ac3a23fcb84ecde2737: Neither blocks nor log segments found. Creating new log.
W20260710 11:01:36.011303 21805 leader_election.cc:343] T 9a6aee8c1a0b4a8c8cbef82da68ae0a8 P e956f8157fe54ccdb0306e93a41db30c [CANDIDATE]: Term 1 pre-election: Tablet error from VoteRequest() call to peer 9601f81da92a4eaf919cb9ddf4a81cde (127.20.157.3:45239): Illegal state: must be running to vote when last-logged opid is not known
W20260710 11:01:36.012825 21805 leader_election.cc:343] T 9a6aee8c1a0b4a8c8cbef82da68ae0a8 P e956f8157fe54ccdb0306e93a41db30c [CANDIDATE]: Term 1 election: Tablet error from VoteRequest() call to peer 9601f81da92a4eaf919cb9ddf4a81cde (127.20.157.3:45239): Illegal state: must be running to vote when last-logged opid is not known
I20260710 11:01:36.016681 21974 raft_consensus.cc:515] T 5c09b397261c4f24bf908697cfdbc6f0 P 9601f81da92a4eaf919cb9ddf4a81cde [term 1 FOLLOWER]: Starting leader election with config: opid_index: -1 OBSOLETE_local: false peers { permanent_uuid: "abbb7da84fc34ac3a23fcb84ecde2737" member_type: VOTER last_known_addr { host: "127.20.157.1" port: 37101 } } peers { permanent_uuid: "e956f8157fe54ccdb0306e93a41db30c" member_type: VOTER last_known_addr { host: "127.20.157.2" port: 42383 } } peers { permanent_uuid: "9601f81da92a4eaf919cb9ddf4a81cde" member_type: VOTER last_known_addr { host: "127.20.157.3" port: 45239 } }
I20260710 11:01:36.021656 21764 raft_consensus.cc:2468] T 9a6aee8c1a0b4a8c8cbef82da68ae0a8 P abbb7da84fc34ac3a23fcb84ecde2737 [term 1 FOLLOWER]: Leader election vote request: Granting yes vote for candidate e956f8157fe54ccdb0306e93a41db30c in term 1.
I20260710 11:01:36.025420 21974 leader_election.cc:290] T 5c09b397261c4f24bf908697cfdbc6f0 P 9601f81da92a4eaf919cb9ddf4a81cde [CANDIDATE]: Term 1 election: Requested vote from peers abbb7da84fc34ac3a23fcb84ecde2737 (127.20.157.1:37101), e956f8157fe54ccdb0306e93a41db30c (127.20.157.2:42383)
I20260710 11:01:36.027076 21763 tablet_service.cc:1917] Received RequestConsensusVote() RPC: tablet_id: "5c09b397261c4f24bf908697cfdbc6f0" candidate_uuid: "9601f81da92a4eaf919cb9ddf4a81cde" candidate_term: 1 candidate_status { last_received { term: 0 index: 0 } } ignore_live_leader: false dest_uuid: "abbb7da84fc34ac3a23fcb84ecde2737"
I20260710 11:01:36.027652 21763 raft_consensus.cc:3060] T 5c09b397261c4f24bf908697cfdbc6f0 P abbb7da84fc34ac3a23fcb84ecde2737 [term 0 FOLLOWER]: Advancing to term 1
I20260710 11:01:36.025023 21805 leader_election.cc:304] T 9a6aee8c1a0b4a8c8cbef82da68ae0a8 P e956f8157fe54ccdb0306e93a41db30c [CANDIDATE]: Term 1 election: Election decided. Result: candidate won. Election summary: received 3 responses out of 3 voters: 2 yes votes; 1 no votes. yes voters: abbb7da84fc34ac3a23fcb84ecde2737, e956f8157fe54ccdb0306e93a41db30c; no voters: 9601f81da92a4eaf919cb9ddf4a81cde
I20260710 11:01:36.028367 21839 tablet_service.cc:1917] Received RequestConsensusVote() RPC: tablet_id: "5c09b397261c4f24bf908697cfdbc6f0" candidate_uuid: "9601f81da92a4eaf919cb9ddf4a81cde" candidate_term: 1 candidate_status { last_received { term: 0 index: 0 } } ignore_live_leader: false dest_uuid: "e956f8157fe54ccdb0306e93a41db30c"
I20260710 11:01:36.028993 21960 raft_consensus.cc:2804] T 9a6aee8c1a0b4a8c8cbef82da68ae0a8 P e956f8157fe54ccdb0306e93a41db30c [term 1 FOLLOWER]: Leader election won for term 1
W20260710 11:01:36.029810 21879 leader_election.cc:343] T 5c09b397261c4f24bf908697cfdbc6f0 P 9601f81da92a4eaf919cb9ddf4a81cde [CANDIDATE]: Term 1 election: Tablet error from VoteRequest() call to peer e956f8157fe54ccdb0306e93a41db30c (127.20.157.2:42383): Illegal state: must be running to vote when last-logged opid is not known
I20260710 11:01:36.023417 21954 tablet_bootstrap.cc:654] T cc4c541eb1d64e298d695a83c1b55bce P 9601f81da92a4eaf919cb9ddf4a81cde: Neither blocks nor log segments found. Creating new log.
I20260710 11:01:36.041325 21974 raft_consensus.cc:493] T 75ad5ad29cc2491f8b3de99da0392bb2 P 9601f81da92a4eaf919cb9ddf4a81cde [term 0 FOLLOWER]: Starting pre-election (no leader contacted us within the election timeout)
I20260710 11:01:36.041883 21974 raft_consensus.cc:515] T 75ad5ad29cc2491f8b3de99da0392bb2 P 9601f81da92a4eaf919cb9ddf4a81cde [term 0 FOLLOWER]: Starting pre-election with config: opid_index: -1 OBSOLETE_local: false peers { permanent_uuid: "abbb7da84fc34ac3a23fcb84ecde2737" member_type: VOTER last_known_addr { host: "127.20.157.1" port: 37101 } } peers { permanent_uuid: "9601f81da92a4eaf919cb9ddf4a81cde" member_type: VOTER last_known_addr { host: "127.20.157.3" port: 45239 } } peers { permanent_uuid: "e956f8157fe54ccdb0306e93a41db30c" member_type: VOTER last_known_addr { host: "127.20.157.2" port: 42383 } }
I20260710 11:01:36.043340 21960 raft_consensus.cc:697] T 9a6aee8c1a0b4a8c8cbef82da68ae0a8 P e956f8157fe54ccdb0306e93a41db30c [term 1 LEADER]: Becoming Leader. State: Replica: e956f8157fe54ccdb0306e93a41db30c, State: Running, Role: LEADER
I20260710 11:01:36.044107 21979 raft_consensus.cc:493] T 74cf57a268794d668f27939e6b75e80b P abbb7da84fc34ac3a23fcb84ecde2737 [term 0 FOLLOWER]: Starting pre-election (no leader contacted us within the election timeout)
I20260710 11:01:36.044281 21960 consensus_queue.cc:237] T 9a6aee8c1a0b4a8c8cbef82da68ae0a8 P e956f8157fe54ccdb0306e93a41db30c [LEADER]: Queue going to LEADER mode. State: All replicated index: 0, Majority replicated index: 0, Committed index: 0, Last appended: 0.0, Last appended by leader: 0, Current term: 1, Majority size: 2, State: 0, Mode: LEADER, active raft config: opid_index: -1 OBSOLETE_local: false peers { permanent_uuid: "abbb7da84fc34ac3a23fcb84ecde2737" member_type: VOTER last_known_addr { host: "127.20.157.1" port: 37101 } } peers { permanent_uuid: "e956f8157fe54ccdb0306e93a41db30c" member_type: VOTER last_known_addr { host: "127.20.157.2" port: 42383 } } peers { permanent_uuid: "9601f81da92a4eaf919cb9ddf4a81cde" member_type: VOTER last_known_addr { host: "127.20.157.3" port: 45239 } }
I20260710 11:01:36.044616 21979 raft_consensus.cc:515] T 74cf57a268794d668f27939e6b75e80b P abbb7da84fc34ac3a23fcb84ecde2737 [term 0 FOLLOWER]: Starting pre-election with config: opid_index: -1 OBSOLETE_local: false peers { permanent_uuid: "abbb7da84fc34ac3a23fcb84ecde2737" member_type: VOTER last_known_addr { host: "127.20.157.1" port: 37101 } } peers { permanent_uuid: "e956f8157fe54ccdb0306e93a41db30c" member_type: VOTER last_known_addr { host: "127.20.157.2" port: 42383 } } peers { permanent_uuid: "9601f81da92a4eaf919cb9ddf4a81cde" member_type: VOTER last_known_addr { host: "127.20.157.3" port: 45239 } }
I20260710 11:01:36.046846 21979 leader_election.cc:290] T 74cf57a268794d668f27939e6b75e80b P abbb7da84fc34ac3a23fcb84ecde2737 [CANDIDATE]: Term 1 pre-election: Requested pre-vote from peers e956f8157fe54ccdb0306e93a41db30c (127.20.157.2:42383), 9601f81da92a4eaf919cb9ddf4a81cde (127.20.157.3:45239)
I20260710 11:01:36.049225 21912 tablet_service.cc:1917] Received RequestConsensusVote() RPC: tablet_id: "74cf57a268794d668f27939e6b75e80b" candidate_uuid: "abbb7da84fc34ac3a23fcb84ecde2737" candidate_term: 1 candidate_status { last_received { term: 0 index: 0 } } ignore_live_leader: false dest_uuid: "9601f81da92a4eaf919cb9ddf4a81cde" is_pre_election: true
I20260710 11:01:36.049799 21839 tablet_service.cc:1917] Received RequestConsensusVote() RPC: tablet_id: "74cf57a268794d668f27939e6b75e80b" candidate_uuid: "abbb7da84fc34ac3a23fcb84ecde2737" candidate_term: 1 candidate_status { last_received { term: 0 index: 0 } } ignore_live_leader: false dest_uuid: "e956f8157fe54ccdb0306e93a41db30c" is_pre_election: true
I20260710 11:01:36.050488 21839 raft_consensus.cc:2468] T 74cf57a268794d668f27939e6b75e80b P e956f8157fe54ccdb0306e93a41db30c [term 0 FOLLOWER]: Leader pre-election vote request: Granting yes vote for candidate abbb7da84fc34ac3a23fcb84ecde2737 in term 0.
W20260710 11:01:36.052525 21730 leader_election.cc:343] T 74cf57a268794d668f27939e6b75e80b P abbb7da84fc34ac3a23fcb84ecde2737 [CANDIDATE]: Term 1 pre-election: Tablet error from VoteRequest() call to peer 9601f81da92a4eaf919cb9ddf4a81cde (127.20.157.3:45239): Illegal state: must be running to vote when last-logged opid is not known
I20260710 11:01:36.053095 21954 tablet_bootstrap.cc:492] T cc4c541eb1d64e298d695a83c1b55bce P 9601f81da92a4eaf919cb9ddf4a81cde: No bootstrap required, opened a new log
I20260710 11:01:36.041036 21763 raft_consensus.cc:2468] T 5c09b397261c4f24bf908697cfdbc6f0 P abbb7da84fc34ac3a23fcb84ecde2737 [term 1 FOLLOWER]: Leader election vote request: Granting yes vote for candidate 9601f81da92a4eaf919cb9ddf4a81cde in term 1.
I20260710 11:01:36.053632 21730 leader_election.cc:304] T 74cf57a268794d668f27939e6b75e80b P abbb7da84fc34ac3a23fcb84ecde2737 [CANDIDATE]: Term 1 pre-election: Election decided. Result: candidate won. Election summary: received 3 responses out of 3 voters: 2 yes votes; 1 no votes. yes voters: abbb7da84fc34ac3a23fcb84ecde2737, e956f8157fe54ccdb0306e93a41db30c; no voters: 9601f81da92a4eaf919cb9ddf4a81cde
I20260710 11:01:36.055541 21979 raft_consensus.cc:2804] T 74cf57a268794d668f27939e6b75e80b P abbb7da84fc34ac3a23fcb84ecde2737 [term 0 FOLLOWER]: Leader pre-election won for term 1
I20260710 11:01:36.055943 21979 raft_consensus.cc:493] T 74cf57a268794d668f27939e6b75e80b P abbb7da84fc34ac3a23fcb84ecde2737 [term 0 FOLLOWER]: Starting leader election (no leader contacted us within the election timeout)
I20260710 11:01:36.056303 21979 raft_consensus.cc:3060] T 74cf57a268794d668f27939e6b75e80b P abbb7da84fc34ac3a23fcb84ecde2737 [term 0 FOLLOWER]: Advancing to term 1
I20260710 11:01:36.057087 21954 ts_tablet_manager.cc:1403] T cc4c541eb1d64e298d695a83c1b55bce P 9601f81da92a4eaf919cb9ddf4a81cde: Time spent bootstrapping tablet: real 0.047s	user 0.013s	sys 0.000s
I20260710 11:01:36.057556 21879 leader_election.cc:304] T 5c09b397261c4f24bf908697cfdbc6f0 P 9601f81da92a4eaf919cb9ddf4a81cde [CANDIDATE]: Term 1 election: Election decided. Result: candidate won. Election summary: received 3 responses out of 3 voters: 2 yes votes; 1 no votes. yes voters: 9601f81da92a4eaf919cb9ddf4a81cde, abbb7da84fc34ac3a23fcb84ecde2737; no voters: e956f8157fe54ccdb0306e93a41db30c
I20260710 11:01:36.058682 21963 raft_consensus.cc:2804] T 5c09b397261c4f24bf908697cfdbc6f0 P 9601f81da92a4eaf919cb9ddf4a81cde [term 1 FOLLOWER]: Leader election won for term 1
I20260710 11:01:36.060009 21954 raft_consensus.cc:359] T cc4c541eb1d64e298d695a83c1b55bce P 9601f81da92a4eaf919cb9ddf4a81cde [term 0 FOLLOWER]: Replica starting. Triggering 0 pending ops. Active config: opid_index: -1 OBSOLETE_local: false peers { permanent_uuid: "abbb7da84fc34ac3a23fcb84ecde2737" member_type: VOTER last_known_addr { host: "127.20.157.1" port: 37101 } } peers { permanent_uuid: "e956f8157fe54ccdb0306e93a41db30c" member_type: VOTER last_known_addr { host: "127.20.157.2" port: 42383 } } peers { permanent_uuid: "9601f81da92a4eaf919cb9ddf4a81cde" member_type: VOTER last_known_addr { host: "127.20.157.3" port: 45239 } }
I20260710 11:01:36.059612 21662 catalog_manager.cc:5697] T 9a6aee8c1a0b4a8c8cbef82da68ae0a8 P e956f8157fe54ccdb0306e93a41db30c reported cstate change: term changed from 0 to 1, leader changed from <none> to e956f8157fe54ccdb0306e93a41db30c (127.20.157.2). New cstate: current_term: 1 leader_uuid: "e956f8157fe54ccdb0306e93a41db30c" committed_config { opid_index: -1 OBSOLETE_local: false peers { permanent_uuid: "abbb7da84fc34ac3a23fcb84ecde2737" member_type: VOTER last_known_addr { host: "127.20.157.1" port: 37101 } health_report { overall_health: UNKNOWN } } peers { permanent_uuid: "e956f8157fe54ccdb0306e93a41db30c" member_type: VOTER last_known_addr { host: "127.20.157.2" port: 42383 } health_report { overall_health: HEALTHY } } peers { permanent_uuid: "9601f81da92a4eaf919cb9ddf4a81cde" member_type: VOTER last_known_addr { host: "127.20.157.3" port: 45239 } health_report { overall_health: UNKNOWN } } }
I20260710 11:01:36.064414 21954 raft_consensus.cc:385] T cc4c541eb1d64e298d695a83c1b55bce P 9601f81da92a4eaf919cb9ddf4a81cde [term 0 FOLLOWER]: Consensus starting up: Expiring failure detector timer to make a prompt election more likely
I20260710 11:01:36.065105 21954 raft_consensus.cc:740] T cc4c541eb1d64e298d695a83c1b55bce P 9601f81da92a4eaf919cb9ddf4a81cde [term 0 FOLLOWER]: Becoming Follower/Learner. State: Replica: 9601f81da92a4eaf919cb9ddf4a81cde, State: Initialized, Role: FOLLOWER
I20260710 11:01:36.066579 21954 consensus_queue.cc:260] T cc4c541eb1d64e298d695a83c1b55bce P 9601f81da92a4eaf919cb9ddf4a81cde [NON_LEADER]: Queue going to NON_LEADER mode. State: All replicated index: 0, Majority replicated index: 0, Committed index: 0, Last appended: 0.0, Last appended by leader: 0, Current term: 0, Majority size: -1, State: 0, Mode: NON_LEADER, active raft config: opid_index: -1 OBSOLETE_local: false peers { permanent_uuid: "abbb7da84fc34ac3a23fcb84ecde2737" member_type: VOTER last_known_addr { host: "127.20.157.1" port: 37101 } } peers { permanent_uuid: "e956f8157fe54ccdb0306e93a41db30c" member_type: VOTER last_known_addr { host: "127.20.157.2" port: 42383 } } peers { permanent_uuid: "9601f81da92a4eaf919cb9ddf4a81cde" member_type: VOTER last_known_addr { host: "127.20.157.3" port: 45239 } }
I20260710 11:01:36.068440 21979 raft_consensus.cc:515] T 74cf57a268794d668f27939e6b75e80b P abbb7da84fc34ac3a23fcb84ecde2737 [term 1 FOLLOWER]: Starting leader election with config: opid_index: -1 OBSOLETE_local: false peers { permanent_uuid: "abbb7da84fc34ac3a23fcb84ecde2737" member_type: VOTER last_known_addr { host: "127.20.157.1" port: 37101 } } peers { permanent_uuid: "e956f8157fe54ccdb0306e93a41db30c" member_type: VOTER last_known_addr { host: "127.20.157.2" port: 42383 } } peers { permanent_uuid: "9601f81da92a4eaf919cb9ddf4a81cde" member_type: VOTER last_known_addr { host: "127.20.157.3" port: 45239 } }
I20260710 11:01:36.069468 21763 tablet_service.cc:1917] Received RequestConsensusVote() RPC: tablet_id: "75ad5ad29cc2491f8b3de99da0392bb2" candidate_uuid: "9601f81da92a4eaf919cb9ddf4a81cde" candidate_term: 1 candidate_status { last_received { term: 0 index: 0 } } ignore_live_leader: false dest_uuid: "abbb7da84fc34ac3a23fcb84ecde2737" is_pre_election: true
I20260710 11:01:36.071626 21954 ts_tablet_manager.cc:1434] T cc4c541eb1d64e298d695a83c1b55bce P 9601f81da92a4eaf919cb9ddf4a81cde: Time spent starting tablet: real 0.014s	user 0.006s	sys 0.000s
I20260710 11:01:36.071803 21763 raft_consensus.cc:2468] T 75ad5ad29cc2491f8b3de99da0392bb2 P abbb7da84fc34ac3a23fcb84ecde2737 [term 0 FOLLOWER]: Leader pre-election vote request: Granting yes vote for candidate 9601f81da92a4eaf919cb9ddf4a81cde in term 0.
I20260710 11:01:36.072121 21953 tablet_bootstrap.cc:492] T 91f6d45cd3224ed284f89b24df3dfaba P e956f8157fe54ccdb0306e93a41db30c: No bootstrap required, opened a new log
I20260710 11:01:36.072332 21839 tablet_service.cc:1917] Received RequestConsensusVote() RPC: tablet_id: "75ad5ad29cc2491f8b3de99da0392bb2" candidate_uuid: "9601f81da92a4eaf919cb9ddf4a81cde" candidate_term: 1 candidate_status { last_received { term: 0 index: 0 } } ignore_live_leader: false dest_uuid: "e956f8157fe54ccdb0306e93a41db30c" is_pre_election: true
I20260710 11:01:36.033226 21957 raft_consensus.cc:515] T 4a2f2eee40c44bf7be521bc3844d567e P abbb7da84fc34ac3a23fcb84ecde2737 [term 1 FOLLOWER]: Starting leader election with config: opid_index: -1 OBSOLETE_local: false peers { permanent_uuid: "abbb7da84fc34ac3a23fcb84ecde2737" member_type: VOTER last_known_addr { host: "127.20.157.1" port: 37101 } } peers { permanent_uuid: "e956f8157fe54ccdb0306e93a41db30c" member_type: VOTER last_known_addr { host: "127.20.157.2" port: 42383 } } peers { permanent_uuid: "9601f81da92a4eaf919cb9ddf4a81cde" member_type: VOTER last_known_addr { host: "127.20.157.3" port: 45239 } }
I20260710 11:01:36.072631 21953 ts_tablet_manager.cc:1403] T 91f6d45cd3224ed284f89b24df3dfaba P e956f8157fe54ccdb0306e93a41db30c: Time spent bootstrapping tablet: real 0.084s	user 0.061s	sys 0.020s
I20260710 11:01:36.072882 21839 raft_consensus.cc:2468] T 75ad5ad29cc2491f8b3de99da0392bb2 P e956f8157fe54ccdb0306e93a41db30c [term 0 FOLLOWER]: Leader pre-election vote request: Granting yes vote for candidate 9601f81da92a4eaf919cb9ddf4a81cde in term 0.
I20260710 11:01:36.073994 21879 leader_election.cc:304] T 75ad5ad29cc2491f8b3de99da0392bb2 P 9601f81da92a4eaf919cb9ddf4a81cde [CANDIDATE]: Term 1 pre-election: Election decided. Result: candidate won. Election summary: received 2 responses out of 3 voters: 2 yes votes; 0 no votes. yes voters: 9601f81da92a4eaf919cb9ddf4a81cde, e956f8157fe54ccdb0306e93a41db30c; no voters: 
I20260710 11:01:36.074837 21954 tablet_bootstrap.cc:492] T ce73507936aa4559937bbb7b7f56c994 P 9601f81da92a4eaf919cb9ddf4a81cde: Bootstrap starting.
I20260710 11:01:36.074914 21957 leader_election.cc:290] T 4a2f2eee40c44bf7be521bc3844d567e P abbb7da84fc34ac3a23fcb84ecde2737 [CANDIDATE]: Term 1 election: Requested vote from peers e956f8157fe54ccdb0306e93a41db30c (127.20.157.2:42383), 9601f81da92a4eaf919cb9ddf4a81cde (127.20.157.3:45239)
I20260710 11:01:36.071228 21974 leader_election.cc:290] T 75ad5ad29cc2491f8b3de99da0392bb2 P 9601f81da92a4eaf919cb9ddf4a81cde [CANDIDATE]: Term 1 pre-election: Requested pre-vote from peers abbb7da84fc34ac3a23fcb84ecde2737 (127.20.157.1:37101), e956f8157fe54ccdb0306e93a41db30c (127.20.157.2:42383)
I20260710 11:01:36.075786 21988 raft_consensus.cc:2804] T 75ad5ad29cc2491f8b3de99da0392bb2 P 9601f81da92a4eaf919cb9ddf4a81cde [term 0 FOLLOWER]: Leader pre-election won for term 1
I20260710 11:01:36.076141 21988 raft_consensus.cc:493] T 75ad5ad29cc2491f8b3de99da0392bb2 P 9601f81da92a4eaf919cb9ddf4a81cde [term 0 FOLLOWER]: Starting leader election (no leader contacted us within the election timeout)
I20260710 11:01:36.076356 21912 tablet_service.cc:1917] Received RequestConsensusVote() RPC: tablet_id: "4a2f2eee40c44bf7be521bc3844d567e" candidate_uuid: "abbb7da84fc34ac3a23fcb84ecde2737" candidate_term: 1 candidate_status { last_received { term: 0 index: 0 } } ignore_live_leader: false dest_uuid: "9601f81da92a4eaf919cb9ddf4a81cde"
