I20260710 11:00:28.664913  8183 consensus_queue.cc:1048] T d6873e18bba04432ad554cd2c0f3a31e P 5feace78d9dc4ebe9742ad2d69d898b0 [LEADER]: Connected to new peer: Peer: permanent_uuid: "d40a3f9ac9364e0cb551a3fe35e3aeb3" member_type: VOTER last_known_addr { host: "127.7.170.1" port: 34067 }, Status: LMP_MISMATCH, Last received: 0.0, Next index: 1, Last known committed idx: 0, Time since last communication: 0.000s
I20260710 11:00:28.674400  8223 raft_consensus.cc:493] T 559cd92bdded404ebeb19dacd2403ff5 P 5b0eb444dedd482caa1c38bfcd057d8d [term 0 FOLLOWER]: Starting pre-election (no leader contacted us within the election timeout)
I20260710 11:00:28.674911  8223 raft_consensus.cc:515] T 559cd92bdded404ebeb19dacd2403ff5 P 5b0eb444dedd482caa1c38bfcd057d8d [term 0 FOLLOWER]: Starting pre-election with config: opid_index: -1 OBSOLETE_local: false peers { permanent_uuid: "d40a3f9ac9364e0cb551a3fe35e3aeb3" member_type: VOTER last_known_addr { host: "127.7.170.1" port: 34067 } } peers { permanent_uuid: "5b0eb444dedd482caa1c38bfcd057d8d" member_type: VOTER last_known_addr { host: "127.7.170.2" port: 41537 } } peers { permanent_uuid: "5feace78d9dc4ebe9742ad2d69d898b0" member_type: VOTER last_known_addr { host: "127.7.170.3" port: 44103 } }
I20260710 11:00:28.676910  8223 leader_election.cc:290] T 559cd92bdded404ebeb19dacd2403ff5 P 5b0eb444dedd482caa1c38bfcd057d8d [CANDIDATE]: Term 1 pre-election: Requested pre-vote from peers d40a3f9ac9364e0cb551a3fe35e3aeb3 (127.7.170.1:34067), 5feace78d9dc4ebe9742ad2d69d898b0 (127.7.170.3:44103)
I20260710 11:00:28.677996  7982 tablet_service.cc:1917] Received RequestConsensusVote() RPC: tablet_id: "559cd92bdded404ebeb19dacd2403ff5" candidate_uuid: "5b0eb444dedd482caa1c38bfcd057d8d" candidate_term: 1 candidate_status { last_received { term: 0 index: 0 } } ignore_live_leader: false dest_uuid: "d40a3f9ac9364e0cb551a3fe35e3aeb3" is_pre_election: true
I20260710 11:00:28.678305  8131 tablet_service.cc:1917] Received RequestConsensusVote() RPC: tablet_id: "559cd92bdded404ebeb19dacd2403ff5" candidate_uuid: "5b0eb444dedd482caa1c38bfcd057d8d" candidate_term: 1 candidate_status { last_received { term: 0 index: 0 } } ignore_live_leader: false dest_uuid: "5feace78d9dc4ebe9742ad2d69d898b0" is_pre_election: true
I20260710 11:00:28.678887  8131 raft_consensus.cc:2468] T 559cd92bdded404ebeb19dacd2403ff5 P 5feace78d9dc4ebe9742ad2d69d898b0 [term 0 FOLLOWER]: Leader pre-election vote request: Granting yes vote for candidate 5b0eb444dedd482caa1c38bfcd057d8d in term 0.
I20260710 11:00:28.678650  7982 raft_consensus.cc:2468] T 559cd92bdded404ebeb19dacd2403ff5 P d40a3f9ac9364e0cb551a3fe35e3aeb3 [term 0 FOLLOWER]: Leader pre-election vote request: Granting yes vote for candidate 5b0eb444dedd482caa1c38bfcd057d8d in term 0.
I20260710 11:00:28.680559  8022 leader_election.cc:304] T 559cd92bdded404ebeb19dacd2403ff5 P 5b0eb444dedd482caa1c38bfcd057d8d [CANDIDATE]: Term 1 pre-election: Election decided. Result: candidate won. Election summary: received 2 responses out of 3 voters: 2 yes votes; 0 no votes. yes voters: 5b0eb444dedd482caa1c38bfcd057d8d, 5feace78d9dc4ebe9742ad2d69d898b0; no voters: 
I20260710 11:00:28.681406  8223 raft_consensus.cc:2804] T 559cd92bdded404ebeb19dacd2403ff5 P 5b0eb444dedd482caa1c38bfcd057d8d [term 0 FOLLOWER]: Leader pre-election won for term 1
I20260710 11:00:28.681809  8223 raft_consensus.cc:493] T 559cd92bdded404ebeb19dacd2403ff5 P 5b0eb444dedd482caa1c38bfcd057d8d [term 0 FOLLOWER]: Starting leader election (no leader contacted us within the election timeout)
I20260710 11:00:28.682111  8223 raft_consensus.cc:3060] T 559cd92bdded404ebeb19dacd2403ff5 P 5b0eb444dedd482caa1c38bfcd057d8d [term 0 FOLLOWER]: Advancing to term 1
I20260710 11:00:28.688623  8223 raft_consensus.cc:515] T 559cd92bdded404ebeb19dacd2403ff5 P 5b0eb444dedd482caa1c38bfcd057d8d [term 1 FOLLOWER]: Starting leader election with config: opid_index: -1 OBSOLETE_local: false peers { permanent_uuid: "d40a3f9ac9364e0cb551a3fe35e3aeb3" member_type: VOTER last_known_addr { host: "127.7.170.1" port: 34067 } } peers { permanent_uuid: "5b0eb444dedd482caa1c38bfcd057d8d" member_type: VOTER last_known_addr { host: "127.7.170.2" port: 41537 } } peers { permanent_uuid: "5feace78d9dc4ebe9742ad2d69d898b0" member_type: VOTER last_known_addr { host: "127.7.170.3" port: 44103 } }
I20260710 11:00:28.690670  8223 leader_election.cc:290] T 559cd92bdded404ebeb19dacd2403ff5 P 5b0eb444dedd482caa1c38bfcd057d8d [CANDIDATE]: Term 1 election: Requested vote from peers d40a3f9ac9364e0cb551a3fe35e3aeb3 (127.7.170.1:34067), 5feace78d9dc4ebe9742ad2d69d898b0 (127.7.170.3:44103)
I20260710 11:00:28.691354  7982 tablet_service.cc:1917] Received RequestConsensusVote() RPC: tablet_id: "559cd92bdded404ebeb19dacd2403ff5" candidate_uuid: "5b0eb444dedd482caa1c38bfcd057d8d" candidate_term: 1 candidate_status { last_received { term: 0 index: 0 } } ignore_live_leader: false dest_uuid: "d40a3f9ac9364e0cb551a3fe35e3aeb3"
I20260710 11:00:28.691855  7982 raft_consensus.cc:3060] T 559cd92bdded404ebeb19dacd2403ff5 P d40a3f9ac9364e0cb551a3fe35e3aeb3 [term 0 FOLLOWER]: Advancing to term 1
I20260710 11:00:28.691728  8131 tablet_service.cc:1917] Received RequestConsensusVote() RPC: tablet_id: "559cd92bdded404ebeb19dacd2403ff5" candidate_uuid: "5b0eb444dedd482caa1c38bfcd057d8d" candidate_term: 1 candidate_status { last_received { term: 0 index: 0 } } ignore_live_leader: false dest_uuid: "5feace78d9dc4ebe9742ad2d69d898b0"
I20260710 11:00:28.692366  8131 raft_consensus.cc:3060] T 559cd92bdded404ebeb19dacd2403ff5 P 5feace78d9dc4ebe9742ad2d69d898b0 [term 0 FOLLOWER]: Advancing to term 1
I20260710 11:00:28.696346  7982 raft_consensus.cc:2468] T 559cd92bdded404ebeb19dacd2403ff5 P d40a3f9ac9364e0cb551a3fe35e3aeb3 [term 1 FOLLOWER]: Leader election vote request: Granting yes vote for candidate 5b0eb444dedd482caa1c38bfcd057d8d in term 1.
I20260710 11:00:28.697283  8022 leader_election.cc:304] T 559cd92bdded404ebeb19dacd2403ff5 P 5b0eb444dedd482caa1c38bfcd057d8d [CANDIDATE]: Term 1 election: Election decided. Result: candidate won. Election summary: received 2 responses out of 3 voters: 2 yes votes; 0 no votes. yes voters: 5b0eb444dedd482caa1c38bfcd057d8d, d40a3f9ac9364e0cb551a3fe35e3aeb3; no voters: 
I20260710 11:00:28.697945  8223 raft_consensus.cc:2804] T 559cd92bdded404ebeb19dacd2403ff5 P 5b0eb444dedd482caa1c38bfcd057d8d [term 1 FOLLOWER]: Leader election won for term 1
I20260710 11:00:28.698356  8223 raft_consensus.cc:697] T 559cd92bdded404ebeb19dacd2403ff5 P 5b0eb444dedd482caa1c38bfcd057d8d [term 1 LEADER]: Becoming Leader. State: Replica: 5b0eb444dedd482caa1c38bfcd057d8d, State: Running, Role: LEADER
I20260710 11:00:28.698685  8131 raft_consensus.cc:2468] T 559cd92bdded404ebeb19dacd2403ff5 P 5feace78d9dc4ebe9742ad2d69d898b0 [term 1 FOLLOWER]: Leader election vote request: Granting yes vote for candidate 5b0eb444dedd482caa1c38bfcd057d8d in term 1.
I20260710 11:00:28.699118  8223 consensus_queue.cc:237] T 559cd92bdded404ebeb19dacd2403ff5 P 5b0eb444dedd482caa1c38bfcd057d8d [LEADER]: Queue going to LEADER mode. State: All replicated index: 0, Majority replicated index: 0, Committed index: 0, Last appended: 0.0, Last appended by leader: 0, Current term: 1, Majority size: 2, State: 0, Mode: LEADER, active raft config: opid_index: -1 OBSOLETE_local: false peers { permanent_uuid: "d40a3f9ac9364e0cb551a3fe35e3aeb3" member_type: VOTER last_known_addr { host: "127.7.170.1" port: 34067 } } peers { permanent_uuid: "5b0eb444dedd482caa1c38bfcd057d8d" member_type: VOTER last_known_addr { host: "127.7.170.2" port: 41537 } } peers { permanent_uuid: "5feace78d9dc4ebe9742ad2d69d898b0" member_type: VOTER last_known_addr { host: "127.7.170.3" port: 44103 } }
I20260710 11:00:28.707533  7877 catalog_manager.cc:5697] T 559cd92bdded404ebeb19dacd2403ff5 P 5b0eb444dedd482caa1c38bfcd057d8d reported cstate change: term changed from 0 to 1, leader changed from <none> to 5b0eb444dedd482caa1c38bfcd057d8d (127.7.170.2). New cstate: current_term: 1 leader_uuid: "5b0eb444dedd482caa1c38bfcd057d8d" committed_config { opid_index: -1 OBSOLETE_local: false peers { permanent_uuid: "d40a3f9ac9364e0cb551a3fe35e3aeb3" member_type: VOTER last_known_addr { host: "127.7.170.1" port: 34067 } health_report { overall_health: UNKNOWN } } peers { permanent_uuid: "5b0eb444dedd482caa1c38bfcd057d8d" member_type: VOTER last_known_addr { host: "127.7.170.2" port: 41537 } health_report { overall_health: HEALTHY } } peers { permanent_uuid: "5feace78d9dc4ebe9742ad2d69d898b0" member_type: VOTER last_known_addr { host: "127.7.170.3" port: 44103 } health_report { overall_health: UNKNOWN } } }
I20260710 11:00:28.736915  8131 tablet_service.cc:2072] Received LeaderStepDown RPC: tablet_id: "626ed8e14ff14eba825f6b1e002fb9a6"
dest_uuid: "5feace78d9dc4ebe9742ad2d69d898b0"
mode: GRACEFUL
new_leader_uuid: "d40a3f9ac9364e0cb551a3fe35e3aeb3"
 from {username='slave'} at 127.0.0.1:46480
I20260710 11:00:28.737478  8131 raft_consensus.cc:606] T 626ed8e14ff14eba825f6b1e002fb9a6 P 5feace78d9dc4ebe9742ad2d69d898b0 [term 1 LEADER]: Received request to transfer leadership to TS d40a3f9ac9364e0cb551a3fe35e3aeb3
I20260710 11:00:28.742355  8131 tablet_service.cc:2072] Received LeaderStepDown RPC: tablet_id: "87be17724f5947f2a2d06013f4593e4e"
dest_uuid: "5feace78d9dc4ebe9742ad2d69d898b0"
mode: GRACEFUL
new_leader_uuid: "d40a3f9ac9364e0cb551a3fe35e3aeb3"
 from {username='slave'} at 127.0.0.1:46480
I20260710 11:00:28.742883  8131 raft_consensus.cc:606] T 87be17724f5947f2a2d06013f4593e4e P 5feace78d9dc4ebe9742ad2d69d898b0 [term 1 LEADER]: Received request to transfer leadership to TS d40a3f9ac9364e0cb551a3fe35e3aeb3
I20260710 11:00:28.747982  8131 tablet_service.cc:2072] Received LeaderStepDown RPC: tablet_id: "d6873e18bba04432ad554cd2c0f3a31e"
dest_uuid: "5feace78d9dc4ebe9742ad2d69d898b0"
mode: GRACEFUL
new_leader_uuid: "d40a3f9ac9364e0cb551a3fe35e3aeb3"
 from {username='slave'} at 127.0.0.1:46480
I20260710 11:00:28.748515  8131 raft_consensus.cc:606] T d6873e18bba04432ad554cd2c0f3a31e P 5feace78d9dc4ebe9742ad2d69d898b0 [term 1 LEADER]: Received request to transfer leadership to TS d40a3f9ac9364e0cb551a3fe35e3aeb3
I20260710 11:00:28.756220  8131 tablet_service.cc:2072] Received LeaderStepDown RPC: tablet_id: "719d356a75a74d57bc93b876391dfab5"
dest_uuid: "5feace78d9dc4ebe9742ad2d69d898b0"
mode: GRACEFUL
new_leader_uuid: "5b0eb444dedd482caa1c38bfcd057d8d"
 from {username='slave'} at 127.0.0.1:46480
I20260710 11:00:28.756759  8131 raft_consensus.cc:606] T 719d356a75a74d57bc93b876391dfab5 P 5feace78d9dc4ebe9742ad2d69d898b0 [term 1 LEADER]: Received request to transfer leadership to TS 5b0eb444dedd482caa1c38bfcd057d8d
I20260710 11:00:28.764467  8234 consensus_queue.cc:1048] T abf7920e3275464e818f360aca8854cf P d40a3f9ac9364e0cb551a3fe35e3aeb3 [LEADER]: Connected to new peer: Peer: permanent_uuid: "5b0eb444dedd482caa1c38bfcd057d8d" member_type: VOTER last_known_addr { host: "127.7.170.2" port: 41537 }, Status: LMP_MISMATCH, Last received: 0.0, Next index: 1, Last known committed idx: 0, Time since last communication: 0.001s
I20260710 11:00:28.769982  7982 tablet_service.cc:2072] Received LeaderStepDown RPC: tablet_id: "8af90a3442074132ab675731928a7aa4"
dest_uuid: "d40a3f9ac9364e0cb551a3fe35e3aeb3"
mode: GRACEFUL
new_leader_uuid: "5b0eb444dedd482caa1c38bfcd057d8d"
 from {username='slave'} at 127.0.0.1:54936
I20260710 11:00:28.770525  7982 raft_consensus.cc:606] T 8af90a3442074132ab675731928a7aa4 P d40a3f9ac9364e0cb551a3fe35e3aeb3 [term 1 LEADER]: Received request to transfer leadership to TS 5b0eb444dedd482caa1c38bfcd057d8d
I20260710 11:00:28.779757  8183 consensus_queue.cc:1048] T 87be17724f5947f2a2d06013f4593e4e P 5feace78d9dc4ebe9742ad2d69d898b0 [LEADER]: Connected to new peer: Peer: permanent_uuid: "5b0eb444dedd482caa1c38bfcd057d8d" member_type: VOTER last_known_addr { host: "127.7.170.2" port: 41537 }, Status: LMP_MISMATCH, Last received: 0.0, Next index: 1, Last known committed idx: 0, Time since last communication: 0.000s
I20260710 11:00:28.782002  7982 tablet_service.cc:2072] Received LeaderStepDown RPC: tablet_id: "abf7920e3275464e818f360aca8854cf"
dest_uuid: "d40a3f9ac9364e0cb551a3fe35e3aeb3"
mode: GRACEFUL
new_leader_uuid: "5feace78d9dc4ebe9742ad2d69d898b0"
 from {username='slave'} at 127.0.0.1:54936
I20260710 11:00:28.782965  7982 raft_consensus.cc:606] T abf7920e3275464e818f360aca8854cf P d40a3f9ac9364e0cb551a3fe35e3aeb3 [term 1 LEADER]: Received request to transfer leadership to TS 5feace78d9dc4ebe9742ad2d69d898b0
I20260710 11:00:28.789920  8181 consensus_queue.cc:1048] T abf7920e3275464e818f360aca8854cf P d40a3f9ac9364e0cb551a3fe35e3aeb3 [LEADER]: Connected to new peer: Peer: permanent_uuid: "5feace78d9dc4ebe9742ad2d69d898b0" member_type: VOTER last_known_addr { host: "127.7.170.3" port: 44103 }, Status: LMP_MISMATCH, Last received: 0.0, Next index: 1, Last known committed idx: 0, Time since last communication: 0.000s
I20260710 11:00:28.812592  8197 raft_consensus.cc:993] T abf7920e3275464e818f360aca8854cf P d40a3f9ac9364e0cb551a3fe35e3aeb3: : Instructing follower 5feace78d9dc4ebe9742ad2d69d898b0 to start an election
I20260710 11:00:28.813057  8197 raft_consensus.cc:1081] T abf7920e3275464e818f360aca8854cf P d40a3f9ac9364e0cb551a3fe35e3aeb3 [term 1 LEADER]: Signalling peer 5feace78d9dc4ebe9742ad2d69d898b0 to start an election
I20260710 11:00:28.814893  8131 tablet_service.cc:2044] Received Run Leader Election RPC: tablet_id: "abf7920e3275464e818f360aca8854cf"
dest_uuid: "5feace78d9dc4ebe9742ad2d69d898b0"
 from {username='slave'} at 127.0.0.1:46466
I20260710 11:00:28.815481  8131 raft_consensus.cc:493] T abf7920e3275464e818f360aca8854cf P 5feace78d9dc4ebe9742ad2d69d898b0 [term 1 FOLLOWER]: Starting forced leader election (received explicit request)
I20260710 11:00:28.815828  8131 raft_consensus.cc:3060] T abf7920e3275464e818f360aca8854cf P 5feace78d9dc4ebe9742ad2d69d898b0 [term 1 FOLLOWER]: Advancing to term 2
I20260710 11:00:28.820616  8207 consensus_queue.cc:1048] T 87be17724f5947f2a2d06013f4593e4e P 5feace78d9dc4ebe9742ad2d69d898b0 [LEADER]: Connected to new peer: Peer: permanent_uuid: "d40a3f9ac9364e0cb551a3fe35e3aeb3" member_type: VOTER last_known_addr { host: "127.7.170.1" port: 34067 }, Status: LMP_MISMATCH, Last received: 0.0, Next index: 1, Last known committed idx: 0, Time since last communication: 0.000s
I20260710 11:00:28.823786  8207 raft_consensus.cc:493] T e0364d8a4e1f42e58f4bfb066701c2f3 P 5feace78d9dc4ebe9742ad2d69d898b0 [term 0 FOLLOWER]: Starting pre-election (no leader contacted us within the election timeout)
I20260710 11:00:28.824222  8207 raft_consensus.cc:515] T e0364d8a4e1f42e58f4bfb066701c2f3 P 5feace78d9dc4ebe9742ad2d69d898b0 [term 0 FOLLOWER]: Starting pre-election with config: opid_index: -1 OBSOLETE_local: false peers { permanent_uuid: "d40a3f9ac9364e0cb551a3fe35e3aeb3" member_type: VOTER last_known_addr { host: "127.7.170.1" port: 34067 } } peers { permanent_uuid: "5b0eb444dedd482caa1c38bfcd057d8d" member_type: VOTER last_known_addr { host: "127.7.170.2" port: 41537 } } peers { permanent_uuid: "5feace78d9dc4ebe9742ad2d69d898b0" member_type: VOTER last_known_addr { host: "127.7.170.3" port: 44103 } }
I20260710 11:00:28.824594  8131 raft_consensus.cc:515] T abf7920e3275464e818f360aca8854cf P 5feace78d9dc4ebe9742ad2d69d898b0 [term 2 FOLLOWER]: Starting forced leader election with config: opid_index: -1 OBSOLETE_local: false peers { permanent_uuid: "d40a3f9ac9364e0cb551a3fe35e3aeb3" member_type: VOTER last_known_addr { host: "127.7.170.1" port: 34067 } } peers { permanent_uuid: "5b0eb444dedd482caa1c38bfcd057d8d" member_type: VOTER last_known_addr { host: "127.7.170.2" port: 41537 } } peers { permanent_uuid: "5feace78d9dc4ebe9742ad2d69d898b0" member_type: VOTER last_known_addr { host: "127.7.170.3" port: 44103 } }
I20260710 11:00:28.826227  8207 leader_election.cc:290] T e0364d8a4e1f42e58f4bfb066701c2f3 P 5feace78d9dc4ebe9742ad2d69d898b0 [CANDIDATE]: Term 1 pre-election: Requested pre-vote from peers d40a3f9ac9364e0cb551a3fe35e3aeb3 (127.7.170.1:34067), 5b0eb444dedd482caa1c38bfcd057d8d (127.7.170.2:41537)
I20260710 11:00:28.826596  8131 leader_election.cc:290] T abf7920e3275464e818f360aca8854cf P 5feace78d9dc4ebe9742ad2d69d898b0 [CANDIDATE]: Term 2 election: Requested vote from peers d40a3f9ac9364e0cb551a3fe35e3aeb3 (127.7.170.1:34067), 5b0eb444dedd482caa1c38bfcd057d8d (127.7.170.2:41537)
I20260710 11:00:28.826979  7981 tablet_service.cc:1917] Received RequestConsensusVote() RPC: tablet_id: "e0364d8a4e1f42e58f4bfb066701c2f3" candidate_uuid: "5feace78d9dc4ebe9742ad2d69d898b0" candidate_term: 1 candidate_status { last_received { term: 0 index: 0 } } ignore_live_leader: false dest_uuid: "d40a3f9ac9364e0cb551a3fe35e3aeb3" is_pre_election: true
I20260710 11:00:28.828994  7981 tablet_service.cc:1917] Received RequestConsensusVote() RPC: tablet_id: "abf7920e3275464e818f360aca8854cf" candidate_uuid: "5feace78d9dc4ebe9742ad2d69d898b0" candidate_term: 2 candidate_status { last_received { term: 1 index: 1 } } ignore_live_leader: true dest_uuid: "d40a3f9ac9364e0cb551a3fe35e3aeb3"
I20260710 11:00:28.829434  7981 raft_consensus.cc:3055] T abf7920e3275464e818f360aca8854cf P d40a3f9ac9364e0cb551a3fe35e3aeb3 [term 1 LEADER]: Stepping down as leader of term 1
I20260710 11:00:28.829718  7981 raft_consensus.cc:740] T abf7920e3275464e818f360aca8854cf P d40a3f9ac9364e0cb551a3fe35e3aeb3 [term 1 LEADER]: Becoming Follower/Learner. State: Replica: d40a3f9ac9364e0cb551a3fe35e3aeb3, State: Running, Role: LEADER
I20260710 11:00:28.830365  7981 consensus_queue.cc:260] T abf7920e3275464e818f360aca8854cf P d40a3f9ac9364e0cb551a3fe35e3aeb3 [NON_LEADER]: Queue going to NON_LEADER mode. State: All replicated index: 0, Majority replicated index: 1, Committed index: 1, Last appended: 1.1, Last appended by leader: 1, Current term: 1, Majority size: -1, State: 0, Mode: NON_LEADER, active raft config: opid_index: -1 OBSOLETE_local: false peers { permanent_uuid: "d40a3f9ac9364e0cb551a3fe35e3aeb3" member_type: VOTER last_known_addr { host: "127.7.170.1" port: 34067 } } peers { permanent_uuid: "5b0eb444dedd482caa1c38bfcd057d8d" member_type: VOTER last_known_addr { host: "127.7.170.2" port: 41537 } } peers { permanent_uuid: "5feace78d9dc4ebe9742ad2d69d898b0" member_type: VOTER last_known_addr { host: "127.7.170.3" port: 44103 } }
I20260710 11:00:28.831357  7981 raft_consensus.cc:3060] T abf7920e3275464e818f360aca8854cf P d40a3f9ac9364e0cb551a3fe35e3aeb3 [term 1 FOLLOWER]: Advancing to term 2
I20260710 11:00:28.833282  8057 tablet_service.cc:1917] Received RequestConsensusVote() RPC: tablet_id: "e0364d8a4e1f42e58f4bfb066701c2f3" candidate_uuid: "5feace78d9dc4ebe9742ad2d69d898b0" candidate_term: 1 candidate_status { last_received { term: 0 index: 0 } } ignore_live_leader: false dest_uuid: "5b0eb444dedd482caa1c38bfcd057d8d" is_pre_election: true
I20260710 11:00:28.835471  8207 raft_consensus.cc:993] T 87be17724f5947f2a2d06013f4593e4e P 5feace78d9dc4ebe9742ad2d69d898b0: : Instructing follower d40a3f9ac9364e0cb551a3fe35e3aeb3 to start an election
I20260710 11:00:28.836040  8217 raft_consensus.cc:1081] T 87be17724f5947f2a2d06013f4593e4e P 5feace78d9dc4ebe9742ad2d69d898b0 [term 1 LEADER]: Signalling peer d40a3f9ac9364e0cb551a3fe35e3aeb3 to start an election
I20260710 11:00:28.836459  8058 tablet_service.cc:1917] Received RequestConsensusVote() RPC: tablet_id: "abf7920e3275464e818f360aca8854cf" candidate_uuid: "5feace78d9dc4ebe9742ad2d69d898b0" candidate_term: 2 candidate_status { last_received { term: 1 index: 1 } } ignore_live_leader: true dest_uuid: "5b0eb444dedd482caa1c38bfcd057d8d"
I20260710 11:00:28.836987  8058 raft_consensus.cc:3060] T abf7920e3275464e818f360aca8854cf P 5b0eb444dedd482caa1c38bfcd057d8d [term 1 FOLLOWER]: Advancing to term 2
I20260710 11:00:28.837827  7982 tablet_service.cc:2044] Received Run Leader Election RPC: tablet_id: "87be17724f5947f2a2d06013f4593e4e"
dest_uuid: "d40a3f9ac9364e0cb551a3fe35e3aeb3"
 from {username='slave'} at 127.0.0.1:54926
I20260710 11:00:28.838325  7982 raft_consensus.cc:493] T 87be17724f5947f2a2d06013f4593e4e P d40a3f9ac9364e0cb551a3fe35e3aeb3 [term 1 FOLLOWER]: Starting forced leader election (received explicit request)
I20260710 11:00:28.839816  7982 raft_consensus.cc:3060] T 87be17724f5947f2a2d06013f4593e4e P d40a3f9ac9364e0cb551a3fe35e3aeb3 [term 1 FOLLOWER]: Advancing to term 2
I20260710 11:00:28.839902  8097 leader_election.cc:304] T e0364d8a4e1f42e58f4bfb066701c2f3 P 5feace78d9dc4ebe9742ad2d69d898b0 [CANDIDATE]: Term 1 pre-election: Election decided. Result: candidate lost. Election summary: received 3 responses out of 3 voters: 1 yes votes; 2 no votes. yes voters: 5feace78d9dc4ebe9742ad2d69d898b0; no voters: 5b0eb444dedd482caa1c38bfcd057d8d, d40a3f9ac9364e0cb551a3fe35e3aeb3
I20260710 11:00:28.840540  8207 raft_consensus.cc:2749] T e0364d8a4e1f42e58f4bfb066701c2f3 P 5feace78d9dc4ebe9742ad2d69d898b0 [term 0 FOLLOWER]: Leader pre-election lost for term 1. Reason: could not achieve majority
I20260710 11:00:28.846143  7982 raft_consensus.cc:515] T 87be17724f5947f2a2d06013f4593e4e P d40a3f9ac9364e0cb551a3fe35e3aeb3 [term 2 FOLLOWER]: Starting forced leader election with config: opid_index: -1 OBSOLETE_local: false peers { permanent_uuid: "d40a3f9ac9364e0cb551a3fe35e3aeb3" member_type: VOTER last_known_addr { host: "127.7.170.1" port: 34067 } } peers { permanent_uuid: "5b0eb444dedd482caa1c38bfcd057d8d" member_type: VOTER last_known_addr { host: "127.7.170.2" port: 41537 } } peers { permanent_uuid: "5feace78d9dc4ebe9742ad2d69d898b0" member_type: VOTER last_known_addr { host: "127.7.170.3" port: 44103 } }
I20260710 11:00:28.853597  7981 raft_consensus.cc:2468] T abf7920e3275464e818f360aca8854cf P d40a3f9ac9364e0cb551a3fe35e3aeb3 [term 2 FOLLOWER]: Leader election vote request: Granting yes vote for candidate 5feace78d9dc4ebe9742ad2d69d898b0 in term 2.
I20260710 11:00:28.854962  8096 leader_election.cc:304] T abf7920e3275464e818f360aca8854cf P 5feace78d9dc4ebe9742ad2d69d898b0 [CANDIDATE]: Term 2 election: Election decided. Result: candidate won. Election summary: received 2 responses out of 3 voters: 2 yes votes; 0 no votes. yes voters: 5feace78d9dc4ebe9742ad2d69d898b0, d40a3f9ac9364e0cb551a3fe35e3aeb3; no voters: 
I20260710 11:00:28.855736  8057 tablet_service.cc:1917] Received RequestConsensusVote() RPC: tablet_id: "87be17724f5947f2a2d06013f4593e4e" candidate_uuid: "d40a3f9ac9364e0cb551a3fe35e3aeb3" candidate_term: 2 candidate_status { last_received { term: 1 index: 1 } } ignore_live_leader: true dest_uuid: "5b0eb444dedd482caa1c38bfcd057d8d"
I20260710 11:00:28.856244  8057 raft_consensus.cc:3060] T 87be17724f5947f2a2d06013f4593e4e P 5b0eb444dedd482caa1c38bfcd057d8d [term 1 FOLLOWER]: Advancing to term 2
I20260710 11:00:28.856331  8183 raft_consensus.cc:2804] T abf7920e3275464e818f360aca8854cf P 5feace78d9dc4ebe9742ad2d69d898b0 [term 2 FOLLOWER]: Leader election won for term 2
I20260710 11:00:28.857394  8058 raft_consensus.cc:2468] T abf7920e3275464e818f360aca8854cf P 5b0eb444dedd482caa1c38bfcd057d8d [term 2 FOLLOWER]: Leader election vote request: Granting yes vote for candidate 5feace78d9dc4ebe9742ad2d69d898b0 in term 2.
I20260710 11:00:28.857740  8183 raft_consensus.cc:697] T abf7920e3275464e818f360aca8854cf P 5feace78d9dc4ebe9742ad2d69d898b0 [term 2 LEADER]: Becoming Leader. State: Replica: 5feace78d9dc4ebe9742ad2d69d898b0, State: Running, Role: LEADER
I20260710 11:00:28.858583  8183 consensus_queue.cc:237] T abf7920e3275464e818f360aca8854cf P 5feace78d9dc4ebe9742ad2d69d898b0 [LEADER]: Queue going to LEADER mode. State: All replicated index: 0, Majority replicated index: 1, Committed index: 1, Last appended: 1.1, Last appended by leader: 1, Current term: 2, Majority size: 2, State: 0, Mode: LEADER, active raft config: opid_index: -1 OBSOLETE_local: false peers { permanent_uuid: "d40a3f9ac9364e0cb551a3fe35e3aeb3" member_type: VOTER last_known_addr { host: "127.7.170.1" port: 34067 } } peers { permanent_uuid: "5b0eb444dedd482caa1c38bfcd057d8d" member_type: VOTER last_known_addr { host: "127.7.170.2" port: 41537 } } peers { permanent_uuid: "5feace78d9dc4ebe9742ad2d69d898b0" member_type: VOTER last_known_addr { host: "127.7.170.3" port: 44103 } }
I20260710 11:00:28.860294  8131 tablet_service.cc:1917] Received RequestConsensusVote() RPC: tablet_id: "87be17724f5947f2a2d06013f4593e4e" candidate_uuid: "d40a3f9ac9364e0cb551a3fe35e3aeb3" candidate_term: 2 candidate_status { last_received { term: 1 index: 1 } } ignore_live_leader: true dest_uuid: "5feace78d9dc4ebe9742ad2d69d898b0"
I20260710 11:00:28.860846  8131 raft_consensus.cc:3055] T 87be17724f5947f2a2d06013f4593e4e P 5feace78d9dc4ebe9742ad2d69d898b0 [term 1 LEADER]: Stepping down as leader of term 1
I20260710 11:00:28.861125  8131 raft_consensus.cc:740] T 87be17724f5947f2a2d06013f4593e4e P 5feace78d9dc4ebe9742ad2d69d898b0 [term 1 LEADER]: Becoming Follower/Learner. State: Replica: 5feace78d9dc4ebe9742ad2d69d898b0, State: Running, Role: LEADER
I20260710 11:00:28.861863  8131 consensus_queue.cc:260] T 87be17724f5947f2a2d06013f4593e4e P 5feace78d9dc4ebe9742ad2d69d898b0 [NON_LEADER]: Queue going to NON_LEADER mode. State: All replicated index: 0, Majority replicated index: 1, Committed index: 1, Last appended: 1.1, Last appended by leader: 1, Current term: 1, Majority size: -1, State: 0, Mode: NON_LEADER, active raft config: opid_index: -1 OBSOLETE_local: false peers { permanent_uuid: "d40a3f9ac9364e0cb551a3fe35e3aeb3" member_type: VOTER last_known_addr { host: "127.7.170.1" port: 34067 } } peers { permanent_uuid: "5b0eb444dedd482caa1c38bfcd057d8d" member_type: VOTER last_known_addr { host: "127.7.170.2" port: 41537 } } peers { permanent_uuid: "5feace78d9dc4ebe9742ad2d69d898b0" member_type: VOTER last_known_addr { host: "127.7.170.3" port: 44103 } }
I20260710 11:00:28.862946  8131 raft_consensus.cc:3060] T 87be17724f5947f2a2d06013f4593e4e P 5feace78d9dc4ebe9742ad2d69d898b0 [term 1 FOLLOWER]: Advancing to term 2
I20260710 11:00:28.864224  8057 raft_consensus.cc:2468] T 87be17724f5947f2a2d06013f4593e4e P 5b0eb444dedd482caa1c38bfcd057d8d [term 2 FOLLOWER]: Leader election vote request: Granting yes vote for candidate d40a3f9ac9364e0cb551a3fe35e3aeb3 in term 2.
I20260710 11:00:28.867200  8183 consensus_queue.cc:1048] T 719d356a75a74d57bc93b876391dfab5 P 5feace78d9dc4ebe9742ad2d69d898b0 [LEADER]: Connected to new peer: Peer: permanent_uuid: "d40a3f9ac9364e0cb551a3fe35e3aeb3" member_type: VOTER last_known_addr { host: "127.7.170.1" port: 34067 }, Status: LMP_MISMATCH, Last received: 0.0, Next index: 1, Last known committed idx: 0, Time since last communication: 0.000s
I20260710 11:00:28.869329  7879 catalog_manager.cc:5697] T abf7920e3275464e818f360aca8854cf P 5feace78d9dc4ebe9742ad2d69d898b0 reported cstate change: term changed from 1 to 2, leader changed from d40a3f9ac9364e0cb551a3fe35e3aeb3 (127.7.170.1) to 5feace78d9dc4ebe9742ad2d69d898b0 (127.7.170.3). New cstate: current_term: 2 leader_uuid: "5feace78d9dc4ebe9742ad2d69d898b0" committed_config { opid_index: -1 OBSOLETE_local: false peers { permanent_uuid: "d40a3f9ac9364e0cb551a3fe35e3aeb3" member_type: VOTER last_known_addr { host: "127.7.170.1" port: 34067 } health_report { overall_health: UNKNOWN } } peers { permanent_uuid: "5b0eb444dedd482caa1c38bfcd057d8d" member_type: VOTER last_known_addr { host: "127.7.170.2" port: 41537 } health_report { overall_health: UNKNOWN } } peers { permanent_uuid: "5feace78d9dc4ebe9742ad2d69d898b0" member_type: VOTER last_known_addr { host: "127.7.170.3" port: 44103 } health_report { overall_health: HEALTHY } } }
I20260710 11:00:28.870781  7948 leader_election.cc:304] T 87be17724f5947f2a2d06013f4593e4e P d40a3f9ac9364e0cb551a3fe35e3aeb3 [CANDIDATE]: Term 2 election: Election decided. Result: candidate won. Election summary: received 2 responses out of 3 voters: 2 yes votes; 0 no votes. yes voters: 5b0eb444dedd482caa1c38bfcd057d8d, d40a3f9ac9364e0cb551a3fe35e3aeb3; no voters: 
I20260710 11:00:28.871490  8197 raft_consensus.cc:2804] T 87be17724f5947f2a2d06013f4593e4e P d40a3f9ac9364e0cb551a3fe35e3aeb3 [term 2 FOLLOWER]: Leader election won for term 2
I20260710 11:00:28.871899  8197 raft_consensus.cc:697] T 87be17724f5947f2a2d06013f4593e4e P d40a3f9ac9364e0cb551a3fe35e3aeb3 [term 2 LEADER]: Becoming Leader. State: Replica: d40a3f9ac9364e0cb551a3fe35e3aeb3, State: Running, Role: LEADER
I20260710 11:00:28.872650  8197 consensus_queue.cc:237] T 87be17724f5947f2a2d06013f4593e4e P d40a3f9ac9364e0cb551a3fe35e3aeb3 [LEADER]: Queue going to LEADER mode. State: All replicated index: 0, Majority replicated index: 1, Committed index: 1, Last appended: 1.1, Last appended by leader: 1, Current term: 2, Majority size: 2, State: 0, Mode: LEADER, active raft config: opid_index: -1 OBSOLETE_local: false peers { permanent_uuid: "d40a3f9ac9364e0cb551a3fe35e3aeb3" member_type: VOTER last_known_addr { host: "127.7.170.1" port: 34067 } } peers { permanent_uuid: "5b0eb444dedd482caa1c38bfcd057d8d" member_type: VOTER last_known_addr { host: "127.7.170.2" port: 41537 } } peers { permanent_uuid: "5feace78d9dc4ebe9742ad2d69d898b0" member_type: VOTER last_known_addr { host: "127.7.170.3" port: 44103 } }
I20260710 11:00:28.875959  7982 leader_election.cc:290] T 87be17724f5947f2a2d06013f4593e4e P d40a3f9ac9364e0cb551a3fe35e3aeb3 [CANDIDATE]: Term 2 election: Requested vote from peers 5b0eb444dedd482caa1c38bfcd057d8d (127.7.170.2:41537), 5feace78d9dc4ebe9742ad2d69d898b0 (127.7.170.3:44103)
I20260710 11:00:28.877413  8131 raft_consensus.cc:2468] T 87be17724f5947f2a2d06013f4593e4e P 5feace78d9dc4ebe9742ad2d69d898b0 [term 2 FOLLOWER]: Leader election vote request: Granting yes vote for candidate d40a3f9ac9364e0cb551a3fe35e3aeb3 in term 2.
I20260710 11:00:28.890142  8207 consensus_queue.cc:1048] T 719d356a75a74d57bc93b876391dfab5 P 5feace78d9dc4ebe9742ad2d69d898b0 [LEADER]: Connected to new peer: Peer: permanent_uuid: "5b0eb444dedd482caa1c38bfcd057d8d" member_type: VOTER last_known_addr { host: "127.7.170.2" port: 41537 }, Status: LMP_MISMATCH, Last received: 0.0, Next index: 1, Last known committed idx: 0, Time since last communication: 0.000s
I20260710 11:00:28.894757  7877 catalog_manager.cc:5697] T 87be17724f5947f2a2d06013f4593e4e P d40a3f9ac9364e0cb551a3fe35e3aeb3 reported cstate change: term changed from 1 to 2, leader changed from 5feace78d9dc4ebe9742ad2d69d898b0 (127.7.170.3) to d40a3f9ac9364e0cb551a3fe35e3aeb3 (127.7.170.1). New cstate: current_term: 2 leader_uuid: "d40a3f9ac9364e0cb551a3fe35e3aeb3" committed_config { opid_index: -1 OBSOLETE_local: false peers { permanent_uuid: "d40a3f9ac9364e0cb551a3fe35e3aeb3" member_type: VOTER last_known_addr { host: "127.7.170.1" port: 34067 } health_report { overall_health: HEALTHY } } peers { permanent_uuid: "5b0eb444dedd482caa1c38bfcd057d8d" member_type: VOTER last_known_addr { host: "127.7.170.2" port: 41537 } health_report { overall_health: UNKNOWN } } peers { permanent_uuid: "5feace78d9dc4ebe9742ad2d69d898b0" member_type: VOTER last_known_addr { host: "127.7.170.3" port: 44103 } health_report { overall_health: UNKNOWN } } }
I20260710 11:00:28.904369  8219 raft_consensus.cc:993] T 719d356a75a74d57bc93b876391dfab5 P 5feace78d9dc4ebe9742ad2d69d898b0: : Instructing follower 5b0eb444dedd482caa1c38bfcd057d8d to start an election
I20260710 11:00:28.904913  8219 raft_consensus.cc:1081] T 719d356a75a74d57bc93b876391dfab5 P 5feace78d9dc4ebe9742ad2d69d898b0 [term 1 LEADER]: Signalling peer 5b0eb444dedd482caa1c38bfcd057d8d to start an election
I20260710 11:00:28.906622  8058 tablet_service.cc:2044] Received Run Leader Election RPC: tablet_id: "719d356a75a74d57bc93b876391dfab5"
dest_uuid: "5b0eb444dedd482caa1c38bfcd057d8d"
 from {username='slave'} at 127.0.0.1:59706
I20260710 11:00:28.907193  8058 raft_consensus.cc:493] T 719d356a75a74d57bc93b876391dfab5 P 5b0eb444dedd482caa1c38bfcd057d8d [term 1 FOLLOWER]: Starting forced leader election (received explicit request)
I20260710 11:00:28.907574  8058 raft_consensus.cc:3060] T 719d356a75a74d57bc93b876391dfab5 P 5b0eb444dedd482caa1c38bfcd057d8d [term 1 FOLLOWER]: Advancing to term 2
I20260710 11:00:28.913997  8058 raft_consensus.cc:515] T 719d356a75a74d57bc93b876391dfab5 P 5b0eb444dedd482caa1c38bfcd057d8d [term 2 FOLLOWER]: Starting forced leader election with config: opid_index: -1 OBSOLETE_local: false peers { permanent_uuid: "d40a3f9ac9364e0cb551a3fe35e3aeb3" member_type: VOTER last_known_addr { host: "127.7.170.1" port: 34067 } } peers { permanent_uuid: "5b0eb444dedd482caa1c38bfcd057d8d" member_type: VOTER last_known_addr { host: "127.7.170.2" port: 41537 } } peers { permanent_uuid: "5feace78d9dc4ebe9742ad2d69d898b0" member_type: VOTER last_known_addr { host: "127.7.170.3" port: 44103 } }
I20260710 11:00:28.916049  8058 leader_election.cc:290] T 719d356a75a74d57bc93b876391dfab5 P 5b0eb444dedd482caa1c38bfcd057d8d [CANDIDATE]: Term 2 election: Requested vote from peers d40a3f9ac9364e0cb551a3fe35e3aeb3 (127.7.170.1:34067), 5feace78d9dc4ebe9742ad2d69d898b0 (127.7.170.3:44103)
I20260710 11:00:28.916702  7981 tablet_service.cc:1917] Received RequestConsensusVote() RPC: tablet_id: "719d356a75a74d57bc93b876391dfab5" candidate_uuid: "5b0eb444dedd482caa1c38bfcd057d8d" candidate_term: 2 candidate_status { last_received { term: 1 index: 1 } } ignore_live_leader: true dest_uuid: "d40a3f9ac9364e0cb551a3fe35e3aeb3"
I20260710 11:00:28.917026  8131 tablet_service.cc:1917] Received RequestConsensusVote() RPC: tablet_id: "719d356a75a74d57bc93b876391dfab5" candidate_uuid: "5b0eb444dedd482caa1c38bfcd057d8d" candidate_term: 2 candidate_status { last_received { term: 1 index: 1 } } ignore_live_leader: true dest_uuid: "5feace78d9dc4ebe9742ad2d69d898b0"
I20260710 11:00:28.917265  7981 raft_consensus.cc:3060] T 719d356a75a74d57bc93b876391dfab5 P d40a3f9ac9364e0cb551a3fe35e3aeb3 [term 1 FOLLOWER]: Advancing to term 2
I20260710 11:00:28.917574  8131 raft_consensus.cc:3055] T 719d356a75a74d57bc93b876391dfab5 P 5feace78d9dc4ebe9742ad2d69d898b0 [term 1 LEADER]: Stepping down as leader of term 1
I20260710 11:00:28.917883  8131 raft_consensus.cc:740] T 719d356a75a74d57bc93b876391dfab5 P 5feace78d9dc4ebe9742ad2d69d898b0 [term 1 LEADER]: Becoming Follower/Learner. State: Replica: 5feace78d9dc4ebe9742ad2d69d898b0, State: Running, Role: LEADER
I20260710 11:00:28.918661  8131 consensus_queue.cc:260] T 719d356a75a74d57bc93b876391dfab5 P 5feace78d9dc4ebe9742ad2d69d898b0 [NON_LEADER]: Queue going to NON_LEADER mode. State: All replicated index: 0, Majority replicated index: 1, Committed index: 1, Last appended: 1.1, Last appended by leader: 1, Current term: 1, Majority size: -1, State: 0, Mode: NON_LEADER, active raft config: opid_index: -1 OBSOLETE_local: false peers { permanent_uuid: "d40a3f9ac9364e0cb551a3fe35e3aeb3" member_type: VOTER last_known_addr { host: "127.7.170.1" port: 34067 } } peers { permanent_uuid: "5b0eb444dedd482caa1c38bfcd057d8d" member_type: VOTER last_known_addr { host: "127.7.170.2" port: 41537 } } peers { permanent_uuid: "5feace78d9dc4ebe9742ad2d69d898b0" member_type: VOTER last_known_addr { host: "127.7.170.3" port: 44103 } }
I20260710 11:00:28.919624  8131 raft_consensus.cc:3060] T 719d356a75a74d57bc93b876391dfab5 P 5feace78d9dc4ebe9742ad2d69d898b0 [term 1 FOLLOWER]: Advancing to term 2
I20260710 11:00:28.923605  7981 raft_consensus.cc:2468] T 719d356a75a74d57bc93b876391dfab5 P d40a3f9ac9364e0cb551a3fe35e3aeb3 [term 2 FOLLOWER]: Leader election vote request: Granting yes vote for candidate 5b0eb444dedd482caa1c38bfcd057d8d in term 2.
I20260710 11:00:28.924696  8022 leader_election.cc:304] T 719d356a75a74d57bc93b876391dfab5 P 5b0eb444dedd482caa1c38bfcd057d8d [CANDIDATE]: Term 2 election: Election decided. Result: candidate won. Election summary: received 2 responses out of 3 voters: 2 yes votes; 0 no votes. yes voters: 5b0eb444dedd482caa1c38bfcd057d8d, d40a3f9ac9364e0cb551a3fe35e3aeb3; no voters: 
I20260710 11:00:28.925470  8223 raft_consensus.cc:2804] T 719d356a75a74d57bc93b876391dfab5 P 5b0eb444dedd482caa1c38bfcd057d8d [term 2 FOLLOWER]: Leader election won for term 2
I20260710 11:00:28.925978  8223 raft_consensus.cc:697] T 719d356a75a74d57bc93b876391dfab5 P 5b0eb444dedd482caa1c38bfcd057d8d [term 2 LEADER]: Becoming Leader. State: Replica: 5b0eb444dedd482caa1c38bfcd057d8d, State: Running, Role: LEADER
I20260710 11:00:28.926093  8131 raft_consensus.cc:2468] T 719d356a75a74d57bc93b876391dfab5 P 5feace78d9dc4ebe9742ad2d69d898b0 [term 2 FOLLOWER]: Leader election vote request: Granting yes vote for candidate 5b0eb444dedd482caa1c38bfcd057d8d in term 2.
I20260710 11:00:28.926854  8223 consensus_queue.cc:237] T 719d356a75a74d57bc93b876391dfab5 P 5b0eb444dedd482caa1c38bfcd057d8d [LEADER]: Queue going to LEADER mode. State: All replicated index: 0, Majority replicated index: 1, Committed index: 1, Last appended: 1.1, Last appended by leader: 1, Current term: 2, Majority size: 2, State: 0, Mode: LEADER, active raft config: opid_index: -1 OBSOLETE_local: false peers { permanent_uuid: "d40a3f9ac9364e0cb551a3fe35e3aeb3" member_type: VOTER last_known_addr { host: "127.7.170.1" port: 34067 } } peers { permanent_uuid: "5b0eb444dedd482caa1c38bfcd057d8d" member_type: VOTER last_known_addr { host: "127.7.170.2" port: 41537 } } peers { permanent_uuid: "5feace78d9dc4ebe9742ad2d69d898b0" member_type: VOTER last_known_addr { host: "127.7.170.3" port: 44103 } }
I20260710 11:00:28.932267  8223 consensus_queue.cc:1048] T 9722ed38f85e44ecb20c85b5d148acc1 P 5b0eb444dedd482caa1c38bfcd057d8d [LEADER]: Connected to new peer: Peer: permanent_uuid: "d40a3f9ac9364e0cb551a3fe35e3aeb3" member_type: VOTER last_known_addr { host: "127.7.170.1" port: 34067 }, Status: LMP_MISMATCH, Last received: 0.0, Next index: 1, Last known committed idx: 0, Time since last communication: 0.000s
I20260710 11:00:28.935034  7880 catalog_manager.cc:5697] T 719d356a75a74d57bc93b876391dfab5 P 5b0eb444dedd482caa1c38bfcd057d8d reported cstate change: term changed from 1 to 2, leader changed from 5feace78d9dc4ebe9742ad2d69d898b0 (127.7.170.3) to 5b0eb444dedd482caa1c38bfcd057d8d (127.7.170.2). New cstate: current_term: 2 leader_uuid: "5b0eb444dedd482caa1c38bfcd057d8d" committed_config { opid_index: -1 OBSOLETE_local: false peers { permanent_uuid: "d40a3f9ac9364e0cb551a3fe35e3aeb3" member_type: VOTER last_known_addr { host: "127.7.170.1" port: 34067 } health_report { overall_health: UNKNOWN } } peers { permanent_uuid: "5b0eb444dedd482caa1c38bfcd057d8d" member_type: VOTER last_known_addr { host: "127.7.170.2" port: 41537 } health_report { overall_health: HEALTHY } } peers { permanent_uuid: "5feace78d9dc4ebe9742ad2d69d898b0" member_type: VOTER last_known_addr { host: "127.7.170.3" port: 44103 } health_report { overall_health: UNKNOWN } } }
I20260710 11:00:28.948096  8223 consensus_queue.cc:1048] T 9722ed38f85e44ecb20c85b5d148acc1 P 5b0eb444dedd482caa1c38bfcd057d8d [LEADER]: Connected to new peer: Peer: permanent_uuid: "5feace78d9dc4ebe9742ad2d69d898b0" member_type: VOTER last_known_addr { host: "127.7.170.3" port: 44103 }, Status: LMP_MISMATCH, Last received: 0.0, Next index: 1, Last known committed idx: 0, Time since last communication: 0.000s
I20260710 11:00:29.003032  8207 consensus_queue.cc:1048] T 626ed8e14ff14eba825f6b1e002fb9a6 P 5feace78d9dc4ebe9742ad2d69d898b0 [LEADER]: Connected to new peer: Peer: permanent_uuid: "5b0eb444dedd482caa1c38bfcd057d8d" member_type: VOTER last_known_addr { host: "127.7.170.2" port: 41537 }, Status: LMP_MISMATCH, Last received: 0.0, Next index: 1, Last known committed idx: 0, Time since last communication: 0.000s
I20260710 11:00:29.003656  8181 consensus_queue.cc:1048] T 8af90a3442074132ab675731928a7aa4 P d40a3f9ac9364e0cb551a3fe35e3aeb3 [LEADER]: Connected to new peer: Peer: permanent_uuid: "5b0eb444dedd482caa1c38bfcd057d8d" member_type: VOTER last_known_addr { host: "127.7.170.2" port: 41537 }, Status: LMP_MISMATCH, Last received: 0.0, Next index: 1, Last known committed idx: 0, Time since last communication: 0.000s
I20260710 11:00:29.016816  8234 raft_consensus.cc:993] T 8af90a3442074132ab675731928a7aa4 P d40a3f9ac9364e0cb551a3fe35e3aeb3: : Instructing follower 5b0eb444dedd482caa1c38bfcd057d8d to start an election
I20260710 11:00:29.016779  8183 consensus_queue.cc:1048] T 626ed8e14ff14eba825f6b1e002fb9a6 P 5feace78d9dc4ebe9742ad2d69d898b0 [LEADER]: Connected to new peer: Peer: permanent_uuid: "d40a3f9ac9364e0cb551a3fe35e3aeb3" member_type: VOTER last_known_addr { host: "127.7.170.1" port: 34067 }, Status: LMP_MISMATCH, Last received: 0.0, Next index: 1, Last known committed idx: 0, Time since last communication: 0.001s
I20260710 11:00:29.017351  8234 raft_consensus.cc:1081] T 8af90a3442074132ab675731928a7aa4 P d40a3f9ac9364e0cb551a3fe35e3aeb3 [term 1 LEADER]: Signalling peer 5b0eb444dedd482caa1c38bfcd057d8d to start an election
I20260710 11:00:29.020874  8056 tablet_service.cc:2044] Received Run Leader Election RPC: tablet_id: "8af90a3442074132ab675731928a7aa4"
dest_uuid: "5b0eb444dedd482caa1c38bfcd057d8d"
 from {username='slave'} at 127.0.0.1:59704
I20260710 11:00:29.021464  8056 raft_consensus.cc:493] T 8af90a3442074132ab675731928a7aa4 P 5b0eb444dedd482caa1c38bfcd057d8d [term 1 FOLLOWER]: Starting forced leader election (received explicit request)
I20260710 11:00:29.021826  8056 raft_consensus.cc:3060] T 8af90a3442074132ab675731928a7aa4 P 5b0eb444dedd482caa1c38bfcd057d8d [term 1 FOLLOWER]: Advancing to term 2
I20260710 11:00:29.024513  8197 consensus_queue.cc:1048] T 8af90a3442074132ab675731928a7aa4 P d40a3f9ac9364e0cb551a3fe35e3aeb3 [LEADER]: Connected to new peer: Peer: permanent_uuid: "5feace78d9dc4ebe9742ad2d69d898b0" member_type: VOTER last_known_addr { host: "127.7.170.3" port: 44103 }, Status: LMP_MISMATCH, Last received: 0.0, Next index: 1, Last known committed idx: 0, Time since last communication: 0.000s
I20260710 11:00:29.028506  8183 raft_consensus.cc:993] T 626ed8e14ff14eba825f6b1e002fb9a6 P 5feace78d9dc4ebe9742ad2d69d898b0: : Instructing follower d40a3f9ac9364e0cb551a3fe35e3aeb3 to start an election
I20260710 11:00:29.028925  8183 raft_consensus.cc:1081] T 626ed8e14ff14eba825f6b1e002fb9a6 P 5feace78d9dc4ebe9742ad2d69d898b0 [term 1 LEADER]: Signalling peer d40a3f9ac9364e0cb551a3fe35e3aeb3 to start an election
I20260710 11:00:29.030704  7981 tablet_service.cc:2044] Received Run Leader Election RPC: tablet_id: "626ed8e14ff14eba825f6b1e002fb9a6"
dest_uuid: "d40a3f9ac9364e0cb551a3fe35e3aeb3"
 from {username='slave'} at 127.0.0.1:54926
I20260710 11:00:29.030639  8056 raft_consensus.cc:515] T 8af90a3442074132ab675731928a7aa4 P 5b0eb444dedd482caa1c38bfcd057d8d [term 2 FOLLOWER]: Starting forced leader election with config: opid_index: -1 OBSOLETE_local: false peers { permanent_uuid: "d40a3f9ac9364e0cb551a3fe35e3aeb3" member_type: VOTER last_known_addr { host: "127.7.170.1" port: 34067 } } peers { permanent_uuid: "5b0eb444dedd482caa1c38bfcd057d8d" member_type: VOTER last_known_addr { host: "127.7.170.2" port: 41537 } } peers { permanent_uuid: "5feace78d9dc4ebe9742ad2d69d898b0" member_type: VOTER last_known_addr { host: "127.7.170.3" port: 44103 } }
I20260710 11:00:29.031472  7981 raft_consensus.cc:493] T 626ed8e14ff14eba825f6b1e002fb9a6 P d40a3f9ac9364e0cb551a3fe35e3aeb3 [term 1 FOLLOWER]: Starting forced leader election (received explicit request)
I20260710 11:00:29.034286  7981 raft_consensus.cc:3060] T 626ed8e14ff14eba825f6b1e002fb9a6 P d40a3f9ac9364e0cb551a3fe35e3aeb3 [term 1 FOLLOWER]: Advancing to term 2
I20260710 11:00:29.035738  8057 raft_consensus.cc:1240] T 8af90a3442074132ab675731928a7aa4 P 5b0eb444dedd482caa1c38bfcd057d8d [term 2 FOLLOWER]: Rejecting Update request from peer d40a3f9ac9364e0cb551a3fe35e3aeb3 for earlier term 1. Current term is 2. Ops: []
I20260710 11:00:29.039306  8234 consensus_queue.cc:1059] T 8af90a3442074132ab675731928a7aa4 P d40a3f9ac9364e0cb551a3fe35e3aeb3 [LEADER]: Peer responded invalid term: Peer: permanent_uuid: "5b0eb444dedd482caa1c38bfcd057d8d" member_type: VOTER last_known_addr { host: "127.7.170.2" port: 41537 }, Status: INVALID_TERM, Last received: 1.1, Next index: 2, Last known committed idx: 0, Time since last communication: 0.001s
I20260710 11:00:29.040383  8234 raft_consensus.cc:3055] T 8af90a3442074132ab675731928a7aa4 P d40a3f9ac9364e0cb551a3fe35e3aeb3 [term 1 LEADER]: Stepping down as leader of term 1
I20260710 11:00:29.040794  8234 raft_consensus.cc:740] T 8af90a3442074132ab675731928a7aa4 P d40a3f9ac9364e0cb551a3fe35e3aeb3 [term 1 LEADER]: Becoming Follower/Learner. State: Replica: d40a3f9ac9364e0cb551a3fe35e3aeb3, State: Running, Role: LEADER
I20260710 11:00:29.041834  8234 consensus_queue.cc:260] T 8af90a3442074132ab675731928a7aa4 P d40a3f9ac9364e0cb551a3fe35e3aeb3 [NON_LEADER]: Queue going to NON_LEADER mode. State: All replicated index: 0, Majority replicated index: 1, Committed index: 1, Last appended: 1.1, Last appended by leader: 1, Current term: 1, Majority size: -1, State: 0, Mode: NON_LEADER, active raft config: opid_index: -1 OBSOLETE_local: false peers { permanent_uuid: "d40a3f9ac9364e0cb551a3fe35e3aeb3" member_type: VOTER last_known_addr { host: "127.7.170.1" port: 34067 } } peers { permanent_uuid: "5b0eb444dedd482caa1c38bfcd057d8d" member_type: VOTER last_known_addr { host: "127.7.170.2" port: 41537 } } peers { permanent_uuid: "5feace78d9dc4ebe9742ad2d69d898b0" member_type: VOTER last_known_addr { host: "127.7.170.3" port: 44103 } }
I20260710 11:00:29.043123  8234 raft_consensus.cc:3060] T 8af90a3442074132ab675731928a7aa4 P d40a3f9ac9364e0cb551a3fe35e3aeb3 [term 1 FOLLOWER]: Advancing to term 2
I20260710 11:00:29.044379  8056 leader_election.cc:290] T 8af90a3442074132ab675731928a7aa4 P 5b0eb444dedd482caa1c38bfcd057d8d [CANDIDATE]: Term 2 election: Requested vote from peers d40a3f9ac9364e0cb551a3fe35e3aeb3 (127.7.170.1:34067), 5feace78d9dc4ebe9742ad2d69d898b0 (127.7.170.3:44103)
I20260710 11:00:29.045089  7982 tablet_service.cc:1917] Received RequestConsensusVote() RPC: tablet_id: "8af90a3442074132ab675731928a7aa4" candidate_uuid: "5b0eb444dedd482caa1c38bfcd057d8d" candidate_term: 2 candidate_status { last_received { term: 1 index: 1 } } ignore_live_leader: true dest_uuid: "d40a3f9ac9364e0cb551a3fe35e3aeb3"
I20260710 11:00:29.045429  8130 tablet_service.cc:1917] Received RequestConsensusVote() RPC: tablet_id: "8af90a3442074132ab675731928a7aa4" candidate_uuid: "5b0eb444dedd482caa1c38bfcd057d8d" candidate_term: 2 candidate_status { last_received { term: 1 index: 1 } } ignore_live_leader: true dest_uuid: "5feace78d9dc4ebe9742ad2d69d898b0"
I20260710 11:00:29.053059  8130 raft_consensus.cc:3060] T e0364d8a4e1f42e58f4bfb066701c2f3 P 5feace78d9dc4ebe9742ad2d69d898b0 [term 0 FOLLOWER]: Advancing to term 1
I20260710 11:00:29.065150  7981 raft_consensus.cc:515] T 626ed8e14ff14eba825f6b1e002fb9a6 P d40a3f9ac9364e0cb551a3fe35e3aeb3 [term 2 FOLLOWER]: Starting forced leader election with config: opid_index: -1 OBSOLETE_local: false peers { permanent_uuid: "d40a3f9ac9364e0cb551a3fe35e3aeb3" member_type: VOTER last_known_addr { host: "127.7.170.1" port: 34067 } } peers { permanent_uuid: "5b0eb444dedd482caa1c38bfcd057d8d" member_type: VOTER last_known_addr { host: "127.7.170.2" port: 41537 } } peers { permanent_uuid: "5feace78d9dc4ebe9742ad2d69d898b0" member_type: VOTER last_known_addr { host: "127.7.170.3" port: 44103 } }
I20260710 11:00:29.067387  7981 leader_election.cc:290] T 626ed8e14ff14eba825f6b1e002fb9a6 P d40a3f9ac9364e0cb551a3fe35e3aeb3 [CANDIDATE]: Term 2 election: Requested vote from peers 5b0eb444dedd482caa1c38bfcd057d8d (127.7.170.2:41537), 5feace78d9dc4ebe9742ad2d69d898b0 (127.7.170.3:44103)
I20260710 11:00:29.069116  8056 tablet_service.cc:1917] Received RequestConsensusVote() RPC: tablet_id: "626ed8e14ff14eba825f6b1e002fb9a6" candidate_uuid: "d40a3f9ac9364e0cb551a3fe35e3aeb3" candidate_term: 2 candidate_status { last_received { term: 1 index: 1 } } ignore_live_leader: true dest_uuid: "5b0eb444dedd482caa1c38bfcd057d8d"
I20260710 11:00:29.069187  8131 tablet_service.cc:1917] Received RequestConsensusVote() RPC: tablet_id: "626ed8e14ff14eba825f6b1e002fb9a6" candidate_uuid: "d40a3f9ac9364e0cb551a3fe35e3aeb3" candidate_term: 2 candidate_status { last_received { term: 1 index: 1 } } ignore_live_leader: true dest_uuid: "5feace78d9dc4ebe9742ad2d69d898b0"
I20260710 11:00:29.069764  8056 raft_consensus.cc:3060] T 626ed8e14ff14eba825f6b1e002fb9a6 P 5b0eb444dedd482caa1c38bfcd057d8d [term 1 FOLLOWER]: Advancing to term 2
I20260710 11:00:29.070191  8131 raft_consensus.cc:3055] T 626ed8e14ff14eba825f6b1e002fb9a6 P 5feace78d9dc4ebe9742ad2d69d898b0 [term 1 LEADER]: Stepping down as leader of term 1
I20260710 11:00:29.070535  8131 raft_consensus.cc:740] T 626ed8e14ff14eba825f6b1e002fb9a6 P 5feace78d9dc4ebe9742ad2d69d898b0 [term 1 LEADER]: Becoming Follower/Learner. State: Replica: 5feace78d9dc4ebe9742ad2d69d898b0, State: Running, Role: LEADER
I20260710 11:00:29.071278  8131 consensus_queue.cc:260] T 626ed8e14ff14eba825f6b1e002fb9a6 P 5feace78d9dc4ebe9742ad2d69d898b0 [NON_LEADER]: Queue going to NON_LEADER mode. State: All replicated index: 0, Majority replicated index: 1, Committed index: 1, Last appended: 1.1, Last appended by leader: 1, Current term: 1, Majority size: -1, State: 0, Mode: NON_LEADER, active raft config: opid_index: -1 OBSOLETE_local: false peers { permanent_uuid: "d40a3f9ac9364e0cb551a3fe35e3aeb3" member_type: VOTER last_known_addr { host: "127.7.170.1" port: 34067 } } peers { permanent_uuid: "5b0eb444dedd482caa1c38bfcd057d8d" member_type: VOTER last_known_addr { host: "127.7.170.2" port: 41537 } } peers { permanent_uuid: "5feace78d9dc4ebe9742ad2d69d898b0" member_type: VOTER last_known_addr { host: "127.7.170.3" port: 44103 } }
I20260710 11:00:29.072525  8131 raft_consensus.cc:3060] T 626ed8e14ff14eba825f6b1e002fb9a6 P 5feace78d9dc4ebe9742ad2d69d898b0 [term 1 FOLLOWER]: Advancing to term 2
I20260710 11:00:29.078177  8131 raft_consensus.cc:2468] T 626ed8e14ff14eba825f6b1e002fb9a6 P 5feace78d9dc4ebe9742ad2d69d898b0 [term 2 FOLLOWER]: Leader election vote request: Granting yes vote for candidate d40a3f9ac9364e0cb551a3fe35e3aeb3 in term 2.
