I20260710 11:00:46.521672 15243 consensus_queue.cc:260] T 52c3790c6cd14ef5a4cc95235b51f2d6 P 55e33268266845afa96c942f4eb298be [NON_LEADER]: Queue going to NON_LEADER mode. State: All replicated index: 0, Majority replicated index: 1, Committed index: 1, Last appended: 1.1, Last appended by leader: 1, Current term: 1, Majority size: -1, State: 0, Mode: NON_LEADER, active raft config: opid_index: -1 OBSOLETE_local: false peers { permanent_uuid: "55e33268266845afa96c942f4eb298be" member_type: VOTER last_known_addr { host: "127.14.68.193" port: 34873 } } peers { permanent_uuid: "15dee17195ec4ec4b2b813c50696800a" member_type: VOTER last_known_addr { host: "127.14.68.194" port: 35609 } } peers { permanent_uuid: "d7602e5a42cd438aa8e4138aaa940763" member_type: VOTER last_known_addr { host: "127.14.68.195" port: 36133 } }
I20260710 11:00:46.522647 15243 raft_consensus.cc:3060] T 52c3790c6cd14ef5a4cc95235b51f2d6 P 55e33268266845afa96c942f4eb298be [term 1 FOLLOWER]: Advancing to term 2
I20260710 11:00:46.526000 15392 raft_consensus.cc:2468] T 52c3790c6cd14ef5a4cc95235b51f2d6 P d7602e5a42cd438aa8e4138aaa940763 [term 2 FOLLOWER]: Leader election vote request: Granting yes vote for candidate 15dee17195ec4ec4b2b813c50696800a in term 2.
I20260710 11:00:46.527222 15284 leader_election.cc:304] T 52c3790c6cd14ef5a4cc95235b51f2d6 P 15dee17195ec4ec4b2b813c50696800a [CANDIDATE]: Term 2 election: Election decided. Result: candidate won. Election summary: received 2 responses out of 3 voters: 2 yes votes; 0 no votes. yes voters: 15dee17195ec4ec4b2b813c50696800a, d7602e5a42cd438aa8e4138aaa940763; no voters: 
I20260710 11:00:46.528189 15566 raft_consensus.cc:2804] T 52c3790c6cd14ef5a4cc95235b51f2d6 P 15dee17195ec4ec4b2b813c50696800a [term 2 FOLLOWER]: Leader election won for term 2
I20260710 11:00:46.528559 15566 raft_consensus.cc:697] T 52c3790c6cd14ef5a4cc95235b51f2d6 P 15dee17195ec4ec4b2b813c50696800a [term 2 LEADER]: Becoming Leader. State: Replica: 15dee17195ec4ec4b2b813c50696800a, State: Running, Role: LEADER
I20260710 11:00:46.529274 15243 raft_consensus.cc:2468] T 52c3790c6cd14ef5a4cc95235b51f2d6 P 55e33268266845afa96c942f4eb298be [term 2 FOLLOWER]: Leader election vote request: Granting yes vote for candidate 15dee17195ec4ec4b2b813c50696800a in term 2.
I20260710 11:00:46.529358 15566 consensus_queue.cc:237] T 52c3790c6cd14ef5a4cc95235b51f2d6 P 15dee17195ec4ec4b2b813c50696800a [LEADER]: Queue going to LEADER mode. State: All replicated index: 0, Majority replicated index: 1, Committed index: 1, Last appended: 1.1, Last appended by leader: 1, Current term: 2, Majority size: 2, State: 0, Mode: LEADER, active raft config: opid_index: -1 OBSOLETE_local: false peers { permanent_uuid: "55e33268266845afa96c942f4eb298be" member_type: VOTER last_known_addr { host: "127.14.68.193" port: 34873 } } peers { permanent_uuid: "15dee17195ec4ec4b2b813c50696800a" member_type: VOTER last_known_addr { host: "127.14.68.194" port: 35609 } } peers { permanent_uuid: "d7602e5a42cd438aa8e4138aaa940763" member_type: VOTER last_known_addr { host: "127.14.68.195" port: 36133 } }
I20260710 11:00:46.536286 15137 catalog_manager.cc:5697] T 52c3790c6cd14ef5a4cc95235b51f2d6 P 15dee17195ec4ec4b2b813c50696800a reported cstate change: term changed from 1 to 2, leader changed from 55e33268266845afa96c942f4eb298be (127.14.68.193) to 15dee17195ec4ec4b2b813c50696800a (127.14.68.194). New cstate: current_term: 2 leader_uuid: "15dee17195ec4ec4b2b813c50696800a" committed_config { opid_index: -1 OBSOLETE_local: false peers { permanent_uuid: "55e33268266845afa96c942f4eb298be" member_type: VOTER last_known_addr { host: "127.14.68.193" port: 34873 } health_report { overall_health: UNKNOWN } } peers { permanent_uuid: "15dee17195ec4ec4b2b813c50696800a" member_type: VOTER last_known_addr { host: "127.14.68.194" port: 35609 } health_report { overall_health: HEALTHY } } peers { permanent_uuid: "d7602e5a42cd438aa8e4138aaa940763" member_type: VOTER last_known_addr { host: "127.14.68.195" port: 36133 } health_report { overall_health: UNKNOWN } } }
I20260710 11:00:46.610792 15567 raft_consensus.cc:993] T 5e5d51607a354f2eb65807efb9153582 P 55e33268266845afa96c942f4eb298be: : Instructing follower d7602e5a42cd438aa8e4138aaa940763 to start an election
I20260710 11:00:46.611217 15459 raft_consensus.cc:1081] T 5e5d51607a354f2eb65807efb9153582 P 55e33268266845afa96c942f4eb298be [term 2 LEADER]: Signalling peer d7602e5a42cd438aa8e4138aaa940763 to start an election
I20260710 11:00:46.612617 15392 tablet_service.cc:2044] Received Run Leader Election RPC: tablet_id: "5e5d51607a354f2eb65807efb9153582"
dest_uuid: "d7602e5a42cd438aa8e4138aaa940763"
 from {username='slave'} at 127.0.0.1:59078
I20260710 11:00:46.613061 15392 raft_consensus.cc:493] T 5e5d51607a354f2eb65807efb9153582 P d7602e5a42cd438aa8e4138aaa940763 [term 2 FOLLOWER]: Starting forced leader election (received explicit request)
I20260710 11:00:46.613341 15392 raft_consensus.cc:3060] T 5e5d51607a354f2eb65807efb9153582 P d7602e5a42cd438aa8e4138aaa940763 [term 2 FOLLOWER]: Advancing to term 3
I20260710 11:00:46.617394 15392 raft_consensus.cc:515] T 5e5d51607a354f2eb65807efb9153582 P d7602e5a42cd438aa8e4138aaa940763 [term 3 FOLLOWER]: Starting forced leader election with config: opid_index: -1 OBSOLETE_local: false peers { permanent_uuid: "55e33268266845afa96c942f4eb298be" member_type: VOTER last_known_addr { host: "127.14.68.193" port: 34873 } } peers { permanent_uuid: "15dee17195ec4ec4b2b813c50696800a" member_type: VOTER last_known_addr { host: "127.14.68.194" port: 35609 } } peers { permanent_uuid: "d7602e5a42cd438aa8e4138aaa940763" member_type: VOTER last_known_addr { host: "127.14.68.195" port: 36133 } }
I20260710 11:00:46.618881 15392 leader_election.cc:290] T 5e5d51607a354f2eb65807efb9153582 P d7602e5a42cd438aa8e4138aaa940763 [CANDIDATE]: Term 3 election: Requested vote from peers 55e33268266845afa96c942f4eb298be (127.14.68.193:34873), 15dee17195ec4ec4b2b813c50696800a (127.14.68.194:35609)
I20260710 11:00:46.619906 15243 tablet_service.cc:1917] Received RequestConsensusVote() RPC: tablet_id: "5e5d51607a354f2eb65807efb9153582" candidate_uuid: "d7602e5a42cd438aa8e4138aaa940763" candidate_term: 3 candidate_status { last_received { term: 2 index: 2 } } ignore_live_leader: true dest_uuid: "55e33268266845afa96c942f4eb298be"
I20260710 11:00:46.619973 15317 tablet_service.cc:1917] Received RequestConsensusVote() RPC: tablet_id: "5e5d51607a354f2eb65807efb9153582" candidate_uuid: "d7602e5a42cd438aa8e4138aaa940763" candidate_term: 3 candidate_status { last_received { term: 2 index: 2 } } ignore_live_leader: true dest_uuid: "15dee17195ec4ec4b2b813c50696800a"
I20260710 11:00:46.620505 15243 raft_consensus.cc:3055] T 5e5d51607a354f2eb65807efb9153582 P 55e33268266845afa96c942f4eb298be [term 2 LEADER]: Stepping down as leader of term 2
I20260710 11:00:46.620561 15317 raft_consensus.cc:3060] T 5e5d51607a354f2eb65807efb9153582 P 15dee17195ec4ec4b2b813c50696800a [term 2 FOLLOWER]: Advancing to term 3
I20260710 11:00:46.620796 15243 raft_consensus.cc:740] T 5e5d51607a354f2eb65807efb9153582 P 55e33268266845afa96c942f4eb298be [term 2 LEADER]: Becoming Follower/Learner. State: Replica: 55e33268266845afa96c942f4eb298be, State: Running, Role: LEADER
I20260710 11:00:46.621670 15243 consensus_queue.cc:260] T 5e5d51607a354f2eb65807efb9153582 P 55e33268266845afa96c942f4eb298be [NON_LEADER]: Queue going to NON_LEADER mode. State: All replicated index: 0, Majority replicated index: 2, Committed index: 2, Last appended: 2.2, Last appended by leader: 2, Current term: 2, Majority size: -1, State: 0, Mode: NON_LEADER, active raft config: opid_index: -1 OBSOLETE_local: false peers { permanent_uuid: "55e33268266845afa96c942f4eb298be" member_type: VOTER last_known_addr { host: "127.14.68.193" port: 34873 } } peers { permanent_uuid: "15dee17195ec4ec4b2b813c50696800a" member_type: VOTER last_known_addr { host: "127.14.68.194" port: 35609 } } peers { permanent_uuid: "d7602e5a42cd438aa8e4138aaa940763" member_type: VOTER last_known_addr { host: "127.14.68.195" port: 36133 } }
I20260710 11:00:46.622547 15243 raft_consensus.cc:3060] T 5e5d51607a354f2eb65807efb9153582 P 55e33268266845afa96c942f4eb298be [term 2 FOLLOWER]: Advancing to term 3
I20260710 11:00:46.625057 15317 raft_consensus.cc:2468] T 5e5d51607a354f2eb65807efb9153582 P 15dee17195ec4ec4b2b813c50696800a [term 3 FOLLOWER]: Leader election vote request: Granting yes vote for candidate d7602e5a42cd438aa8e4138aaa940763 in term 3.
I20260710 11:00:46.626323 15357 leader_election.cc:304] T 5e5d51607a354f2eb65807efb9153582 P d7602e5a42cd438aa8e4138aaa940763 [CANDIDATE]: Term 3 election: Election decided. Result: candidate won. Election summary: received 2 responses out of 3 voters: 2 yes votes; 0 no votes. yes voters: 15dee17195ec4ec4b2b813c50696800a, d7602e5a42cd438aa8e4138aaa940763; no voters: 
I20260710 11:00:46.626771 15243 raft_consensus.cc:2468] T 5e5d51607a354f2eb65807efb9153582 P 55e33268266845afa96c942f4eb298be [term 3 FOLLOWER]: Leader election vote request: Granting yes vote for candidate d7602e5a42cd438aa8e4138aaa940763 in term 3.
I20260710 11:00:46.627141 15488 raft_consensus.cc:2804] T 5e5d51607a354f2eb65807efb9153582 P d7602e5a42cd438aa8e4138aaa940763 [term 3 FOLLOWER]: Leader election won for term 3
I20260710 11:00:46.628284 15488 raft_consensus.cc:697] T 5e5d51607a354f2eb65807efb9153582 P d7602e5a42cd438aa8e4138aaa940763 [term 3 LEADER]: Becoming Leader. State: Replica: d7602e5a42cd438aa8e4138aaa940763, State: Running, Role: LEADER
I20260710 11:00:46.629078 15488 consensus_queue.cc:237] T 5e5d51607a354f2eb65807efb9153582 P d7602e5a42cd438aa8e4138aaa940763 [LEADER]: Queue going to LEADER mode. State: All replicated index: 0, Majority replicated index: 2, Committed index: 2, Last appended: 2.2, Last appended by leader: 2, Current term: 3, Majority size: 2, State: 0, Mode: LEADER, active raft config: opid_index: -1 OBSOLETE_local: false peers { permanent_uuid: "55e33268266845afa96c942f4eb298be" member_type: VOTER last_known_addr { host: "127.14.68.193" port: 34873 } } peers { permanent_uuid: "15dee17195ec4ec4b2b813c50696800a" member_type: VOTER last_known_addr { host: "127.14.68.194" port: 35609 } } peers { permanent_uuid: "d7602e5a42cd438aa8e4138aaa940763" member_type: VOTER last_known_addr { host: "127.14.68.195" port: 36133 } }
I20260710 11:00:46.635876 15137 catalog_manager.cc:5697] T 5e5d51607a354f2eb65807efb9153582 P d7602e5a42cd438aa8e4138aaa940763 reported cstate change: term changed from 2 to 3, leader changed from 55e33268266845afa96c942f4eb298be (127.14.68.193) to d7602e5a42cd438aa8e4138aaa940763 (127.14.68.195). New cstate: current_term: 3 leader_uuid: "d7602e5a42cd438aa8e4138aaa940763" committed_config { opid_index: -1 OBSOLETE_local: false peers { permanent_uuid: "55e33268266845afa96c942f4eb298be" member_type: VOTER last_known_addr { host: "127.14.68.193" port: 34873 } health_report { overall_health: UNKNOWN } } peers { permanent_uuid: "15dee17195ec4ec4b2b813c50696800a" member_type: VOTER last_known_addr { host: "127.14.68.194" port: 35609 } health_report { overall_health: UNKNOWN } } peers { permanent_uuid: "d7602e5a42cd438aa8e4138aaa940763" member_type: VOTER last_known_addr { host: "127.14.68.195" port: 36133 } health_report { overall_health: HEALTHY } } }
I20260710 11:00:46.737993 15567 raft_consensus.cc:993] T 41c72af5436a4bd8a26b3b03e2ab2f81 P 55e33268266845afa96c942f4eb298be: : Instructing follower d7602e5a42cd438aa8e4138aaa940763 to start an election
I20260710 11:00:46.738437 15459 raft_consensus.cc:1081] T 41c72af5436a4bd8a26b3b03e2ab2f81 P 55e33268266845afa96c942f4eb298be [term 3 LEADER]: Signalling peer d7602e5a42cd438aa8e4138aaa940763 to start an election
I20260710 11:00:46.739776 15392 tablet_service.cc:2044] Received Run Leader Election RPC: tablet_id: "41c72af5436a4bd8a26b3b03e2ab2f81"
dest_uuid: "d7602e5a42cd438aa8e4138aaa940763"
 from {username='slave'} at 127.0.0.1:59078
I20260710 11:00:46.740245 15392 raft_consensus.cc:493] T 41c72af5436a4bd8a26b3b03e2ab2f81 P d7602e5a42cd438aa8e4138aaa940763 [term 3 FOLLOWER]: Starting forced leader election (received explicit request)
I20260710 11:00:46.740530 15392 raft_consensus.cc:3060] T 41c72af5436a4bd8a26b3b03e2ab2f81 P d7602e5a42cd438aa8e4138aaa940763 [term 3 FOLLOWER]: Advancing to term 4
I20260710 11:00:46.744695 15392 raft_consensus.cc:515] T 41c72af5436a4bd8a26b3b03e2ab2f81 P d7602e5a42cd438aa8e4138aaa940763 [term 4 FOLLOWER]: Starting forced leader election with config: opid_index: -1 OBSOLETE_local: false peers { permanent_uuid: "55e33268266845afa96c942f4eb298be" member_type: VOTER last_known_addr { host: "127.14.68.193" port: 34873 } } peers { permanent_uuid: "15dee17195ec4ec4b2b813c50696800a" member_type: VOTER last_known_addr { host: "127.14.68.194" port: 35609 } } peers { permanent_uuid: "d7602e5a42cd438aa8e4138aaa940763" member_type: VOTER last_known_addr { host: "127.14.68.195" port: 36133 } }
I20260710 11:00:46.746141 15392 leader_election.cc:290] T 41c72af5436a4bd8a26b3b03e2ab2f81 P d7602e5a42cd438aa8e4138aaa940763 [CANDIDATE]: Term 4 election: Requested vote from peers 55e33268266845afa96c942f4eb298be (127.14.68.193:34873), 15dee17195ec4ec4b2b813c50696800a (127.14.68.194:35609)
I20260710 11:00:46.747198 15243 tablet_service.cc:1917] Received RequestConsensusVote() RPC: tablet_id: "41c72af5436a4bd8a26b3b03e2ab2f81" candidate_uuid: "d7602e5a42cd438aa8e4138aaa940763" candidate_term: 4 candidate_status { last_received { term: 3 index: 3 } } ignore_live_leader: true dest_uuid: "55e33268266845afa96c942f4eb298be"
I20260710 11:00:46.747184 15317 tablet_service.cc:1917] Received RequestConsensusVote() RPC: tablet_id: "41c72af5436a4bd8a26b3b03e2ab2f81" candidate_uuid: "d7602e5a42cd438aa8e4138aaa940763" candidate_term: 4 candidate_status { last_received { term: 3 index: 3 } } ignore_live_leader: true dest_uuid: "15dee17195ec4ec4b2b813c50696800a"
I20260710 11:00:46.747915 15243 raft_consensus.cc:3055] T 41c72af5436a4bd8a26b3b03e2ab2f81 P 55e33268266845afa96c942f4eb298be [term 3 LEADER]: Stepping down as leader of term 3
I20260710 11:00:46.747974 15317 raft_consensus.cc:3060] T 41c72af5436a4bd8a26b3b03e2ab2f81 P 15dee17195ec4ec4b2b813c50696800a [term 3 FOLLOWER]: Advancing to term 4
I20260710 11:00:46.748317 15243 raft_consensus.cc:740] T 41c72af5436a4bd8a26b3b03e2ab2f81 P 55e33268266845afa96c942f4eb298be [term 3 LEADER]: Becoming Follower/Learner. State: Replica: 55e33268266845afa96c942f4eb298be, State: Running, Role: LEADER
I20260710 11:00:46.749046 15243 consensus_queue.cc:260] T 41c72af5436a4bd8a26b3b03e2ab2f81 P 55e33268266845afa96c942f4eb298be [NON_LEADER]: Queue going to NON_LEADER mode. State: All replicated index: 0, Majority replicated index: 3, Committed index: 3, Last appended: 3.3, Last appended by leader: 3, Current term: 3, Majority size: -1, State: 0, Mode: NON_LEADER, active raft config: opid_index: -1 OBSOLETE_local: false peers { permanent_uuid: "55e33268266845afa96c942f4eb298be" member_type: VOTER last_known_addr { host: "127.14.68.193" port: 34873 } } peers { permanent_uuid: "15dee17195ec4ec4b2b813c50696800a" member_type: VOTER last_known_addr { host: "127.14.68.194" port: 35609 } } peers { permanent_uuid: "d7602e5a42cd438aa8e4138aaa940763" member_type: VOTER last_known_addr { host: "127.14.68.195" port: 36133 } }
I20260710 11:00:46.750192 15243 raft_consensus.cc:3060] T 41c72af5436a4bd8a26b3b03e2ab2f81 P 55e33268266845afa96c942f4eb298be [term 3 FOLLOWER]: Advancing to term 4
I20260710 11:00:46.754662 15317 raft_consensus.cc:2468] T 41c72af5436a4bd8a26b3b03e2ab2f81 P 15dee17195ec4ec4b2b813c50696800a [term 4 FOLLOWER]: Leader election vote request: Granting yes vote for candidate d7602e5a42cd438aa8e4138aaa940763 in term 4.
I20260710 11:00:46.756017 15357 leader_election.cc:304] T 41c72af5436a4bd8a26b3b03e2ab2f81 P d7602e5a42cd438aa8e4138aaa940763 [CANDIDATE]: Term 4 election: Election decided. Result: candidate won. Election summary: received 2 responses out of 3 voters: 2 yes votes; 0 no votes. yes voters: 15dee17195ec4ec4b2b813c50696800a, d7602e5a42cd438aa8e4138aaa940763; no voters: 
I20260710 11:00:46.756831 15488 raft_consensus.cc:2804] T 41c72af5436a4bd8a26b3b03e2ab2f81 P d7602e5a42cd438aa8e4138aaa940763 [term 4 FOLLOWER]: Leader election won for term 4
I20260710 11:00:46.756942 15243 raft_consensus.cc:2468] T 41c72af5436a4bd8a26b3b03e2ab2f81 P 55e33268266845afa96c942f4eb298be [term 4 FOLLOWER]: Leader election vote request: Granting yes vote for candidate d7602e5a42cd438aa8e4138aaa940763 in term 4.
I20260710 11:00:46.757310 15488 raft_consensus.cc:697] T 41c72af5436a4bd8a26b3b03e2ab2f81 P d7602e5a42cd438aa8e4138aaa940763 [term 4 LEADER]: Becoming Leader. State: Replica: d7602e5a42cd438aa8e4138aaa940763, State: Running, Role: LEADER
I20260710 11:00:46.758287 15488 consensus_queue.cc:237] T 41c72af5436a4bd8a26b3b03e2ab2f81 P d7602e5a42cd438aa8e4138aaa940763 [LEADER]: Queue going to LEADER mode. State: All replicated index: 0, Majority replicated index: 3, Committed index: 3, Last appended: 3.3, Last appended by leader: 3, Current term: 4, Majority size: 2, State: 0, Mode: LEADER, active raft config: opid_index: -1 OBSOLETE_local: false peers { permanent_uuid: "55e33268266845afa96c942f4eb298be" member_type: VOTER last_known_addr { host: "127.14.68.193" port: 34873 } } peers { permanent_uuid: "15dee17195ec4ec4b2b813c50696800a" member_type: VOTER last_known_addr { host: "127.14.68.194" port: 35609 } } peers { permanent_uuid: "d7602e5a42cd438aa8e4138aaa940763" member_type: VOTER last_known_addr { host: "127.14.68.195" port: 36133 } }
I20260710 11:00:46.765280 15137 catalog_manager.cc:5697] T 41c72af5436a4bd8a26b3b03e2ab2f81 P d7602e5a42cd438aa8e4138aaa940763 reported cstate change: term changed from 3 to 4, leader changed from 55e33268266845afa96c942f4eb298be (127.14.68.193) to d7602e5a42cd438aa8e4138aaa940763 (127.14.68.195). New cstate: current_term: 4 leader_uuid: "d7602e5a42cd438aa8e4138aaa940763" committed_config { opid_index: -1 OBSOLETE_local: false peers { permanent_uuid: "55e33268266845afa96c942f4eb298be" member_type: VOTER last_known_addr { host: "127.14.68.193" port: 34873 } health_report { overall_health: UNKNOWN } } peers { permanent_uuid: "15dee17195ec4ec4b2b813c50696800a" member_type: VOTER last_known_addr { host: "127.14.68.194" port: 35609 } health_report { overall_health: UNKNOWN } } peers { permanent_uuid: "d7602e5a42cd438aa8e4138aaa940763" member_type: VOTER last_known_addr { host: "127.14.68.195" port: 36133 } health_report { overall_health: HEALTHY } } }
I20260710 11:00:46.964604 15243 raft_consensus.cc:1275] T 52c3790c6cd14ef5a4cc95235b51f2d6 P 55e33268266845afa96c942f4eb298be [term 2 FOLLOWER]: Refusing update from remote peer 15dee17195ec4ec4b2b813c50696800a: Log matching property violated. Preceding OpId in replica: term: 1 index: 1. Preceding OpId from leader: term: 2 index: 2. (index mismatch)
I20260710 11:00:46.965900 15568 consensus_queue.cc:1048] T 52c3790c6cd14ef5a4cc95235b51f2d6 P 15dee17195ec4ec4b2b813c50696800a [LEADER]: Connected to new peer: Peer: permanent_uuid: "55e33268266845afa96c942f4eb298be" member_type: VOTER last_known_addr { host: "127.14.68.193" port: 34873 }, Status: LMP_MISMATCH, Last received: 0.0, Next index: 2, Last known committed idx: 1, Time since last communication: 0.001s
I20260710 11:00:46.978307 15392 raft_consensus.cc:1275] T 52c3790c6cd14ef5a4cc95235b51f2d6 P d7602e5a42cd438aa8e4138aaa940763 [term 2 FOLLOWER]: Refusing update from remote peer 15dee17195ec4ec4b2b813c50696800a: Log matching property violated. Preceding OpId in replica: term: 1 index: 1. Preceding OpId from leader: term: 2 index: 2. (index mismatch)
I20260710 11:00:46.980177 15568 consensus_queue.cc:1048] T 52c3790c6cd14ef5a4cc95235b51f2d6 P 15dee17195ec4ec4b2b813c50696800a [LEADER]: Connected to new peer: Peer: permanent_uuid: "d7602e5a42cd438aa8e4138aaa940763" member_type: VOTER last_known_addr { host: "127.14.68.195" port: 36133 }, Status: LMP_MISMATCH, Last received: 0.0, Next index: 2, Last known committed idx: 1, Time since last communication: 0.000s
I20260710 11:00:47.070356 15317 raft_consensus.cc:1275] T 5e5d51607a354f2eb65807efb9153582 P 15dee17195ec4ec4b2b813c50696800a [term 3 FOLLOWER]: Refusing update from remote peer d7602e5a42cd438aa8e4138aaa940763: Log matching property violated. Preceding OpId in replica: term: 2 index: 2. Preceding OpId from leader: term: 3 index: 3. (index mismatch)
I20260710 11:00:47.071587 15488 consensus_queue.cc:1048] T 5e5d51607a354f2eb65807efb9153582 P d7602e5a42cd438aa8e4138aaa940763 [LEADER]: Connected to new peer: Peer: permanent_uuid: "15dee17195ec4ec4b2b813c50696800a" member_type: VOTER last_known_addr { host: "127.14.68.194" port: 35609 }, Status: LMP_MISMATCH, Last received: 0.0, Next index: 3, Last known committed idx: 2, Time since last communication: 0.000s
I20260710 11:00:47.077857 15242 raft_consensus.cc:1275] T acad9b94e74648f9bfa335dc01cf1101 P 55e33268266845afa96c942f4eb298be [term 5 FOLLOWER]: Refusing update from remote peer 15dee17195ec4ec4b2b813c50696800a: Log matching property violated. Preceding OpId in replica: term: 4 index: 4. Preceding OpId from leader: term: 5 index: 5. (index mismatch)
I20260710 11:00:47.079686 15568 consensus_queue.cc:1048] T acad9b94e74648f9bfa335dc01cf1101 P 15dee17195ec4ec4b2b813c50696800a [LEADER]: Connected to new peer: Peer: permanent_uuid: "55e33268266845afa96c942f4eb298be" member_type: VOTER last_known_addr { host: "127.14.68.193" port: 34873 }, Status: LMP_MISMATCH, Last received: 0.0, Next index: 5, Last known committed idx: 4, Time since last communication: 0.000s
I20260710 11:00:47.081631 15242 raft_consensus.cc:1275] T 5e5d51607a354f2eb65807efb9153582 P 55e33268266845afa96c942f4eb298be [term 3 FOLLOWER]: Refusing update from remote peer d7602e5a42cd438aa8e4138aaa940763: Log matching property violated. Preceding OpId in replica: term: 2 index: 2. Preceding OpId from leader: term: 3 index: 3. (index mismatch)
I20260710 11:00:47.083933 15488 consensus_queue.cc:1048] T 5e5d51607a354f2eb65807efb9153582 P d7602e5a42cd438aa8e4138aaa940763 [LEADER]: Connected to new peer: Peer: permanent_uuid: "55e33268266845afa96c942f4eb298be" member_type: VOTER last_known_addr { host: "127.14.68.193" port: 34873 }, Status: LMP_MISMATCH, Last received: 0.0, Next index: 3, Last known committed idx: 2, Time since last communication: 0.000s
I20260710 11:00:47.096832 15392 raft_consensus.cc:1275] T acad9b94e74648f9bfa335dc01cf1101 P d7602e5a42cd438aa8e4138aaa940763 [term 5 FOLLOWER]: Refusing update from remote peer 15dee17195ec4ec4b2b813c50696800a: Log matching property violated. Preceding OpId in replica: term: 4 index: 4. Preceding OpId from leader: term: 5 index: 5. (index mismatch)
I20260710 11:00:47.098632 15566 consensus_queue.cc:1048] T acad9b94e74648f9bfa335dc01cf1101 P 15dee17195ec4ec4b2b813c50696800a [LEADER]: Connected to new peer: Peer: permanent_uuid: "d7602e5a42cd438aa8e4138aaa940763" member_type: VOTER last_known_addr { host: "127.14.68.195" port: 36133 }, Status: LMP_MISMATCH, Last received: 0.0, Next index: 5, Last known committed idx: 4, Time since last communication: 0.000s
I20260710 11:00:47.135322 14611 auto_leader_rebalancer.cc:141] leader rebalance for table test-workload
I20260710 11:00:47.142220 14611 tablet_server.cc:179] TabletServer@127.14.68.193:0 shutting down...
I20260710 11:00:47.167699 14611 ts_tablet_manager.cc:1507] Shutting down tablet manager...
I20260710 11:00:47.168515 14611 tablet_replica.cc:333] T a6369313d90548209f3fd6888ddb4282 P 55e33268266845afa96c942f4eb298be: stopping tablet replica
I20260710 11:00:47.169150 14611 raft_consensus.cc:2243] T a6369313d90548209f3fd6888ddb4282 P 55e33268266845afa96c942f4eb298be [term 1 FOLLOWER]: Raft consensus shutting down.
I20260710 11:00:47.169623 14611 raft_consensus.cc:2272] T a6369313d90548209f3fd6888ddb4282 P 55e33268266845afa96c942f4eb298be [term 1 FOLLOWER]: Raft consensus is shut down!
I20260710 11:00:47.171789 14611 tablet_replica.cc:333] T 41c72af5436a4bd8a26b3b03e2ab2f81 P 55e33268266845afa96c942f4eb298be: stopping tablet replica
I20260710 11:00:47.172298 14611 raft_consensus.cc:2243] T 41c72af5436a4bd8a26b3b03e2ab2f81 P 55e33268266845afa96c942f4eb298be [term 4 FOLLOWER]: Raft consensus shutting down.
I20260710 11:00:47.172673 14611 raft_consensus.cc:2272] T 41c72af5436a4bd8a26b3b03e2ab2f81 P 55e33268266845afa96c942f4eb298be [term 4 FOLLOWER]: Raft consensus is shut down!
I20260710 11:00:47.174374 14611 tablet_replica.cc:333] T 5e5d51607a354f2eb65807efb9153582 P 55e33268266845afa96c942f4eb298be: stopping tablet replica
I20260710 11:00:47.174871 14611 raft_consensus.cc:2243] T 5e5d51607a354f2eb65807efb9153582 P 55e33268266845afa96c942f4eb298be [term 3 FOLLOWER]: Raft consensus shutting down.
I20260710 11:00:47.175266 14611 raft_consensus.cc:2272] T 5e5d51607a354f2eb65807efb9153582 P 55e33268266845afa96c942f4eb298be [term 3 FOLLOWER]: Raft consensus is shut down!
I20260710 11:00:47.177183 14611 tablet_replica.cc:333] T 5bca15247a174fdb81b6613828566df2 P 55e33268266845afa96c942f4eb298be: stopping tablet replica
I20260710 11:00:47.177688 14611 raft_consensus.cc:2243] T 5bca15247a174fdb81b6613828566df2 P 55e33268266845afa96c942f4eb298be [term 1 FOLLOWER]: Raft consensus shutting down.
I20260710 11:00:47.178225 14611 raft_consensus.cc:2272] T 5bca15247a174fdb81b6613828566df2 P 55e33268266845afa96c942f4eb298be [term 1 FOLLOWER]: Raft consensus is shut down!
I20260710 11:00:47.179868 14611 tablet_replica.cc:333] T 5b182fcfe1d44cbe8e64a4249687f214 P 55e33268266845afa96c942f4eb298be: stopping tablet replica
I20260710 11:00:47.180366 14611 raft_consensus.cc:2243] T 5b182fcfe1d44cbe8e64a4249687f214 P 55e33268266845afa96c942f4eb298be [term 4 LEADER]: Raft consensus shutting down.
I20260710 11:00:47.181092 14611 raft_consensus.cc:2272] T 5b182fcfe1d44cbe8e64a4249687f214 P 55e33268266845afa96c942f4eb298be [term 4 FOLLOWER]: Raft consensus is shut down!
I20260710 11:00:47.182848 14611 tablet_replica.cc:333] T 92871ca59055459884dbbdbac53b91e0 P 55e33268266845afa96c942f4eb298be: stopping tablet replica
I20260710 11:00:47.183341 14611 raft_consensus.cc:2243] T 92871ca59055459884dbbdbac53b91e0 P 55e33268266845afa96c942f4eb298be [term 2 LEADER]: Raft consensus shutting down.
I20260710 11:00:47.184003 14611 raft_consensus.cc:2272] T 92871ca59055459884dbbdbac53b91e0 P 55e33268266845afa96c942f4eb298be [term 2 FOLLOWER]: Raft consensus is shut down!
I20260710 11:00:47.185580 14611 tablet_replica.cc:333] T acad9b94e74648f9bfa335dc01cf1101 P 55e33268266845afa96c942f4eb298be: stopping tablet replica
I20260710 11:00:47.186125 14611 raft_consensus.cc:2243] T acad9b94e74648f9bfa335dc01cf1101 P 55e33268266845afa96c942f4eb298be [term 5 FOLLOWER]: Raft consensus shutting down.
I20260710 11:00:47.186508 14611 raft_consensus.cc:2272] T acad9b94e74648f9bfa335dc01cf1101 P 55e33268266845afa96c942f4eb298be [term 5 FOLLOWER]: Raft consensus is shut down!
I20260710 11:00:47.188915 14611 tablet_replica.cc:333] T 772133f603744eb5b9f389ae58194632 P 55e33268266845afa96c942f4eb298be: stopping tablet replica
I20260710 11:00:47.189455 14611 raft_consensus.cc:2243] T 772133f603744eb5b9f389ae58194632 P 55e33268266845afa96c942f4eb298be [term 2 LEADER]: Raft consensus shutting down.
I20260710 11:00:47.190281 14611 raft_consensus.cc:2272] T 772133f603744eb5b9f389ae58194632 P 55e33268266845afa96c942f4eb298be [term 2 FOLLOWER]: Raft consensus is shut down!
W20260710 11:00:47.190328 15358 proxy.cc:239] Call had error, refreshing address and retrying: Remote error: Service unavailable: service kudu.consensus.ConsensusService not registered on TabletServer [suppressed 3 similar messages]
I20260710 11:00:47.192121 14611 tablet_replica.cc:333] T f5ece02c23c649eea1659ceec4ab9078 P 55e33268266845afa96c942f4eb298be: stopping tablet replica
I20260710 11:00:47.192659 14611 raft_consensus.cc:2243] T f5ece02c23c649eea1659ceec4ab9078 P 55e33268266845afa96c942f4eb298be [term 3 LEADER]: Raft consensus shutting down.
W20260710 11:00:47.193356 15358 consensus_peers.cc:597] T 5bca15247a174fdb81b6613828566df2 P d7602e5a42cd438aa8e4138aaa940763 -> Peer 55e33268266845afa96c942f4eb298be (127.14.68.193:34873): Couldn't send request to peer 55e33268266845afa96c942f4eb298be. Status: Remote error: Service unavailable: service kudu.consensus.ConsensusService not registered on TabletServer. This is attempt 1: this message will repeat every 5th retry.
I20260710 11:00:47.193380 14611 raft_consensus.cc:2272] T f5ece02c23c649eea1659ceec4ab9078 P 55e33268266845afa96c942f4eb298be [term 3 FOLLOWER]: Raft consensus is shut down!
I20260710 11:00:47.195151 14611 tablet_replica.cc:333] T 52c3790c6cd14ef5a4cc95235b51f2d6 P 55e33268266845afa96c942f4eb298be: stopping tablet replica
I20260710 11:00:47.195627 14611 raft_consensus.cc:2243] T 52c3790c6cd14ef5a4cc95235b51f2d6 P 55e33268266845afa96c942f4eb298be [term 2 FOLLOWER]: Raft consensus shutting down.
I20260710 11:00:47.196009 14611 raft_consensus.cc:2272] T 52c3790c6cd14ef5a4cc95235b51f2d6 P 55e33268266845afa96c942f4eb298be [term 2 FOLLOWER]: Raft consensus is shut down!
I20260710 11:00:47.224977 14611 tablet_server.cc:196] TabletServer@127.14.68.193:0 shutdown complete.
I20260710 11:00:47.247323 14611 tablet_server.cc:179] TabletServer@127.14.68.194:0 shutting down...
I20260710 11:00:47.274313 14611 ts_tablet_manager.cc:1507] Shutting down tablet manager...
I20260710 11:00:47.275161 14611 tablet_replica.cc:333] T 41c72af5436a4bd8a26b3b03e2ab2f81 P 15dee17195ec4ec4b2b813c50696800a: stopping tablet replica
I20260710 11:00:47.275842 14611 raft_consensus.cc:2243] T 41c72af5436a4bd8a26b3b03e2ab2f81 P 15dee17195ec4ec4b2b813c50696800a [term 4 FOLLOWER]: Raft consensus shutting down.
I20260710 11:00:47.276326 14611 raft_consensus.cc:2272] T 41c72af5436a4bd8a26b3b03e2ab2f81 P 15dee17195ec4ec4b2b813c50696800a [term 4 FOLLOWER]: Raft consensus is shut down!
I20260710 11:00:47.278314 14611 tablet_replica.cc:333] T 5e5d51607a354f2eb65807efb9153582 P 15dee17195ec4ec4b2b813c50696800a: stopping tablet replica
I20260710 11:00:47.278903 14611 raft_consensus.cc:2243] T 5e5d51607a354f2eb65807efb9153582 P 15dee17195ec4ec4b2b813c50696800a [term 3 FOLLOWER]: Raft consensus shutting down.
I20260710 11:00:47.279320 14611 raft_consensus.cc:2272] T 5e5d51607a354f2eb65807efb9153582 P 15dee17195ec4ec4b2b813c50696800a [term 3 FOLLOWER]: Raft consensus is shut down!
I20260710 11:00:47.281369 14611 tablet_replica.cc:333] T a6369313d90548209f3fd6888ddb4282 P 15dee17195ec4ec4b2b813c50696800a: stopping tablet replica
I20260710 11:00:47.281896 14611 raft_consensus.cc:2243] T a6369313d90548209f3fd6888ddb4282 P 15dee17195ec4ec4b2b813c50696800a [term 1 LEADER]: Raft consensus shutting down.
I20260710 11:00:47.282670 14611 raft_consensus.cc:2272] T a6369313d90548209f3fd6888ddb4282 P 15dee17195ec4ec4b2b813c50696800a [term 1 FOLLOWER]: Raft consensus is shut down!
I20260710 11:00:47.284425 14611 tablet_replica.cc:333] T 5bca15247a174fdb81b6613828566df2 P 15dee17195ec4ec4b2b813c50696800a: stopping tablet replica
I20260710 11:00:47.284926 14611 raft_consensus.cc:2243] T 5bca15247a174fdb81b6613828566df2 P 15dee17195ec4ec4b2b813c50696800a [term 1 FOLLOWER]: Raft consensus shutting down.
I20260710 11:00:47.285320 14611 raft_consensus.cc:2272] T 5bca15247a174fdb81b6613828566df2 P 15dee17195ec4ec4b2b813c50696800a [term 1 FOLLOWER]: Raft consensus is shut down!
I20260710 11:00:47.286980 14611 tablet_replica.cc:333] T f5ece02c23c649eea1659ceec4ab9078 P 15dee17195ec4ec4b2b813c50696800a: stopping tablet replica
I20260710 11:00:47.287478 14611 raft_consensus.cc:2243] T f5ece02c23c649eea1659ceec4ab9078 P 15dee17195ec4ec4b2b813c50696800a [term 3 FOLLOWER]: Raft consensus shutting down.
I20260710 11:00:47.287890 14611 raft_consensus.cc:2272] T f5ece02c23c649eea1659ceec4ab9078 P 15dee17195ec4ec4b2b813c50696800a [term 3 FOLLOWER]: Raft consensus is shut down!
I20260710 11:00:47.289944 14611 tablet_replica.cc:333] T 52c3790c6cd14ef5a4cc95235b51f2d6 P 15dee17195ec4ec4b2b813c50696800a: stopping tablet replica
I20260710 11:00:47.290472 14611 raft_consensus.cc:2243] T 52c3790c6cd14ef5a4cc95235b51f2d6 P 15dee17195ec4ec4b2b813c50696800a [term 2 LEADER]: Raft consensus shutting down.
I20260710 11:00:47.291189 14611 raft_consensus.cc:2272] T 52c3790c6cd14ef5a4cc95235b51f2d6 P 15dee17195ec4ec4b2b813c50696800a [term 2 FOLLOWER]: Raft consensus is shut down!
I20260710 11:00:47.293432 14611 tablet_replica.cc:333] T 5b182fcfe1d44cbe8e64a4249687f214 P 15dee17195ec4ec4b2b813c50696800a: stopping tablet replica
I20260710 11:00:47.294015 14611 raft_consensus.cc:2243] T 5b182fcfe1d44cbe8e64a4249687f214 P 15dee17195ec4ec4b2b813c50696800a [term 4 FOLLOWER]: Raft consensus shutting down.
I20260710 11:00:47.294555 14611 raft_consensus.cc:2272] T 5b182fcfe1d44cbe8e64a4249687f214 P 15dee17195ec4ec4b2b813c50696800a [term 4 FOLLOWER]: Raft consensus is shut down!
W20260710 11:00:47.295877 15357 consensus_peers.cc:597] T 41c72af5436a4bd8a26b3b03e2ab2f81 P d7602e5a42cd438aa8e4138aaa940763 -> Peer 15dee17195ec4ec4b2b813c50696800a (127.14.68.194:35609): Couldn't send request to peer 15dee17195ec4ec4b2b813c50696800a. Status: Remote error: Service unavailable: service kudu.consensus.ConsensusService not registered on TabletServer. This is attempt 1: this message will repeat every 5th retry.
I20260710 11:00:47.296715 14611 tablet_replica.cc:333] T 92871ca59055459884dbbdbac53b91e0 P 15dee17195ec4ec4b2b813c50696800a: stopping tablet replica
I20260710 11:00:47.297224 14611 raft_consensus.cc:2243] T 92871ca59055459884dbbdbac53b91e0 P 15dee17195ec4ec4b2b813c50696800a [term 2 FOLLOWER]: Raft consensus shutting down.
I20260710 11:00:47.297706 14611 raft_consensus.cc:2272] T 92871ca59055459884dbbdbac53b91e0 P 15dee17195ec4ec4b2b813c50696800a [term 2 FOLLOWER]: Raft consensus is shut down!
I20260710 11:00:47.299394 14611 tablet_replica.cc:333] T acad9b94e74648f9bfa335dc01cf1101 P 15dee17195ec4ec4b2b813c50696800a: stopping tablet replica
I20260710 11:00:47.299799 14611 raft_consensus.cc:2243] T acad9b94e74648f9bfa335dc01cf1101 P 15dee17195ec4ec4b2b813c50696800a [term 5 LEADER]: Raft consensus shutting down.
I20260710 11:00:47.300510 14611 raft_consensus.cc:2272] T acad9b94e74648f9bfa335dc01cf1101 P 15dee17195ec4ec4b2b813c50696800a [term 5 FOLLOWER]: Raft consensus is shut down!
I20260710 11:00:47.302414 14611 tablet_replica.cc:333] T 772133f603744eb5b9f389ae58194632 P 15dee17195ec4ec4b2b813c50696800a: stopping tablet replica
I20260710 11:00:47.302811 14611 raft_consensus.cc:2243] T 772133f603744eb5b9f389ae58194632 P 15dee17195ec4ec4b2b813c50696800a [term 2 FOLLOWER]: Raft consensus shutting down.
I20260710 11:00:47.303203 14611 raft_consensus.cc:2272] T 772133f603744eb5b9f389ae58194632 P 15dee17195ec4ec4b2b813c50696800a [term 2 FOLLOWER]: Raft consensus is shut down!
I20260710 11:00:47.322513 14611 tablet_server.cc:196] TabletServer@127.14.68.194:0 shutdown complete.
I20260710 11:00:47.341423 14611 tablet_server.cc:179] TabletServer@127.14.68.195:0 shutting down...
W20260710 11:00:47.346083 15358 consensus_peers.cc:597] T 41c72af5436a4bd8a26b3b03e2ab2f81 P d7602e5a42cd438aa8e4138aaa940763 -> Peer 55e33268266845afa96c942f4eb298be (127.14.68.193:34873): Couldn't send request to peer 55e33268266845afa96c942f4eb298be. Status: Network error: Client connection negotiation failed: client connection to 127.14.68.193:34873: connect: Connection refused (error 111). This is attempt 1: this message will repeat every 5th retry.
I20260710 11:00:47.365458 14611 ts_tablet_manager.cc:1507] Shutting down tablet manager...
I20260710 11:00:47.366202 14611 tablet_replica.cc:333] T 5bca15247a174fdb81b6613828566df2 P d7602e5a42cd438aa8e4138aaa940763: stopping tablet replica
I20260710 11:00:47.366786 14611 raft_consensus.cc:2243] T 5bca15247a174fdb81b6613828566df2 P d7602e5a42cd438aa8e4138aaa940763 [term 1 LEADER]: Raft consensus shutting down.
I20260710 11:00:47.367841 14611 raft_consensus.cc:2272] T 5bca15247a174fdb81b6613828566df2 P d7602e5a42cd438aa8e4138aaa940763 [term 1 FOLLOWER]: Raft consensus is shut down!
I20260710 11:00:47.369719 14611 tablet_replica.cc:333] T a6369313d90548209f3fd6888ddb4282 P d7602e5a42cd438aa8e4138aaa940763: stopping tablet replica
I20260710 11:00:47.370347 14611 raft_consensus.cc:2243] T a6369313d90548209f3fd6888ddb4282 P d7602e5a42cd438aa8e4138aaa940763 [term 1 FOLLOWER]: Raft consensus shutting down.
I20260710 11:00:47.370774 14611 raft_consensus.cc:2272] T a6369313d90548209f3fd6888ddb4282 P d7602e5a42cd438aa8e4138aaa940763 [term 1 FOLLOWER]: Raft consensus is shut down!
I20260710 11:00:47.372406 14611 tablet_replica.cc:333] T 41c72af5436a4bd8a26b3b03e2ab2f81 P d7602e5a42cd438aa8e4138aaa940763: stopping tablet replica
I20260710 11:00:47.372910 14611 raft_consensus.cc:2243] T 41c72af5436a4bd8a26b3b03e2ab2f81 P d7602e5a42cd438aa8e4138aaa940763 [term 4 LEADER]: Raft consensus shutting down.
I20260710 11:00:47.373605 14611 pending_rounds.cc:70] T 41c72af5436a4bd8a26b3b03e2ab2f81 P d7602e5a42cd438aa8e4138aaa940763: Trying to abort 1 pending ops.
I20260710 11:00:47.373853 14611 pending_rounds.cc:77] T 41c72af5436a4bd8a26b3b03e2ab2f81 P d7602e5a42cd438aa8e4138aaa940763: Aborting op as it isn't in flight: id { term: 4 index: 4 } timestamp: 7305958386728538112 op_type: NO_OP noop_request { }
I20260710 11:00:47.374202 14611 raft_consensus.cc:2889] T 41c72af5436a4bd8a26b3b03e2ab2f81 P d7602e5a42cd438aa8e4138aaa940763 [term 4 LEADER]: NO_OP replication failed: Aborted: Op aborted
I20260710 11:00:47.374481 14611 raft_consensus.cc:2272] T 41c72af5436a4bd8a26b3b03e2ab2f81 P d7602e5a42cd438aa8e4138aaa940763 [term 4 FOLLOWER]: Raft consensus is shut down!
I20260710 11:00:47.376403 14611 tablet_replica.cc:333] T f5ece02c23c649eea1659ceec4ab9078 P d7602e5a42cd438aa8e4138aaa940763: stopping tablet replica
I20260710 11:00:47.376909 14611 raft_consensus.cc:2243] T f5ece02c23c649eea1659ceec4ab9078 P d7602e5a42cd438aa8e4138aaa940763 [term 3 FOLLOWER]: Raft consensus shutting down.
I20260710 11:00:47.377336 14611 raft_consensus.cc:2272] T f5ece02c23c649eea1659ceec4ab9078 P d7602e5a42cd438aa8e4138aaa940763 [term 3 FOLLOWER]: Raft consensus is shut down!
I20260710 11:00:47.379130 14611 tablet_replica.cc:333] T 52c3790c6cd14ef5a4cc95235b51f2d6 P d7602e5a42cd438aa8e4138aaa940763: stopping tablet replica
I20260710 11:00:47.379616 14611 raft_consensus.cc:2243] T 52c3790c6cd14ef5a4cc95235b51f2d6 P d7602e5a42cd438aa8e4138aaa940763 [term 2 FOLLOWER]: Raft consensus shutting down.
I20260710 11:00:47.379994 14611 raft_consensus.cc:2272] T 52c3790c6cd14ef5a4cc95235b51f2d6 P d7602e5a42cd438aa8e4138aaa940763 [term 2 FOLLOWER]: Raft consensus is shut down!
I20260710 11:00:47.382763 14611 tablet_replica.cc:333] T 772133f603744eb5b9f389ae58194632 P d7602e5a42cd438aa8e4138aaa940763: stopping tablet replica
I20260710 11:00:47.383267 14611 raft_consensus.cc:2243] T 772133f603744eb5b9f389ae58194632 P d7602e5a42cd438aa8e4138aaa940763 [term 2 FOLLOWER]: Raft consensus shutting down.
I20260710 11:00:47.383684 14611 raft_consensus.cc:2272] T 772133f603744eb5b9f389ae58194632 P d7602e5a42cd438aa8e4138aaa940763 [term 2 FOLLOWER]: Raft consensus is shut down!
I20260710 11:00:47.385267 14611 tablet_replica.cc:333] T 92871ca59055459884dbbdbac53b91e0 P d7602e5a42cd438aa8e4138aaa940763: stopping tablet replica
I20260710 11:00:47.385733 14611 raft_consensus.cc:2243] T 92871ca59055459884dbbdbac53b91e0 P d7602e5a42cd438aa8e4138aaa940763 [term 2 FOLLOWER]: Raft consensus shutting down.
I20260710 11:00:47.386152 14611 raft_consensus.cc:2272] T 92871ca59055459884dbbdbac53b91e0 P d7602e5a42cd438aa8e4138aaa940763 [term 2 FOLLOWER]: Raft consensus is shut down!
I20260710 11:00:47.387630 14611 tablet_replica.cc:333] T 5b182fcfe1d44cbe8e64a4249687f214 P d7602e5a42cd438aa8e4138aaa940763: stopping tablet replica
I20260710 11:00:47.388103 14611 raft_consensus.cc:2243] T 5b182fcfe1d44cbe8e64a4249687f214 P d7602e5a42cd438aa8e4138aaa940763 [term 4 FOLLOWER]: Raft consensus shutting down.
I20260710 11:00:47.388487 14611 raft_consensus.cc:2272] T 5b182fcfe1d44cbe8e64a4249687f214 P d7602e5a42cd438aa8e4138aaa940763 [term 4 FOLLOWER]: Raft consensus is shut down!
I20260710 11:00:47.389966 14611 tablet_replica.cc:333] T 5e5d51607a354f2eb65807efb9153582 P d7602e5a42cd438aa8e4138aaa940763: stopping tablet replica
I20260710 11:00:47.390439 14611 raft_consensus.cc:2243] T 5e5d51607a354f2eb65807efb9153582 P d7602e5a42cd438aa8e4138aaa940763 [term 3 LEADER]: Raft consensus shutting down.
I20260710 11:00:47.391108 14611 raft_consensus.cc:2272] T 5e5d51607a354f2eb65807efb9153582 P d7602e5a42cd438aa8e4138aaa940763 [term 3 FOLLOWER]: Raft consensus is shut down!
I20260710 11:00:47.392969 14611 tablet_replica.cc:333] T acad9b94e74648f9bfa335dc01cf1101 P d7602e5a42cd438aa8e4138aaa940763: stopping tablet replica
I20260710 11:00:47.393391 14611 raft_consensus.cc:2243] T acad9b94e74648f9bfa335dc01cf1101 P d7602e5a42cd438aa8e4138aaa940763 [term 5 FOLLOWER]: Raft consensus shutting down.
I20260710 11:00:47.393786 14611 raft_consensus.cc:2272] T acad9b94e74648f9bfa335dc01cf1101 P d7602e5a42cd438aa8e4138aaa940763 [term 5 FOLLOWER]: Raft consensus is shut down!
I20260710 11:00:47.420650 14611 tablet_server.cc:196] TabletServer@127.14.68.195:0 shutdown complete.
I20260710 11:00:47.438601 14611 master.cc:562] Master@127.14.68.254:40241 shutting down...
I20260710 11:00:47.463806 14611 raft_consensus.cc:2243] T 00000000000000000000000000000000 P 788aaa0f1c464661931e5bc4d28677a8 [term 1 LEADER]: Raft consensus shutting down.
I20260710 11:00:47.464345 14611 raft_consensus.cc:2272] T 00000000000000000000000000000000 P 788aaa0f1c464661931e5bc4d28677a8 [term 1 FOLLOWER]: Raft consensus is shut down!
I20260710 11:00:47.464670 14611 tablet_replica.cc:333] T 00000000000000000000000000000000 P 788aaa0f1c464661931e5bc4d28677a8: stopping tablet replica
I20260710 11:00:47.484786 14611 master.cc:584] Master@127.14.68.254:40241 shutdown complete.
15dee17195ec4ec4b2b813c50696800a  4
55e33268266845afa96c942f4eb298be  5
d7602e5a42cd438aa8e4138aaa940763  1
[       OK ] LeaderRebalancerTest.FunctionalTestForNotDivided (10302 ms)
[ RUN      ] LeaderRebalancerTest.AddTserver
I20260710 11:00:47.524646 14611 internal_mini_cluster.cc:156] Creating distributed mini masters. Addrs: 127.14.68.254:45939
I20260710 11:00:47.525749 14611 file_cache.cc:504] Constructed file cache file cache with capacity 419430
W20260710 11:00:47.531236 15591 instance_detector.cc:116] could not retrieve AWS instance metadata: Network error: curl error: HTTP response code said error: The requested URL returned error: 404
W20260710 11:00:47.531610 15592 instance_detector.cc:116] could not retrieve Azure instance metadata: Network error: curl error: HTTP response code said error: The requested URL returned error: 404
W20260710 11:00:47.532415 15594 instance_detector.cc:116] could not retrieve OpenStack instance metadata: Network error: curl error: HTTP response code said error: The requested URL returned error: 404
I20260710 11:00:47.533197 14611 server_base.cc:1061] running on GCE node
I20260710 11:00:47.534009 14611 hybrid_clock.cc:584] initializing the hybrid clock with 'system_unsync' time source
W20260710 11:00:47.534274 14611 system_unsync_time.cc:38] NTP support is disabled. Clock error bounds will not be accurate. This configuration is not suitable for distributed clusters.
I20260710 11:00:47.534441 14611 hybrid_clock.cc:648] HybridClock initialized: now 1783681247534409 us; error 0 us; skew 500 ppm
I20260710 11:00:47.534968 14611 server_base.cc:861] Flag tcmalloc_max_total_thread_cache_bytes is not working since tcmalloc is not enabled.
I20260710 11:00:47.537271 14611 webserver.cc:533] Webserver started at http://127.14.68.254:39005/ using document root <none> and password file <none>
I20260710 11:00:47.537788 14611 fs_manager.cc:362] Metadata directory not provided
I20260710 11:00:47.537973 14611 fs_manager.cc:368] Using write-ahead log directory (fs_wal_dir) as metadata directory
I20260710 11:00:47.538329 14611 server_base.cc:909] This appears to be a new deployment of Kudu; creating new FS layout
I20260710 11:00:47.539438 14611 fs_manager.cc:1068] Generated new instance metadata in path /tmp/dist-test-taskQBdOFp/test-tmp/auto_leader_rebalancer-test.0.LeaderRebalancerTest.AddTserver.1783681224316539-14611-0/minicluster-data/master-0-root/instance:
uuid: "89c253b3d54d40c5a2652f3fc08c3fdc"
format_stamp: "Formatted at 2026-07-10 11:00:47 on dist-test-slave-xwkk"
I20260710 11:00:47.543977 14611 fs_manager.cc:696] Time spent creating directory manager: real 0.004s	user 0.005s	sys 0.000s
I20260710 11:00:47.547258 15599 log_block_manager.cc:4127] Time spent loading block containers with low live blocks: real 0.000s	user 0.000s	sys 0.000s
I20260710 11:00:47.547969 14611 fs_manager.cc:730] Time spent opening block manager: real 0.002s	user 0.002s	sys 0.001s
I20260710 11:00:47.548277 14611 fs_manager.cc:647] Opened local filesystem: /tmp/dist-test-taskQBdOFp/test-tmp/auto_leader_rebalancer-test.0.LeaderRebalancerTest.AddTserver.1783681224316539-14611-0/minicluster-data/master-0-root
uuid: "89c253b3d54d40c5a2652f3fc08c3fdc"
format_stamp: "Formatted at 2026-07-10 11:00:47 on dist-test-slave-xwkk"
I20260710 11:00:47.548635 14611 fs_report.cc:389] FS layout report
--------------------
wal directory: /tmp/dist-test-taskQBdOFp/test-tmp/auto_leader_rebalancer-test.0.LeaderRebalancerTest.AddTserver.1783681224316539-14611-0/minicluster-data/master-0-root
metadata directory: /tmp/dist-test-taskQBdOFp/test-tmp/auto_leader_rebalancer-test.0.LeaderRebalancerTest.AddTserver.1783681224316539-14611-0/minicluster-data/master-0-root
1 data directories: /tmp/dist-test-taskQBdOFp/test-tmp/auto_leader_rebalancer-test.0.LeaderRebalancerTest.AddTserver.1783681224316539-14611-0/minicluster-data/master-0-root/data
Total live blocks: 0
Total live bytes: 0
Total live bytes (after alignment): 0
Total number of LBM containers: 0 (0 full)
Did not check for missing blocks
Did not check for orphaned blocks
Total full LBM containers with extra space: 0 (0 repaired)
Total full LBM container extra space in bytes: 0 (0 repaired)
Total incomplete LBM containers: 0 (0 repaired)
Total LBM partial records: 0 (0 repaired)
Total corrupted LBM metadata records in RocksDB: 0 (0 repaired)
I20260710 11:00:47.580574 14611 rpc_server.cc:225] running with OpenSSL 1.1.1  11 Sep 2018
I20260710 11:00:47.581844 14611 kserver.cc:163] Server-wide thread pool size limit: 3276
I20260710 11:00:47.619580 14611 rpc_server.cc:307] RPC server started. Bound to: 127.14.68.254:45939
I20260710 11:00:47.619675 15650 acceptor_pool.cc:272] collecting diagnostics on the listening RPC socket 127.14.68.254:45939 every 8 connection(s)
I20260710 11:00:47.623456 15651 data_dirs.cc:400] Could only allocate 1 dirs of requested 3 for tablet 00000000000000000000000000000000. 1 dirs total, 0 dirs full, 0 dirs failed
I20260710 11:00:47.632910 15651 tablet_bootstrap.cc:492] T 00000000000000000000000000000000 P 89c253b3d54d40c5a2652f3fc08c3fdc: Bootstrap starting.
I20260710 11:00:47.637503 15651 tablet_bootstrap.cc:654] T 00000000000000000000000000000000 P 89c253b3d54d40c5a2652f3fc08c3fdc: Neither blocks nor log segments found. Creating new log.
I20260710 11:00:47.641716 15651 tablet_bootstrap.cc:492] T 00000000000000000000000000000000 P 89c253b3d54d40c5a2652f3fc08c3fdc: No bootstrap required, opened a new log
I20260710 11:00:47.643813 15651 raft_consensus.cc:359] T 00000000000000000000000000000000 P 89c253b3d54d40c5a2652f3fc08c3fdc [term 0 FOLLOWER]: Replica starting. Triggering 0 pending ops. Active config: opid_index: -1 OBSOLETE_local: true peers { permanent_uuid: "89c253b3d54d40c5a2652f3fc08c3fdc" member_type: VOTER }
I20260710 11:00:47.644225 15651 raft_consensus.cc:385] T 00000000000000000000000000000000 P 89c253b3d54d40c5a2652f3fc08c3fdc [term 0 FOLLOWER]: Consensus starting up: Expiring failure detector timer to make a prompt election more likely
I20260710 11:00:47.644445 15651 raft_consensus.cc:740] T 00000000000000000000000000000000 P 89c253b3d54d40c5a2652f3fc08c3fdc [term 0 FOLLOWER]: Becoming Follower/Learner. State: Replica: 89c253b3d54d40c5a2652f3fc08c3fdc, State: Initialized, Role: FOLLOWER
I20260710 11:00:47.645027 15651 consensus_queue.cc:260] T 00000000000000000000000000000000 P 89c253b3d54d40c5a2652f3fc08c3fdc [NON_LEADER]: Queue going to NON_LEADER mode. State: All replicated index: 0, Majority replicated index: 0, Committed index: 0, Last appended: 0.0, Last appended by leader: 0, Current term: 0, Majority size: -1, State: 0, Mode: NON_LEADER, active raft config: opid_index: -1 OBSOLETE_local: true peers { permanent_uuid: "89c253b3d54d40c5a2652f3fc08c3fdc" member_type: VOTER }
I20260710 11:00:47.645474 15651 raft_consensus.cc:399] T 00000000000000000000000000000000 P 89c253b3d54d40c5a2652f3fc08c3fdc [term 0 FOLLOWER]: Only one voter in the Raft config. Triggering election immediately
I20260710 11:00:47.645696 15651 raft_consensus.cc:493] T 00000000000000000000000000000000 P 89c253b3d54d40c5a2652f3fc08c3fdc [term 0 FOLLOWER]: Starting leader election (initial election of a single-replica configuration)
I20260710 11:00:47.645965 15651 raft_consensus.cc:3060] T 00000000000000000000000000000000 P 89c253b3d54d40c5a2652f3fc08c3fdc [term 0 FOLLOWER]: Advancing to term 1
I20260710 11:00:47.650520 15651 raft_consensus.cc:515] T 00000000000000000000000000000000 P 89c253b3d54d40c5a2652f3fc08c3fdc [term 1 FOLLOWER]: Starting leader election with config: opid_index: -1 OBSOLETE_local: true peers { permanent_uuid: "89c253b3d54d40c5a2652f3fc08c3fdc" member_type: VOTER }
I20260710 11:00:47.651103 15651 leader_election.cc:304] T 00000000000000000000000000000000 P 89c253b3d54d40c5a2652f3fc08c3fdc [CANDIDATE]: Term 1 election: Election decided. Result: candidate won. Election summary: received 1 responses out of 1 voters: 1 yes votes; 0 no votes. yes voters: 89c253b3d54d40c5a2652f3fc08c3fdc; no voters: 
