I20260710 10:59:59.185869  1115 consensus_queue.cc:260] T 6cf455df96d14c62962c51e73df566b8 P 7d9db879f9444dcb8ee52a2a759e1776 [NON_LEADER]: Queue going to NON_LEADER mode. State: All replicated index: 0, Majority replicated index: 0, Committed index: 0, Last appended: 0.0, Last appended by leader: 0, Current term: 0, Majority size: -1, State: 0, Mode: NON_LEADER, active raft config: opid_index: -1 OBSOLETE_local: false peers { permanent_uuid: "7d9db879f9444dcb8ee52a2a759e1776" member_type: VOTER last_known_addr { host: "127.31.253.129" port: 41275 } } peers { permanent_uuid: "f48d4fc1c6294d98b8fb683c1bb3253c" member_type: VOTER last_known_addr { host: "127.31.253.130" port: 43197 } } peers { permanent_uuid: "4a624269dbc64d0582b522194d0fffac" member_type: VOTER last_known_addr { host: "127.31.253.131" port: 32819 } }
I20260710 10:59:59.186826  1123 raft_consensus.cc:3060] T 6cf455df96d14c62962c51e73df566b8 P 4a624269dbc64d0582b522194d0fffac [term 0 FOLLOWER]: Advancing to term 1
I20260710 10:59:59.189039   925 raft_consensus.cc:2468] T 34966b366ab648f5af69547f24abd6f2 P 7d9db879f9444dcb8ee52a2a759e1776 [term 1 FOLLOWER]: Leader election vote request: Granting yes vote for candidate f48d4fc1c6294d98b8fb683c1bb3253c in term 1.
I20260710 10:59:59.190611   966 leader_election.cc:304] T 34966b366ab648f5af69547f24abd6f2 P f48d4fc1c6294d98b8fb683c1bb3253c [CANDIDATE]: Term 1 election: Election decided. Result: candidate won. Election summary: received 2 responses out of 3 voters: 2 yes votes; 0 no votes. yes voters: 7d9db879f9444dcb8ee52a2a759e1776, f48d4fc1c6294d98b8fb683c1bb3253c; no voters: 
I20260710 10:59:59.191403  1120 raft_consensus.cc:493] T 6cf455df96d14c62962c51e73df566b8 P 7d9db879f9444dcb8ee52a2a759e1776 [term 0 FOLLOWER]: Starting pre-election (no leader contacted us within the election timeout)
I20260710 10:59:59.191709  1126 raft_consensus.cc:2804] T 34966b366ab648f5af69547f24abd6f2 P f48d4fc1c6294d98b8fb683c1bb3253c [term 1 FOLLOWER]: Leader election won for term 1
I20260710 10:59:59.192082  1120 raft_consensus.cc:515] T 6cf455df96d14c62962c51e73df566b8 P 7d9db879f9444dcb8ee52a2a759e1776 [term 0 FOLLOWER]: Starting pre-election with config: opid_index: -1 OBSOLETE_local: false peers { permanent_uuid: "7d9db879f9444dcb8ee52a2a759e1776" member_type: VOTER last_known_addr { host: "127.31.253.129" port: 41275 } } peers { permanent_uuid: "f48d4fc1c6294d98b8fb683c1bb3253c" member_type: VOTER last_known_addr { host: "127.31.253.130" port: 43197 } } peers { permanent_uuid: "4a624269dbc64d0582b522194d0fffac" member_type: VOTER last_known_addr { host: "127.31.253.131" port: 32819 } }
I20260710 10:59:59.195011  1115 ts_tablet_manager.cc:1434] T 6cf455df96d14c62962c51e73df566b8 P 7d9db879f9444dcb8ee52a2a759e1776: Time spent starting tablet: real 0.015s	user 0.002s	sys 0.005s
I20260710 10:59:59.197464  1115 tablet_bootstrap.cc:492] T c75e56cce58c448a9494d27da48eacd2 P 7d9db879f9444dcb8ee52a2a759e1776: Bootstrap starting.
I20260710 10:59:59.198949  1120 leader_election.cc:290] T 6cf455df96d14c62962c51e73df566b8 P 7d9db879f9444dcb8ee52a2a759e1776 [CANDIDATE]: Term 1 pre-election: Requested pre-vote from peers f48d4fc1c6294d98b8fb683c1bb3253c (127.31.253.130:43197), 4a624269dbc64d0582b522194d0fffac (127.31.253.131:32819)
I20260710 10:59:59.207451  1114 tablet_bootstrap.cc:492] T c83f903f07474af49bc0735c6f4bf57a P f48d4fc1c6294d98b8fb683c1bb3253c: No bootstrap required, opened a new log
I20260710 10:59:59.207959  1114 ts_tablet_manager.cc:1403] T c83f903f07474af49bc0735c6f4bf57a P f48d4fc1c6294d98b8fb683c1bb3253c: Time spent bootstrapping tablet: real 0.051s	user 0.021s	sys 0.004s
I20260710 10:59:59.205303  1123 raft_consensus.cc:515] T 6cf455df96d14c62962c51e73df566b8 P 4a624269dbc64d0582b522194d0fffac [term 1 FOLLOWER]: Starting leader election with config: opid_index: -1 OBSOLETE_local: false peers { permanent_uuid: "7d9db879f9444dcb8ee52a2a759e1776" member_type: VOTER last_known_addr { host: "127.31.253.129" port: 41275 } } peers { permanent_uuid: "f48d4fc1c6294d98b8fb683c1bb3253c" member_type: VOTER last_known_addr { host: "127.31.253.130" port: 43197 } } peers { permanent_uuid: "4a624269dbc64d0582b522194d0fffac" member_type: VOTER last_known_addr { host: "127.31.253.131" port: 32819 } }
I20260710 10:59:59.213454  1000 tablet_service.cc:1917] Received RequestConsensusVote() RPC: tablet_id: "6cf455df96d14c62962c51e73df566b8" candidate_uuid: "4a624269dbc64d0582b522194d0fffac" candidate_term: 1 candidate_status { last_received { term: 0 index: 0 } } ignore_live_leader: false dest_uuid: "f48d4fc1c6294d98b8fb683c1bb3253c"
I20260710 10:59:59.214149  1000 raft_consensus.cc:3060] T 6cf455df96d14c62962c51e73df566b8 P f48d4fc1c6294d98b8fb683c1bb3253c [term 0 FOLLOWER]: Advancing to term 1
I20260710 10:59:59.215696  1119 leader_election.cc:290] T 34966b366ab648f5af69547f24abd6f2 P f48d4fc1c6294d98b8fb683c1bb3253c [CANDIDATE]: Term 1 election: Requested vote from peers 7d9db879f9444dcb8ee52a2a759e1776 (127.31.253.129:41275), 4a624269dbc64d0582b522194d0fffac (127.31.253.131:32819)
I20260710 10:59:59.217411  1074 tablet_service.cc:1917] Received RequestConsensusVote() RPC: tablet_id: "34966b366ab648f5af69547f24abd6f2" candidate_uuid: "f48d4fc1c6294d98b8fb683c1bb3253c" candidate_term: 1 candidate_status { last_received { term: 0 index: 0 } } ignore_live_leader: false dest_uuid: "4a624269dbc64d0582b522194d0fffac"
I20260710 10:59:59.217518  1126 raft_consensus.cc:697] T 34966b366ab648f5af69547f24abd6f2 P f48d4fc1c6294d98b8fb683c1bb3253c [term 1 LEADER]: Becoming Leader. State: Replica: f48d4fc1c6294d98b8fb683c1bb3253c, State: Running, Role: LEADER
I20260710 10:59:59.213711  1115 tablet_bootstrap.cc:654] T c75e56cce58c448a9494d27da48eacd2 P 7d9db879f9444dcb8ee52a2a759e1776: Neither blocks nor log segments found. Creating new log.
I20260710 10:59:59.218894  1123 leader_election.cc:290] T 6cf455df96d14c62962c51e73df566b8 P 4a624269dbc64d0582b522194d0fffac [CANDIDATE]: Term 1 election: Requested vote from peers 7d9db879f9444dcb8ee52a2a759e1776 (127.31.253.129:41275), f48d4fc1c6294d98b8fb683c1bb3253c (127.31.253.130:43197)
W20260710 10:59:59.219226   965 leader_election.cc:343] T 34966b366ab648f5af69547f24abd6f2 P f48d4fc1c6294d98b8fb683c1bb3253c [CANDIDATE]: Term 1 election: Tablet error from VoteRequest() call to peer 4a624269dbc64d0582b522194d0fffac (127.31.253.131:32819): Illegal state: must be running to vote when last-logged opid is not known
W20260710 10:59:59.221788   871 auto_rebalancer.cc:288] Could not retrieve cluster info: Service unavailable: Tablet not running
I20260710 10:59:59.222359  1126 consensus_queue.cc:237] T 34966b366ab648f5af69547f24abd6f2 P f48d4fc1c6294d98b8fb683c1bb3253c [LEADER]: Queue going to LEADER mode. State: All replicated index: 0, Majority replicated index: 0, Committed index: 0, Last appended: 0.0, Last appended by leader: 0, Current term: 1, Majority size: 2, State: 0, Mode: LEADER, active raft config: opid_index: -1 OBSOLETE_local: false peers { permanent_uuid: "7d9db879f9444dcb8ee52a2a759e1776" member_type: VOTER last_known_addr { host: "127.31.253.129" port: 41275 } } peers { permanent_uuid: "f48d4fc1c6294d98b8fb683c1bb3253c" member_type: VOTER last_known_addr { host: "127.31.253.130" port: 43197 } } peers { permanent_uuid: "4a624269dbc64d0582b522194d0fffac" member_type: VOTER last_known_addr { host: "127.31.253.131" port: 32819 } }
I20260710 10:59:59.225867  1000 raft_consensus.cc:2468] T 6cf455df96d14c62962c51e73df566b8 P f48d4fc1c6294d98b8fb683c1bb3253c [term 1 FOLLOWER]: Leader election vote request: Granting yes vote for candidate 4a624269dbc64d0582b522194d0fffac in term 1.
I20260710 10:59:59.227732  1038 leader_election.cc:304] T 6cf455df96d14c62962c51e73df566b8 P 4a624269dbc64d0582b522194d0fffac [CANDIDATE]: Term 1 election: Election decided. Result: candidate won. Election summary: received 2 responses out of 3 voters: 2 yes votes; 0 no votes. yes voters: 4a624269dbc64d0582b522194d0fffac, f48d4fc1c6294d98b8fb683c1bb3253c; no voters: 
I20260710 10:59:59.229286  1123 raft_consensus.cc:2804] T 6cf455df96d14c62962c51e73df566b8 P 4a624269dbc64d0582b522194d0fffac [term 1 FOLLOWER]: Leader election won for term 1
I20260710 10:59:59.228462  1114 raft_consensus.cc:359] T c83f903f07474af49bc0735c6f4bf57a P f48d4fc1c6294d98b8fb683c1bb3253c [term 0 FOLLOWER]: Replica starting. Triggering 0 pending ops. Active config: opid_index: -1 OBSOLETE_local: false peers { permanent_uuid: "7d9db879f9444dcb8ee52a2a759e1776" member_type: VOTER last_known_addr { host: "127.31.253.129" port: 41275 } } peers { permanent_uuid: "f48d4fc1c6294d98b8fb683c1bb3253c" member_type: VOTER last_known_addr { host: "127.31.253.130" port: 43197 } } peers { permanent_uuid: "4a624269dbc64d0582b522194d0fffac" member_type: VOTER last_known_addr { host: "127.31.253.131" port: 32819 } }
I20260710 10:59:59.232200   925 tablet_service.cc:1917] Received RequestConsensusVote() RPC: tablet_id: "6cf455df96d14c62962c51e73df566b8" candidate_uuid: "4a624269dbc64d0582b522194d0fffac" candidate_term: 1 candidate_status { last_received { term: 0 index: 0 } } ignore_live_leader: false dest_uuid: "7d9db879f9444dcb8ee52a2a759e1776"
I20260710 10:59:59.233233  1114 raft_consensus.cc:385] T c83f903f07474af49bc0735c6f4bf57a P f48d4fc1c6294d98b8fb683c1bb3253c [term 0 FOLLOWER]: Consensus starting up: Expiring failure detector timer to make a prompt election more likely
I20260710 10:59:59.241389  1114 raft_consensus.cc:740] T c83f903f07474af49bc0735c6f4bf57a P f48d4fc1c6294d98b8fb683c1bb3253c [term 0 FOLLOWER]: Becoming Follower/Learner. State: Replica: f48d4fc1c6294d98b8fb683c1bb3253c, State: Initialized, Role: FOLLOWER
I20260710 10:59:59.241492   925 raft_consensus.cc:3060] T 6cf455df96d14c62962c51e73df566b8 P 7d9db879f9444dcb8ee52a2a759e1776 [term 0 FOLLOWER]: Advancing to term 1
I20260710 10:59:59.245736  1114 consensus_queue.cc:260] T c83f903f07474af49bc0735c6f4bf57a P f48d4fc1c6294d98b8fb683c1bb3253c [NON_LEADER]: Queue going to NON_LEADER mode. State: All replicated index: 0, Majority replicated index: 0, Committed index: 0, Last appended: 0.0, Last appended by leader: 0, Current term: 0, Majority size: -1, State: 0, Mode: NON_LEADER, active raft config: opid_index: -1 OBSOLETE_local: false peers { permanent_uuid: "7d9db879f9444dcb8ee52a2a759e1776" member_type: VOTER last_known_addr { host: "127.31.253.129" port: 41275 } } peers { permanent_uuid: "f48d4fc1c6294d98b8fb683c1bb3253c" member_type: VOTER last_known_addr { host: "127.31.253.130" port: 43197 } } peers { permanent_uuid: "4a624269dbc64d0582b522194d0fffac" member_type: VOTER last_known_addr { host: "127.31.253.131" port: 32819 } }
I20260710 10:59:59.248898  1114 ts_tablet_manager.cc:1434] T c83f903f07474af49bc0735c6f4bf57a P f48d4fc1c6294d98b8fb683c1bb3253c: Time spent starting tablet: real 0.041s	user 0.009s	sys 0.000s
I20260710 10:59:59.248713   822 catalog_manager.cc:5697] T 34966b366ab648f5af69547f24abd6f2 P f48d4fc1c6294d98b8fb683c1bb3253c reported cstate change: term changed from 0 to 1, leader changed from <none> to f48d4fc1c6294d98b8fb683c1bb3253c (127.31.253.130). New cstate: current_term: 1 leader_uuid: "f48d4fc1c6294d98b8fb683c1bb3253c" committed_config { opid_index: -1 OBSOLETE_local: false peers { permanent_uuid: "7d9db879f9444dcb8ee52a2a759e1776" member_type: VOTER last_known_addr { host: "127.31.253.129" port: 41275 } health_report { overall_health: UNKNOWN } } peers { permanent_uuid: "f48d4fc1c6294d98b8fb683c1bb3253c" member_type: VOTER last_known_addr { host: "127.31.253.130" port: 43197 } health_report { overall_health: HEALTHY } } peers { permanent_uuid: "4a624269dbc64d0582b522194d0fffac" member_type: VOTER last_known_addr { host: "127.31.253.131" port: 32819 } health_report { overall_health: UNKNOWN } } }
I20260710 10:59:59.250150  1114 tablet_bootstrap.cc:492] T c75e56cce58c448a9494d27da48eacd2 P f48d4fc1c6294d98b8fb683c1bb3253c: Bootstrap starting.
I20260710 10:59:59.257247  1114 tablet_bootstrap.cc:654] T c75e56cce58c448a9494d27da48eacd2 P f48d4fc1c6294d98b8fb683c1bb3253c: Neither blocks nor log segments found. Creating new log.
I20260710 10:59:59.257303  1116 tablet_bootstrap.cc:492] T 59e46a4650404c289345fcb85947c9ac P 4a624269dbc64d0582b522194d0fffac: No bootstrap required, opened a new log
I20260710 10:59:59.258960  1123 raft_consensus.cc:697] T 6cf455df96d14c62962c51e73df566b8 P 4a624269dbc64d0582b522194d0fffac [term 1 LEADER]: Becoming Leader. State: Replica: 4a624269dbc64d0582b522194d0fffac, State: Running, Role: LEADER
I20260710 10:59:59.260802  1116 ts_tablet_manager.cc:1403] T 59e46a4650404c289345fcb85947c9ac P 4a624269dbc64d0582b522194d0fffac: Time spent bootstrapping tablet: real 0.132s	user 0.018s	sys 0.021s
I20260710 10:59:59.261106  1123 consensus_queue.cc:237] T 6cf455df96d14c62962c51e73df566b8 P 4a624269dbc64d0582b522194d0fffac [LEADER]: Queue going to LEADER mode. State: All replicated index: 0, Majority replicated index: 0, Committed index: 0, Last appended: 0.0, Last appended by leader: 0, Current term: 1, Majority size: 2, State: 0, Mode: LEADER, active raft config: opid_index: -1 OBSOLETE_local: false peers { permanent_uuid: "7d9db879f9444dcb8ee52a2a759e1776" member_type: VOTER last_known_addr { host: "127.31.253.129" port: 41275 } } peers { permanent_uuid: "f48d4fc1c6294d98b8fb683c1bb3253c" member_type: VOTER last_known_addr { host: "127.31.253.130" port: 43197 } } peers { permanent_uuid: "4a624269dbc64d0582b522194d0fffac" member_type: VOTER last_known_addr { host: "127.31.253.131" port: 32819 } }
I20260710 10:59:59.259485  1141 raft_consensus.cc:493] T c83f903f07474af49bc0735c6f4bf57a P 4a624269dbc64d0582b522194d0fffac [term 0 FOLLOWER]: Starting pre-election (no leader contacted us within the election timeout)
I20260710 10:59:59.262866   925 raft_consensus.cc:2468] T 6cf455df96d14c62962c51e73df566b8 P 7d9db879f9444dcb8ee52a2a759e1776 [term 1 FOLLOWER]: Leader election vote request: Granting yes vote for candidate 4a624269dbc64d0582b522194d0fffac in term 1.
I20260710 10:59:59.268035  1116 raft_consensus.cc:359] T 59e46a4650404c289345fcb85947c9ac P 4a624269dbc64d0582b522194d0fffac [term 0 FOLLOWER]: Replica starting. Triggering 0 pending ops. Active config: opid_index: -1 OBSOLETE_local: false peers { permanent_uuid: "7d9db879f9444dcb8ee52a2a759e1776" member_type: VOTER last_known_addr { host: "127.31.253.129" port: 41275 } } peers { permanent_uuid: "f48d4fc1c6294d98b8fb683c1bb3253c" member_type: VOTER last_known_addr { host: "127.31.253.130" port: 43197 } } peers { permanent_uuid: "4a624269dbc64d0582b522194d0fffac" member_type: VOTER last_known_addr { host: "127.31.253.131" port: 32819 } }
I20260710 10:59:59.272821  1116 raft_consensus.cc:385] T 59e46a4650404c289345fcb85947c9ac P 4a624269dbc64d0582b522194d0fffac [term 0 FOLLOWER]: Consensus starting up: Expiring failure detector timer to make a prompt election more likely
I20260710 10:59:59.265223  1141 raft_consensus.cc:515] T c83f903f07474af49bc0735c6f4bf57a P 4a624269dbc64d0582b522194d0fffac [term 0 FOLLOWER]: Starting pre-election with config: opid_index: -1 OBSOLETE_local: false peers { permanent_uuid: "7d9db879f9444dcb8ee52a2a759e1776" member_type: VOTER last_known_addr { host: "127.31.253.129" port: 41275 } } peers { permanent_uuid: "f48d4fc1c6294d98b8fb683c1bb3253c" member_type: VOTER last_known_addr { host: "127.31.253.130" port: 43197 } } peers { permanent_uuid: "4a624269dbc64d0582b522194d0fffac" member_type: VOTER last_known_addr { host: "127.31.253.131" port: 32819 } }
I20260710 10:59:59.273368  1116 raft_consensus.cc:740] T 59e46a4650404c289345fcb85947c9ac P 4a624269dbc64d0582b522194d0fffac [term 0 FOLLOWER]: Becoming Follower/Learner. State: Replica: 4a624269dbc64d0582b522194d0fffac, State: Initialized, Role: FOLLOWER
I20260710 10:59:59.281734  1000 tablet_service.cc:1917] Received RequestConsensusVote() RPC: tablet_id: "c83f903f07474af49bc0735c6f4bf57a" candidate_uuid: "4a624269dbc64d0582b522194d0fffac" candidate_term: 1 candidate_status { last_received { term: 0 index: 0 } } ignore_live_leader: false dest_uuid: "f48d4fc1c6294d98b8fb683c1bb3253c" is_pre_election: true
I20260710 10:59:59.282404  1141 leader_election.cc:290] T c83f903f07474af49bc0735c6f4bf57a P 4a624269dbc64d0582b522194d0fffac [CANDIDATE]: Term 1 pre-election: Requested pre-vote from peers 7d9db879f9444dcb8ee52a2a759e1776 (127.31.253.129:41275), f48d4fc1c6294d98b8fb683c1bb3253c (127.31.253.130:43197)
I20260710 10:59:59.282459   925 tablet_service.cc:1917] Received RequestConsensusVote() RPC: tablet_id: "c83f903f07474af49bc0735c6f4bf57a" candidate_uuid: "4a624269dbc64d0582b522194d0fffac" candidate_term: 1 candidate_status { last_received { term: 0 index: 0 } } ignore_live_leader: false dest_uuid: "7d9db879f9444dcb8ee52a2a759e1776" is_pre_election: true
I20260710 10:59:59.282629  1000 raft_consensus.cc:2468] T c83f903f07474af49bc0735c6f4bf57a P f48d4fc1c6294d98b8fb683c1bb3253c [term 0 FOLLOWER]: Leader pre-election vote request: Granting yes vote for candidate 4a624269dbc64d0582b522194d0fffac in term 0.
I20260710 10:59:59.283360  1116 consensus_queue.cc:260] T 59e46a4650404c289345fcb85947c9ac P 4a624269dbc64d0582b522194d0fffac [NON_LEADER]: Queue going to NON_LEADER mode. State: All replicated index: 0, Majority replicated index: 0, Committed index: 0, Last appended: 0.0, Last appended by leader: 0, Current term: 0, Majority size: -1, State: 0, Mode: NON_LEADER, active raft config: opid_index: -1 OBSOLETE_local: false peers { permanent_uuid: "7d9db879f9444dcb8ee52a2a759e1776" member_type: VOTER last_known_addr { host: "127.31.253.129" port: 41275 } } peers { permanent_uuid: "f48d4fc1c6294d98b8fb683c1bb3253c" member_type: VOTER last_known_addr { host: "127.31.253.130" port: 43197 } } peers { permanent_uuid: "4a624269dbc64d0582b522194d0fffac" member_type: VOTER last_known_addr { host: "127.31.253.131" port: 32819 } }
W20260710 10:59:59.284252  1040 leader_election.cc:343] T c83f903f07474af49bc0735c6f4bf57a P 4a624269dbc64d0582b522194d0fffac [CANDIDATE]: Term 1 pre-election: Tablet error from VoteRequest() call to peer 7d9db879f9444dcb8ee52a2a759e1776 (127.31.253.129:41275): Illegal state: must be running to vote when last-logged opid is not known
I20260710 10:59:59.287739  1038 leader_election.cc:304] T c83f903f07474af49bc0735c6f4bf57a P 4a624269dbc64d0582b522194d0fffac [CANDIDATE]: Term 1 pre-election: Election decided. Result: candidate won. Election summary: received 3 responses out of 3 voters: 2 yes votes; 1 no votes. yes voters: 4a624269dbc64d0582b522194d0fffac, f48d4fc1c6294d98b8fb683c1bb3253c; no voters: 7d9db879f9444dcb8ee52a2a759e1776
I20260710 10:59:59.289790  1116 ts_tablet_manager.cc:1434] T 59e46a4650404c289345fcb85947c9ac P 4a624269dbc64d0582b522194d0fffac: Time spent starting tablet: real 0.029s	user 0.006s	sys 0.001s
I20260710 10:59:59.290901  1116 tablet_bootstrap.cc:492] T 4a42f8037fc24e00abe65bcde41e3fdc P 4a624269dbc64d0582b522194d0fffac: Bootstrap starting.
I20260710 10:59:59.291523  1143 raft_consensus.cc:2804] T c83f903f07474af49bc0735c6f4bf57a P 4a624269dbc64d0582b522194d0fffac [term 0 FOLLOWER]: Leader pre-election won for term 1
I20260710 10:59:59.291904  1143 raft_consensus.cc:493] T c83f903f07474af49bc0735c6f4bf57a P 4a624269dbc64d0582b522194d0fffac [term 0 FOLLOWER]: Starting leader election (no leader contacted us within the election timeout)
I20260710 10:59:59.292263  1143 raft_consensus.cc:3060] T c83f903f07474af49bc0735c6f4bf57a P 4a624269dbc64d0582b522194d0fffac [term 0 FOLLOWER]: Advancing to term 1
I20260710 10:59:59.296525  1000 tablet_service.cc:1917] Received RequestConsensusVote() RPC: tablet_id: "6cf455df96d14c62962c51e73df566b8" candidate_uuid: "7d9db879f9444dcb8ee52a2a759e1776" candidate_term: 1 candidate_status { last_received { term: 0 index: 0 } } ignore_live_leader: false dest_uuid: "f48d4fc1c6294d98b8fb683c1bb3253c" is_pre_election: true
I20260710 10:59:59.297395  1000 raft_consensus.cc:2393] T 6cf455df96d14c62962c51e73df566b8 P f48d4fc1c6294d98b8fb683c1bb3253c [term 1 FOLLOWER]: Leader pre-election vote request: Denying vote to candidate 7d9db879f9444dcb8ee52a2a759e1776 in current term 1: Already voted for candidate 4a624269dbc64d0582b522194d0fffac in this term.
I20260710 10:59:59.297930  1116 tablet_bootstrap.cc:654] T 4a42f8037fc24e00abe65bcde41e3fdc P 4a624269dbc64d0582b522194d0fffac: Neither blocks nor log segments found. Creating new log.
I20260710 10:59:59.302184  1115 tablet_bootstrap.cc:492] T c75e56cce58c448a9494d27da48eacd2 P 7d9db879f9444dcb8ee52a2a759e1776: No bootstrap required, opened a new log
I20260710 10:59:59.302896  1115 ts_tablet_manager.cc:1403] T c75e56cce58c448a9494d27da48eacd2 P 7d9db879f9444dcb8ee52a2a759e1776: Time spent bootstrapping tablet: real 0.106s	user 0.015s	sys 0.007s
I20260710 10:59:59.303943  1074 tablet_service.cc:1917] Received RequestConsensusVote() RPC: tablet_id: "6cf455df96d14c62962c51e73df566b8" candidate_uuid: "7d9db879f9444dcb8ee52a2a759e1776" candidate_term: 1 candidate_status { last_received { term: 0 index: 0 } } ignore_live_leader: false dest_uuid: "4a624269dbc64d0582b522194d0fffac" is_pre_election: true
I20260710 10:59:59.305416  1143 raft_consensus.cc:515] T c83f903f07474af49bc0735c6f4bf57a P 4a624269dbc64d0582b522194d0fffac [term 1 FOLLOWER]: Starting leader election with config: opid_index: -1 OBSOLETE_local: false peers { permanent_uuid: "7d9db879f9444dcb8ee52a2a759e1776" member_type: VOTER last_known_addr { host: "127.31.253.129" port: 41275 } } peers { permanent_uuid: "f48d4fc1c6294d98b8fb683c1bb3253c" member_type: VOTER last_known_addr { host: "127.31.253.130" port: 43197 } } peers { permanent_uuid: "4a624269dbc64d0582b522194d0fffac" member_type: VOTER last_known_addr { host: "127.31.253.131" port: 32819 } }
I20260710 10:59:59.306931  1115 raft_consensus.cc:359] T c75e56cce58c448a9494d27da48eacd2 P 7d9db879f9444dcb8ee52a2a759e1776 [term 0 FOLLOWER]: Replica starting. Triggering 0 pending ops. Active config: opid_index: -1 OBSOLETE_local: false peers { permanent_uuid: "7d9db879f9444dcb8ee52a2a759e1776" member_type: VOTER last_known_addr { host: "127.31.253.129" port: 41275 } } peers { permanent_uuid: "f48d4fc1c6294d98b8fb683c1bb3253c" member_type: VOTER last_known_addr { host: "127.31.253.130" port: 43197 } } peers { permanent_uuid: "4a624269dbc64d0582b522194d0fffac" member_type: VOTER last_known_addr { host: "127.31.253.131" port: 32819 } }
I20260710 10:59:59.308243   890 leader_election.cc:304] T 6cf455df96d14c62962c51e73df566b8 P 7d9db879f9444dcb8ee52a2a759e1776 [CANDIDATE]: Term 1 pre-election: Election decided. Result: candidate lost. Election summary: received 3 responses out of 3 voters: 1 yes votes; 2 no votes. yes voters: 7d9db879f9444dcb8ee52a2a759e1776; no voters: 4a624269dbc64d0582b522194d0fffac, f48d4fc1c6294d98b8fb683c1bb3253c
I20260710 10:59:59.309006   925 tablet_service.cc:1917] Received RequestConsensusVote() RPC: tablet_id: "c83f903f07474af49bc0735c6f4bf57a" candidate_uuid: "4a624269dbc64d0582b522194d0fffac" candidate_term: 1 candidate_status { last_received { term: 0 index: 0 } } ignore_live_leader: false dest_uuid: "7d9db879f9444dcb8ee52a2a759e1776"
I20260710 10:59:59.309803  1137 raft_consensus.cc:2749] T 6cf455df96d14c62962c51e73df566b8 P 7d9db879f9444dcb8ee52a2a759e1776 [term 1 FOLLOWER]: Leader pre-election lost for term 1. Reason: could not achieve majority
W20260710 10:59:59.311015  1040 leader_election.cc:343] T c83f903f07474af49bc0735c6f4bf57a P 4a624269dbc64d0582b522194d0fffac [CANDIDATE]: Term 1 election: Tablet error from VoteRequest() call to peer 7d9db879f9444dcb8ee52a2a759e1776 (127.31.253.129:41275): Illegal state: must be running to vote when last-logged opid is not known
I20260710 10:59:59.310549   822 catalog_manager.cc:5697] T 6cf455df96d14c62962c51e73df566b8 P 4a624269dbc64d0582b522194d0fffac reported cstate change: term changed from 0 to 1, leader changed from <none> to 4a624269dbc64d0582b522194d0fffac (127.31.253.131). New cstate: current_term: 1 leader_uuid: "4a624269dbc64d0582b522194d0fffac" committed_config { opid_index: -1 OBSOLETE_local: false peers { permanent_uuid: "7d9db879f9444dcb8ee52a2a759e1776" member_type: VOTER last_known_addr { host: "127.31.253.129" port: 41275 } health_report { overall_health: UNKNOWN } } peers { permanent_uuid: "f48d4fc1c6294d98b8fb683c1bb3253c" member_type: VOTER last_known_addr { host: "127.31.253.130" port: 43197 } health_report { overall_health: UNKNOWN } } peers { permanent_uuid: "4a624269dbc64d0582b522194d0fffac" member_type: VOTER last_known_addr { host: "127.31.253.131" port: 32819 } health_report { overall_health: HEALTHY } } }
I20260710 10:59:59.311474  1114 tablet_bootstrap.cc:492] T c75e56cce58c448a9494d27da48eacd2 P f48d4fc1c6294d98b8fb683c1bb3253c: No bootstrap required, opened a new log
I20260710 10:59:59.308419  1000 tablet_service.cc:1917] Received RequestConsensusVote() RPC: tablet_id: "c83f903f07474af49bc0735c6f4bf57a" candidate_uuid: "4a624269dbc64d0582b522194d0fffac" candidate_term: 1 candidate_status { last_received { term: 0 index: 0 } } ignore_live_leader: false dest_uuid: "f48d4fc1c6294d98b8fb683c1bb3253c"
I20260710 10:59:59.311967  1114 ts_tablet_manager.cc:1403] T c75e56cce58c448a9494d27da48eacd2 P f48d4fc1c6294d98b8fb683c1bb3253c: Time spent bootstrapping tablet: real 0.062s	user 0.027s	sys 0.017s
I20260710 10:59:59.312184  1000 raft_consensus.cc:3060] T c83f903f07474af49bc0735c6f4bf57a P f48d4fc1c6294d98b8fb683c1bb3253c [term 0 FOLLOWER]: Advancing to term 1
I20260710 10:59:59.314440  1114 raft_consensus.cc:359] T c75e56cce58c448a9494d27da48eacd2 P f48d4fc1c6294d98b8fb683c1bb3253c [term 0 FOLLOWER]: Replica starting. Triggering 0 pending ops. Active config: opid_index: -1 OBSOLETE_local: false peers { permanent_uuid: "7d9db879f9444dcb8ee52a2a759e1776" member_type: VOTER last_known_addr { host: "127.31.253.129" port: 41275 } } peers { permanent_uuid: "f48d4fc1c6294d98b8fb683c1bb3253c" member_type: VOTER last_known_addr { host: "127.31.253.130" port: 43197 } } peers { permanent_uuid: "4a624269dbc64d0582b522194d0fffac" member_type: VOTER last_known_addr { host: "127.31.253.131" port: 32819 } }
I20260710 10:59:59.314899  1143 leader_election.cc:290] T c83f903f07474af49bc0735c6f4bf57a P 4a624269dbc64d0582b522194d0fffac [CANDIDATE]: Term 1 election: Requested vote from peers 7d9db879f9444dcb8ee52a2a759e1776 (127.31.253.129:41275), f48d4fc1c6294d98b8fb683c1bb3253c (127.31.253.130:43197)
I20260710 10:59:59.315205  1114 raft_consensus.cc:385] T c75e56cce58c448a9494d27da48eacd2 P f48d4fc1c6294d98b8fb683c1bb3253c [term 0 FOLLOWER]: Consensus starting up: Expiring failure detector timer to make a prompt election more likely
I20260710 10:59:59.315517  1114 raft_consensus.cc:740] T c75e56cce58c448a9494d27da48eacd2 P f48d4fc1c6294d98b8fb683c1bb3253c [term 0 FOLLOWER]: Becoming Follower/Learner. State: Replica: f48d4fc1c6294d98b8fb683c1bb3253c, State: Initialized, Role: FOLLOWER
I20260710 10:59:59.316259  1114 consensus_queue.cc:260] T c75e56cce58c448a9494d27da48eacd2 P f48d4fc1c6294d98b8fb683c1bb3253c [NON_LEADER]: Queue going to NON_LEADER mode. State: All replicated index: 0, Majority replicated index: 0, Committed index: 0, Last appended: 0.0, Last appended by leader: 0, Current term: 0, Majority size: -1, State: 0, Mode: NON_LEADER, active raft config: opid_index: -1 OBSOLETE_local: false peers { permanent_uuid: "7d9db879f9444dcb8ee52a2a759e1776" member_type: VOTER last_known_addr { host: "127.31.253.129" port: 41275 } } peers { permanent_uuid: "f48d4fc1c6294d98b8fb683c1bb3253c" member_type: VOTER last_known_addr { host: "127.31.253.130" port: 43197 } } peers { permanent_uuid: "4a624269dbc64d0582b522194d0fffac" member_type: VOTER last_known_addr { host: "127.31.253.131" port: 32819 } }
I20260710 10:59:59.318504  1114 ts_tablet_manager.cc:1434] T c75e56cce58c448a9494d27da48eacd2 P f48d4fc1c6294d98b8fb683c1bb3253c: Time spent starting tablet: real 0.006s	user 0.007s	sys 0.000s
I20260710 10:59:59.318953  1115 raft_consensus.cc:385] T c75e56cce58c448a9494d27da48eacd2 P 7d9db879f9444dcb8ee52a2a759e1776 [term 0 FOLLOWER]: Consensus starting up: Expiring failure detector timer to make a prompt election more likely
I20260710 10:59:59.319280  1115 raft_consensus.cc:740] T c75e56cce58c448a9494d27da48eacd2 P 7d9db879f9444dcb8ee52a2a759e1776 [term 0 FOLLOWER]: Becoming Follower/Learner. State: Replica: 7d9db879f9444dcb8ee52a2a759e1776, State: Initialized, Role: FOLLOWER
I20260710 10:59:59.319667  1114 tablet_bootstrap.cc:492] T 4a42f8037fc24e00abe65bcde41e3fdc P f48d4fc1c6294d98b8fb683c1bb3253c: Bootstrap starting.
I20260710 10:59:59.320014  1115 consensus_queue.cc:260] T c75e56cce58c448a9494d27da48eacd2 P 7d9db879f9444dcb8ee52a2a759e1776 [NON_LEADER]: Queue going to NON_LEADER mode. State: All replicated index: 0, Majority replicated index: 0, Committed index: 0, Last appended: 0.0, Last appended by leader: 0, Current term: 0, Majority size: -1, State: 0, Mode: NON_LEADER, active raft config: opid_index: -1 OBSOLETE_local: false peers { permanent_uuid: "7d9db879f9444dcb8ee52a2a759e1776" member_type: VOTER last_known_addr { host: "127.31.253.129" port: 41275 } } peers { permanent_uuid: "f48d4fc1c6294d98b8fb683c1bb3253c" member_type: VOTER last_known_addr { host: "127.31.253.130" port: 43197 } } peers { permanent_uuid: "4a624269dbc64d0582b522194d0fffac" member_type: VOTER last_known_addr { host: "127.31.253.131" port: 32819 } }
I20260710 10:59:59.320897  1000 raft_consensus.cc:2468] T c83f903f07474af49bc0735c6f4bf57a P f48d4fc1c6294d98b8fb683c1bb3253c [term 1 FOLLOWER]: Leader election vote request: Granting yes vote for candidate 4a624269dbc64d0582b522194d0fffac in term 1.
I20260710 10:59:59.322300  1115 ts_tablet_manager.cc:1434] T c75e56cce58c448a9494d27da48eacd2 P 7d9db879f9444dcb8ee52a2a759e1776: Time spent starting tablet: real 0.019s	user 0.004s	sys 0.000s
I20260710 10:59:59.323997  1038 leader_election.cc:304] T c83f903f07474af49bc0735c6f4bf57a P 4a624269dbc64d0582b522194d0fffac [CANDIDATE]: Term 1 election: Election decided. Result: candidate won. Election summary: received 3 responses out of 3 voters: 2 yes votes; 1 no votes. yes voters: 4a624269dbc64d0582b522194d0fffac, f48d4fc1c6294d98b8fb683c1bb3253c; no voters: 7d9db879f9444dcb8ee52a2a759e1776
I20260710 10:59:59.324759  1115 tablet_bootstrap.cc:492] T 4a42f8037fc24e00abe65bcde41e3fdc P 7d9db879f9444dcb8ee52a2a759e1776: Bootstrap starting.
I20260710 10:59:59.325582  1116 tablet_bootstrap.cc:492] T 4a42f8037fc24e00abe65bcde41e3fdc P 4a624269dbc64d0582b522194d0fffac: No bootstrap required, opened a new log
I20260710 10:59:59.326066  1116 ts_tablet_manager.cc:1403] T 4a42f8037fc24e00abe65bcde41e3fdc P 4a624269dbc64d0582b522194d0fffac: Time spent bootstrapping tablet: real 0.035s	user 0.010s	sys 0.007s
I20260710 10:59:59.328851  1143 raft_consensus.cc:2804] T c83f903f07474af49bc0735c6f4bf57a P 4a624269dbc64d0582b522194d0fffac [term 1 FOLLOWER]: Leader election won for term 1
I20260710 10:59:59.329532  1143 raft_consensus.cc:697] T c83f903f07474af49bc0735c6f4bf57a P 4a624269dbc64d0582b522194d0fffac [term 1 LEADER]: Becoming Leader. State: Replica: 4a624269dbc64d0582b522194d0fffac, State: Running, Role: LEADER
I20260710 10:59:59.329288  1116 raft_consensus.cc:359] T 4a42f8037fc24e00abe65bcde41e3fdc P 4a624269dbc64d0582b522194d0fffac [term 0 FOLLOWER]: Replica starting. Triggering 0 pending ops. Active config: opid_index: -1 OBSOLETE_local: false peers { permanent_uuid: "7d9db879f9444dcb8ee52a2a759e1776" member_type: VOTER last_known_addr { host: "127.31.253.129" port: 41275 } } peers { permanent_uuid: "f48d4fc1c6294d98b8fb683c1bb3253c" member_type: VOTER last_known_addr { host: "127.31.253.130" port: 43197 } } peers { permanent_uuid: "4a624269dbc64d0582b522194d0fffac" member_type: VOTER last_known_addr { host: "127.31.253.131" port: 32819 } }
I20260710 10:59:59.330106  1116 raft_consensus.cc:385] T 4a42f8037fc24e00abe65bcde41e3fdc P 4a624269dbc64d0582b522194d0fffac [term 0 FOLLOWER]: Consensus starting up: Expiring failure detector timer to make a prompt election more likely
I20260710 10:59:59.330439  1116 raft_consensus.cc:740] T 4a42f8037fc24e00abe65bcde41e3fdc P 4a624269dbc64d0582b522194d0fffac [term 0 FOLLOWER]: Becoming Follower/Learner. State: Replica: 4a624269dbc64d0582b522194d0fffac, State: Initialized, Role: FOLLOWER
I20260710 10:59:59.331579  1115 tablet_bootstrap.cc:654] T 4a42f8037fc24e00abe65bcde41e3fdc P 7d9db879f9444dcb8ee52a2a759e1776: Neither blocks nor log segments found. Creating new log.
I20260710 10:59:59.331899  1116 consensus_queue.cc:260] T 4a42f8037fc24e00abe65bcde41e3fdc P 4a624269dbc64d0582b522194d0fffac [NON_LEADER]: Queue going to NON_LEADER mode. State: All replicated index: 0, Majority replicated index: 0, Committed index: 0, Last appended: 0.0, Last appended by leader: 0, Current term: 0, Majority size: -1, State: 0, Mode: NON_LEADER, active raft config: opid_index: -1 OBSOLETE_local: false peers { permanent_uuid: "7d9db879f9444dcb8ee52a2a759e1776" member_type: VOTER last_known_addr { host: "127.31.253.129" port: 41275 } } peers { permanent_uuid: "f48d4fc1c6294d98b8fb683c1bb3253c" member_type: VOTER last_known_addr { host: "127.31.253.130" port: 43197 } } peers { permanent_uuid: "4a624269dbc64d0582b522194d0fffac" member_type: VOTER last_known_addr { host: "127.31.253.131" port: 32819 } }
I20260710 10:59:59.334731  1116 ts_tablet_manager.cc:1434] T 4a42f8037fc24e00abe65bcde41e3fdc P 4a624269dbc64d0582b522194d0fffac: Time spent starting tablet: real 0.008s	user 0.005s	sys 0.004s
I20260710 10:59:59.335804  1116 tablet_bootstrap.cc:492] T fc2c09f8d25346ae819f23d8cdde5d97 P 4a624269dbc64d0582b522194d0fffac: Bootstrap starting.
I20260710 10:59:59.336799  1114 tablet_bootstrap.cc:654] T 4a42f8037fc24e00abe65bcde41e3fdc P f48d4fc1c6294d98b8fb683c1bb3253c: Neither blocks nor log segments found. Creating new log.
I20260710 10:59:59.330392  1143 consensus_queue.cc:237] T c83f903f07474af49bc0735c6f4bf57a P 4a624269dbc64d0582b522194d0fffac [LEADER]: Queue going to LEADER mode. State: All replicated index: 0, Majority replicated index: 0, Committed index: 0, Last appended: 0.0, Last appended by leader: 0, Current term: 1, Majority size: 2, State: 0, Mode: LEADER, active raft config: opid_index: -1 OBSOLETE_local: false peers { permanent_uuid: "7d9db879f9444dcb8ee52a2a759e1776" member_type: VOTER last_known_addr { host: "127.31.253.129" port: 41275 } } peers { permanent_uuid: "f48d4fc1c6294d98b8fb683c1bb3253c" member_type: VOTER last_known_addr { host: "127.31.253.130" port: 43197 } } peers { permanent_uuid: "4a624269dbc64d0582b522194d0fffac" member_type: VOTER last_known_addr { host: "127.31.253.131" port: 32819 } }
I20260710 10:59:59.344094  1116 tablet_bootstrap.cc:654] T fc2c09f8d25346ae819f23d8cdde5d97 P 4a624269dbc64d0582b522194d0fffac: Neither blocks nor log segments found. Creating new log.
I20260710 10:59:59.346554  1126 raft_consensus.cc:493] T c75e56cce58c448a9494d27da48eacd2 P f48d4fc1c6294d98b8fb683c1bb3253c [term 0 FOLLOWER]: Starting pre-election (no leader contacted us within the election timeout)
I20260710 10:59:59.347082  1126 raft_consensus.cc:515] T c75e56cce58c448a9494d27da48eacd2 P f48d4fc1c6294d98b8fb683c1bb3253c [term 0 FOLLOWER]: Starting pre-election with config: opid_index: -1 OBSOLETE_local: false peers { permanent_uuid: "7d9db879f9444dcb8ee52a2a759e1776" member_type: VOTER last_known_addr { host: "127.31.253.129" port: 41275 } } peers { permanent_uuid: "f48d4fc1c6294d98b8fb683c1bb3253c" member_type: VOTER last_known_addr { host: "127.31.253.130" port: 43197 } } peers { permanent_uuid: "4a624269dbc64d0582b522194d0fffac" member_type: VOTER last_known_addr { host: "127.31.253.131" port: 32819 } }
I20260710 10:59:59.349193  1126 leader_election.cc:290] T c75e56cce58c448a9494d27da48eacd2 P f48d4fc1c6294d98b8fb683c1bb3253c [CANDIDATE]: Term 1 pre-election: Requested pre-vote from peers 7d9db879f9444dcb8ee52a2a759e1776 (127.31.253.129:41275), 4a624269dbc64d0582b522194d0fffac (127.31.253.131:32819)
I20260710 10:59:59.350660  1074 tablet_service.cc:1917] Received RequestConsensusVote() RPC: tablet_id: "c75e56cce58c448a9494d27da48eacd2" candidate_uuid: "f48d4fc1c6294d98b8fb683c1bb3253c" candidate_term: 1 candidate_status { last_received { term: 0 index: 0 } } ignore_live_leader: false dest_uuid: "4a624269dbc64d0582b522194d0fffac" is_pre_election: true
I20260710 10:59:59.351850   925 tablet_service.cc:1917] Received RequestConsensusVote() RPC: tablet_id: "c75e56cce58c448a9494d27da48eacd2" candidate_uuid: "f48d4fc1c6294d98b8fb683c1bb3253c" candidate_term: 1 candidate_status { last_received { term: 0 index: 0 } } ignore_live_leader: false dest_uuid: "7d9db879f9444dcb8ee52a2a759e1776" is_pre_election: true
I20260710 10:59:59.352496   925 raft_consensus.cc:2468] T c75e56cce58c448a9494d27da48eacd2 P 7d9db879f9444dcb8ee52a2a759e1776 [term 0 FOLLOWER]: Leader pre-election vote request: Granting yes vote for candidate f48d4fc1c6294d98b8fb683c1bb3253c in term 0.
I20260710 10:59:59.353889   966 leader_election.cc:304] T c75e56cce58c448a9494d27da48eacd2 P f48d4fc1c6294d98b8fb683c1bb3253c [CANDIDATE]: Term 1 pre-election: Election decided. Result: candidate won. Election summary: received 2 responses out of 3 voters: 2 yes votes; 0 no votes. yes voters: 7d9db879f9444dcb8ee52a2a759e1776, f48d4fc1c6294d98b8fb683c1bb3253c; no voters: 
W20260710 10:59:59.354542   965 leader_election.cc:343] T c75e56cce58c448a9494d27da48eacd2 P f48d4fc1c6294d98b8fb683c1bb3253c [CANDIDATE]: Term 1 pre-election: Tablet error from VoteRequest() call to peer 4a624269dbc64d0582b522194d0fffac (127.31.253.131:32819): Illegal state: must be running to vote when last-logged opid is not known
I20260710 10:59:59.355435  1116 tablet_bootstrap.cc:492] T fc2c09f8d25346ae819f23d8cdde5d97 P 4a624269dbc64d0582b522194d0fffac: No bootstrap required, opened a new log
I20260710 10:59:59.355897  1116 ts_tablet_manager.cc:1403] T fc2c09f8d25346ae819f23d8cdde5d97 P 4a624269dbc64d0582b522194d0fffac: Time spent bootstrapping tablet: real 0.020s	user 0.015s	sys 0.001s
I20260710 10:59:59.355717  1126 raft_consensus.cc:2804] T c75e56cce58c448a9494d27da48eacd2 P f48d4fc1c6294d98b8fb683c1bb3253c [term 0 FOLLOWER]: Leader pre-election won for term 1
I20260710 10:59:59.356333  1126 raft_consensus.cc:493] T c75e56cce58c448a9494d27da48eacd2 P f48d4fc1c6294d98b8fb683c1bb3253c [term 0 FOLLOWER]: Starting leader election (no leader contacted us within the election timeout)
I20260710 10:59:59.356772  1126 raft_consensus.cc:3060] T c75e56cce58c448a9494d27da48eacd2 P f48d4fc1c6294d98b8fb683c1bb3253c [term 0 FOLLOWER]: Advancing to term 1
I20260710 10:59:59.358412  1116 raft_consensus.cc:359] T fc2c09f8d25346ae819f23d8cdde5d97 P 4a624269dbc64d0582b522194d0fffac [term 0 FOLLOWER]: Replica starting. Triggering 0 pending ops. Active config: opid_index: -1 OBSOLETE_local: false peers { permanent_uuid: "4a624269dbc64d0582b522194d0fffac" member_type: VOTER last_known_addr { host: "127.31.253.131" port: 32819 } } peers { permanent_uuid: "7d9db879f9444dcb8ee52a2a759e1776" member_type: VOTER last_known_addr { host: "127.31.253.129" port: 41275 } } peers { permanent_uuid: "f48d4fc1c6294d98b8fb683c1bb3253c" member_type: VOTER last_known_addr { host: "127.31.253.130" port: 43197 } }
I20260710 10:59:59.359102  1116 raft_consensus.cc:385] T fc2c09f8d25346ae819f23d8cdde5d97 P 4a624269dbc64d0582b522194d0fffac [term 0 FOLLOWER]: Consensus starting up: Expiring failure detector timer to make a prompt election more likely
I20260710 10:59:59.359383  1116 raft_consensus.cc:740] T fc2c09f8d25346ae819f23d8cdde5d97 P 4a624269dbc64d0582b522194d0fffac [term 0 FOLLOWER]: Becoming Follower/Learner. State: Replica: 4a624269dbc64d0582b522194d0fffac, State: Initialized, Role: FOLLOWER
I20260710 10:59:59.360013  1116 consensus_queue.cc:260] T fc2c09f8d25346ae819f23d8cdde5d97 P 4a624269dbc64d0582b522194d0fffac [NON_LEADER]: Queue going to NON_LEADER mode. State: All replicated index: 0, Majority replicated index: 0, Committed index: 0, Last appended: 0.0, Last appended by leader: 0, Current term: 0, Majority size: -1, State: 0, Mode: NON_LEADER, active raft config: opid_index: -1 OBSOLETE_local: false peers { permanent_uuid: "4a624269dbc64d0582b522194d0fffac" member_type: VOTER last_known_addr { host: "127.31.253.131" port: 32819 } } peers { permanent_uuid: "7d9db879f9444dcb8ee52a2a759e1776" member_type: VOTER last_known_addr { host: "127.31.253.129" port: 41275 } } peers { permanent_uuid: "f48d4fc1c6294d98b8fb683c1bb3253c" member_type: VOTER last_known_addr { host: "127.31.253.130" port: 43197 } }
I20260710 10:59:59.361868  1116 ts_tablet_manager.cc:1434] T fc2c09f8d25346ae819f23d8cdde5d97 P 4a624269dbc64d0582b522194d0fffac: Time spent starting tablet: real 0.006s	user 0.002s	sys 0.002s
I20260710 10:59:59.362704  1116 tablet_bootstrap.cc:492] T 34966b366ab648f5af69547f24abd6f2 P 4a624269dbc64d0582b522194d0fffac: Bootstrap starting.
I20260710 10:59:59.367589  1116 tablet_bootstrap.cc:654] T 34966b366ab648f5af69547f24abd6f2 P 4a624269dbc64d0582b522194d0fffac: Neither blocks nor log segments found. Creating new log.
I20260710 10:59:59.368528  1115 tablet_bootstrap.cc:492] T 4a42f8037fc24e00abe65bcde41e3fdc P 7d9db879f9444dcb8ee52a2a759e1776: No bootstrap required, opened a new log
I20260710 10:59:59.369113  1115 ts_tablet_manager.cc:1403] T 4a42f8037fc24e00abe65bcde41e3fdc P 7d9db879f9444dcb8ee52a2a759e1776: Time spent bootstrapping tablet: real 0.045s	user 0.014s	sys 0.009s
I20260710 10:59:59.372494  1116 tablet_bootstrap.cc:492] T 34966b366ab648f5af69547f24abd6f2 P 4a624269dbc64d0582b522194d0fffac: No bootstrap required, opened a new log
I20260710 10:59:59.373138  1116 ts_tablet_manager.cc:1403] T 34966b366ab648f5af69547f24abd6f2 P 4a624269dbc64d0582b522194d0fffac: Time spent bootstrapping tablet: real 0.011s	user 0.008s	sys 0.000s
I20260710 10:59:59.372786  1115 raft_consensus.cc:359] T 4a42f8037fc24e00abe65bcde41e3fdc P 7d9db879f9444dcb8ee52a2a759e1776 [term 0 FOLLOWER]: Replica starting. Triggering 0 pending ops. Active config: opid_index: -1 OBSOLETE_local: false peers { permanent_uuid: "7d9db879f9444dcb8ee52a2a759e1776" member_type: VOTER last_known_addr { host: "127.31.253.129" port: 41275 } } peers { permanent_uuid: "f48d4fc1c6294d98b8fb683c1bb3253c" member_type: VOTER last_known_addr { host: "127.31.253.130" port: 43197 } } peers { permanent_uuid: "4a624269dbc64d0582b522194d0fffac" member_type: VOTER last_known_addr { host: "127.31.253.131" port: 32819 } }
I20260710 10:59:59.373739  1115 raft_consensus.cc:385] T 4a42f8037fc24e00abe65bcde41e3fdc P 7d9db879f9444dcb8ee52a2a759e1776 [term 0 FOLLOWER]: Consensus starting up: Expiring failure detector timer to make a prompt election more likely
I20260710 10:59:59.374104  1115 raft_consensus.cc:740] T 4a42f8037fc24e00abe65bcde41e3fdc P 7d9db879f9444dcb8ee52a2a759e1776 [term 0 FOLLOWER]: Becoming Follower/Learner. State: Replica: 7d9db879f9444dcb8ee52a2a759e1776, State: Initialized, Role: FOLLOWER
I20260710 10:59:59.366649  1126 raft_consensus.cc:515] T c75e56cce58c448a9494d27da48eacd2 P f48d4fc1c6294d98b8fb683c1bb3253c [term 1 FOLLOWER]: Starting leader election with config: opid_index: -1 OBSOLETE_local: false peers { permanent_uuid: "7d9db879f9444dcb8ee52a2a759e1776" member_type: VOTER last_known_addr { host: "127.31.253.129" port: 41275 } } peers { permanent_uuid: "f48d4fc1c6294d98b8fb683c1bb3253c" member_type: VOTER last_known_addr { host: "127.31.253.130" port: 43197 } } peers { permanent_uuid: "4a624269dbc64d0582b522194d0fffac" member_type: VOTER last_known_addr { host: "127.31.253.131" port: 32819 } }
I20260710 10:59:59.375716  1116 raft_consensus.cc:359] T 34966b366ab648f5af69547f24abd6f2 P 4a624269dbc64d0582b522194d0fffac [term 0 FOLLOWER]: Replica starting. Triggering 0 pending ops. Active config: opid_index: -1 OBSOLETE_local: false peers { permanent_uuid: "7d9db879f9444dcb8ee52a2a759e1776" member_type: VOTER last_known_addr { host: "127.31.253.129" port: 41275 } } peers { permanent_uuid: "f48d4fc1c6294d98b8fb683c1bb3253c" member_type: VOTER last_known_addr { host: "127.31.253.130" port: 43197 } } peers { permanent_uuid: "4a624269dbc64d0582b522194d0fffac" member_type: VOTER last_known_addr { host: "127.31.253.131" port: 32819 } }
I20260710 10:59:59.376317  1116 raft_consensus.cc:385] T 34966b366ab648f5af69547f24abd6f2 P 4a624269dbc64d0582b522194d0fffac [term 0 FOLLOWER]: Consensus starting up: Expiring failure detector timer to make a prompt election more likely
I20260710 10:59:59.376578  1116 raft_consensus.cc:740] T 34966b366ab648f5af69547f24abd6f2 P 4a624269dbc64d0582b522194d0fffac [term 0 FOLLOWER]: Becoming Follower/Learner. State: Replica: 4a624269dbc64d0582b522194d0fffac, State: Initialized, Role: FOLLOWER
I20260710 10:59:59.377360  1116 consensus_queue.cc:260] T 34966b366ab648f5af69547f24abd6f2 P 4a624269dbc64d0582b522194d0fffac [NON_LEADER]: Queue going to NON_LEADER mode. State: All replicated index: 0, Majority replicated index: 0, Committed index: 0, Last appended: 0.0, Last appended by leader: 0, Current term: 0, Majority size: -1, State: 0, Mode: NON_LEADER, active raft config: opid_index: -1 OBSOLETE_local: false peers { permanent_uuid: "7d9db879f9444dcb8ee52a2a759e1776" member_type: VOTER last_known_addr { host: "127.31.253.129" port: 41275 } } peers { permanent_uuid: "f48d4fc1c6294d98b8fb683c1bb3253c" member_type: VOTER last_known_addr { host: "127.31.253.130" port: 43197 } } peers { permanent_uuid: "4a624269dbc64d0582b522194d0fffac" member_type: VOTER last_known_addr { host: "127.31.253.131" port: 32819 } }
I20260710 10:59:59.378304   925 tablet_service.cc:1917] Received RequestConsensusVote() RPC: tablet_id: "c75e56cce58c448a9494d27da48eacd2" candidate_uuid: "f48d4fc1c6294d98b8fb683c1bb3253c" candidate_term: 1 candidate_status { last_received { term: 0 index: 0 } } ignore_live_leader: false dest_uuid: "7d9db879f9444dcb8ee52a2a759e1776"
I20260710 10:59:59.378545  1074 tablet_service.cc:1917] Received RequestConsensusVote() RPC: tablet_id: "c75e56cce58c448a9494d27da48eacd2" candidate_uuid: "f48d4fc1c6294d98b8fb683c1bb3253c" candidate_term: 1 candidate_status { last_received { term: 0 index: 0 } } ignore_live_leader: false dest_uuid: "4a624269dbc64d0582b522194d0fffac"
I20260710 10:59:59.378955   925 raft_consensus.cc:3060] T c75e56cce58c448a9494d27da48eacd2 P 7d9db879f9444dcb8ee52a2a759e1776 [term 0 FOLLOWER]: Advancing to term 1
I20260710 10:59:59.379987  1116 ts_tablet_manager.cc:1434] T 34966b366ab648f5af69547f24abd6f2 P 4a624269dbc64d0582b522194d0fffac: Time spent starting tablet: real 0.007s	user 0.008s	sys 0.000s
W20260710 10:59:59.380264   965 leader_election.cc:343] T c75e56cce58c448a9494d27da48eacd2 P f48d4fc1c6294d98b8fb683c1bb3253c [CANDIDATE]: Term 1 election: Tablet error from VoteRequest() call to peer 4a624269dbc64d0582b522194d0fffac (127.31.253.131:32819): Illegal state: must be running to vote when last-logged opid is not known
I20260710 10:59:59.381029  1116 tablet_bootstrap.cc:492] T c75e56cce58c448a9494d27da48eacd2 P 4a624269dbc64d0582b522194d0fffac: Bootstrap starting.
I20260710 10:59:59.383512  1126 leader_election.cc:290] T c75e56cce58c448a9494d27da48eacd2 P f48d4fc1c6294d98b8fb683c1bb3253c [CANDIDATE]: Term 1 election: Requested vote from peers 7d9db879f9444dcb8ee52a2a759e1776 (127.31.253.129:41275), 4a624269dbc64d0582b522194d0fffac (127.31.253.131:32819)
I20260710 10:59:59.384487  1141 raft_consensus.cc:493] T 34966b366ab648f5af69547f24abd6f2 P 4a624269dbc64d0582b522194d0fffac [term 0 FOLLOWER]: Starting pre-election (no leader contacted us within the election timeout)
I20260710 10:59:59.386451  1141 raft_consensus.cc:515] T 34966b366ab648f5af69547f24abd6f2 P 4a624269dbc64d0582b522194d0fffac [term 0 FOLLOWER]: Starting pre-election with config: opid_index: -1 OBSOLETE_local: false peers { permanent_uuid: "7d9db879f9444dcb8ee52a2a759e1776" member_type: VOTER last_known_addr { host: "127.31.253.129" port: 41275 } } peers { permanent_uuid: "f48d4fc1c6294d98b8fb683c1bb3253c" member_type: VOTER last_known_addr { host: "127.31.253.130" port: 43197 } } peers { permanent_uuid: "4a624269dbc64d0582b522194d0fffac" member_type: VOTER last_known_addr { host: "127.31.253.131" port: 32819 } }
I20260710 10:59:59.387445  1114 tablet_bootstrap.cc:492] T 4a42f8037fc24e00abe65bcde41e3fdc P f48d4fc1c6294d98b8fb683c1bb3253c: No bootstrap required, opened a new log
I20260710 10:59:59.387859  1114 ts_tablet_manager.cc:1403] T 4a42f8037fc24e00abe65bcde41e3fdc P f48d4fc1c6294d98b8fb683c1bb3253c: Time spent bootstrapping tablet: real 0.068s	user 0.015s	sys 0.007s
I20260710 10:59:59.388315  1116 tablet_bootstrap.cc:654] T c75e56cce58c448a9494d27da48eacd2 P 4a624269dbc64d0582b522194d0fffac: Neither blocks nor log segments found. Creating new log.
I20260710 10:59:59.387768   822 catalog_manager.cc:5697] T c83f903f07474af49bc0735c6f4bf57a P 4a624269dbc64d0582b522194d0fffac reported cstate change: term changed from 0 to 1, leader changed from <none> to 4a624269dbc64d0582b522194d0fffac (127.31.253.131). New cstate: current_term: 1 leader_uuid: "4a624269dbc64d0582b522194d0fffac" committed_config { opid_index: -1 OBSOLETE_local: false peers { permanent_uuid: "7d9db879f9444dcb8ee52a2a759e1776" member_type: VOTER last_known_addr { host: "127.31.253.129" port: 41275 } health_report { overall_health: UNKNOWN } } peers { permanent_uuid: "f48d4fc1c6294d98b8fb683c1bb3253c" member_type: VOTER last_known_addr { host: "127.31.253.130" port: 43197 } health_report { overall_health: UNKNOWN } } peers { permanent_uuid: "4a624269dbc64d0582b522194d0fffac" member_type: VOTER last_known_addr { host: "127.31.253.131" port: 32819 } health_report { overall_health: HEALTHY } } }
I20260710 10:59:59.390313  1141 leader_election.cc:290] T 34966b366ab648f5af69547f24abd6f2 P 4a624269dbc64d0582b522194d0fffac [CANDIDATE]: Term 1 pre-election: Requested pre-vote from peers 7d9db879f9444dcb8ee52a2a759e1776 (127.31.253.129:41275), f48d4fc1c6294d98b8fb683c1bb3253c (127.31.253.130:43197)
