I20260710 11:00:07.854481 29964 tablet_service.cc:1917] Received RequestConsensusVote() RPC: tablet_id: "f22ba61c9b244cf2bac3178014ed735b" candidate_uuid: "1f668f7b79f141b8a1d4741b8956e32d" candidate_term: 1 candidate_status { last_received { term: 0 index: 0 } } ignore_live_leader: false dest_uuid: "d98e74b607bb45c390bd004c00ab5e72" is_pre_election: true
I20260710 11:00:07.856333 29965 tablet_service.cc:1917] Received RequestConsensusVote() RPC: tablet_id: "888a1c08f3e643a69e990b164296eff3" candidate_uuid: "1f668f7b79f141b8a1d4741b8956e32d" candidate_term: 1 candidate_status { last_received { term: 0 index: 0 } } ignore_live_leader: false dest_uuid: "d98e74b607bb45c390bd004c00ab5e72" is_pre_election: true
I20260710 11:00:07.857316 29965 raft_consensus.cc:2468] T 888a1c08f3e643a69e990b164296eff3 P d98e74b607bb45c390bd004c00ab5e72 [term 0 FOLLOWER]: Leader pre-election vote request: Granting yes vote for candidate 1f668f7b79f141b8a1d4741b8956e32d in term 0.
W20260710 11:00:07.858539 29782 leader_election.cc:343] T f22ba61c9b244cf2bac3178014ed735b P 1f668f7b79f141b8a1d4741b8956e32d [CANDIDATE]: Term 1 pre-election: Tablet error from VoteRequest() call to peer d98e74b607bb45c390bd004c00ab5e72 (127.28.3.3:33213): Illegal state: must be running to vote when last-logged opid is not known
I20260710 11:00:07.858946 30006 tablet_bootstrap.cc:654] T 888a1c08f3e643a69e990b164296eff3 P 3dbbdc03ba3b4828bf5a38011b17a57b: Neither blocks nor log segments found. Creating new log.
I20260710 11:00:07.859766 29782 leader_election.cc:304] T 888a1c08f3e643a69e990b164296eff3 P 1f668f7b79f141b8a1d4741b8956e32d [CANDIDATE]: Term 1 pre-election: Election decided. Result: candidate won. Election summary: received 3 responses out of 3 voters: 2 yes votes; 1 no votes. yes voters: 1f668f7b79f141b8a1d4741b8956e32d, d98e74b607bb45c390bd004c00ab5e72; no voters: 3dbbdc03ba3b4828bf5a38011b17a57b
W20260710 11:00:07.860033 29929 leader_election.cc:343] T 7960e559d4ea4c6b97c923ae402a02b2 P d98e74b607bb45c390bd004c00ab5e72 [CANDIDATE]: Term 1 pre-election: Tablet error from VoteRequest() call to peer 3dbbdc03ba3b4828bf5a38011b17a57b (127.28.3.2:39215): Illegal state: must be running to vote when last-logged opid is not known
I20260710 11:00:07.860752 29929 leader_election.cc:304] T 7960e559d4ea4c6b97c923ae402a02b2 P d98e74b607bb45c390bd004c00ab5e72 [CANDIDATE]: Term 1 pre-election: Election decided. Result: candidate lost. Election summary: received 3 responses out of 3 voters: 1 yes votes; 2 no votes. yes voters: d98e74b607bb45c390bd004c00ab5e72; no voters: 1f668f7b79f141b8a1d4741b8956e32d, 3dbbdc03ba3b4828bf5a38011b17a57b
I20260710 11:00:07.861723 30018 raft_consensus.cc:2804] T f22ba61c9b244cf2bac3178014ed735b P 1f668f7b79f141b8a1d4741b8956e32d [term 0 FOLLOWER]: Leader pre-election won for term 1
I20260710 11:00:07.863925 30015 raft_consensus.cc:2749] T 7960e559d4ea4c6b97c923ae402a02b2 P d98e74b607bb45c390bd004c00ab5e72 [term 0 FOLLOWER]: Leader pre-election lost for term 1. Reason: could not achieve majority
I20260710 11:00:07.863524 30012 raft_consensus.cc:515] T 6bdbaabbf9184d688df53a9c175d0a09 P 3dbbdc03ba3b4828bf5a38011b17a57b [term 1 FOLLOWER]: Starting leader election with config: opid_index: -1 OBSOLETE_local: false peers { permanent_uuid: "1f668f7b79f141b8a1d4741b8956e32d" member_type: VOTER last_known_addr { host: "127.28.3.1" port: 33425 } } peers { permanent_uuid: "3dbbdc03ba3b4828bf5a38011b17a57b" member_type: VOTER last_known_addr { host: "127.28.3.2" port: 39215 } } peers { permanent_uuid: "d98e74b607bb45c390bd004c00ab5e72" member_type: VOTER last_known_addr { host: "127.28.3.3" port: 33213 } }
I20260710 11:00:07.865866 30018 raft_consensus.cc:493] T f22ba61c9b244cf2bac3178014ed735b P 1f668f7b79f141b8a1d4741b8956e32d [term 0 FOLLOWER]: Starting leader election (no leader contacted us within the election timeout)
I20260710 11:00:07.866535 30018 raft_consensus.cc:3060] T f22ba61c9b244cf2bac3178014ed735b P 1f668f7b79f141b8a1d4741b8956e32d [term 0 FOLLOWER]: Advancing to term 1
I20260710 11:00:07.867769 29816 tablet_service.cc:1917] Received RequestConsensusVote() RPC: tablet_id: "6bdbaabbf9184d688df53a9c175d0a09" candidate_uuid: "3dbbdc03ba3b4828bf5a38011b17a57b" candidate_term: 1 candidate_status { last_received { term: 0 index: 0 } } ignore_live_leader: false dest_uuid: "1f668f7b79f141b8a1d4741b8956e32d"
I20260710 11:00:07.871768 29816 raft_consensus.cc:3060] T 6bdbaabbf9184d688df53a9c175d0a09 P 1f668f7b79f141b8a1d4741b8956e32d [term 0 FOLLOWER]: Advancing to term 1
I20260710 11:00:07.875032 30033 raft_consensus.cc:2804] T 888a1c08f3e643a69e990b164296eff3 P 1f668f7b79f141b8a1d4741b8956e32d [term 0 FOLLOWER]: Leader pre-election won for term 1
I20260710 11:00:07.875761 30033 raft_consensus.cc:493] T 888a1c08f3e643a69e990b164296eff3 P 1f668f7b79f141b8a1d4741b8956e32d [term 0 FOLLOWER]: Starting leader election (no leader contacted us within the election timeout)
I20260710 11:00:07.876274 30033 raft_consensus.cc:3060] T 888a1c08f3e643a69e990b164296eff3 P 1f668f7b79f141b8a1d4741b8956e32d [term 0 FOLLOWER]: Advancing to term 1
I20260710 11:00:07.881330 30012 leader_election.cc:290] T 6bdbaabbf9184d688df53a9c175d0a09 P 3dbbdc03ba3b4828bf5a38011b17a57b [CANDIDATE]: Term 1 election: Requested vote from peers 1f668f7b79f141b8a1d4741b8956e32d (127.28.3.1:33425), d98e74b607bb45c390bd004c00ab5e72 (127.28.3.3:33213)
I20260710 11:00:07.880864 29816 raft_consensus.cc:2468] T 6bdbaabbf9184d688df53a9c175d0a09 P 1f668f7b79f141b8a1d4741b8956e32d [term 1 FOLLOWER]: Leader election vote request: Granting yes vote for candidate 3dbbdc03ba3b4828bf5a38011b17a57b in term 1.
I20260710 11:00:07.882947 29855 leader_election.cc:304] T 6bdbaabbf9184d688df53a9c175d0a09 P 3dbbdc03ba3b4828bf5a38011b17a57b [CANDIDATE]: Term 1 election: Election decided. Result: candidate won. Election summary: received 2 responses out of 3 voters: 2 yes votes; 0 no votes. yes voters: 1f668f7b79f141b8a1d4741b8956e32d, 3dbbdc03ba3b4828bf5a38011b17a57b; no voters: 
I20260710 11:00:07.883122 29965 tablet_service.cc:1917] Received RequestConsensusVote() RPC: tablet_id: "6bdbaabbf9184d688df53a9c175d0a09" candidate_uuid: "3dbbdc03ba3b4828bf5a38011b17a57b" candidate_term: 1 candidate_status { last_received { term: 0 index: 0 } } ignore_live_leader: false dest_uuid: "d98e74b607bb45c390bd004c00ab5e72"
I20260710 11:00:07.883894 30012 raft_consensus.cc:2804] T 6bdbaabbf9184d688df53a9c175d0a09 P 3dbbdc03ba3b4828bf5a38011b17a57b [term 1 FOLLOWER]: Leader election won for term 1
W20260710 11:00:07.885454 29857 leader_election.cc:343] T 6bdbaabbf9184d688df53a9c175d0a09 P 3dbbdc03ba3b4828bf5a38011b17a57b [CANDIDATE]: Term 1 election: Tablet error from VoteRequest() call to peer d98e74b607bb45c390bd004c00ab5e72 (127.28.3.3:33213): Illegal state: must be running to vote when last-logged opid is not known
I20260710 11:00:07.886220 30005 tablet_bootstrap.cc:654] T f22ba61c9b244cf2bac3178014ed735b P d98e74b607bb45c390bd004c00ab5e72: Neither blocks nor log segments found. Creating new log.
I20260710 11:00:07.889242 30012 raft_consensus.cc:697] T 6bdbaabbf9184d688df53a9c175d0a09 P 3dbbdc03ba3b4828bf5a38011b17a57b [term 1 LEADER]: Becoming Leader. State: Replica: 3dbbdc03ba3b4828bf5a38011b17a57b, State: Running, Role: LEADER
I20260710 11:00:07.890280 30012 consensus_queue.cc:237] T 6bdbaabbf9184d688df53a9c175d0a09 P 3dbbdc03ba3b4828bf5a38011b17a57b [LEADER]: Queue going to LEADER mode. State: All replicated index: 0, Majority replicated index: 0, Committed index: 0, Last appended: 0.0, Last appended by leader: 0, Current term: 1, Majority size: 2, State: 0, Mode: LEADER, active raft config: opid_index: -1 OBSOLETE_local: false peers { permanent_uuid: "1f668f7b79f141b8a1d4741b8956e32d" member_type: VOTER last_known_addr { host: "127.28.3.1" port: 33425 } } peers { permanent_uuid: "3dbbdc03ba3b4828bf5a38011b17a57b" member_type: VOTER last_known_addr { host: "127.28.3.2" port: 39215 } } peers { permanent_uuid: "d98e74b607bb45c390bd004c00ab5e72" member_type: VOTER last_known_addr { host: "127.28.3.3" port: 33213 } }
I20260710 11:00:07.870868 29890 raft_consensus.cc:2468] T 0c0928f3777f439a816009df5bf9ba6f P 3dbbdc03ba3b4828bf5a38011b17a57b [term 1 FOLLOWER]: Leader election vote request: Granting yes vote for candidate d98e74b607bb45c390bd004c00ab5e72 in term 1.
I20260710 11:00:07.895195 29929 leader_election.cc:304] T 0c0928f3777f439a816009df5bf9ba6f P d98e74b607bb45c390bd004c00ab5e72 [CANDIDATE]: Term 1 election: Election decided. Result: candidate won. Election summary: received 3 responses out of 3 voters: 2 yes votes; 1 no votes. yes voters: 3dbbdc03ba3b4828bf5a38011b17a57b, d98e74b607bb45c390bd004c00ab5e72; no voters: 1f668f7b79f141b8a1d4741b8956e32d
I20260710 11:00:07.895727 30008 tablet_bootstrap.cc:492] T 0c49d61d6b4243bdb68465dc7e124e1b P 1f668f7b79f141b8a1d4741b8956e32d: No bootstrap required, opened a new log
I20260710 11:00:07.896224 30008 ts_tablet_manager.cc:1403] T 0c49d61d6b4243bdb68465dc7e124e1b P 1f668f7b79f141b8a1d4741b8956e32d: Time spent bootstrapping tablet: real 0.095s	user 0.054s	sys 0.035s
I20260710 11:00:07.896529 30015 raft_consensus.cc:2804] T 0c0928f3777f439a816009df5bf9ba6f P d98e74b607bb45c390bd004c00ab5e72 [term 1 FOLLOWER]: Leader election won for term 1
I20260710 11:00:07.897099 30015 raft_consensus.cc:697] T 0c0928f3777f439a816009df5bf9ba6f P d98e74b607bb45c390bd004c00ab5e72 [term 1 LEADER]: Becoming Leader. State: Replica: d98e74b607bb45c390bd004c00ab5e72, State: Running, Role: LEADER
I20260710 11:00:07.897680 30006 tablet_bootstrap.cc:492] T 888a1c08f3e643a69e990b164296eff3 P 3dbbdc03ba3b4828bf5a38011b17a57b: No bootstrap required, opened a new log
I20260710 11:00:07.898392 30006 ts_tablet_manager.cc:1403] T 888a1c08f3e643a69e990b164296eff3 P 3dbbdc03ba3b4828bf5a38011b17a57b: Time spent bootstrapping tablet: real 0.114s	user 0.000s	sys 0.014s
I20260710 11:00:07.898046 30015 consensus_queue.cc:237] T 0c0928f3777f439a816009df5bf9ba6f P d98e74b607bb45c390bd004c00ab5e72 [LEADER]: Queue going to LEADER mode. State: All replicated index: 0, Majority replicated index: 0, Committed index: 0, Last appended: 0.0, Last appended by leader: 0, Current term: 1, Majority size: 2, State: 0, Mode: LEADER, active raft config: opid_index: -1 OBSOLETE_local: false peers { permanent_uuid: "1f668f7b79f141b8a1d4741b8956e32d" member_type: VOTER last_known_addr { host: "127.28.3.1" port: 33425 } } peers { permanent_uuid: "3dbbdc03ba3b4828bf5a38011b17a57b" member_type: VOTER last_known_addr { host: "127.28.3.2" port: 39215 } } peers { permanent_uuid: "d98e74b607bb45c390bd004c00ab5e72" member_type: VOTER last_known_addr { host: "127.28.3.3" port: 33213 } }
I20260710 11:00:07.899519 30008 raft_consensus.cc:359] T 0c49d61d6b4243bdb68465dc7e124e1b P 1f668f7b79f141b8a1d4741b8956e32d [term 0 FOLLOWER]: Replica starting. Triggering 0 pending ops. Active config: opid_index: -1 OBSOLETE_local: false peers { permanent_uuid: "1f668f7b79f141b8a1d4741b8956e32d" member_type: VOTER last_known_addr { host: "127.28.3.1" port: 33425 } } peers { permanent_uuid: "3dbbdc03ba3b4828bf5a38011b17a57b" member_type: VOTER last_known_addr { host: "127.28.3.2" port: 39215 } } peers { permanent_uuid: "d98e74b607bb45c390bd004c00ab5e72" member_type: VOTER last_known_addr { host: "127.28.3.3" port: 33213 } }
I20260710 11:00:07.900302 30008 raft_consensus.cc:385] T 0c49d61d6b4243bdb68465dc7e124e1b P 1f668f7b79f141b8a1d4741b8956e32d [term 0 FOLLOWER]: Consensus starting up: Expiring failure detector timer to make a prompt election more likely
I20260710 11:00:07.900596 30008 raft_consensus.cc:740] T 0c49d61d6b4243bdb68465dc7e124e1b P 1f668f7b79f141b8a1d4741b8956e32d [term 0 FOLLOWER]: Becoming Follower/Learner. State: Replica: 1f668f7b79f141b8a1d4741b8956e32d, State: Initialized, Role: FOLLOWER
I20260710 11:00:07.903148 30006 raft_consensus.cc:359] T 888a1c08f3e643a69e990b164296eff3 P 3dbbdc03ba3b4828bf5a38011b17a57b [term 0 FOLLOWER]: Replica starting. Triggering 0 pending ops. Active config: opid_index: -1 OBSOLETE_local: false peers { permanent_uuid: "1f668f7b79f141b8a1d4741b8956e32d" member_type: VOTER last_known_addr { host: "127.28.3.1" port: 33425 } } peers { permanent_uuid: "3dbbdc03ba3b4828bf5a38011b17a57b" member_type: VOTER last_known_addr { host: "127.28.3.2" port: 39215 } } peers { permanent_uuid: "d98e74b607bb45c390bd004c00ab5e72" member_type: VOTER last_known_addr { host: "127.28.3.3" port: 33213 } }
I20260710 11:00:07.904345 30006 raft_consensus.cc:385] T 888a1c08f3e643a69e990b164296eff3 P 3dbbdc03ba3b4828bf5a38011b17a57b [term 0 FOLLOWER]: Consensus starting up: Expiring failure detector timer to make a prompt election more likely
I20260710 11:00:07.904776 30006 raft_consensus.cc:740] T 888a1c08f3e643a69e990b164296eff3 P 3dbbdc03ba3b4828bf5a38011b17a57b [term 0 FOLLOWER]: Becoming Follower/Learner. State: Replica: 3dbbdc03ba3b4828bf5a38011b17a57b, State: Initialized, Role: FOLLOWER
I20260710 11:00:07.905867 30006 consensus_queue.cc:260] T 888a1c08f3e643a69e990b164296eff3 P 3dbbdc03ba3b4828bf5a38011b17a57b [NON_LEADER]: Queue going to NON_LEADER mode. State: All replicated index: 0, Majority replicated index: 0, Committed index: 0, Last appended: 0.0, Last appended by leader: 0, Current term: 0, Majority size: -1, State: 0, Mode: NON_LEADER, active raft config: opid_index: -1 OBSOLETE_local: false peers { permanent_uuid: "1f668f7b79f141b8a1d4741b8956e32d" member_type: VOTER last_known_addr { host: "127.28.3.1" port: 33425 } } peers { permanent_uuid: "3dbbdc03ba3b4828bf5a38011b17a57b" member_type: VOTER last_known_addr { host: "127.28.3.2" port: 39215 } } peers { permanent_uuid: "d98e74b607bb45c390bd004c00ab5e72" member_type: VOTER last_known_addr { host: "127.28.3.3" port: 33213 } }
I20260710 11:00:07.906688 30033 raft_consensus.cc:515] T 888a1c08f3e643a69e990b164296eff3 P 1f668f7b79f141b8a1d4741b8956e32d [term 1 FOLLOWER]: Starting leader election with config: opid_index: -1 OBSOLETE_local: false peers { permanent_uuid: "1f668f7b79f141b8a1d4741b8956e32d" member_type: VOTER last_known_addr { host: "127.28.3.1" port: 33425 } } peers { permanent_uuid: "3dbbdc03ba3b4828bf5a38011b17a57b" member_type: VOTER last_known_addr { host: "127.28.3.2" port: 39215 } } peers { permanent_uuid: "d98e74b607bb45c390bd004c00ab5e72" member_type: VOTER last_known_addr { host: "127.28.3.3" port: 33213 } }
I20260710 11:00:07.910118 30008 consensus_queue.cc:260] T 0c49d61d6b4243bdb68465dc7e124e1b P 1f668f7b79f141b8a1d4741b8956e32d [NON_LEADER]: Queue going to NON_LEADER mode. State: All replicated index: 0, Majority replicated index: 0, Committed index: 0, Last appended: 0.0, Last appended by leader: 0, Current term: 0, Majority size: -1, State: 0, Mode: NON_LEADER, active raft config: opid_index: -1 OBSOLETE_local: false peers { permanent_uuid: "1f668f7b79f141b8a1d4741b8956e32d" member_type: VOTER last_known_addr { host: "127.28.3.1" port: 33425 } } peers { permanent_uuid: "3dbbdc03ba3b4828bf5a38011b17a57b" member_type: VOTER last_known_addr { host: "127.28.3.2" port: 39215 } } peers { permanent_uuid: "d98e74b607bb45c390bd004c00ab5e72" member_type: VOTER last_known_addr { host: "127.28.3.3" port: 33213 } }
I20260710 11:00:07.914068 29890 tablet_service.cc:1917] Received RequestConsensusVote() RPC: tablet_id: "888a1c08f3e643a69e990b164296eff3" candidate_uuid: "1f668f7b79f141b8a1d4741b8956e32d" candidate_term: 1 candidate_status { last_received { term: 0 index: 0 } } ignore_live_leader: false dest_uuid: "3dbbdc03ba3b4828bf5a38011b17a57b"
I20260710 11:00:07.915079 29890 raft_consensus.cc:3060] T 888a1c08f3e643a69e990b164296eff3 P 3dbbdc03ba3b4828bf5a38011b17a57b [term 0 FOLLOWER]: Advancing to term 1
I20260710 11:00:07.909714 30006 ts_tablet_manager.cc:1434] T 888a1c08f3e643a69e990b164296eff3 P 3dbbdc03ba3b4828bf5a38011b17a57b: Time spent starting tablet: real 0.011s	user 0.006s	sys 0.004s
I20260710 11:00:07.917747 29965 tablet_service.cc:1917] Received RequestConsensusVote() RPC: tablet_id: "888a1c08f3e643a69e990b164296eff3" candidate_uuid: "1f668f7b79f141b8a1d4741b8956e32d" candidate_term: 1 candidate_status { last_received { term: 0 index: 0 } } ignore_live_leader: false dest_uuid: "d98e74b607bb45c390bd004c00ab5e72"
I20260710 11:00:07.918431 30006 tablet_bootstrap.cc:492] T b5732a921f3041c7839940d34f8201a9 P 3dbbdc03ba3b4828bf5a38011b17a57b: Bootstrap starting.
I20260710 11:00:07.918880 29965 raft_consensus.cc:3060] T 888a1c08f3e643a69e990b164296eff3 P d98e74b607bb45c390bd004c00ab5e72 [term 0 FOLLOWER]: Advancing to term 1
I20260710 11:00:07.921300 30033 leader_election.cc:290] T 888a1c08f3e643a69e990b164296eff3 P 1f668f7b79f141b8a1d4741b8956e32d [CANDIDATE]: Term 1 election: Requested vote from peers 3dbbdc03ba3b4828bf5a38011b17a57b (127.28.3.2:39215), d98e74b607bb45c390bd004c00ab5e72 (127.28.3.3:33213)
I20260710 11:00:07.940066 30033 raft_consensus.cc:493] T 0c49d61d6b4243bdb68465dc7e124e1b P 1f668f7b79f141b8a1d4741b8956e32d [term 0 FOLLOWER]: Starting pre-election (no leader contacted us within the election timeout)
I20260710 11:00:07.940963 30033 raft_consensus.cc:515] T 0c49d61d6b4243bdb68465dc7e124e1b P 1f668f7b79f141b8a1d4741b8956e32d [term 0 FOLLOWER]: Starting pre-election with config: opid_index: -1 OBSOLETE_local: false peers { permanent_uuid: "1f668f7b79f141b8a1d4741b8956e32d" member_type: VOTER last_known_addr { host: "127.28.3.1" port: 33425 } } peers { permanent_uuid: "3dbbdc03ba3b4828bf5a38011b17a57b" member_type: VOTER last_known_addr { host: "127.28.3.2" port: 39215 } } peers { permanent_uuid: "d98e74b607bb45c390bd004c00ab5e72" member_type: VOTER last_known_addr { host: "127.28.3.3" port: 33213 } }
I20260710 11:00:07.908773 30018 raft_consensus.cc:515] T f22ba61c9b244cf2bac3178014ed735b P 1f668f7b79f141b8a1d4741b8956e32d [term 1 FOLLOWER]: Starting leader election with config: opid_index: -1 OBSOLETE_local: false peers { permanent_uuid: "1f668f7b79f141b8a1d4741b8956e32d" member_type: VOTER last_known_addr { host: "127.28.3.1" port: 33425 } } peers { permanent_uuid: "3dbbdc03ba3b4828bf5a38011b17a57b" member_type: VOTER last_known_addr { host: "127.28.3.2" port: 39215 } } peers { permanent_uuid: "d98e74b607bb45c390bd004c00ab5e72" member_type: VOTER last_known_addr { host: "127.28.3.3" port: 33213 } }
I20260710 11:00:07.909750 30005 tablet_bootstrap.cc:492] T f22ba61c9b244cf2bac3178014ed735b P d98e74b607bb45c390bd004c00ab5e72: No bootstrap required, opened a new log
I20260710 11:00:07.942672 30005 ts_tablet_manager.cc:1403] T f22ba61c9b244cf2bac3178014ed735b P d98e74b607bb45c390bd004c00ab5e72: Time spent bootstrapping tablet: real 0.096s	user 0.005s	sys 0.011s
I20260710 11:00:07.945267 30033 leader_election.cc:290] T 0c49d61d6b4243bdb68465dc7e124e1b P 1f668f7b79f141b8a1d4741b8956e32d [CANDIDATE]: Term 1 pre-election: Requested pre-vote from peers 3dbbdc03ba3b4828bf5a38011b17a57b (127.28.3.2:39215), d98e74b607bb45c390bd004c00ab5e72 (127.28.3.3:33213)
I20260710 11:00:07.946130 30006 tablet_bootstrap.cc:654] T b5732a921f3041c7839940d34f8201a9 P 3dbbdc03ba3b4828bf5a38011b17a57b: Neither blocks nor log segments found. Creating new log.
I20260710 11:00:07.946374 29964 tablet_service.cc:1917] Received RequestConsensusVote() RPC: tablet_id: "0c49d61d6b4243bdb68465dc7e124e1b" candidate_uuid: "1f668f7b79f141b8a1d4741b8956e32d" candidate_term: 1 candidate_status { last_received { term: 0 index: 0 } } ignore_live_leader: false dest_uuid: "d98e74b607bb45c390bd004c00ab5e72" is_pre_election: true
W20260710 11:00:07.948527 29782 leader_election.cc:343] T 0c49d61d6b4243bdb68465dc7e124e1b P 1f668f7b79f141b8a1d4741b8956e32d [CANDIDATE]: Term 1 pre-election: Tablet error from VoteRequest() call to peer d98e74b607bb45c390bd004c00ab5e72 (127.28.3.3:33213): Illegal state: must be running to vote when last-logged opid is not known
I20260710 11:00:07.949008 29891 tablet_service.cc:1917] Received RequestConsensusVote() RPC: tablet_id: "0c49d61d6b4243bdb68465dc7e124e1b" candidate_uuid: "1f668f7b79f141b8a1d4741b8956e32d" candidate_term: 1 candidate_status { last_received { term: 0 index: 0 } } ignore_live_leader: false dest_uuid: "3dbbdc03ba3b4828bf5a38011b17a57b" is_pre_election: true
I20260710 11:00:07.950023 29891 raft_consensus.cc:2468] T 0c49d61d6b4243bdb68465dc7e124e1b P 3dbbdc03ba3b4828bf5a38011b17a57b [term 0 FOLLOWER]: Leader pre-election vote request: Granting yes vote for candidate 1f668f7b79f141b8a1d4741b8956e32d in term 0.
I20260710 11:00:07.952085 29780 leader_election.cc:304] T 0c49d61d6b4243bdb68465dc7e124e1b P 1f668f7b79f141b8a1d4741b8956e32d [CANDIDATE]: Term 1 pre-election: Election decided. Result: candidate won. Election summary: received 3 responses out of 3 voters: 2 yes votes; 1 no votes. yes voters: 1f668f7b79f141b8a1d4741b8956e32d, 3dbbdc03ba3b4828bf5a38011b17a57b; no voters: d98e74b607bb45c390bd004c00ab5e72
I20260710 11:00:07.953400 30033 raft_consensus.cc:2804] T 0c49d61d6b4243bdb68465dc7e124e1b P 1f668f7b79f141b8a1d4741b8956e32d [term 0 FOLLOWER]: Leader pre-election won for term 1
I20260710 11:00:07.954021 30033 raft_consensus.cc:493] T 0c49d61d6b4243bdb68465dc7e124e1b P 1f668f7b79f141b8a1d4741b8956e32d [term 0 FOLLOWER]: Starting leader election (no leader contacted us within the election timeout)
I20260710 11:00:07.954535 30033 raft_consensus.cc:3060] T 0c49d61d6b4243bdb68465dc7e124e1b P 1f668f7b79f141b8a1d4741b8956e32d [term 0 FOLLOWER]: Advancing to term 1
I20260710 11:00:07.956796 30005 raft_consensus.cc:359] T f22ba61c9b244cf2bac3178014ed735b P d98e74b607bb45c390bd004c00ab5e72 [term 0 FOLLOWER]: Replica starting. Triggering 0 pending ops. Active config: opid_index: -1 OBSOLETE_local: false peers { permanent_uuid: "1f668f7b79f141b8a1d4741b8956e32d" member_type: VOTER last_known_addr { host: "127.28.3.1" port: 33425 } } peers { permanent_uuid: "3dbbdc03ba3b4828bf5a38011b17a57b" member_type: VOTER last_known_addr { host: "127.28.3.2" port: 39215 } } peers { permanent_uuid: "d98e74b607bb45c390bd004c00ab5e72" member_type: VOTER last_known_addr { host: "127.28.3.3" port: 33213 } }
I20260710 11:00:07.958173 30005 raft_consensus.cc:385] T f22ba61c9b244cf2bac3178014ed735b P d98e74b607bb45c390bd004c00ab5e72 [term 0 FOLLOWER]: Consensus starting up: Expiring failure detector timer to make a prompt election more likely
I20260710 11:00:07.958647 30005 raft_consensus.cc:740] T f22ba61c9b244cf2bac3178014ed735b P d98e74b607bb45c390bd004c00ab5e72 [term 0 FOLLOWER]: Becoming Follower/Learner. State: Replica: d98e74b607bb45c390bd004c00ab5e72, State: Initialized, Role: FOLLOWER
I20260710 11:00:07.960079 30005 consensus_queue.cc:260] T f22ba61c9b244cf2bac3178014ed735b P d98e74b607bb45c390bd004c00ab5e72 [NON_LEADER]: Queue going to NON_LEADER mode. State: All replicated index: 0, Majority replicated index: 0, Committed index: 0, Last appended: 0.0, Last appended by leader: 0, Current term: 0, Majority size: -1, State: 0, Mode: NON_LEADER, active raft config: opid_index: -1 OBSOLETE_local: false peers { permanent_uuid: "1f668f7b79f141b8a1d4741b8956e32d" member_type: VOTER last_known_addr { host: "127.28.3.1" port: 33425 } } peers { permanent_uuid: "3dbbdc03ba3b4828bf5a38011b17a57b" member_type: VOTER last_known_addr { host: "127.28.3.2" port: 39215 } } peers { permanent_uuid: "d98e74b607bb45c390bd004c00ab5e72" member_type: VOTER last_known_addr { host: "127.28.3.3" port: 33213 } }
I20260710 11:00:07.962409 30006 tablet_bootstrap.cc:492] T b5732a921f3041c7839940d34f8201a9 P 3dbbdc03ba3b4828bf5a38011b17a57b: No bootstrap required, opened a new log
I20260710 11:00:07.963052 30006 ts_tablet_manager.cc:1403] T b5732a921f3041c7839940d34f8201a9 P 3dbbdc03ba3b4828bf5a38011b17a57b: Time spent bootstrapping tablet: real 0.045s	user 0.009s	sys 0.015s
I20260710 11:00:07.964218 30033 raft_consensus.cc:515] T 0c49d61d6b4243bdb68465dc7e124e1b P 1f668f7b79f141b8a1d4741b8956e32d [term 1 FOLLOWER]: Starting leader election with config: opid_index: -1 OBSOLETE_local: false peers { permanent_uuid: "1f668f7b79f141b8a1d4741b8956e32d" member_type: VOTER last_known_addr { host: "127.28.3.1" port: 33425 } } peers { permanent_uuid: "3dbbdc03ba3b4828bf5a38011b17a57b" member_type: VOTER last_known_addr { host: "127.28.3.2" port: 39215 } } peers { permanent_uuid: "d98e74b607bb45c390bd004c00ab5e72" member_type: VOTER last_known_addr { host: "127.28.3.3" port: 33213 } }
I20260710 11:00:07.966781 30006 raft_consensus.cc:359] T b5732a921f3041c7839940d34f8201a9 P 3dbbdc03ba3b4828bf5a38011b17a57b [term 0 FOLLOWER]: Replica starting. Triggering 0 pending ops. Active config: opid_index: -1 OBSOLETE_local: false peers { permanent_uuid: "1f668f7b79f141b8a1d4741b8956e32d" member_type: VOTER last_known_addr { host: "127.28.3.1" port: 33425 } } peers { permanent_uuid: "3dbbdc03ba3b4828bf5a38011b17a57b" member_type: VOTER last_known_addr { host: "127.28.3.2" port: 39215 } } peers { permanent_uuid: "d98e74b607bb45c390bd004c00ab5e72" member_type: VOTER last_known_addr { host: "127.28.3.3" port: 33213 } }
I20260710 11:00:07.967521 29891 tablet_service.cc:1917] Received RequestConsensusVote() RPC: tablet_id: "0c49d61d6b4243bdb68465dc7e124e1b" candidate_uuid: "1f668f7b79f141b8a1d4741b8956e32d" candidate_term: 1 candidate_status { last_received { term: 0 index: 0 } } ignore_live_leader: false dest_uuid: "3dbbdc03ba3b4828bf5a38011b17a57b"
I20260710 11:00:07.967751 30006 raft_consensus.cc:385] T b5732a921f3041c7839940d34f8201a9 P 3dbbdc03ba3b4828bf5a38011b17a57b [term 0 FOLLOWER]: Consensus starting up: Expiring failure detector timer to make a prompt election more likely
I20260710 11:00:07.968184 29891 raft_consensus.cc:3060] T 0c49d61d6b4243bdb68465dc7e124e1b P 3dbbdc03ba3b4828bf5a38011b17a57b [term 0 FOLLOWER]: Advancing to term 1
I20260710 11:00:07.973392 30033 leader_election.cc:290] T 0c49d61d6b4243bdb68465dc7e124e1b P 1f668f7b79f141b8a1d4741b8956e32d [CANDIDATE]: Term 1 election: Requested vote from peers 3dbbdc03ba3b4828bf5a38011b17a57b (127.28.3.2:39215), d98e74b607bb45c390bd004c00ab5e72 (127.28.3.3:33213)
I20260710 11:00:07.968178 30006 raft_consensus.cc:740] T b5732a921f3041c7839940d34f8201a9 P 3dbbdc03ba3b4828bf5a38011b17a57b [term 0 FOLLOWER]: Becoming Follower/Learner. State: Replica: 3dbbdc03ba3b4828bf5a38011b17a57b, State: Initialized, Role: FOLLOWER
I20260710 11:00:07.978804 29712 catalog_manager.cc:5697] T 0c0928f3777f439a816009df5bf9ba6f P d98e74b607bb45c390bd004c00ab5e72 reported cstate change: term changed from 0 to 1, leader changed from <none> to d98e74b607bb45c390bd004c00ab5e72 (127.28.3.3). New cstate: current_term: 1 leader_uuid: "d98e74b607bb45c390bd004c00ab5e72" committed_config { opid_index: -1 OBSOLETE_local: false peers { permanent_uuid: "1f668f7b79f141b8a1d4741b8956e32d" member_type: VOTER last_known_addr { host: "127.28.3.1" port: 33425 } health_report { overall_health: UNKNOWN } } peers { permanent_uuid: "3dbbdc03ba3b4828bf5a38011b17a57b" member_type: VOTER last_known_addr { host: "127.28.3.2" port: 39215 } health_report { overall_health: UNKNOWN } } peers { permanent_uuid: "d98e74b607bb45c390bd004c00ab5e72" member_type: VOTER last_known_addr { host: "127.28.3.3" port: 33213 } health_report { overall_health: HEALTHY } } }
I20260710 11:00:07.977574 30006 consensus_queue.cc:260] T b5732a921f3041c7839940d34f8201a9 P 3dbbdc03ba3b4828bf5a38011b17a57b [NON_LEADER]: Queue going to NON_LEADER mode. State: All replicated index: 0, Majority replicated index: 0, Committed index: 0, Last appended: 0.0, Last appended by leader: 0, Current term: 0, Majority size: -1, State: 0, Mode: NON_LEADER, active raft config: opid_index: -1 OBSOLETE_local: false peers { permanent_uuid: "1f668f7b79f141b8a1d4741b8956e32d" member_type: VOTER last_known_addr { host: "127.28.3.1" port: 33425 } } peers { permanent_uuid: "3dbbdc03ba3b4828bf5a38011b17a57b" member_type: VOTER last_known_addr { host: "127.28.3.2" port: 39215 } } peers { permanent_uuid: "d98e74b607bb45c390bd004c00ab5e72" member_type: VOTER last_known_addr { host: "127.28.3.3" port: 33213 } }
I20260710 11:00:07.981549 30035 raft_consensus.cc:493] T b5732a921f3041c7839940d34f8201a9 P 3dbbdc03ba3b4828bf5a38011b17a57b [term 0 FOLLOWER]: Starting pre-election (no leader contacted us within the election timeout)
I20260710 11:00:07.981657 29964 tablet_service.cc:1917] Received RequestConsensusVote() RPC: tablet_id: "0c49d61d6b4243bdb68465dc7e124e1b" candidate_uuid: "1f668f7b79f141b8a1d4741b8956e32d" candidate_term: 1 candidate_status { last_received { term: 0 index: 0 } } ignore_live_leader: false dest_uuid: "d98e74b607bb45c390bd004c00ab5e72"
I20260710 11:00:07.982357 30035 raft_consensus.cc:515] T b5732a921f3041c7839940d34f8201a9 P 3dbbdc03ba3b4828bf5a38011b17a57b [term 0 FOLLOWER]: Starting pre-election with config: opid_index: -1 OBSOLETE_local: false peers { permanent_uuid: "1f668f7b79f141b8a1d4741b8956e32d" member_type: VOTER last_known_addr { host: "127.28.3.1" port: 33425 } } peers { permanent_uuid: "3dbbdc03ba3b4828bf5a38011b17a57b" member_type: VOTER last_known_addr { host: "127.28.3.2" port: 39215 } } peers { permanent_uuid: "d98e74b607bb45c390bd004c00ab5e72" member_type: VOTER last_known_addr { host: "127.28.3.3" port: 33213 } }
W20260710 11:00:07.984095 29782 leader_election.cc:343] T 0c49d61d6b4243bdb68465dc7e124e1b P 1f668f7b79f141b8a1d4741b8956e32d [CANDIDATE]: Term 1 election: Tablet error from VoteRequest() call to peer d98e74b607bb45c390bd004c00ab5e72 (127.28.3.3:33213): Illegal state: must be running to vote when last-logged opid is not known
I20260710 11:00:07.991080 29816 tablet_service.cc:1917] Received RequestConsensusVote() RPC: tablet_id: "b5732a921f3041c7839940d34f8201a9" candidate_uuid: "3dbbdc03ba3b4828bf5a38011b17a57b" candidate_term: 1 candidate_status { last_received { term: 0 index: 0 } } ignore_live_leader: false dest_uuid: "1f668f7b79f141b8a1d4741b8956e32d" is_pre_election: true
I20260710 11:00:07.992013 29965 raft_consensus.cc:2468] T 888a1c08f3e643a69e990b164296eff3 P d98e74b607bb45c390bd004c00ab5e72 [term 1 FOLLOWER]: Leader election vote request: Granting yes vote for candidate 1f668f7b79f141b8a1d4741b8956e32d in term 1.
W20260710 11:00:07.993691 29855 leader_election.cc:343] T b5732a921f3041c7839940d34f8201a9 P 3dbbdc03ba3b4828bf5a38011b17a57b [CANDIDATE]: Term 1 pre-election: Tablet error from VoteRequest() call to peer 1f668f7b79f141b8a1d4741b8956e32d (127.28.3.1:33425): Illegal state: must be running to vote when last-logged opid is not known
I20260710 11:00:07.993861 29782 leader_election.cc:304] T 888a1c08f3e643a69e990b164296eff3 P 1f668f7b79f141b8a1d4741b8956e32d [CANDIDATE]: Term 1 election: Election decided. Result: candidate won. Election summary: received 2 responses out of 3 voters: 2 yes votes; 0 no votes. yes voters: 1f668f7b79f141b8a1d4741b8956e32d, d98e74b607bb45c390bd004c00ab5e72; no voters: 
I20260710 11:00:07.995071 30033 raft_consensus.cc:2804] T 888a1c08f3e643a69e990b164296eff3 P 1f668f7b79f141b8a1d4741b8956e32d [term 1 FOLLOWER]: Leader election won for term 1
I20260710 11:00:07.995555 30033 raft_consensus.cc:697] T 888a1c08f3e643a69e990b164296eff3 P 1f668f7b79f141b8a1d4741b8956e32d [term 1 LEADER]: Becoming Leader. State: Replica: 1f668f7b79f141b8a1d4741b8956e32d, State: Running, Role: LEADER
I20260710 11:00:07.996454 30033 consensus_queue.cc:237] T 888a1c08f3e643a69e990b164296eff3 P 1f668f7b79f141b8a1d4741b8956e32d [LEADER]: Queue going to LEADER mode. State: All replicated index: 0, Majority replicated index: 0, Committed index: 0, Last appended: 0.0, Last appended by leader: 0, Current term: 1, Majority size: 2, State: 0, Mode: LEADER, active raft config: opid_index: -1 OBSOLETE_local: false peers { permanent_uuid: "1f668f7b79f141b8a1d4741b8956e32d" member_type: VOTER last_known_addr { host: "127.28.3.1" port: 33425 } } peers { permanent_uuid: "3dbbdc03ba3b4828bf5a38011b17a57b" member_type: VOTER last_known_addr { host: "127.28.3.2" port: 39215 } } peers { permanent_uuid: "d98e74b607bb45c390bd004c00ab5e72" member_type: VOTER last_known_addr { host: "127.28.3.3" port: 33213 } }
I20260710 11:00:07.996802 29889 tablet_service.cc:1917] Received RequestConsensusVote() RPC: tablet_id: "f22ba61c9b244cf2bac3178014ed735b" candidate_uuid: "1f668f7b79f141b8a1d4741b8956e32d" candidate_term: 1 candidate_status { last_received { term: 0 index: 0 } } ignore_live_leader: false dest_uuid: "3dbbdc03ba3b4828bf5a38011b17a57b"
I20260710 11:00:07.996791 29964 tablet_service.cc:1917] Received RequestConsensusVote() RPC: tablet_id: "b5732a921f3041c7839940d34f8201a9" candidate_uuid: "3dbbdc03ba3b4828bf5a38011b17a57b" candidate_term: 1 candidate_status { last_received { term: 0 index: 0 } } ignore_live_leader: false dest_uuid: "d98e74b607bb45c390bd004c00ab5e72" is_pre_election: true
I20260710 11:00:07.997692 29889 raft_consensus.cc:3060] T f22ba61c9b244cf2bac3178014ed735b P 3dbbdc03ba3b4828bf5a38011b17a57b [term 0 FOLLOWER]: Advancing to term 1
I20260710 11:00:07.997927 29964 raft_consensus.cc:2468] T b5732a921f3041c7839940d34f8201a9 P d98e74b607bb45c390bd004c00ab5e72 [term 0 FOLLOWER]: Leader pre-election vote request: Granting yes vote for candidate 3dbbdc03ba3b4828bf5a38011b17a57b in term 0.
I20260710 11:00:08.000025 29857 leader_election.cc:304] T b5732a921f3041c7839940d34f8201a9 P 3dbbdc03ba3b4828bf5a38011b17a57b [CANDIDATE]: Term 1 pre-election: Election decided. Result: candidate won. Election summary: received 3 responses out of 3 voters: 2 yes votes; 1 no votes. yes voters: 3dbbdc03ba3b4828bf5a38011b17a57b, d98e74b607bb45c390bd004c00ab5e72; no voters: 1f668f7b79f141b8a1d4741b8956e32d
I20260710 11:00:08.006088 30018 leader_election.cc:290] T f22ba61c9b244cf2bac3178014ed735b P 1f668f7b79f141b8a1d4741b8956e32d [CANDIDATE]: Term 1 election: Requested vote from peers 3dbbdc03ba3b4828bf5a38011b17a57b (127.28.3.2:39215), d98e74b607bb45c390bd004c00ab5e72 (127.28.3.3:33213)
I20260710 11:00:08.006343 30005 ts_tablet_manager.cc:1434] T f22ba61c9b244cf2bac3178014ed735b P d98e74b607bb45c390bd004c00ab5e72: Time spent starting tablet: real 0.063s	user 0.005s	sys 0.006s
I20260710 11:00:08.001403 29890 raft_consensus.cc:2468] T 888a1c08f3e643a69e990b164296eff3 P 3dbbdc03ba3b4828bf5a38011b17a57b [term 1 FOLLOWER]: Leader election vote request: Granting yes vote for candidate 1f668f7b79f141b8a1d4741b8956e32d in term 1.
I20260710 11:00:08.008041 30005 tablet_bootstrap.cc:492] T 254eff5c7f7e47458524a1a7bbd1b49c P d98e74b607bb45c390bd004c00ab5e72: Bootstrap starting.
I20260710 11:00:08.002072 30035 leader_election.cc:290] T b5732a921f3041c7839940d34f8201a9 P 3dbbdc03ba3b4828bf5a38011b17a57b [CANDIDATE]: Term 1 pre-election: Requested pre-vote from peers 1f668f7b79f141b8a1d4741b8956e32d (127.28.3.1:33425), d98e74b607bb45c390bd004c00ab5e72 (127.28.3.3:33213)
I20260710 11:00:08.019218 29891 raft_consensus.cc:2468] T 0c49d61d6b4243bdb68465dc7e124e1b P 3dbbdc03ba3b4828bf5a38011b17a57b [term 1 FOLLOWER]: Leader election vote request: Granting yes vote for candidate 1f668f7b79f141b8a1d4741b8956e32d in term 1.
I20260710 11:00:08.024951 29889 raft_consensus.cc:2468] T f22ba61c9b244cf2bac3178014ed735b P 3dbbdc03ba3b4828bf5a38011b17a57b [term 1 FOLLOWER]: Leader election vote request: Granting yes vote for candidate 1f668f7b79f141b8a1d4741b8956e32d in term 1.
I20260710 11:00:08.010840 29965 tablet_service.cc:1917] Received RequestConsensusVote() RPC: tablet_id: "f22ba61c9b244cf2bac3178014ed735b" candidate_uuid: "1f668f7b79f141b8a1d4741b8956e32d" candidate_term: 1 candidate_status { last_received { term: 0 index: 0 } } ignore_live_leader: false dest_uuid: "d98e74b607bb45c390bd004c00ab5e72"
I20260710 11:00:08.025873 29965 raft_consensus.cc:3060] T f22ba61c9b244cf2bac3178014ed735b P d98e74b607bb45c390bd004c00ab5e72 [term 0 FOLLOWER]: Advancing to term 1
I20260710 11:00:08.017217 30012 raft_consensus.cc:2804] T b5732a921f3041c7839940d34f8201a9 P 3dbbdc03ba3b4828bf5a38011b17a57b [term 0 FOLLOWER]: Leader pre-election won for term 1
I20260710 11:00:08.027709 30012 raft_consensus.cc:493] T b5732a921f3041c7839940d34f8201a9 P 3dbbdc03ba3b4828bf5a38011b17a57b [term 0 FOLLOWER]: Starting leader election (no leader contacted us within the election timeout)
I20260710 11:00:08.028158 30012 raft_consensus.cc:3060] T b5732a921f3041c7839940d34f8201a9 P 3dbbdc03ba3b4828bf5a38011b17a57b [term 0 FOLLOWER]: Advancing to term 1
I20260710 11:00:08.030316 29780 leader_election.cc:304] T 0c49d61d6b4243bdb68465dc7e124e1b P 1f668f7b79f141b8a1d4741b8956e32d [CANDIDATE]: Term 1 election: Election decided. Result: candidate won. Election summary: received 3 responses out of 3 voters: 2 yes votes; 1 no votes. yes voters: 1f668f7b79f141b8a1d4741b8956e32d, 3dbbdc03ba3b4828bf5a38011b17a57b; no voters: d98e74b607bb45c390bd004c00ab5e72
I20260710 11:00:08.033934 29780 leader_election.cc:304] T f22ba61c9b244cf2bac3178014ed735b P 1f668f7b79f141b8a1d4741b8956e32d [CANDIDATE]: Term 1 election: Election decided. Result: candidate won. Election summary: received 2 responses out of 3 voters: 2 yes votes; 0 no votes. yes voters: 1f668f7b79f141b8a1d4741b8956e32d, 3dbbdc03ba3b4828bf5a38011b17a57b; no voters: 
I20260710 11:00:08.033949 30008 ts_tablet_manager.cc:1434] T 0c49d61d6b4243bdb68465dc7e124e1b P 1f668f7b79f141b8a1d4741b8956e32d: Time spent starting tablet: real 0.137s	user 0.046s	sys 0.077s
I20260710 11:00:08.035096 30018 raft_consensus.cc:2804] T f22ba61c9b244cf2bac3178014ed735b P 1f668f7b79f141b8a1d4741b8956e32d [term 1 FOLLOWER]: Leader election won for term 1
I20260710 11:00:08.035586 30018 raft_consensus.cc:697] T f22ba61c9b244cf2bac3178014ed735b P 1f668f7b79f141b8a1d4741b8956e32d [term 1 LEADER]: Becoming Leader. State: Replica: 1f668f7b79f141b8a1d4741b8956e32d, State: Running, Role: LEADER
I20260710 11:00:08.036788 30008 tablet_bootstrap.cc:492] T b5732a921f3041c7839940d34f8201a9 P 1f668f7b79f141b8a1d4741b8956e32d: Bootstrap starting.
I20260710 11:00:08.037452 30018 consensus_queue.cc:237] T f22ba61c9b244cf2bac3178014ed735b P 1f668f7b79f141b8a1d4741b8956e32d [LEADER]: Queue going to LEADER mode. State: All replicated index: 0, Majority replicated index: 0, Committed index: 0, Last appended: 0.0, Last appended by leader: 0, Current term: 1, Majority size: 2, State: 0, Mode: LEADER, active raft config: opid_index: -1 OBSOLETE_local: false peers { permanent_uuid: "1f668f7b79f141b8a1d4741b8956e32d" member_type: VOTER last_known_addr { host: "127.28.3.1" port: 33425 } } peers { permanent_uuid: "3dbbdc03ba3b4828bf5a38011b17a57b" member_type: VOTER last_known_addr { host: "127.28.3.2" port: 39215 } } peers { permanent_uuid: "d98e74b607bb45c390bd004c00ab5e72" member_type: VOTER last_known_addr { host: "127.28.3.3" port: 33213 } }
I20260710 11:00:08.034364 30033 raft_consensus.cc:2804] T 0c49d61d6b4243bdb68465dc7e124e1b P 1f668f7b79f141b8a1d4741b8956e32d [term 1 FOLLOWER]: Leader election won for term 1
I20260710 11:00:08.040092 30033 raft_consensus.cc:697] T 0c49d61d6b4243bdb68465dc7e124e1b P 1f668f7b79f141b8a1d4741b8956e32d [term 1 LEADER]: Becoming Leader. State: Replica: 1f668f7b79f141b8a1d4741b8956e32d, State: Running, Role: LEADER
I20260710 11:00:08.049069 30006 ts_tablet_manager.cc:1434] T b5732a921f3041c7839940d34f8201a9 P 3dbbdc03ba3b4828bf5a38011b17a57b: Time spent starting tablet: real 0.086s	user 0.008s	sys 0.001s
I20260710 11:00:08.047266 29713 catalog_manager.cc:5697] T 888a1c08f3e643a69e990b164296eff3 P 1f668f7b79f141b8a1d4741b8956e32d reported cstate change: term changed from 0 to 1, leader changed from <none> to 1f668f7b79f141b8a1d4741b8956e32d (127.28.3.1). New cstate: current_term: 1 leader_uuid: "1f668f7b79f141b8a1d4741b8956e32d" committed_config { opid_index: -1 OBSOLETE_local: false peers { permanent_uuid: "1f668f7b79f141b8a1d4741b8956e32d" member_type: VOTER last_known_addr { host: "127.28.3.1" port: 33425 } health_report { overall_health: HEALTHY } } peers { permanent_uuid: "3dbbdc03ba3b4828bf5a38011b17a57b" member_type: VOTER last_known_addr { host: "127.28.3.2" port: 39215 } health_report { overall_health: UNKNOWN } } peers { permanent_uuid: "d98e74b607bb45c390bd004c00ab5e72" member_type: VOTER last_known_addr { host: "127.28.3.3" port: 33213 } health_report { overall_health: UNKNOWN } } }
I20260710 11:00:08.049417 29965 raft_consensus.cc:2468] T f22ba61c9b244cf2bac3178014ed735b P d98e74b607bb45c390bd004c00ab5e72 [term 1 FOLLOWER]: Leader election vote request: Granting yes vote for candidate 1f668f7b79f141b8a1d4741b8956e32d in term 1.
I20260710 11:00:08.050293 30006 tablet_bootstrap.cc:492] T 254eff5c7f7e47458524a1a7bbd1b49c P 3dbbdc03ba3b4828bf5a38011b17a57b: Bootstrap starting.
I20260710 11:00:08.053829 30005 tablet_bootstrap.cc:654] T 254eff5c7f7e47458524a1a7bbd1b49c P d98e74b607bb45c390bd004c00ab5e72: Neither blocks nor log segments found. Creating new log.
I20260710 11:00:08.050189 30033 consensus_queue.cc:237] T 0c49d61d6b4243bdb68465dc7e124e1b P 1f668f7b79f141b8a1d4741b8956e32d [LEADER]: Queue going to LEADER mode. State: All replicated index: 0, Majority replicated index: 0, Committed index: 0, Last appended: 0.0, Last appended by leader: 0, Current term: 1, Majority size: 2, State: 0, Mode: LEADER, active raft config: opid_index: -1 OBSOLETE_local: false peers { permanent_uuid: "1f668f7b79f141b8a1d4741b8956e32d" member_type: VOTER last_known_addr { host: "127.28.3.1" port: 33425 } } peers { permanent_uuid: "3dbbdc03ba3b4828bf5a38011b17a57b" member_type: VOTER last_known_addr { host: "127.28.3.2" port: 39215 } } peers { permanent_uuid: "d98e74b607bb45c390bd004c00ab5e72" member_type: VOTER last_known_addr { host: "127.28.3.3" port: 33213 } }
I20260710 11:00:08.053598 29714 catalog_manager.cc:5697] T 6bdbaabbf9184d688df53a9c175d0a09 P 3dbbdc03ba3b4828bf5a38011b17a57b reported cstate change: term changed from 0 to 1, leader changed from <none> to 3dbbdc03ba3b4828bf5a38011b17a57b (127.28.3.2). New cstate: current_term: 1 leader_uuid: "3dbbdc03ba3b4828bf5a38011b17a57b" committed_config { opid_index: -1 OBSOLETE_local: false peers { permanent_uuid: "1f668f7b79f141b8a1d4741b8956e32d" member_type: VOTER last_known_addr { host: "127.28.3.1" port: 33425 } health_report { overall_health: UNKNOWN } } peers { permanent_uuid: "3dbbdc03ba3b4828bf5a38011b17a57b" member_type: VOTER last_known_addr { host: "127.28.3.2" port: 39215 } health_report { overall_health: HEALTHY } } peers { permanent_uuid: "d98e74b607bb45c390bd004c00ab5e72" member_type: VOTER last_known_addr { host: "127.28.3.3" port: 33213 } health_report { overall_health: UNKNOWN } } }
I20260710 11:00:08.047544 30008 tablet_bootstrap.cc:654] T b5732a921f3041c7839940d34f8201a9 P 1f668f7b79f141b8a1d4741b8956e32d: Neither blocks nor log segments found. Creating new log.
I20260710 11:00:08.067144 30012 raft_consensus.cc:515] T b5732a921f3041c7839940d34f8201a9 P 3dbbdc03ba3b4828bf5a38011b17a57b [term 1 FOLLOWER]: Starting leader election with config: opid_index: -1 OBSOLETE_local: false peers { permanent_uuid: "1f668f7b79f141b8a1d4741b8956e32d" member_type: VOTER last_known_addr { host: "127.28.3.1" port: 33425 } } peers { permanent_uuid: "3dbbdc03ba3b4828bf5a38011b17a57b" member_type: VOTER last_known_addr { host: "127.28.3.2" port: 39215 } } peers { permanent_uuid: "d98e74b607bb45c390bd004c00ab5e72" member_type: VOTER last_known_addr { host: "127.28.3.3" port: 33213 } }
I20260710 11:00:08.071086 29816 tablet_service.cc:1917] Received RequestConsensusVote() RPC: tablet_id: "b5732a921f3041c7839940d34f8201a9" candidate_uuid: "3dbbdc03ba3b4828bf5a38011b17a57b" candidate_term: 1 candidate_status { last_received { term: 0 index: 0 } } ignore_live_leader: false dest_uuid: "1f668f7b79f141b8a1d4741b8956e32d"
W20260710 11:00:08.073251 29855 leader_election.cc:343] T b5732a921f3041c7839940d34f8201a9 P 3dbbdc03ba3b4828bf5a38011b17a57b [CANDIDATE]: Term 1 election: Tablet error from VoteRequest() call to peer 1f668f7b79f141b8a1d4741b8956e32d (127.28.3.1:33425): Illegal state: must be running to vote when last-logged opid is not known
I20260710 11:00:08.077245 30006 tablet_bootstrap.cc:654] T 254eff5c7f7e47458524a1a7bbd1b49c P 3dbbdc03ba3b4828bf5a38011b17a57b: Neither blocks nor log segments found. Creating new log.
I20260710 11:00:08.081825 30012 leader_election.cc:290] T b5732a921f3041c7839940d34f8201a9 P 3dbbdc03ba3b4828bf5a38011b17a57b [CANDIDATE]: Term 1 election: Requested vote from peers 1f668f7b79f141b8a1d4741b8956e32d (127.28.3.1:33425), d98e74b607bb45c390bd004c00ab5e72 (127.28.3.3:33213)
I20260710 11:00:08.082228 30008 tablet_bootstrap.cc:492] T b5732a921f3041c7839940d34f8201a9 P 1f668f7b79f141b8a1d4741b8956e32d: No bootstrap required, opened a new log
I20260710 11:00:08.082841 30008 ts_tablet_manager.cc:1403] T b5732a921f3041c7839940d34f8201a9 P 1f668f7b79f141b8a1d4741b8956e32d: Time spent bootstrapping tablet: real 0.047s	user 0.012s	sys 0.005s
I20260710 11:00:08.082918 29965 tablet_service.cc:1917] Received RequestConsensusVote() RPC: tablet_id: "b5732a921f3041c7839940d34f8201a9" candidate_uuid: "3dbbdc03ba3b4828bf5a38011b17a57b" candidate_term: 1 candidate_status { last_received { term: 0 index: 0 } } ignore_live_leader: false dest_uuid: "d98e74b607bb45c390bd004c00ab5e72"
I20260710 11:00:08.083781 29965 raft_consensus.cc:3060] T b5732a921f3041c7839940d34f8201a9 P d98e74b607bb45c390bd004c00ab5e72 [term 0 FOLLOWER]: Advancing to term 1
I20260710 11:00:08.085299 30005 tablet_bootstrap.cc:492] T 254eff5c7f7e47458524a1a7bbd1b49c P d98e74b607bb45c390bd004c00ab5e72: No bootstrap required, opened a new log
I20260710 11:00:08.085954 30005 ts_tablet_manager.cc:1403] T 254eff5c7f7e47458524a1a7bbd1b49c P d98e74b607bb45c390bd004c00ab5e72: Time spent bootstrapping tablet: real 0.079s	user 0.012s	sys 0.005s
I20260710 11:00:08.086524 30008 raft_consensus.cc:359] T b5732a921f3041c7839940d34f8201a9 P 1f668f7b79f141b8a1d4741b8956e32d [term 0 FOLLOWER]: Replica starting. Triggering 0 pending ops. Active config: opid_index: -1 OBSOLETE_local: false peers { permanent_uuid: "1f668f7b79f141b8a1d4741b8956e32d" member_type: VOTER last_known_addr { host: "127.28.3.1" port: 33425 } } peers { permanent_uuid: "3dbbdc03ba3b4828bf5a38011b17a57b" member_type: VOTER last_known_addr { host: "127.28.3.2" port: 39215 } } peers { permanent_uuid: "d98e74b607bb45c390bd004c00ab5e72" member_type: VOTER last_known_addr { host: "127.28.3.3" port: 33213 } }
I20260710 11:00:08.087128 30008 raft_consensus.cc:385] T b5732a921f3041c7839940d34f8201a9 P 1f668f7b79f141b8a1d4741b8956e32d [term 0 FOLLOWER]: Consensus starting up: Expiring failure detector timer to make a prompt election more likely
I20260710 11:00:08.087388 30008 raft_consensus.cc:740] T b5732a921f3041c7839940d34f8201a9 P 1f668f7b79f141b8a1d4741b8956e32d [term 0 FOLLOWER]: Becoming Follower/Learner. State: Replica: 1f668f7b79f141b8a1d4741b8956e32d, State: Initialized, Role: FOLLOWER
I20260710 11:00:08.088048 30008 consensus_queue.cc:260] T b5732a921f3041c7839940d34f8201a9 P 1f668f7b79f141b8a1d4741b8956e32d [NON_LEADER]: Queue going to NON_LEADER mode. State: All replicated index: 0, Majority replicated index: 0, Committed index: 0, Last appended: 0.0, Last appended by leader: 0, Current term: 0, Majority size: -1, State: 0, Mode: NON_LEADER, active raft config: opid_index: -1 OBSOLETE_local: false peers { permanent_uuid: "1f668f7b79f141b8a1d4741b8956e32d" member_type: VOTER last_known_addr { host: "127.28.3.1" port: 33425 } } peers { permanent_uuid: "3dbbdc03ba3b4828bf5a38011b17a57b" member_type: VOTER last_known_addr { host: "127.28.3.2" port: 39215 } } peers { permanent_uuid: "d98e74b607bb45c390bd004c00ab5e72" member_type: VOTER last_known_addr { host: "127.28.3.3" port: 33213 } }
I20260710 11:00:08.089507 30005 raft_consensus.cc:359] T 254eff5c7f7e47458524a1a7bbd1b49c P d98e74b607bb45c390bd004c00ab5e72 [term 0 FOLLOWER]: Replica starting. Triggering 0 pending ops. Active config: opid_index: -1 OBSOLETE_local: false peers { permanent_uuid: "1f668f7b79f141b8a1d4741b8956e32d" member_type: VOTER last_known_addr { host: "127.28.3.1" port: 33425 } } peers { permanent_uuid: "d98e74b607bb45c390bd004c00ab5e72" member_type: VOTER last_known_addr { host: "127.28.3.3" port: 33213 } } peers { permanent_uuid: "3dbbdc03ba3b4828bf5a38011b17a57b" member_type: VOTER last_known_addr { host: "127.28.3.2" port: 39215 } }
I20260710 11:00:08.090363 30005 raft_consensus.cc:385] T 254eff5c7f7e47458524a1a7bbd1b49c P d98e74b607bb45c390bd004c00ab5e72 [term 0 FOLLOWER]: Consensus starting up: Expiring failure detector timer to make a prompt election more likely
I20260710 11:00:08.090689 30005 raft_consensus.cc:740] T 254eff5c7f7e47458524a1a7bbd1b49c P d98e74b607bb45c390bd004c00ab5e72 [term 0 FOLLOWER]: Becoming Follower/Learner. State: Replica: d98e74b607bb45c390bd004c00ab5e72, State: Initialized, Role: FOLLOWER
I20260710 11:00:08.091753 30005 consensus_queue.cc:260] T 254eff5c7f7e47458524a1a7bbd1b49c P d98e74b607bb45c390bd004c00ab5e72 [NON_LEADER]: Queue going to NON_LEADER mode. State: All replicated index: 0, Majority replicated index: 0, Committed index: 0, Last appended: 0.0, Last appended by leader: 0, Current term: 0, Majority size: -1, State: 0, Mode: NON_LEADER, active raft config: opid_index: -1 OBSOLETE_local: false peers { permanent_uuid: "1f668f7b79f141b8a1d4741b8956e32d" member_type: VOTER last_known_addr { host: "127.28.3.1" port: 33425 } } peers { permanent_uuid: "d98e74b607bb45c390bd004c00ab5e72" member_type: VOTER last_known_addr { host: "127.28.3.3" port: 33213 } } peers { permanent_uuid: "3dbbdc03ba3b4828bf5a38011b17a57b" member_type: VOTER last_known_addr { host: "127.28.3.2" port: 39215 } }
I20260710 11:00:08.090699 30008 ts_tablet_manager.cc:1434] T b5732a921f3041c7839940d34f8201a9 P 1f668f7b79f141b8a1d4741b8956e32d: Time spent starting tablet: real 0.007s	user 0.006s	sys 0.000s
I20260710 11:00:08.094710 30005 ts_tablet_manager.cc:1434] T 254eff5c7f7e47458524a1a7bbd1b49c P d98e74b607bb45c390bd004c00ab5e72: Time spent starting tablet: real 0.008s	user 0.006s	sys 0.002s
I20260710 11:00:08.094808 30008 tablet_bootstrap.cc:492] T 254eff5c7f7e47458524a1a7bbd1b49c P 1f668f7b79f141b8a1d4741b8956e32d: Bootstrap starting.
