I20260710 11:00:08.095855 30005 tablet_bootstrap.cc:492] T 9cde9cf3bf5546b3ad5f1e16c2f272d4 P d98e74b607bb45c390bd004c00ab5e72: Bootstrap starting.
I20260710 11:00:08.096087 29965 raft_consensus.cc:2468] T b5732a921f3041c7839940d34f8201a9 P d98e74b607bb45c390bd004c00ab5e72 [term 1 FOLLOWER]: Leader election vote request: Granting yes vote for candidate 3dbbdc03ba3b4828bf5a38011b17a57b in term 1.
I20260710 11:00:08.102160 29857 leader_election.cc:304] T b5732a921f3041c7839940d34f8201a9 P 3dbbdc03ba3b4828bf5a38011b17a57b [CANDIDATE]: Term 1 election: Election decided. Result: candidate won. Election summary: received 3 responses out of 3 voters: 2 yes votes; 1 no votes. yes voters: 3dbbdc03ba3b4828bf5a38011b17a57b, d98e74b607bb45c390bd004c00ab5e72; no voters: 1f668f7b79f141b8a1d4741b8956e32d
I20260710 11:00:08.103744 30012 raft_consensus.cc:2804] T b5732a921f3041c7839940d34f8201a9 P 3dbbdc03ba3b4828bf5a38011b17a57b [term 1 FOLLOWER]: Leader election won for term 1
I20260710 11:00:08.104012 30006 tablet_bootstrap.cc:492] T 254eff5c7f7e47458524a1a7bbd1b49c P 3dbbdc03ba3b4828bf5a38011b17a57b: No bootstrap required, opened a new log
I20260710 11:00:08.104416 30012 raft_consensus.cc:697] T b5732a921f3041c7839940d34f8201a9 P 3dbbdc03ba3b4828bf5a38011b17a57b [term 1 LEADER]: Becoming Leader. State: Replica: 3dbbdc03ba3b4828bf5a38011b17a57b, State: Running, Role: LEADER
I20260710 11:00:08.104643 30006 ts_tablet_manager.cc:1403] T 254eff5c7f7e47458524a1a7bbd1b49c P 3dbbdc03ba3b4828bf5a38011b17a57b: Time spent bootstrapping tablet: real 0.055s	user 0.009s	sys 0.007s
I20260710 11:00:08.104807 30005 tablet_bootstrap.cc:654] T 9cde9cf3bf5546b3ad5f1e16c2f272d4 P d98e74b607bb45c390bd004c00ab5e72: Neither blocks nor log segments found. Creating new log.
I20260710 11:00:08.105574 30012 consensus_queue.cc:237] T b5732a921f3041c7839940d34f8201a9 P 3dbbdc03ba3b4828bf5a38011b17a57b [LEADER]: Queue going to LEADER mode. State: All replicated index: 0, Majority replicated index: 0, Committed index: 0, Last appended: 0.0, Last appended by leader: 0, Current term: 1, Majority size: 2, State: 0, Mode: LEADER, active raft config: opid_index: -1 OBSOLETE_local: false peers { permanent_uuid: "1f668f7b79f141b8a1d4741b8956e32d" member_type: VOTER last_known_addr { host: "127.28.3.1" port: 33425 } } peers { permanent_uuid: "3dbbdc03ba3b4828bf5a38011b17a57b" member_type: VOTER last_known_addr { host: "127.28.3.2" port: 39215 } } peers { permanent_uuid: "d98e74b607bb45c390bd004c00ab5e72" member_type: VOTER last_known_addr { host: "127.28.3.3" port: 33213 } }
I20260710 11:00:08.106920 30008 tablet_bootstrap.cc:654] T 254eff5c7f7e47458524a1a7bbd1b49c P 1f668f7b79f141b8a1d4741b8956e32d: Neither blocks nor log segments found. Creating new log.
I20260710 11:00:08.109617 30006 raft_consensus.cc:359] T 254eff5c7f7e47458524a1a7bbd1b49c P 3dbbdc03ba3b4828bf5a38011b17a57b [term 0 FOLLOWER]: Replica starting. Triggering 0 pending ops. Active config: opid_index: -1 OBSOLETE_local: false peers { permanent_uuid: "1f668f7b79f141b8a1d4741b8956e32d" member_type: VOTER last_known_addr { host: "127.28.3.1" port: 33425 } } peers { permanent_uuid: "d98e74b607bb45c390bd004c00ab5e72" member_type: VOTER last_known_addr { host: "127.28.3.3" port: 33213 } } peers { permanent_uuid: "3dbbdc03ba3b4828bf5a38011b17a57b" member_type: VOTER last_known_addr { host: "127.28.3.2" port: 39215 } }
I20260710 11:00:08.110751 30006 raft_consensus.cc:385] T 254eff5c7f7e47458524a1a7bbd1b49c P 3dbbdc03ba3b4828bf5a38011b17a57b [term 0 FOLLOWER]: Consensus starting up: Expiring failure detector timer to make a prompt election more likely
I20260710 11:00:08.111166 30006 raft_consensus.cc:740] T 254eff5c7f7e47458524a1a7bbd1b49c P 3dbbdc03ba3b4828bf5a38011b17a57b [term 0 FOLLOWER]: Becoming Follower/Learner. State: Replica: 3dbbdc03ba3b4828bf5a38011b17a57b, State: Initialized, Role: FOLLOWER
I20260710 11:00:08.116097 30015 raft_consensus.cc:493] T 254eff5c7f7e47458524a1a7bbd1b49c P d98e74b607bb45c390bd004c00ab5e72 [term 0 FOLLOWER]: Starting pre-election (no leader contacted us within the election timeout)
I20260710 11:00:08.116657 30015 raft_consensus.cc:515] T 254eff5c7f7e47458524a1a7bbd1b49c P d98e74b607bb45c390bd004c00ab5e72 [term 0 FOLLOWER]: Starting pre-election with config: opid_index: -1 OBSOLETE_local: false peers { permanent_uuid: "1f668f7b79f141b8a1d4741b8956e32d" member_type: VOTER last_known_addr { host: "127.28.3.1" port: 33425 } } peers { permanent_uuid: "d98e74b607bb45c390bd004c00ab5e72" member_type: VOTER last_known_addr { host: "127.28.3.3" port: 33213 } } peers { permanent_uuid: "3dbbdc03ba3b4828bf5a38011b17a57b" member_type: VOTER last_known_addr { host: "127.28.3.2" port: 39215 } }
I20260710 11:00:08.117237 30005 tablet_bootstrap.cc:492] T 9cde9cf3bf5546b3ad5f1e16c2f272d4 P d98e74b607bb45c390bd004c00ab5e72: No bootstrap required, opened a new log
I20260710 11:00:08.117746 30005 ts_tablet_manager.cc:1403] T 9cde9cf3bf5546b3ad5f1e16c2f272d4 P d98e74b607bb45c390bd004c00ab5e72: Time spent bootstrapping tablet: real 0.022s	user 0.006s	sys 0.015s
I20260710 11:00:08.118990 30015 leader_election.cc:290] T 254eff5c7f7e47458524a1a7bbd1b49c P d98e74b607bb45c390bd004c00ab5e72 [CANDIDATE]: Term 1 pre-election: Requested pre-vote from peers 1f668f7b79f141b8a1d4741b8956e32d (127.28.3.1:33425), 3dbbdc03ba3b4828bf5a38011b17a57b (127.28.3.2:39215)
I20260710 11:00:08.121026 29889 tablet_service.cc:1917] Received RequestConsensusVote() RPC: tablet_id: "254eff5c7f7e47458524a1a7bbd1b49c" candidate_uuid: "d98e74b607bb45c390bd004c00ab5e72" candidate_term: 1 candidate_status { last_received { term: 0 index: 0 } } ignore_live_leader: false dest_uuid: "3dbbdc03ba3b4828bf5a38011b17a57b" is_pre_election: true
I20260710 11:00:08.121026 29816 tablet_service.cc:1917] Received RequestConsensusVote() RPC: tablet_id: "254eff5c7f7e47458524a1a7bbd1b49c" candidate_uuid: "d98e74b607bb45c390bd004c00ab5e72" candidate_term: 1 candidate_status { last_received { term: 0 index: 0 } } ignore_live_leader: false dest_uuid: "1f668f7b79f141b8a1d4741b8956e32d" is_pre_election: true
I20260710 11:00:08.122325 30006 consensus_queue.cc:260] T 254eff5c7f7e47458524a1a7bbd1b49c P 3dbbdc03ba3b4828bf5a38011b17a57b [NON_LEADER]: Queue going to NON_LEADER mode. State: All replicated index: 0, Majority replicated index: 0, Committed index: 0, Last appended: 0.0, Last appended by leader: 0, Current term: 0, Majority size: -1, State: 0, Mode: NON_LEADER, active raft config: opid_index: -1 OBSOLETE_local: false peers { permanent_uuid: "1f668f7b79f141b8a1d4741b8956e32d" member_type: VOTER last_known_addr { host: "127.28.3.1" port: 33425 } } peers { permanent_uuid: "d98e74b607bb45c390bd004c00ab5e72" member_type: VOTER last_known_addr { host: "127.28.3.3" port: 33213 } } peers { permanent_uuid: "3dbbdc03ba3b4828bf5a38011b17a57b" member_type: VOTER last_known_addr { host: "127.28.3.2" port: 39215 } }
W20260710 11:00:08.123414 29929 leader_election.cc:343] T 254eff5c7f7e47458524a1a7bbd1b49c P d98e74b607bb45c390bd004c00ab5e72 [CANDIDATE]: Term 1 pre-election: Tablet error from VoteRequest() call to peer 1f668f7b79f141b8a1d4741b8956e32d (127.28.3.1:33425): Illegal state: must be running to vote when last-logged opid is not known
I20260710 11:00:08.124228 29889 raft_consensus.cc:2468] T 254eff5c7f7e47458524a1a7bbd1b49c P 3dbbdc03ba3b4828bf5a38011b17a57b [term 0 FOLLOWER]: Leader pre-election vote request: Granting yes vote for candidate d98e74b607bb45c390bd004c00ab5e72 in term 0.
I20260710 11:00:08.125756 30006 ts_tablet_manager.cc:1434] T 254eff5c7f7e47458524a1a7bbd1b49c P 3dbbdc03ba3b4828bf5a38011b17a57b: Time spent starting tablet: real 0.021s	user 0.011s	sys 0.000s
I20260710 11:00:08.126479 29929 leader_election.cc:304] T 254eff5c7f7e47458524a1a7bbd1b49c P d98e74b607bb45c390bd004c00ab5e72 [CANDIDATE]: Term 1 pre-election: Election decided. Result: candidate won. Election summary: received 3 responses out of 3 voters: 2 yes votes; 1 no votes. yes voters: 3dbbdc03ba3b4828bf5a38011b17a57b, d98e74b607bb45c390bd004c00ab5e72; no voters: 1f668f7b79f141b8a1d4741b8956e32d
I20260710 11:00:08.126871 30006 tablet_bootstrap.cc:492] T af3e11c76b1f4db5aafa3ab49065c25b P 3dbbdc03ba3b4828bf5a38011b17a57b: Bootstrap starting.
I20260710 11:00:08.127727 30015 raft_consensus.cc:2804] T 254eff5c7f7e47458524a1a7bbd1b49c P d98e74b607bb45c390bd004c00ab5e72 [term 0 FOLLOWER]: Leader pre-election won for term 1
I20260710 11:00:08.128146 30015 raft_consensus.cc:493] T 254eff5c7f7e47458524a1a7bbd1b49c P d98e74b607bb45c390bd004c00ab5e72 [term 0 FOLLOWER]: Starting leader election (no leader contacted us within the election timeout)
I20260710 11:00:08.128490 30015 raft_consensus.cc:3060] T 254eff5c7f7e47458524a1a7bbd1b49c P d98e74b607bb45c390bd004c00ab5e72 [term 0 FOLLOWER]: Advancing to term 1
I20260710 11:00:08.133497 30033 raft_consensus.cc:493] T b5732a921f3041c7839940d34f8201a9 P 1f668f7b79f141b8a1d4741b8956e32d [term 0 FOLLOWER]: Starting pre-election (no leader contacted us within the election timeout)
I20260710 11:00:08.134104 30033 raft_consensus.cc:515] T b5732a921f3041c7839940d34f8201a9 P 1f668f7b79f141b8a1d4741b8956e32d [term 0 FOLLOWER]: Starting pre-election with config: opid_index: -1 OBSOLETE_local: false peers { permanent_uuid: "1f668f7b79f141b8a1d4741b8956e32d" member_type: VOTER last_known_addr { host: "127.28.3.1" port: 33425 } } peers { permanent_uuid: "3dbbdc03ba3b4828bf5a38011b17a57b" member_type: VOTER last_known_addr { host: "127.28.3.2" port: 39215 } } peers { permanent_uuid: "d98e74b607bb45c390bd004c00ab5e72" member_type: VOTER last_known_addr { host: "127.28.3.3" port: 33213 } }
I20260710 11:00:08.136695 30033 leader_election.cc:290] T b5732a921f3041c7839940d34f8201a9 P 1f668f7b79f141b8a1d4741b8956e32d [CANDIDATE]: Term 1 pre-election: Requested pre-vote from peers 3dbbdc03ba3b4828bf5a38011b17a57b (127.28.3.2:39215), d98e74b607bb45c390bd004c00ab5e72 (127.28.3.3:33213)
I20260710 11:00:08.138331 29965 tablet_service.cc:1917] Received RequestConsensusVote() RPC: tablet_id: "b5732a921f3041c7839940d34f8201a9" candidate_uuid: "1f668f7b79f141b8a1d4741b8956e32d" candidate_term: 1 candidate_status { last_received { term: 0 index: 0 } } ignore_live_leader: false dest_uuid: "d98e74b607bb45c390bd004c00ab5e72" is_pre_election: true
I20260710 11:00:08.139227 29965 raft_consensus.cc:2393] T b5732a921f3041c7839940d34f8201a9 P d98e74b607bb45c390bd004c00ab5e72 [term 1 FOLLOWER]: Leader pre-election vote request: Denying vote to candidate 1f668f7b79f141b8a1d4741b8956e32d in current term 1: Already voted for candidate 3dbbdc03ba3b4828bf5a38011b17a57b in this term.
I20260710 11:00:08.138336 29889 tablet_service.cc:1917] Received RequestConsensusVote() RPC: tablet_id: "b5732a921f3041c7839940d34f8201a9" candidate_uuid: "1f668f7b79f141b8a1d4741b8956e32d" candidate_term: 1 candidate_status { last_received { term: 0 index: 0 } } ignore_live_leader: false dest_uuid: "3dbbdc03ba3b4828bf5a38011b17a57b" is_pre_election: true
I20260710 11:00:08.141889 29780 leader_election.cc:304] T b5732a921f3041c7839940d34f8201a9 P 1f668f7b79f141b8a1d4741b8956e32d [CANDIDATE]: Term 1 pre-election: Election decided. Result: candidate lost. Election summary: received 3 responses out of 3 voters: 1 yes votes; 2 no votes. yes voters: 1f668f7b79f141b8a1d4741b8956e32d; no voters: 3dbbdc03ba3b4828bf5a38011b17a57b, d98e74b607bb45c390bd004c00ab5e72
I20260710 11:00:08.143234 30033 raft_consensus.cc:3060] T b5732a921f3041c7839940d34f8201a9 P 1f668f7b79f141b8a1d4741b8956e32d [term 0 FOLLOWER]: Advancing to term 1
I20260710 11:00:08.151039 30008 tablet_bootstrap.cc:492] T 254eff5c7f7e47458524a1a7bbd1b49c P 1f668f7b79f141b8a1d4741b8956e32d: No bootstrap required, opened a new log
I20260710 11:00:08.150822 30005 raft_consensus.cc:359] T 9cde9cf3bf5546b3ad5f1e16c2f272d4 P d98e74b607bb45c390bd004c00ab5e72 [term 0 FOLLOWER]: Replica starting. Triggering 0 pending ops. Active config: opid_index: -1 OBSOLETE_local: false peers { permanent_uuid: "1f668f7b79f141b8a1d4741b8956e32d" member_type: VOTER last_known_addr { host: "127.28.3.1" port: 33425 } } peers { permanent_uuid: "3dbbdc03ba3b4828bf5a38011b17a57b" member_type: VOTER last_known_addr { host: "127.28.3.2" port: 39215 } } peers { permanent_uuid: "d98e74b607bb45c390bd004c00ab5e72" member_type: VOTER last_known_addr { host: "127.28.3.3" port: 33213 } }
I20260710 11:00:08.152047 30008 ts_tablet_manager.cc:1403] T 254eff5c7f7e47458524a1a7bbd1b49c P 1f668f7b79f141b8a1d4741b8956e32d: Time spent bootstrapping tablet: real 0.058s	user 0.023s	sys 0.028s
I20260710 11:00:08.155988 30008 raft_consensus.cc:359] T 254eff5c7f7e47458524a1a7bbd1b49c P 1f668f7b79f141b8a1d4741b8956e32d [term 0 FOLLOWER]: Replica starting. Triggering 0 pending ops. Active config: opid_index: -1 OBSOLETE_local: false peers { permanent_uuid: "1f668f7b79f141b8a1d4741b8956e32d" member_type: VOTER last_known_addr { host: "127.28.3.1" port: 33425 } } peers { permanent_uuid: "d98e74b607bb45c390bd004c00ab5e72" member_type: VOTER last_known_addr { host: "127.28.3.3" port: 33213 } } peers { permanent_uuid: "3dbbdc03ba3b4828bf5a38011b17a57b" member_type: VOTER last_known_addr { host: "127.28.3.2" port: 39215 } }
I20260710 11:00:08.156507 30006 tablet_bootstrap.cc:654] T af3e11c76b1f4db5aafa3ab49065c25b P 3dbbdc03ba3b4828bf5a38011b17a57b: Neither blocks nor log segments found. Creating new log.
I20260710 11:00:08.157330 30033 raft_consensus.cc:2749] T b5732a921f3041c7839940d34f8201a9 P 1f668f7b79f141b8a1d4741b8956e32d [term 1 FOLLOWER]: Leader pre-election lost for term 1. Reason: could not achieve majority
I20260710 11:00:08.152010 30005 raft_consensus.cc:385] T 9cde9cf3bf5546b3ad5f1e16c2f272d4 P d98e74b607bb45c390bd004c00ab5e72 [term 0 FOLLOWER]: Consensus starting up: Expiring failure detector timer to make a prompt election more likely
I20260710 11:00:08.158039 30005 raft_consensus.cc:740] T 9cde9cf3bf5546b3ad5f1e16c2f272d4 P d98e74b607bb45c390bd004c00ab5e72 [term 0 FOLLOWER]: Becoming Follower/Learner. State: Replica: d98e74b607bb45c390bd004c00ab5e72, State: Initialized, Role: FOLLOWER
I20260710 11:00:08.157806 30015 raft_consensus.cc:515] T 254eff5c7f7e47458524a1a7bbd1b49c P d98e74b607bb45c390bd004c00ab5e72 [term 1 FOLLOWER]: Starting leader election with config: opid_index: -1 OBSOLETE_local: false peers { permanent_uuid: "1f668f7b79f141b8a1d4741b8956e32d" member_type: VOTER last_known_addr { host: "127.28.3.1" port: 33425 } } peers { permanent_uuid: "d98e74b607bb45c390bd004c00ab5e72" member_type: VOTER last_known_addr { host: "127.28.3.3" port: 33213 } } peers { permanent_uuid: "3dbbdc03ba3b4828bf5a38011b17a57b" member_type: VOTER last_known_addr { host: "127.28.3.2" port: 39215 } }
I20260710 11:00:08.157003 30008 raft_consensus.cc:385] T 254eff5c7f7e47458524a1a7bbd1b49c P 1f668f7b79f141b8a1d4741b8956e32d [term 0 FOLLOWER]: Consensus starting up: Expiring failure detector timer to make a prompt election more likely
I20260710 11:00:08.159169 30008 raft_consensus.cc:740] T 254eff5c7f7e47458524a1a7bbd1b49c P 1f668f7b79f141b8a1d4741b8956e32d [term 0 FOLLOWER]: Becoming Follower/Learner. State: Replica: 1f668f7b79f141b8a1d4741b8956e32d, State: Initialized, Role: FOLLOWER
I20260710 11:00:08.160853 30015 leader_election.cc:290] T 254eff5c7f7e47458524a1a7bbd1b49c P d98e74b607bb45c390bd004c00ab5e72 [CANDIDATE]: Term 1 election: Requested vote from peers 1f668f7b79f141b8a1d4741b8956e32d (127.28.3.1:33425), 3dbbdc03ba3b4828bf5a38011b17a57b (127.28.3.2:39215)
I20260710 11:00:08.163818 29816 tablet_service.cc:1917] Received RequestConsensusVote() RPC: tablet_id: "254eff5c7f7e47458524a1a7bbd1b49c" candidate_uuid: "d98e74b607bb45c390bd004c00ab5e72" candidate_term: 1 candidate_status { last_received { term: 0 index: 0 } } ignore_live_leader: false dest_uuid: "1f668f7b79f141b8a1d4741b8956e32d"
I20260710 11:00:08.163501 30008 consensus_queue.cc:260] T 254eff5c7f7e47458524a1a7bbd1b49c P 1f668f7b79f141b8a1d4741b8956e32d [NON_LEADER]: Queue going to NON_LEADER mode. State: All replicated index: 0, Majority replicated index: 0, Committed index: 0, Last appended: 0.0, Last appended by leader: 0, Current term: 0, Majority size: -1, State: 0, Mode: NON_LEADER, active raft config: opid_index: -1 OBSOLETE_local: false peers { permanent_uuid: "1f668f7b79f141b8a1d4741b8956e32d" member_type: VOTER last_known_addr { host: "127.28.3.1" port: 33425 } } peers { permanent_uuid: "d98e74b607bb45c390bd004c00ab5e72" member_type: VOTER last_known_addr { host: "127.28.3.3" port: 33213 } } peers { permanent_uuid: "3dbbdc03ba3b4828bf5a38011b17a57b" member_type: VOTER last_known_addr { host: "127.28.3.2" port: 39215 } }
I20260710 11:00:08.163532 29889 tablet_service.cc:1917] Received RequestConsensusVote() RPC: tablet_id: "254eff5c7f7e47458524a1a7bbd1b49c" candidate_uuid: "d98e74b607bb45c390bd004c00ab5e72" candidate_term: 1 candidate_status { last_received { term: 0 index: 0 } } ignore_live_leader: false dest_uuid: "3dbbdc03ba3b4828bf5a38011b17a57b"
I20260710 11:00:08.162351 30005 consensus_queue.cc:260] T 9cde9cf3bf5546b3ad5f1e16c2f272d4 P d98e74b607bb45c390bd004c00ab5e72 [NON_LEADER]: Queue going to NON_LEADER mode. State: All replicated index: 0, Majority replicated index: 0, Committed index: 0, Last appended: 0.0, Last appended by leader: 0, Current term: 0, Majority size: -1, State: 0, Mode: NON_LEADER, active raft config: opid_index: -1 OBSOLETE_local: false peers { permanent_uuid: "1f668f7b79f141b8a1d4741b8956e32d" member_type: VOTER last_known_addr { host: "127.28.3.1" port: 33425 } } peers { permanent_uuid: "3dbbdc03ba3b4828bf5a38011b17a57b" member_type: VOTER last_known_addr { host: "127.28.3.2" port: 39215 } } peers { permanent_uuid: "d98e74b607bb45c390bd004c00ab5e72" member_type: VOTER last_known_addr { host: "127.28.3.3" port: 33213 } }
I20260710 11:00:08.169467 29816 raft_consensus.cc:3060] T 254eff5c7f7e47458524a1a7bbd1b49c P 1f668f7b79f141b8a1d4741b8956e32d [term 0 FOLLOWER]: Advancing to term 1
I20260710 11:00:08.170753 30008 ts_tablet_manager.cc:1434] T 254eff5c7f7e47458524a1a7bbd1b49c P 1f668f7b79f141b8a1d4741b8956e32d: Time spent starting tablet: real 0.018s	user 0.006s	sys 0.002s
I20260710 11:00:08.171850 30005 ts_tablet_manager.cc:1434] T 9cde9cf3bf5546b3ad5f1e16c2f272d4 P d98e74b607bb45c390bd004c00ab5e72: Time spent starting tablet: real 0.054s	user 0.005s	sys 0.004s
I20260710 11:00:08.171998 30008 tablet_bootstrap.cc:492] T 7960e559d4ea4c6b97c923ae402a02b2 P 1f668f7b79f141b8a1d4741b8956e32d: Bootstrap starting.
I20260710 11:00:08.173063 30005 tablet_bootstrap.cc:492] T af3e11c76b1f4db5aafa3ab49065c25b P d98e74b607bb45c390bd004c00ab5e72: Bootstrap starting.
I20260710 11:00:08.173520 29712 catalog_manager.cc:5697] T 0c49d61d6b4243bdb68465dc7e124e1b P 1f668f7b79f141b8a1d4741b8956e32d reported cstate change: term changed from 0 to 1, leader changed from <none> to 1f668f7b79f141b8a1d4741b8956e32d (127.28.3.1). New cstate: current_term: 1 leader_uuid: "1f668f7b79f141b8a1d4741b8956e32d" committed_config { opid_index: -1 OBSOLETE_local: false peers { permanent_uuid: "1f668f7b79f141b8a1d4741b8956e32d" member_type: VOTER last_known_addr { host: "127.28.3.1" port: 33425 } health_report { overall_health: HEALTHY } } peers { permanent_uuid: "3dbbdc03ba3b4828bf5a38011b17a57b" member_type: VOTER last_known_addr { host: "127.28.3.2" port: 39215 } health_report { overall_health: UNKNOWN } } peers { permanent_uuid: "d98e74b607bb45c390bd004c00ab5e72" member_type: VOTER last_known_addr { host: "127.28.3.3" port: 33213 } health_report { overall_health: UNKNOWN } } }
I20260710 11:00:08.168494 29889 raft_consensus.cc:3060] T 254eff5c7f7e47458524a1a7bbd1b49c P 3dbbdc03ba3b4828bf5a38011b17a57b [term 0 FOLLOWER]: Advancing to term 1
I20260710 11:00:08.175917 29712 catalog_manager.cc:5697] T f22ba61c9b244cf2bac3178014ed735b P 1f668f7b79f141b8a1d4741b8956e32d reported cstate change: term changed from 0 to 1, leader changed from <none> to 1f668f7b79f141b8a1d4741b8956e32d (127.28.3.1). New cstate: current_term: 1 leader_uuid: "1f668f7b79f141b8a1d4741b8956e32d" committed_config { opid_index: -1 OBSOLETE_local: false peers { permanent_uuid: "1f668f7b79f141b8a1d4741b8956e32d" member_type: VOTER last_known_addr { host: "127.28.3.1" port: 33425 } health_report { overall_health: HEALTHY } } peers { permanent_uuid: "3dbbdc03ba3b4828bf5a38011b17a57b" member_type: VOTER last_known_addr { host: "127.28.3.2" port: 39215 } health_report { overall_health: UNKNOWN } } peers { permanent_uuid: "d98e74b607bb45c390bd004c00ab5e72" member_type: VOTER last_known_addr { host: "127.28.3.3" port: 33213 } health_report { overall_health: UNKNOWN } } }
I20260710 11:00:08.180518 30008 tablet_bootstrap.cc:654] T 7960e559d4ea4c6b97c923ae402a02b2 P 1f668f7b79f141b8a1d4741b8956e32d: Neither blocks nor log segments found. Creating new log.
I20260710 11:00:08.180797 30005 tablet_bootstrap.cc:654] T af3e11c76b1f4db5aafa3ab49065c25b P d98e74b607bb45c390bd004c00ab5e72: Neither blocks nor log segments found. Creating new log.
I20260710 11:00:08.187058 30006 tablet_bootstrap.cc:492] T af3e11c76b1f4db5aafa3ab49065c25b P 3dbbdc03ba3b4828bf5a38011b17a57b: No bootstrap required, opened a new log
I20260710 11:00:08.187644 30006 ts_tablet_manager.cc:1403] T af3e11c76b1f4db5aafa3ab49065c25b P 3dbbdc03ba3b4828bf5a38011b17a57b: Time spent bootstrapping tablet: real 0.061s	user 0.012s	sys 0.004s
I20260710 11:00:08.190672 30006 raft_consensus.cc:359] T af3e11c76b1f4db5aafa3ab49065c25b P 3dbbdc03ba3b4828bf5a38011b17a57b [term 0 FOLLOWER]: Replica starting. Triggering 0 pending ops. Active config: opid_index: -1 OBSOLETE_local: false peers { permanent_uuid: "1f668f7b79f141b8a1d4741b8956e32d" member_type: VOTER last_known_addr { host: "127.28.3.1" port: 33425 } } peers { permanent_uuid: "3dbbdc03ba3b4828bf5a38011b17a57b" member_type: VOTER last_known_addr { host: "127.28.3.2" port: 39215 } } peers { permanent_uuid: "d98e74b607bb45c390bd004c00ab5e72" member_type: VOTER last_known_addr { host: "127.28.3.3" port: 33213 } }
I20260710 11:00:08.191442 30006 raft_consensus.cc:385] T af3e11c76b1f4db5aafa3ab49065c25b P 3dbbdc03ba3b4828bf5a38011b17a57b [term 0 FOLLOWER]: Consensus starting up: Expiring failure detector timer to make a prompt election more likely
I20260710 11:00:08.191736 30006 raft_consensus.cc:740] T af3e11c76b1f4db5aafa3ab49065c25b P 3dbbdc03ba3b4828bf5a38011b17a57b [term 0 FOLLOWER]: Becoming Follower/Learner. State: Replica: 3dbbdc03ba3b4828bf5a38011b17a57b, State: Initialized, Role: FOLLOWER
I20260710 11:00:08.192538 30006 consensus_queue.cc:260] T af3e11c76b1f4db5aafa3ab49065c25b P 3dbbdc03ba3b4828bf5a38011b17a57b [NON_LEADER]: Queue going to NON_LEADER mode. State: All replicated index: 0, Majority replicated index: 0, Committed index: 0, Last appended: 0.0, Last appended by leader: 0, Current term: 0, Majority size: -1, State: 0, Mode: NON_LEADER, active raft config: opid_index: -1 OBSOLETE_local: false peers { permanent_uuid: "1f668f7b79f141b8a1d4741b8956e32d" member_type: VOTER last_known_addr { host: "127.28.3.1" port: 33425 } } peers { permanent_uuid: "3dbbdc03ba3b4828bf5a38011b17a57b" member_type: VOTER last_known_addr { host: "127.28.3.2" port: 39215 } } peers { permanent_uuid: "d98e74b607bb45c390bd004c00ab5e72" member_type: VOTER last_known_addr { host: "127.28.3.3" port: 33213 } }
I20260710 11:00:08.195611 30006 ts_tablet_manager.cc:1434] T af3e11c76b1f4db5aafa3ab49065c25b P 3dbbdc03ba3b4828bf5a38011b17a57b: Time spent starting tablet: real 0.008s	user 0.008s	sys 0.000s
I20260710 11:00:08.196756 30006 tablet_bootstrap.cc:492] T 9cde9cf3bf5546b3ad5f1e16c2f272d4 P 3dbbdc03ba3b4828bf5a38011b17a57b: Bootstrap starting.
I20260710 11:00:08.203379 30006 tablet_bootstrap.cc:654] T 9cde9cf3bf5546b3ad5f1e16c2f272d4 P 3dbbdc03ba3b4828bf5a38011b17a57b: Neither blocks nor log segments found. Creating new log.
I20260710 11:00:08.205040 29816 raft_consensus.cc:2468] T 254eff5c7f7e47458524a1a7bbd1b49c P 1f668f7b79f141b8a1d4741b8956e32d [term 1 FOLLOWER]: Leader election vote request: Granting yes vote for candidate d98e74b607bb45c390bd004c00ab5e72 in term 1.
I20260710 11:00:08.218631 29889 raft_consensus.cc:2468] T 254eff5c7f7e47458524a1a7bbd1b49c P 3dbbdc03ba3b4828bf5a38011b17a57b [term 1 FOLLOWER]: Leader election vote request: Granting yes vote for candidate d98e74b607bb45c390bd004c00ab5e72 in term 1.
I20260710 11:00:08.235503 29929 leader_election.cc:304] T 254eff5c7f7e47458524a1a7bbd1b49c P d98e74b607bb45c390bd004c00ab5e72 [CANDIDATE]: Term 1 election: Election decided. Result: candidate won. Election summary: received 2 responses out of 3 voters: 2 yes votes; 0 no votes. yes voters: 1f668f7b79f141b8a1d4741b8956e32d, d98e74b607bb45c390bd004c00ab5e72; no voters: 
I20260710 11:00:08.237093 30015 raft_consensus.cc:2804] T 254eff5c7f7e47458524a1a7bbd1b49c P d98e74b607bb45c390bd004c00ab5e72 [term 1 FOLLOWER]: Leader election won for term 1
I20260710 11:00:08.237874 30015 raft_consensus.cc:697] T 254eff5c7f7e47458524a1a7bbd1b49c P d98e74b607bb45c390bd004c00ab5e72 [term 1 LEADER]: Becoming Leader. State: Replica: d98e74b607bb45c390bd004c00ab5e72, State: Running, Role: LEADER
I20260710 11:00:08.239257 30015 consensus_queue.cc:237] T 254eff5c7f7e47458524a1a7bbd1b49c P d98e74b607bb45c390bd004c00ab5e72 [LEADER]: Queue going to LEADER mode. State: All replicated index: 0, Majority replicated index: 0, Committed index: 0, Last appended: 0.0, Last appended by leader: 0, Current term: 1, Majority size: 2, State: 0, Mode: LEADER, active raft config: opid_index: -1 OBSOLETE_local: false peers { permanent_uuid: "1f668f7b79f141b8a1d4741b8956e32d" member_type: VOTER last_known_addr { host: "127.28.3.1" port: 33425 } } peers { permanent_uuid: "d98e74b607bb45c390bd004c00ab5e72" member_type: VOTER last_known_addr { host: "127.28.3.3" port: 33213 } } peers { permanent_uuid: "3dbbdc03ba3b4828bf5a38011b17a57b" member_type: VOTER last_known_addr { host: "127.28.3.2" port: 39215 } }
I20260710 11:00:08.232477 29712 catalog_manager.cc:5697] T b5732a921f3041c7839940d34f8201a9 P 3dbbdc03ba3b4828bf5a38011b17a57b reported cstate change: term changed from 0 to 1, leader changed from <none> to 3dbbdc03ba3b4828bf5a38011b17a57b (127.28.3.2). New cstate: current_term: 1 leader_uuid: "3dbbdc03ba3b4828bf5a38011b17a57b" committed_config { opid_index: -1 OBSOLETE_local: false peers { permanent_uuid: "1f668f7b79f141b8a1d4741b8956e32d" member_type: VOTER last_known_addr { host: "127.28.3.1" port: 33425 } health_report { overall_health: UNKNOWN } } peers { permanent_uuid: "3dbbdc03ba3b4828bf5a38011b17a57b" member_type: VOTER last_known_addr { host: "127.28.3.2" port: 39215 } health_report { overall_health: HEALTHY } } peers { permanent_uuid: "d98e74b607bb45c390bd004c00ab5e72" member_type: VOTER last_known_addr { host: "127.28.3.3" port: 33213 } health_report { overall_health: UNKNOWN } } }
I20260710 11:00:08.266607 30005 tablet_bootstrap.cc:492] T af3e11c76b1f4db5aafa3ab49065c25b P d98e74b607bb45c390bd004c00ab5e72: No bootstrap required, opened a new log
I20260710 11:00:08.267201 30005 ts_tablet_manager.cc:1403] T af3e11c76b1f4db5aafa3ab49065c25b P d98e74b607bb45c390bd004c00ab5e72: Time spent bootstrapping tablet: real 0.094s	user 0.036s	sys 0.049s
I20260710 11:00:08.268916 30006 tablet_bootstrap.cc:492] T 9cde9cf3bf5546b3ad5f1e16c2f272d4 P 3dbbdc03ba3b4828bf5a38011b17a57b: No bootstrap required, opened a new log
I20260710 11:00:08.269248 30008 tablet_bootstrap.cc:492] T 7960e559d4ea4c6b97c923ae402a02b2 P 1f668f7b79f141b8a1d4741b8956e32d: No bootstrap required, opened a new log
I20260710 11:00:08.269471 30006 ts_tablet_manager.cc:1403] T 9cde9cf3bf5546b3ad5f1e16c2f272d4 P 3dbbdc03ba3b4828bf5a38011b17a57b: Time spent bootstrapping tablet: real 0.073s	user 0.026s	sys 0.045s
I20260710 11:00:08.269722 30008 ts_tablet_manager.cc:1403] T 7960e559d4ea4c6b97c923ae402a02b2 P 1f668f7b79f141b8a1d4741b8956e32d: Time spent bootstrapping tablet: real 0.098s	user 0.026s	sys 0.047s
I20260710 11:00:08.270615 30005 raft_consensus.cc:359] T af3e11c76b1f4db5aafa3ab49065c25b P d98e74b607bb45c390bd004c00ab5e72 [term 0 FOLLOWER]: Replica starting. Triggering 0 pending ops. Active config: opid_index: -1 OBSOLETE_local: false peers { permanent_uuid: "1f668f7b79f141b8a1d4741b8956e32d" member_type: VOTER last_known_addr { host: "127.28.3.1" port: 33425 } } peers { permanent_uuid: "3dbbdc03ba3b4828bf5a38011b17a57b" member_type: VOTER last_known_addr { host: "127.28.3.2" port: 39215 } } peers { permanent_uuid: "d98e74b607bb45c390bd004c00ab5e72" member_type: VOTER last_known_addr { host: "127.28.3.3" port: 33213 } }
I20260710 11:00:08.271342 30005 raft_consensus.cc:385] T af3e11c76b1f4db5aafa3ab49065c25b P d98e74b607bb45c390bd004c00ab5e72 [term 0 FOLLOWER]: Consensus starting up: Expiring failure detector timer to make a prompt election more likely
I20260710 11:00:08.271613 30005 raft_consensus.cc:740] T af3e11c76b1f4db5aafa3ab49065c25b P d98e74b607bb45c390bd004c00ab5e72 [term 0 FOLLOWER]: Becoming Follower/Learner. State: Replica: d98e74b607bb45c390bd004c00ab5e72, State: Initialized, Role: FOLLOWER
I20260710 11:00:08.272636 30006 raft_consensus.cc:359] T 9cde9cf3bf5546b3ad5f1e16c2f272d4 P 3dbbdc03ba3b4828bf5a38011b17a57b [term 0 FOLLOWER]: Replica starting. Triggering 0 pending ops. Active config: opid_index: -1 OBSOLETE_local: false peers { permanent_uuid: "1f668f7b79f141b8a1d4741b8956e32d" member_type: VOTER last_known_addr { host: "127.28.3.1" port: 33425 } } peers { permanent_uuid: "3dbbdc03ba3b4828bf5a38011b17a57b" member_type: VOTER last_known_addr { host: "127.28.3.2" port: 39215 } } peers { permanent_uuid: "d98e74b607bb45c390bd004c00ab5e72" member_type: VOTER last_known_addr { host: "127.28.3.3" port: 33213 } }
I20260710 11:00:08.273502 30006 raft_consensus.cc:385] T 9cde9cf3bf5546b3ad5f1e16c2f272d4 P 3dbbdc03ba3b4828bf5a38011b17a57b [term 0 FOLLOWER]: Consensus starting up: Expiring failure detector timer to make a prompt election more likely
I20260710 11:00:08.273815 30006 raft_consensus.cc:740] T 9cde9cf3bf5546b3ad5f1e16c2f272d4 P 3dbbdc03ba3b4828bf5a38011b17a57b [term 0 FOLLOWER]: Becoming Follower/Learner. State: Replica: 3dbbdc03ba3b4828bf5a38011b17a57b, State: Initialized, Role: FOLLOWER
I20260710 11:00:08.273206 29714 catalog_manager.cc:5697] T 254eff5c7f7e47458524a1a7bbd1b49c P d98e74b607bb45c390bd004c00ab5e72 reported cstate change: term changed from 0 to 1, leader changed from <none> to d98e74b607bb45c390bd004c00ab5e72 (127.28.3.3). New cstate: current_term: 1 leader_uuid: "d98e74b607bb45c390bd004c00ab5e72" committed_config { opid_index: -1 OBSOLETE_local: false peers { permanent_uuid: "1f668f7b79f141b8a1d4741b8956e32d" member_type: VOTER last_known_addr { host: "127.28.3.1" port: 33425 } health_report { overall_health: UNKNOWN } } peers { permanent_uuid: "d98e74b607bb45c390bd004c00ab5e72" member_type: VOTER last_known_addr { host: "127.28.3.3" port: 33213 } health_report { overall_health: HEALTHY } } peers { permanent_uuid: "3dbbdc03ba3b4828bf5a38011b17a57b" member_type: VOTER last_known_addr { host: "127.28.3.2" port: 39215 } health_report { overall_health: UNKNOWN } } }
I20260710 11:00:08.273708 30008 raft_consensus.cc:359] T 7960e559d4ea4c6b97c923ae402a02b2 P 1f668f7b79f141b8a1d4741b8956e32d [term 0 FOLLOWER]: Replica starting. Triggering 0 pending ops. Active config: opid_index: -1 OBSOLETE_local: false peers { permanent_uuid: "1f668f7b79f141b8a1d4741b8956e32d" member_type: VOTER last_known_addr { host: "127.28.3.1" port: 33425 } } peers { permanent_uuid: "3dbbdc03ba3b4828bf5a38011b17a57b" member_type: VOTER last_known_addr { host: "127.28.3.2" port: 39215 } } peers { permanent_uuid: "d98e74b607bb45c390bd004c00ab5e72" member_type: VOTER last_known_addr { host: "127.28.3.3" port: 33213 } }
I20260710 11:00:08.273201 30005 consensus_queue.cc:260] T af3e11c76b1f4db5aafa3ab49065c25b P d98e74b607bb45c390bd004c00ab5e72 [NON_LEADER]: Queue going to NON_LEADER mode. State: All replicated index: 0, Majority replicated index: 0, Committed index: 0, Last appended: 0.0, Last appended by leader: 0, Current term: 0, Majority size: -1, State: 0, Mode: NON_LEADER, active raft config: opid_index: -1 OBSOLETE_local: false peers { permanent_uuid: "1f668f7b79f141b8a1d4741b8956e32d" member_type: VOTER last_known_addr { host: "127.28.3.1" port: 33425 } } peers { permanent_uuid: "3dbbdc03ba3b4828bf5a38011b17a57b" member_type: VOTER last_known_addr { host: "127.28.3.2" port: 39215 } } peers { permanent_uuid: "d98e74b607bb45c390bd004c00ab5e72" member_type: VOTER last_known_addr { host: "127.28.3.3" port: 33213 } }
I20260710 11:00:08.274722 30006 consensus_queue.cc:260] T 9cde9cf3bf5546b3ad5f1e16c2f272d4 P 3dbbdc03ba3b4828bf5a38011b17a57b [NON_LEADER]: Queue going to NON_LEADER mode. State: All replicated index: 0, Majority replicated index: 0, Committed index: 0, Last appended: 0.0, Last appended by leader: 0, Current term: 0, Majority size: -1, State: 0, Mode: NON_LEADER, active raft config: opid_index: -1 OBSOLETE_local: false peers { permanent_uuid: "1f668f7b79f141b8a1d4741b8956e32d" member_type: VOTER last_known_addr { host: "127.28.3.1" port: 33425 } } peers { permanent_uuid: "3dbbdc03ba3b4828bf5a38011b17a57b" member_type: VOTER last_known_addr { host: "127.28.3.2" port: 39215 } } peers { permanent_uuid: "d98e74b607bb45c390bd004c00ab5e72" member_type: VOTER last_known_addr { host: "127.28.3.3" port: 33213 } }
I20260710 11:00:08.274731 30008 raft_consensus.cc:385] T 7960e559d4ea4c6b97c923ae402a02b2 P 1f668f7b79f141b8a1d4741b8956e32d [term 0 FOLLOWER]: Consensus starting up: Expiring failure detector timer to make a prompt election more likely
I20260710 11:00:08.277369 30008 raft_consensus.cc:740] T 7960e559d4ea4c6b97c923ae402a02b2 P 1f668f7b79f141b8a1d4741b8956e32d [term 0 FOLLOWER]: Becoming Follower/Learner. State: Replica: 1f668f7b79f141b8a1d4741b8956e32d, State: Initialized, Role: FOLLOWER
I20260710 11:00:08.277654 30006 ts_tablet_manager.cc:1434] T 9cde9cf3bf5546b3ad5f1e16c2f272d4 P 3dbbdc03ba3b4828bf5a38011b17a57b: Time spent starting tablet: real 0.008s	user 0.005s	sys 0.002s
I20260710 11:00:08.278591 30005 ts_tablet_manager.cc:1434] T af3e11c76b1f4db5aafa3ab49065c25b P d98e74b607bb45c390bd004c00ab5e72: Time spent starting tablet: real 0.011s	user 0.008s	sys 0.000s
I20260710 11:00:08.279853 30005 tablet_bootstrap.cc:492] T 6bdbaabbf9184d688df53a9c175d0a09 P d98e74b607bb45c390bd004c00ab5e72: Bootstrap starting.
I20260710 11:00:08.279644 30008 consensus_queue.cc:260] T 7960e559d4ea4c6b97c923ae402a02b2 P 1f668f7b79f141b8a1d4741b8956e32d [NON_LEADER]: Queue going to NON_LEADER mode. State: All replicated index: 0, Majority replicated index: 0, Committed index: 0, Last appended: 0.0, Last appended by leader: 0, Current term: 0, Majority size: -1, State: 0, Mode: NON_LEADER, active raft config: opid_index: -1 OBSOLETE_local: false peers { permanent_uuid: "1f668f7b79f141b8a1d4741b8956e32d" member_type: VOTER last_known_addr { host: "127.28.3.1" port: 33425 } } peers { permanent_uuid: "3dbbdc03ba3b4828bf5a38011b17a57b" member_type: VOTER last_known_addr { host: "127.28.3.2" port: 39215 } } peers { permanent_uuid: "d98e74b607bb45c390bd004c00ab5e72" member_type: VOTER last_known_addr { host: "127.28.3.3" port: 33213 } }
I20260710 11:00:08.282335 30008 ts_tablet_manager.cc:1434] T 7960e559d4ea4c6b97c923ae402a02b2 P 1f668f7b79f141b8a1d4741b8956e32d: Time spent starting tablet: real 0.012s	user 0.007s	sys 0.001s
I20260710 11:00:08.283030 30006 tablet_bootstrap.cc:492] T 7960e559d4ea4c6b97c923ae402a02b2 P 3dbbdc03ba3b4828bf5a38011b17a57b: Bootstrap starting.
I20260710 11:00:08.284394 30008 tablet_bootstrap.cc:492] T 0c0928f3777f439a816009df5bf9ba6f P 1f668f7b79f141b8a1d4741b8956e32d: Bootstrap starting.
I20260710 11:00:08.286897 30005 tablet_bootstrap.cc:654] T 6bdbaabbf9184d688df53a9c175d0a09 P d98e74b607bb45c390bd004c00ab5e72: Neither blocks nor log segments found. Creating new log.
I20260710 11:00:08.290263 30006 tablet_bootstrap.cc:654] T 7960e559d4ea4c6b97c923ae402a02b2 P 3dbbdc03ba3b4828bf5a38011b17a57b: Neither blocks nor log segments found. Creating new log.
I20260710 11:00:08.291926 30008 tablet_bootstrap.cc:654] T 0c0928f3777f439a816009df5bf9ba6f P 1f668f7b79f141b8a1d4741b8956e32d: Neither blocks nor log segments found. Creating new log.
I20260710 11:00:08.300882 30008 tablet_bootstrap.cc:492] T 0c0928f3777f439a816009df5bf9ba6f P 1f668f7b79f141b8a1d4741b8956e32d: No bootstrap required, opened a new log
I20260710 11:00:08.301687 30008 ts_tablet_manager.cc:1403] T 0c0928f3777f439a816009df5bf9ba6f P 1f668f7b79f141b8a1d4741b8956e32d: Time spent bootstrapping tablet: real 0.017s	user 0.012s	sys 0.004s
I20260710 11:00:08.305603 30008 raft_consensus.cc:359] T 0c0928f3777f439a816009df5bf9ba6f P 1f668f7b79f141b8a1d4741b8956e32d [term 0 FOLLOWER]: Replica starting. Triggering 0 pending ops. Active config: opid_index: -1 OBSOLETE_local: false peers { permanent_uuid: "1f668f7b79f141b8a1d4741b8956e32d" member_type: VOTER last_known_addr { host: "127.28.3.1" port: 33425 } } peers { permanent_uuid: "3dbbdc03ba3b4828bf5a38011b17a57b" member_type: VOTER last_known_addr { host: "127.28.3.2" port: 39215 } } peers { permanent_uuid: "d98e74b607bb45c390bd004c00ab5e72" member_type: VOTER last_known_addr { host: "127.28.3.3" port: 33213 } }
I20260710 11:00:08.306635 30008 raft_consensus.cc:385] T 0c0928f3777f439a816009df5bf9ba6f P 1f668f7b79f141b8a1d4741b8956e32d [term 0 FOLLOWER]: Consensus starting up: Expiring failure detector timer to make a prompt election more likely
I20260710 11:00:08.306988 30008 raft_consensus.cc:740] T 0c0928f3777f439a816009df5bf9ba6f P 1f668f7b79f141b8a1d4741b8956e32d [term 0 FOLLOWER]: Becoming Follower/Learner. State: Replica: 1f668f7b79f141b8a1d4741b8956e32d, State: Initialized, Role: FOLLOWER
I20260710 11:00:08.309960 30008 consensus_queue.cc:260] T 0c0928f3777f439a816009df5bf9ba6f P 1f668f7b79f141b8a1d4741b8956e32d [NON_LEADER]: Queue going to NON_LEADER mode. State: All replicated index: 0, Majority replicated index: 0, Committed index: 0, Last appended: 0.0, Last appended by leader: 0, Current term: 0, Majority size: -1, State: 0, Mode: NON_LEADER, active raft config: opid_index: -1 OBSOLETE_local: false peers { permanent_uuid: "1f668f7b79f141b8a1d4741b8956e32d" member_type: VOTER last_known_addr { host: "127.28.3.1" port: 33425 } } peers { permanent_uuid: "3dbbdc03ba3b4828bf5a38011b17a57b" member_type: VOTER last_known_addr { host: "127.28.3.2" port: 39215 } } peers { permanent_uuid: "d98e74b607bb45c390bd004c00ab5e72" member_type: VOTER last_known_addr { host: "127.28.3.3" port: 33213 } }
I20260710 11:00:08.311229 30006 tablet_bootstrap.cc:492] T 7960e559d4ea4c6b97c923ae402a02b2 P 3dbbdc03ba3b4828bf5a38011b17a57b: No bootstrap required, opened a new log
I20260710 11:00:08.311741 30006 ts_tablet_manager.cc:1403] T 7960e559d4ea4c6b97c923ae402a02b2 P 3dbbdc03ba3b4828bf5a38011b17a57b: Time spent bootstrapping tablet: real 0.029s	user 0.014s	sys 0.013s
I20260710 11:00:08.312098 30008 ts_tablet_manager.cc:1434] T 0c0928f3777f439a816009df5bf9ba6f P 1f668f7b79f141b8a1d4741b8956e32d: Time spent starting tablet: real 0.010s	user 0.006s	sys 0.001s
I20260710 11:00:08.313165 30008 tablet_bootstrap.cc:492] T 4d51b1c0362245fa95843020ebf0bc58 P 1f668f7b79f141b8a1d4741b8956e32d: Bootstrap starting.
I20260710 11:00:08.314046 30005 tablet_bootstrap.cc:492] T 6bdbaabbf9184d688df53a9c175d0a09 P d98e74b607bb45c390bd004c00ab5e72: No bootstrap required, opened a new log
I20260710 11:00:08.314599 30005 ts_tablet_manager.cc:1403] T 6bdbaabbf9184d688df53a9c175d0a09 P d98e74b607bb45c390bd004c00ab5e72: Time spent bootstrapping tablet: real 0.035s	user 0.017s	sys 0.009s
I20260710 11:00:08.317765 30005 raft_consensus.cc:359] T 6bdbaabbf9184d688df53a9c175d0a09 P d98e74b607bb45c390bd004c00ab5e72 [term 0 FOLLOWER]: Replica starting. Triggering 0 pending ops. Active config: opid_index: -1 OBSOLETE_local: false peers { permanent_uuid: "1f668f7b79f141b8a1d4741b8956e32d" member_type: VOTER last_known_addr { host: "127.28.3.1" port: 33425 } } peers { permanent_uuid: "3dbbdc03ba3b4828bf5a38011b17a57b" member_type: VOTER last_known_addr { host: "127.28.3.2" port: 39215 } } peers { permanent_uuid: "d98e74b607bb45c390bd004c00ab5e72" member_type: VOTER last_known_addr { host: "127.28.3.3" port: 33213 } }
I20260710 11:00:08.318002 30006 raft_consensus.cc:359] T 7960e559d4ea4c6b97c923ae402a02b2 P 3dbbdc03ba3b4828bf5a38011b17a57b [term 0 FOLLOWER]: Replica starting. Triggering 0 pending ops. Active config: opid_index: -1 OBSOLETE_local: false peers { permanent_uuid: "1f668f7b79f141b8a1d4741b8956e32d" member_type: VOTER last_known_addr { host: "127.28.3.1" port: 33425 } } peers { permanent_uuid: "3dbbdc03ba3b4828bf5a38011b17a57b" member_type: VOTER last_known_addr { host: "127.28.3.2" port: 39215 } } peers { permanent_uuid: "d98e74b607bb45c390bd004c00ab5e72" member_type: VOTER last_known_addr { host: "127.28.3.3" port: 33213 } }
I20260710 11:00:08.318607 30005 raft_consensus.cc:385] T 6bdbaabbf9184d688df53a9c175d0a09 P d98e74b607bb45c390bd004c00ab5e72 [term 0 FOLLOWER]: Consensus starting up: Expiring failure detector timer to make a prompt election more likely
I20260710 11:00:08.318761 30006 raft_consensus.cc:385] T 7960e559d4ea4c6b97c923ae402a02b2 P 3dbbdc03ba3b4828bf5a38011b17a57b [term 0 FOLLOWER]: Consensus starting up: Expiring failure detector timer to make a prompt election more likely
I20260710 11:00:08.319056 30005 raft_consensus.cc:740] T 6bdbaabbf9184d688df53a9c175d0a09 P d98e74b607bb45c390bd004c00ab5e72 [term 0 FOLLOWER]: Becoming Follower/Learner. State: Replica: d98e74b607bb45c390bd004c00ab5e72, State: Initialized, Role: FOLLOWER
I20260710 11:00:08.320057 30008 tablet_bootstrap.cc:654] T 4d51b1c0362245fa95843020ebf0bc58 P 1f668f7b79f141b8a1d4741b8956e32d: Neither blocks nor log segments found. Creating new log.
I20260710 11:00:08.320152 30005 consensus_queue.cc:260] T 6bdbaabbf9184d688df53a9c175d0a09 P d98e74b607bb45c390bd004c00ab5e72 [NON_LEADER]: Queue going to NON_LEADER mode. State: All replicated index: 0, Majority replicated index: 0, Committed index: 0, Last appended: 0.0, Last appended by leader: 0, Current term: 0, Majority size: -1, State: 0, Mode: NON_LEADER, active raft config: opid_index: -1 OBSOLETE_local: false peers { permanent_uuid: "1f668f7b79f141b8a1d4741b8956e32d" member_type: VOTER last_known_addr { host: "127.28.3.1" port: 33425 } } peers { permanent_uuid: "3dbbdc03ba3b4828bf5a38011b17a57b" member_type: VOTER last_known_addr { host: "127.28.3.2" port: 39215 } } peers { permanent_uuid: "d98e74b607bb45c390bd004c00ab5e72" member_type: VOTER last_known_addr { host: "127.28.3.3" port: 33213 } }
I20260710 11:00:08.322752 30005 ts_tablet_manager.cc:1434] T 6bdbaabbf9184d688df53a9c175d0a09 P d98e74b607bb45c390bd004c00ab5e72: Time spent starting tablet: real 0.008s	user 0.006s	sys 0.000s
I20260710 11:00:08.323393 30015 raft_consensus.cc:493] T af3e11c76b1f4db5aafa3ab49065c25b P d98e74b607bb45c390bd004c00ab5e72 [term 0 FOLLOWER]: Starting pre-election (no leader contacted us within the election timeout)
I20260710 11:00:08.323936 30015 raft_consensus.cc:515] T af3e11c76b1f4db5aafa3ab49065c25b P d98e74b607bb45c390bd004c00ab5e72 [term 0 FOLLOWER]: Starting pre-election with config: opid_index: -1 OBSOLETE_local: false peers { permanent_uuid: "1f668f7b79f141b8a1d4741b8956e32d" member_type: VOTER last_known_addr { host: "127.28.3.1" port: 33425 } } peers { permanent_uuid: "3dbbdc03ba3b4828bf5a38011b17a57b" member_type: VOTER last_known_addr { host: "127.28.3.2" port: 39215 } } peers { permanent_uuid: "d98e74b607bb45c390bd004c00ab5e72" member_type: VOTER last_known_addr { host: "127.28.3.3" port: 33213 } }
I20260710 11:00:08.319118 30006 raft_consensus.cc:740] T 7960e559d4ea4c6b97c923ae402a02b2 P 3dbbdc03ba3b4828bf5a38011b17a57b [term 0 FOLLOWER]: Becoming Follower/Learner. State: Replica: 3dbbdc03ba3b4828bf5a38011b17a57b, State: Initialized, Role: FOLLOWER
I20260710 11:00:08.325579 30006 consensus_queue.cc:260] T 7960e559d4ea4c6b97c923ae402a02b2 P 3dbbdc03ba3b4828bf5a38011b17a57b [NON_LEADER]: Queue going to NON_LEADER mode. State: All replicated index: 0, Majority replicated index: 0, Committed index: 0, Last appended: 0.0, Last appended by leader: 0, Current term: 0, Majority size: -1, State: 0, Mode: NON_LEADER, active raft config: opid_index: -1 OBSOLETE_local: false peers { permanent_uuid: "1f668f7b79f141b8a1d4741b8956e32d" member_type: VOTER last_known_addr { host: "127.28.3.1" port: 33425 } } peers { permanent_uuid: "3dbbdc03ba3b4828bf5a38011b17a57b" member_type: VOTER last_known_addr { host: "127.28.3.2" port: 39215 } } peers { permanent_uuid: "d98e74b607bb45c390bd004c00ab5e72" member_type: VOTER last_known_addr { host: "127.28.3.3" port: 33213 } }
I20260710 11:00:08.327302 29816 tablet_service.cc:1917] Received RequestConsensusVote() RPC: tablet_id: "af3e11c76b1f4db5aafa3ab49065c25b" candidate_uuid: "d98e74b607bb45c390bd004c00ab5e72" candidate_term: 1 candidate_status { last_received { term: 0 index: 0 } } ignore_live_leader: false dest_uuid: "1f668f7b79f141b8a1d4741b8956e32d" is_pre_election: true
I20260710 11:00:08.328703 30006 ts_tablet_manager.cc:1434] T 7960e559d4ea4c6b97c923ae402a02b2 P 3dbbdc03ba3b4828bf5a38011b17a57b: Time spent starting tablet: real 0.017s	user 0.005s	sys 0.001s
W20260710 11:00:08.329185 29929 leader_election.cc:343] T af3e11c76b1f4db5aafa3ab49065c25b P d98e74b607bb45c390bd004c00ab5e72 [CANDIDATE]: Term 1 pre-election: Tablet error from VoteRequest() call to peer 1f668f7b79f141b8a1d4741b8956e32d (127.28.3.1:33425): Illegal state: must be running to vote when last-logged opid is not known
I20260710 11:00:08.330649 30015 leader_election.cc:290] T af3e11c76b1f4db5aafa3ab49065c25b P d98e74b607bb45c390bd004c00ab5e72 [CANDIDATE]: Term 1 pre-election: Requested pre-vote from peers 1f668f7b79f141b8a1d4741b8956e32d (127.28.3.1:33425), 3dbbdc03ba3b4828bf5a38011b17a57b (127.28.3.2:39215)
I20260710 11:00:08.332368 29889 tablet_service.cc:1917] Received RequestConsensusVote() RPC: tablet_id: "af3e11c76b1f4db5aafa3ab49065c25b" candidate_uuid: "d98e74b607bb45c390bd004c00ab5e72" candidate_term: 1 candidate_status { last_received { term: 0 index: 0 } } ignore_live_leader: false dest_uuid: "3dbbdc03ba3b4828bf5a38011b17a57b" is_pre_election: true
I20260710 11:00:08.333158 29889 raft_consensus.cc:2468] T af3e11c76b1f4db5aafa3ab49065c25b P 3dbbdc03ba3b4828bf5a38011b17a57b [term 0 FOLLOWER]: Leader pre-election vote request: Granting yes vote for candidate d98e74b607bb45c390bd004c00ab5e72 in term 0.
I20260710 11:00:08.334745 29929 leader_election.cc:304] T af3e11c76b1f4db5aafa3ab49065c25b P d98e74b607bb45c390bd004c00ab5e72 [CANDIDATE]: Term 1 pre-election: Election decided. Result: candidate won. Election summary: received 3 responses out of 3 voters: 2 yes votes; 1 no votes. yes voters: 3dbbdc03ba3b4828bf5a38011b17a57b, d98e74b607bb45c390bd004c00ab5e72; no voters: 1f668f7b79f141b8a1d4741b8956e32d
I20260710 11:00:08.336143 30015 raft_consensus.cc:2804] T af3e11c76b1f4db5aafa3ab49065c25b P d98e74b607bb45c390bd004c00ab5e72 [term 0 FOLLOWER]: Leader pre-election won for term 1
I20260710 11:00:08.336664 30015 raft_consensus.cc:493] T af3e11c76b1f4db5aafa3ab49065c25b P d98e74b607bb45c390bd004c00ab5e72 [term 0 FOLLOWER]: Starting leader election (no leader contacted us within the election timeout)
I20260710 11:00:08.337165 30015 raft_consensus.cc:3060] T af3e11c76b1f4db5aafa3ab49065c25b P d98e74b607bb45c390bd004c00ab5e72 [term 0 FOLLOWER]: Advancing to term 1
I20260710 11:00:08.336231 30006 tablet_bootstrap.cc:492] T 4d51b1c0362245fa95843020ebf0bc58 P 3dbbdc03ba3b4828bf5a38011b17a57b: Bootstrap starting.
I20260710 11:00:08.343555 30005 tablet_bootstrap.cc:492] T 0c49d61d6b4243bdb68465dc7e124e1b P d98e74b607bb45c390bd004c00ab5e72: Bootstrap starting.
I20260710 11:00:08.346083 30015 raft_consensus.cc:515] T af3e11c76b1f4db5aafa3ab49065c25b P d98e74b607bb45c390bd004c00ab5e72 [term 1 FOLLOWER]: Starting leader election with config: opid_index: -1 OBSOLETE_local: false peers { permanent_uuid: "1f668f7b79f141b8a1d4741b8956e32d" member_type: VOTER last_known_addr { host: "127.28.3.1" port: 33425 } } peers { permanent_uuid: "3dbbdc03ba3b4828bf5a38011b17a57b" member_type: VOTER last_known_addr { host: "127.28.3.2" port: 39215 } } peers { permanent_uuid: "d98e74b607bb45c390bd004c00ab5e72" member_type: VOTER last_known_addr { host: "127.28.3.3" port: 33213 } }
I20260710 11:00:08.351362 29816 tablet_service.cc:1917] Received RequestConsensusVote() RPC: tablet_id: "af3e11c76b1f4db5aafa3ab49065c25b" candidate_uuid: "d98e74b607bb45c390bd004c00ab5e72" candidate_term: 1 candidate_status { last_received { term: 0 index: 0 } } ignore_live_leader: false dest_uuid: "1f668f7b79f141b8a1d4741b8956e32d"
W20260710 11:00:08.353382 29929 leader_election.cc:343] T af3e11c76b1f4db5aafa3ab49065c25b P d98e74b607bb45c390bd004c00ab5e72 [CANDIDATE]: Term 1 election: Tablet error from VoteRequest() call to peer 1f668f7b79f141b8a1d4741b8956e32d (127.28.3.1:33425): Illegal state: must be running to vote when last-logged opid is not known
I20260710 11:00:08.356173 30005 tablet_bootstrap.cc:654] T 0c49d61d6b4243bdb68465dc7e124e1b P d98e74b607bb45c390bd004c00ab5e72: Neither blocks nor log segments found. Creating new log.
I20260710 11:00:08.356978 29889 tablet_service.cc:1917] Received RequestConsensusVote() RPC: tablet_id: "af3e11c76b1f4db5aafa3ab49065c25b" candidate_uuid: "d98e74b607bb45c390bd004c00ab5e72" candidate_term: 1 candidate_status { last_received { term: 0 index: 0 } } ignore_live_leader: false dest_uuid: "3dbbdc03ba3b4828bf5a38011b17a57b"
I20260710 11:00:08.357777 29889 raft_consensus.cc:3060] T af3e11c76b1f4db5aafa3ab49065c25b P 3dbbdc03ba3b4828bf5a38011b17a57b [term 0 FOLLOWER]: Advancing to term 1
I20260710 11:00:08.361814 30006 tablet_bootstrap.cc:654] T 4d51b1c0362245fa95843020ebf0bc58 P 3dbbdc03ba3b4828bf5a38011b17a57b: Neither blocks nor log segments found. Creating new log.
