I20260710 10:59:48.129577 26682 raft_consensus.cc:359] T 4004cf4a5e734c0ab73e122a3da85716 P bc3490fda1b3402caeced69bb62c972e [term 0 FOLLOWER]: Replica starting. Triggering 0 pending ops. Active config: opid_index: -1 OBSOLETE_local: false peers { permanent_uuid: "97ec8709cb2342ccb6f5dd19b4140cbd" member_type: VOTER last_known_addr { host: "127.25.188.129" port: 42267 } } peers { permanent_uuid: "bc3490fda1b3402caeced69bb62c972e" member_type: VOTER last_known_addr { host: "127.25.188.130" port: 46331 } } peers { permanent_uuid: "6016ad3343894eae819f98acc10ff89f" member_type: VOTER last_known_addr { host: "127.25.188.131" port: 35657 } }
I20260710 10:59:48.129777 26564 tablet_service.cc:1917] Received RequestConsensusVote() RPC: tablet_id: "2ac006faba8b45908bf3d8b9fd004a88" candidate_uuid: "97ec8709cb2342ccb6f5dd19b4140cbd" candidate_term: 1 candidate_status { last_received { term: 0 index: 0 } } ignore_live_leader: false dest_uuid: "bc3490fda1b3402caeced69bb62c972e" is_pre_election: true
I20260710 10:59:48.128317 26683 raft_consensus.cc:740] T 7feeb076c1f94cc1898bc8daca12e7d6 P 6016ad3343894eae819f98acc10ff89f [term 0 FOLLOWER]: Becoming Follower/Learner. State: Replica: 6016ad3343894eae819f98acc10ff89f, State: Initialized, Role: FOLLOWER
I20260710 10:59:48.130659 26452 leader_election.cc:304] T 7feeb076c1f94cc1898bc8daca12e7d6 P 97ec8709cb2342ccb6f5dd19b4140cbd [CANDIDATE]: Term 1 pre-election: Election decided. Result: candidate won. Election summary: received 2 responses out of 3 voters: 2 yes votes; 0 no votes. yes voters: 97ec8709cb2342ccb6f5dd19b4140cbd, bc3490fda1b3402caeced69bb62c972e; no voters: 
I20260710 10:59:48.131944 26686 raft_consensus.cc:2804] T 7feeb076c1f94cc1898bc8daca12e7d6 P 97ec8709cb2342ccb6f5dd19b4140cbd [term 0 FOLLOWER]: Leader pre-election won for term 1
I20260710 10:59:48.132323 26686 raft_consensus.cc:493] T 7feeb076c1f94cc1898bc8daca12e7d6 P 97ec8709cb2342ccb6f5dd19b4140cbd [term 0 FOLLOWER]: Starting leader election (no leader contacted us within the election timeout)
W20260710 10:59:48.132584 26452 leader_election.cc:343] T 2ac006faba8b45908bf3d8b9fd004a88 P 97ec8709cb2342ccb6f5dd19b4140cbd [CANDIDATE]: Term 1 pre-election: Tablet error from VoteRequest() call to peer bc3490fda1b3402caeced69bb62c972e (127.25.188.130:46331): Illegal state: must be running to vote when last-logged opid is not known
I20260710 10:59:48.133090 26452 leader_election.cc:304] T 2ac006faba8b45908bf3d8b9fd004a88 P 97ec8709cb2342ccb6f5dd19b4140cbd [CANDIDATE]: Term 1 pre-election: Election decided. Result: candidate lost. Election summary: received 3 responses out of 3 voters: 1 yes votes; 2 no votes. yes voters: 97ec8709cb2342ccb6f5dd19b4140cbd; no voters: 6016ad3343894eae819f98acc10ff89f, bc3490fda1b3402caeced69bb62c972e
I20260710 10:59:48.131929 26683 consensus_queue.cc:260] T 7feeb076c1f94cc1898bc8daca12e7d6 P 6016ad3343894eae819f98acc10ff89f [NON_LEADER]: Queue going to NON_LEADER mode. State: All replicated index: 0, Majority replicated index: 0, Committed index: 0, Last appended: 0.0, Last appended by leader: 0, Current term: 0, Majority size: -1, State: 0, Mode: NON_LEADER, active raft config: opid_index: -1 OBSOLETE_local: false peers { permanent_uuid: "97ec8709cb2342ccb6f5dd19b4140cbd" member_type: VOTER last_known_addr { host: "127.25.188.129" port: 42267 } } peers { permanent_uuid: "bc3490fda1b3402caeced69bb62c972e" member_type: VOTER last_known_addr { host: "127.25.188.130" port: 46331 } } peers { permanent_uuid: "6016ad3343894eae819f98acc10ff89f" member_type: VOTER last_known_addr { host: "127.25.188.131" port: 35657 } }
I20260710 10:59:48.133987 26682 raft_consensus.cc:385] T 4004cf4a5e734c0ab73e122a3da85716 P bc3490fda1b3402caeced69bb62c972e [term 0 FOLLOWER]: Consensus starting up: Expiring failure detector timer to make a prompt election more likely
I20260710 10:59:48.134258 26682 raft_consensus.cc:740] T 4004cf4a5e734c0ab73e122a3da85716 P bc3490fda1b3402caeced69bb62c972e [term 0 FOLLOWER]: Becoming Follower/Learner. State: Replica: bc3490fda1b3402caeced69bb62c972e, State: Initialized, Role: FOLLOWER
I20260710 10:59:48.134300 26712 raft_consensus.cc:2749] T 2ac006faba8b45908bf3d8b9fd004a88 P 97ec8709cb2342ccb6f5dd19b4140cbd [term 0 FOLLOWER]: Leader pre-election lost for term 1. Reason: could not achieve majority
I20260710 10:59:48.132665 26686 raft_consensus.cc:3060] T 7feeb076c1f94cc1898bc8daca12e7d6 P 97ec8709cb2342ccb6f5dd19b4140cbd [term 0 FOLLOWER]: Advancing to term 1
I20260710 10:59:48.136544 26683 ts_tablet_manager.cc:1434] T 7feeb076c1f94cc1898bc8daca12e7d6 P 6016ad3343894eae819f98acc10ff89f: Time spent starting tablet: real 0.040s	user 0.009s	sys 0.000s
I20260710 10:59:48.137831 26682 consensus_queue.cc:260] T 4004cf4a5e734c0ab73e122a3da85716 P bc3490fda1b3402caeced69bb62c972e [NON_LEADER]: Queue going to NON_LEADER mode. State: All replicated index: 0, Majority replicated index: 0, Committed index: 0, Last appended: 0.0, Last appended by leader: 0, Current term: 0, Majority size: -1, State: 0, Mode: NON_LEADER, active raft config: opid_index: -1 OBSOLETE_local: false peers { permanent_uuid: "97ec8709cb2342ccb6f5dd19b4140cbd" member_type: VOTER last_known_addr { host: "127.25.188.129" port: 42267 } } peers { permanent_uuid: "bc3490fda1b3402caeced69bb62c972e" member_type: VOTER last_known_addr { host: "127.25.188.130" port: 46331 } } peers { permanent_uuid: "6016ad3343894eae819f98acc10ff89f" member_type: VOTER last_known_addr { host: "127.25.188.131" port: 35657 } }
I20260710 10:59:48.139631 26682 ts_tablet_manager.cc:1434] T 4004cf4a5e734c0ab73e122a3da85716 P bc3490fda1b3402caeced69bb62c972e: Time spent starting tablet: real 0.012s	user 0.006s	sys 0.000s
I20260710 10:59:48.140269 26682 tablet_bootstrap.cc:492] T 2ac006faba8b45908bf3d8b9fd004a88 P bc3490fda1b3402caeced69bb62c972e: Bootstrap starting.
I20260710 10:59:48.141404 26638 raft_consensus.cc:2468] T 7feeb076c1f94cc1898bc8daca12e7d6 P 6016ad3343894eae819f98acc10ff89f [term 0 FOLLOWER]: Leader pre-election vote request: Granting yes vote for candidate 97ec8709cb2342ccb6f5dd19b4140cbd in term 0.
I20260710 10:59:48.141770 26683 tablet_bootstrap.cc:492] T 657e031704bd47ee8e2911067d17f72d P 6016ad3343894eae819f98acc10ff89f: Bootstrap starting.
I20260710 10:59:48.143648 26721 leader_election.cc:290] T 8ce850389b58407eacde426c77f6bd54 P bc3490fda1b3402caeced69bb62c972e [CANDIDATE]: Term 1 pre-election: Requested pre-vote from peers 97ec8709cb2342ccb6f5dd19b4140cbd (127.25.188.129:42267), 6016ad3343894eae819f98acc10ff89f (127.25.188.131:35657)
I20260710 10:59:48.145449 26682 tablet_bootstrap.cc:654] T 2ac006faba8b45908bf3d8b9fd004a88 P bc3490fda1b3402caeced69bb62c972e: Neither blocks nor log segments found. Creating new log.
I20260710 10:59:48.145151 26489 tablet_service.cc:1917] Received RequestConsensusVote() RPC: tablet_id: "8ce850389b58407eacde426c77f6bd54" candidate_uuid: "bc3490fda1b3402caeced69bb62c972e" candidate_term: 1 candidate_status { last_received { term: 0 index: 0 } } ignore_live_leader: false dest_uuid: "97ec8709cb2342ccb6f5dd19b4140cbd" is_pre_election: true
I20260710 10:59:48.147250 26489 raft_consensus.cc:2468] T 8ce850389b58407eacde426c77f6bd54 P 97ec8709cb2342ccb6f5dd19b4140cbd [term 0 FOLLOWER]: Leader pre-election vote request: Granting yes vote for candidate bc3490fda1b3402caeced69bb62c972e in term 0.
I20260710 10:59:48.147559 26637 tablet_service.cc:1917] Received RequestConsensusVote() RPC: tablet_id: "8ce850389b58407eacde426c77f6bd54" candidate_uuid: "bc3490fda1b3402caeced69bb62c972e" candidate_term: 1 candidate_status { last_received { term: 0 index: 0 } } ignore_live_leader: false dest_uuid: "6016ad3343894eae819f98acc10ff89f" is_pre_election: true
I20260710 10:59:48.149394 26637 raft_consensus.cc:2468] T 8ce850389b58407eacde426c77f6bd54 P 6016ad3343894eae819f98acc10ff89f [term 0 FOLLOWER]: Leader pre-election vote request: Granting yes vote for candidate bc3490fda1b3402caeced69bb62c972e in term 0.
I20260710 10:59:48.151542 26528 leader_election.cc:304] T 8ce850389b58407eacde426c77f6bd54 P bc3490fda1b3402caeced69bb62c972e [CANDIDATE]: Term 1 pre-election: Election decided. Result: candidate won. Election summary: received 2 responses out of 3 voters: 2 yes votes; 0 no votes. yes voters: 6016ad3343894eae819f98acc10ff89f, bc3490fda1b3402caeced69bb62c972e; no voters: 
I20260710 10:59:48.152704 26681 ts_tablet_manager.cc:1434] T 8ce850389b58407eacde426c77f6bd54 P 97ec8709cb2342ccb6f5dd19b4140cbd: Time spent starting tablet: real 0.035s	user 0.006s	sys 0.003s
I20260710 10:59:48.151427 26686 raft_consensus.cc:515] T 7feeb076c1f94cc1898bc8daca12e7d6 P 97ec8709cb2342ccb6f5dd19b4140cbd [term 1 FOLLOWER]: Starting leader election with config: opid_index: -1 OBSOLETE_local: false peers { permanent_uuid: "97ec8709cb2342ccb6f5dd19b4140cbd" member_type: VOTER last_known_addr { host: "127.25.188.129" port: 42267 } } peers { permanent_uuid: "bc3490fda1b3402caeced69bb62c972e" member_type: VOTER last_known_addr { host: "127.25.188.130" port: 46331 } } peers { permanent_uuid: "6016ad3343894eae819f98acc10ff89f" member_type: VOTER last_known_addr { host: "127.25.188.131" port: 35657 } }
I20260710 10:59:48.155037 26721 raft_consensus.cc:2804] T 8ce850389b58407eacde426c77f6bd54 P bc3490fda1b3402caeced69bb62c972e [term 0 FOLLOWER]: Leader pre-election won for term 1
I20260710 10:59:48.156595 26721 raft_consensus.cc:493] T 8ce850389b58407eacde426c77f6bd54 P bc3490fda1b3402caeced69bb62c972e [term 0 FOLLOWER]: Starting leader election (no leader contacted us within the election timeout)
I20260710 10:59:48.156756 26681 tablet_bootstrap.cc:492] T 657e031704bd47ee8e2911067d17f72d P 97ec8709cb2342ccb6f5dd19b4140cbd: Bootstrap starting.
I20260710 10:59:48.157012 26721 raft_consensus.cc:3060] T 8ce850389b58407eacde426c77f6bd54 P bc3490fda1b3402caeced69bb62c972e [term 0 FOLLOWER]: Advancing to term 1
I20260710 10:59:48.159101 26682 tablet_bootstrap.cc:492] T 2ac006faba8b45908bf3d8b9fd004a88 P bc3490fda1b3402caeced69bb62c972e: No bootstrap required, opened a new log
I20260710 10:59:48.159572 26682 ts_tablet_manager.cc:1403] T 2ac006faba8b45908bf3d8b9fd004a88 P bc3490fda1b3402caeced69bb62c972e: Time spent bootstrapping tablet: real 0.019s	user 0.008s	sys 0.003s
I20260710 10:59:48.160975 26686 leader_election.cc:290] T 7feeb076c1f94cc1898bc8daca12e7d6 P 97ec8709cb2342ccb6f5dd19b4140cbd [CANDIDATE]: Term 1 election: Requested vote from peers bc3490fda1b3402caeced69bb62c972e (127.25.188.130:46331), 6016ad3343894eae819f98acc10ff89f (127.25.188.131:35657)
I20260710 10:59:48.163077 26564 tablet_service.cc:1917] Received RequestConsensusVote() RPC: tablet_id: "7feeb076c1f94cc1898bc8daca12e7d6" candidate_uuid: "97ec8709cb2342ccb6f5dd19b4140cbd" candidate_term: 1 candidate_status { last_received { term: 0 index: 0 } } ignore_live_leader: false dest_uuid: "bc3490fda1b3402caeced69bb62c972e"
I20260710 10:59:48.163125 26637 tablet_service.cc:1917] Received RequestConsensusVote() RPC: tablet_id: "7feeb076c1f94cc1898bc8daca12e7d6" candidate_uuid: "97ec8709cb2342ccb6f5dd19b4140cbd" candidate_term: 1 candidate_status { last_received { term: 0 index: 0 } } ignore_live_leader: false dest_uuid: "6016ad3343894eae819f98acc10ff89f"
I20260710 10:59:48.164958 26683 tablet_bootstrap.cc:654] T 657e031704bd47ee8e2911067d17f72d P 6016ad3343894eae819f98acc10ff89f: Neither blocks nor log segments found. Creating new log.
I20260710 10:59:48.164749 26564 raft_consensus.cc:3060] T 7feeb076c1f94cc1898bc8daca12e7d6 P bc3490fda1b3402caeced69bb62c972e [term 0 FOLLOWER]: Advancing to term 1
I20260710 10:59:48.165283 26690 raft_consensus.cc:493] T 9219b0b3aeab46fd8ca2d98cfd2b2400 P 6016ad3343894eae819f98acc10ff89f [term 0 FOLLOWER]: Starting pre-election (no leader contacted us within the election timeout)
I20260710 10:59:48.164737 26682 raft_consensus.cc:359] T 2ac006faba8b45908bf3d8b9fd004a88 P bc3490fda1b3402caeced69bb62c972e [term 0 FOLLOWER]: Replica starting. Triggering 0 pending ops. Active config: opid_index: -1 OBSOLETE_local: false peers { permanent_uuid: "97ec8709cb2342ccb6f5dd19b4140cbd" member_type: VOTER last_known_addr { host: "127.25.188.129" port: 42267 } } peers { permanent_uuid: "bc3490fda1b3402caeced69bb62c972e" member_type: VOTER last_known_addr { host: "127.25.188.130" port: 46331 } } peers { permanent_uuid: "6016ad3343894eae819f98acc10ff89f" member_type: VOTER last_known_addr { host: "127.25.188.131" port: 35657 } }
I20260710 10:59:48.167266 26690 raft_consensus.cc:515] T 9219b0b3aeab46fd8ca2d98cfd2b2400 P 6016ad3343894eae819f98acc10ff89f [term 0 FOLLOWER]: Starting pre-election with config: opid_index: -1 OBSOLETE_local: false peers { permanent_uuid: "97ec8709cb2342ccb6f5dd19b4140cbd" member_type: VOTER last_known_addr { host: "127.25.188.129" port: 42267 } } peers { permanent_uuid: "6016ad3343894eae819f98acc10ff89f" member_type: VOTER last_known_addr { host: "127.25.188.131" port: 35657 } } peers { permanent_uuid: "bc3490fda1b3402caeced69bb62c972e" member_type: VOTER last_known_addr { host: "127.25.188.130" port: 46331 } }
I20260710 10:59:48.169371 26682 raft_consensus.cc:385] T 2ac006faba8b45908bf3d8b9fd004a88 P bc3490fda1b3402caeced69bb62c972e [term 0 FOLLOWER]: Consensus starting up: Expiring failure detector timer to make a prompt election more likely
I20260710 10:59:48.170316 26682 raft_consensus.cc:740] T 2ac006faba8b45908bf3d8b9fd004a88 P bc3490fda1b3402caeced69bb62c972e [term 0 FOLLOWER]: Becoming Follower/Learner. State: Replica: bc3490fda1b3402caeced69bb62c972e, State: Initialized, Role: FOLLOWER
I20260710 10:59:48.171756 26682 consensus_queue.cc:260] T 2ac006faba8b45908bf3d8b9fd004a88 P bc3490fda1b3402caeced69bb62c972e [NON_LEADER]: Queue going to NON_LEADER mode. State: All replicated index: 0, Majority replicated index: 0, Committed index: 0, Last appended: 0.0, Last appended by leader: 0, Current term: 0, Majority size: -1, State: 0, Mode: NON_LEADER, active raft config: opid_index: -1 OBSOLETE_local: false peers { permanent_uuid: "97ec8709cb2342ccb6f5dd19b4140cbd" member_type: VOTER last_known_addr { host: "127.25.188.129" port: 42267 } } peers { permanent_uuid: "bc3490fda1b3402caeced69bb62c972e" member_type: VOTER last_known_addr { host: "127.25.188.130" port: 46331 } } peers { permanent_uuid: "6016ad3343894eae819f98acc10ff89f" member_type: VOTER last_known_addr { host: "127.25.188.131" port: 35657 } }
I20260710 10:59:48.174959 26690 leader_election.cc:290] T 9219b0b3aeab46fd8ca2d98cfd2b2400 P 6016ad3343894eae819f98acc10ff89f [CANDIDATE]: Term 1 pre-election: Requested pre-vote from peers 97ec8709cb2342ccb6f5dd19b4140cbd (127.25.188.129:42267), bc3490fda1b3402caeced69bb62c972e (127.25.188.130:46331)
I20260710 10:59:48.175100 26489 tablet_service.cc:1917] Received RequestConsensusVote() RPC: tablet_id: "9219b0b3aeab46fd8ca2d98cfd2b2400" candidate_uuid: "6016ad3343894eae819f98acc10ff89f" candidate_term: 1 candidate_status { last_received { term: 0 index: 0 } } ignore_live_leader: false dest_uuid: "97ec8709cb2342ccb6f5dd19b4140cbd" is_pre_election: true
I20260710 10:59:48.175892 26682 ts_tablet_manager.cc:1434] T 2ac006faba8b45908bf3d8b9fd004a88 P bc3490fda1b3402caeced69bb62c972e: Time spent starting tablet: real 0.015s	user 0.007s	sys 0.002s
I20260710 10:59:48.176604 26563 tablet_service.cc:1917] Received RequestConsensusVote() RPC: tablet_id: "9219b0b3aeab46fd8ca2d98cfd2b2400" candidate_uuid: "6016ad3343894eae819f98acc10ff89f" candidate_term: 1 candidate_status { last_received { term: 0 index: 0 } } ignore_live_leader: false dest_uuid: "bc3490fda1b3402caeced69bb62c972e" is_pre_election: true
I20260710 10:59:48.177559 26563 raft_consensus.cc:2393] T 9219b0b3aeab46fd8ca2d98cfd2b2400 P bc3490fda1b3402caeced69bb62c972e [term 1 FOLLOWER]: Leader pre-election vote request: Denying vote to candidate 6016ad3343894eae819f98acc10ff89f in current term 1: Already voted for candidate 97ec8709cb2342ccb6f5dd19b4140cbd in this term.
I20260710 10:59:48.180024 26601 leader_election.cc:304] T 9219b0b3aeab46fd8ca2d98cfd2b2400 P 6016ad3343894eae819f98acc10ff89f [CANDIDATE]: Term 1 pre-election: Election decided. Result: candidate lost. Election summary: received 3 responses out of 3 voters: 1 yes votes; 2 no votes. yes voters: 6016ad3343894eae819f98acc10ff89f; no voters: 97ec8709cb2342ccb6f5dd19b4140cbd, bc3490fda1b3402caeced69bb62c972e
I20260710 10:59:48.179883 26721 raft_consensus.cc:515] T 8ce850389b58407eacde426c77f6bd54 P bc3490fda1b3402caeced69bb62c972e [term 1 FOLLOWER]: Starting leader election with config: opid_index: -1 OBSOLETE_local: false peers { permanent_uuid: "97ec8709cb2342ccb6f5dd19b4140cbd" member_type: VOTER last_known_addr { host: "127.25.188.129" port: 42267 } } peers { permanent_uuid: "bc3490fda1b3402caeced69bb62c972e" member_type: VOTER last_known_addr { host: "127.25.188.130" port: 46331 } } peers { permanent_uuid: "6016ad3343894eae819f98acc10ff89f" member_type: VOTER last_known_addr { host: "127.25.188.131" port: 35657 } }
I20260710 10:59:48.182279 26690 raft_consensus.cc:3060] T 9219b0b3aeab46fd8ca2d98cfd2b2400 P 6016ad3343894eae819f98acc10ff89f [term 0 FOLLOWER]: Advancing to term 1
I20260710 10:59:48.188566 26487 tablet_service.cc:1917] Received RequestConsensusVote() RPC: tablet_id: "8ce850389b58407eacde426c77f6bd54" candidate_uuid: "bc3490fda1b3402caeced69bb62c972e" candidate_term: 1 candidate_status { last_received { term: 0 index: 0 } } ignore_live_leader: false dest_uuid: "97ec8709cb2342ccb6f5dd19b4140cbd"
I20260710 10:59:48.192253 26487 raft_consensus.cc:3060] T 8ce850389b58407eacde426c77f6bd54 P 97ec8709cb2342ccb6f5dd19b4140cbd [term 0 FOLLOWER]: Advancing to term 1
I20260710 10:59:48.192873 26638 tablet_service.cc:1917] Received RequestConsensusVote() RPC: tablet_id: "8ce850389b58407eacde426c77f6bd54" candidate_uuid: "bc3490fda1b3402caeced69bb62c972e" candidate_term: 1 candidate_status { last_received { term: 0 index: 0 } } ignore_live_leader: false dest_uuid: "6016ad3343894eae819f98acc10ff89f"
I20260710 10:59:48.193486 26638 raft_consensus.cc:3060] T 8ce850389b58407eacde426c77f6bd54 P 6016ad3343894eae819f98acc10ff89f [term 0 FOLLOWER]: Advancing to term 1
I20260710 10:59:48.190457 26721 leader_election.cc:290] T 8ce850389b58407eacde426c77f6bd54 P bc3490fda1b3402caeced69bb62c972e [CANDIDATE]: Term 1 election: Requested vote from peers 97ec8709cb2342ccb6f5dd19b4140cbd (127.25.188.129:42267), 6016ad3343894eae819f98acc10ff89f (127.25.188.131:35657)
I20260710 10:59:48.196868 26721 consensus_queue.cc:1048] T 21fe63cbe43340139e6d39425af76c97 P bc3490fda1b3402caeced69bb62c972e [LEADER]: Connected to new peer: Peer: permanent_uuid: "97ec8709cb2342ccb6f5dd19b4140cbd" member_type: VOTER last_known_addr { host: "127.25.188.129" port: 42267 }, Status: LMP_MISMATCH, Last received: 0.0, Next index: 1, Last known committed idx: 0, Time since last communication: 0.003s
I20260710 10:59:48.200732 26564 raft_consensus.cc:2468] T 7feeb076c1f94cc1898bc8daca12e7d6 P bc3490fda1b3402caeced69bb62c972e [term 1 FOLLOWER]: Leader election vote request: Granting yes vote for candidate 97ec8709cb2342ccb6f5dd19b4140cbd in term 1.
I20260710 10:59:48.205943 26638 raft_consensus.cc:2468] T 8ce850389b58407eacde426c77f6bd54 P 6016ad3343894eae819f98acc10ff89f [term 1 FOLLOWER]: Leader election vote request: Granting yes vote for candidate bc3490fda1b3402caeced69bb62c972e in term 1.
I20260710 10:59:48.207015 26487 raft_consensus.cc:2468] T 8ce850389b58407eacde426c77f6bd54 P 97ec8709cb2342ccb6f5dd19b4140cbd [term 1 FOLLOWER]: Leader election vote request: Granting yes vote for candidate bc3490fda1b3402caeced69bb62c972e in term 1.
I20260710 10:59:48.207566 26452 leader_election.cc:304] T 7feeb076c1f94cc1898bc8daca12e7d6 P 97ec8709cb2342ccb6f5dd19b4140cbd [CANDIDATE]: Term 1 election: Election decided. Result: candidate won. Election summary: received 3 responses out of 3 voters: 2 yes votes; 1 no votes. yes voters: 97ec8709cb2342ccb6f5dd19b4140cbd, bc3490fda1b3402caeced69bb62c972e; no voters: 6016ad3343894eae819f98acc10ff89f
I20260710 10:59:48.208815 26528 leader_election.cc:304] T 8ce850389b58407eacde426c77f6bd54 P bc3490fda1b3402caeced69bb62c972e [CANDIDATE]: Term 1 election: Election decided. Result: candidate won. Election summary: received 2 responses out of 3 voters: 2 yes votes; 0 no votes. yes voters: 6016ad3343894eae819f98acc10ff89f, bc3490fda1b3402caeced69bb62c972e; no voters: 
I20260710 10:59:48.209878 26686 raft_consensus.cc:2804] T 7feeb076c1f94cc1898bc8daca12e7d6 P 97ec8709cb2342ccb6f5dd19b4140cbd [term 1 FOLLOWER]: Leader election won for term 1
I20260710 10:59:48.208609 26683 tablet_bootstrap.cc:492] T 657e031704bd47ee8e2911067d17f72d P 6016ad3343894eae819f98acc10ff89f: No bootstrap required, opened a new log
I20260710 10:59:48.212324 26686 raft_consensus.cc:697] T 7feeb076c1f94cc1898bc8daca12e7d6 P 97ec8709cb2342ccb6f5dd19b4140cbd [term 1 LEADER]: Becoming Leader. State: Replica: 97ec8709cb2342ccb6f5dd19b4140cbd, State: Running, Role: LEADER
I20260710 10:59:48.212834 26683 ts_tablet_manager.cc:1403] T 657e031704bd47ee8e2911067d17f72d P 6016ad3343894eae819f98acc10ff89f: Time spent bootstrapping tablet: real 0.071s	user 0.019s	sys 0.001s
I20260710 10:59:48.213580 26686 consensus_queue.cc:237] T 7feeb076c1f94cc1898bc8daca12e7d6 P 97ec8709cb2342ccb6f5dd19b4140cbd [LEADER]: Queue going to LEADER mode. State: All replicated index: 0, Majority replicated index: 0, Committed index: 0, Last appended: 0.0, Last appended by leader: 0, Current term: 1, Majority size: 2, State: 0, Mode: LEADER, active raft config: opid_index: -1 OBSOLETE_local: false peers { permanent_uuid: "97ec8709cb2342ccb6f5dd19b4140cbd" member_type: VOTER last_known_addr { host: "127.25.188.129" port: 42267 } } peers { permanent_uuid: "bc3490fda1b3402caeced69bb62c972e" member_type: VOTER last_known_addr { host: "127.25.188.130" port: 46331 } } peers { permanent_uuid: "6016ad3343894eae819f98acc10ff89f" member_type: VOTER last_known_addr { host: "127.25.188.131" port: 35657 } }
I20260710 10:59:48.217056 26683 raft_consensus.cc:359] T 657e031704bd47ee8e2911067d17f72d P 6016ad3343894eae819f98acc10ff89f [term 0 FOLLOWER]: Replica starting. Triggering 0 pending ops. Active config: opid_index: -1 OBSOLETE_local: false peers { permanent_uuid: "97ec8709cb2342ccb6f5dd19b4140cbd" member_type: VOTER last_known_addr { host: "127.25.188.129" port: 42267 } } peers { permanent_uuid: "bc3490fda1b3402caeced69bb62c972e" member_type: VOTER last_known_addr { host: "127.25.188.130" port: 46331 } } peers { permanent_uuid: "6016ad3343894eae819f98acc10ff89f" member_type: VOTER last_known_addr { host: "127.25.188.131" port: 35657 } }
I20260710 10:59:48.217929 26721 raft_consensus.cc:2804] T 8ce850389b58407eacde426c77f6bd54 P bc3490fda1b3402caeced69bb62c972e [term 1 FOLLOWER]: Leader election won for term 1
I20260710 10:59:48.218010 26683 raft_consensus.cc:385] T 657e031704bd47ee8e2911067d17f72d P 6016ad3343894eae819f98acc10ff89f [term 0 FOLLOWER]: Consensus starting up: Expiring failure detector timer to make a prompt election more likely
I20260710 10:59:48.218588 26721 raft_consensus.cc:697] T 8ce850389b58407eacde426c77f6bd54 P bc3490fda1b3402caeced69bb62c972e [term 1 LEADER]: Becoming Leader. State: Replica: bc3490fda1b3402caeced69bb62c972e, State: Running, Role: LEADER
I20260710 10:59:48.219591 26721 consensus_queue.cc:237] T 8ce850389b58407eacde426c77f6bd54 P bc3490fda1b3402caeced69bb62c972e [LEADER]: Queue going to LEADER mode. State: All replicated index: 0, Majority replicated index: 0, Committed index: 0, Last appended: 0.0, Last appended by leader: 0, Current term: 1, Majority size: 2, State: 0, Mode: LEADER, active raft config: opid_index: -1 OBSOLETE_local: false peers { permanent_uuid: "97ec8709cb2342ccb6f5dd19b4140cbd" member_type: VOTER last_known_addr { host: "127.25.188.129" port: 42267 } } peers { permanent_uuid: "bc3490fda1b3402caeced69bb62c972e" member_type: VOTER last_known_addr { host: "127.25.188.130" port: 46331 } } peers { permanent_uuid: "6016ad3343894eae819f98acc10ff89f" member_type: VOTER last_known_addr { host: "127.25.188.131" port: 35657 } }
I20260710 10:59:48.312327 26686 raft_consensus.cc:493] T 4004cf4a5e734c0ab73e122a3da85716 P 97ec8709cb2342ccb6f5dd19b4140cbd [term 0 FOLLOWER]: Starting pre-election (no leader contacted us within the election timeout)
I20260710 10:59:48.312923 26686 raft_consensus.cc:515] T 4004cf4a5e734c0ab73e122a3da85716 P 97ec8709cb2342ccb6f5dd19b4140cbd [term 0 FOLLOWER]: Starting pre-election with config: opid_index: -1 OBSOLETE_local: false peers { permanent_uuid: "97ec8709cb2342ccb6f5dd19b4140cbd" member_type: VOTER last_known_addr { host: "127.25.188.129" port: 42267 } } peers { permanent_uuid: "bc3490fda1b3402caeced69bb62c972e" member_type: VOTER last_known_addr { host: "127.25.188.130" port: 46331 } } peers { permanent_uuid: "6016ad3343894eae819f98acc10ff89f" member_type: VOTER last_known_addr { host: "127.25.188.131" port: 35657 } }
I20260710 10:59:48.318140 26564 tablet_service.cc:1917] Received RequestConsensusVote() RPC: tablet_id: "4004cf4a5e734c0ab73e122a3da85716" candidate_uuid: "97ec8709cb2342ccb6f5dd19b4140cbd" candidate_term: 1 candidate_status { last_received { term: 0 index: 0 } } ignore_live_leader: false dest_uuid: "bc3490fda1b3402caeced69bb62c972e" is_pre_election: true
I20260710 10:59:48.319191 26564 raft_consensus.cc:2468] T 4004cf4a5e734c0ab73e122a3da85716 P bc3490fda1b3402caeced69bb62c972e [term 0 FOLLOWER]: Leader pre-election vote request: Granting yes vote for candidate 97ec8709cb2342ccb6f5dd19b4140cbd in term 0.
I20260710 10:59:48.323256 26690 raft_consensus.cc:2749] T 9219b0b3aeab46fd8ca2d98cfd2b2400 P 6016ad3343894eae819f98acc10ff89f [term 1 FOLLOWER]: Leader pre-election lost for term 1. Reason: could not achieve majority
I20260710 10:59:48.325713 26452 leader_election.cc:304] T 4004cf4a5e734c0ab73e122a3da85716 P 97ec8709cb2342ccb6f5dd19b4140cbd [CANDIDATE]: Term 1 pre-election: Election decided. Result: candidate won. Election summary: received 2 responses out of 3 voters: 2 yes votes; 0 no votes. yes voters: 97ec8709cb2342ccb6f5dd19b4140cbd, bc3490fda1b3402caeced69bb62c972e; no voters: 
I20260710 10:59:48.326748 26712 raft_consensus.cc:2804] T 4004cf4a5e734c0ab73e122a3da85716 P 97ec8709cb2342ccb6f5dd19b4140cbd [term 0 FOLLOWER]: Leader pre-election won for term 1
I20260710 10:59:48.327185 26712 raft_consensus.cc:493] T 4004cf4a5e734c0ab73e122a3da85716 P 97ec8709cb2342ccb6f5dd19b4140cbd [term 0 FOLLOWER]: Starting leader election (no leader contacted us within the election timeout)
I20260710 10:59:48.328052 26712 raft_consensus.cc:3060] T 4004cf4a5e734c0ab73e122a3da85716 P 97ec8709cb2342ccb6f5dd19b4140cbd [term 0 FOLLOWER]: Advancing to term 1
I20260710 10:59:48.218564 26683 raft_consensus.cc:740] T 657e031704bd47ee8e2911067d17f72d P 6016ad3343894eae819f98acc10ff89f [term 0 FOLLOWER]: Becoming Follower/Learner. State: Replica: 6016ad3343894eae819f98acc10ff89f, State: Initialized, Role: FOLLOWER
I20260710 10:59:48.334694 26683 consensus_queue.cc:260] T 657e031704bd47ee8e2911067d17f72d P 6016ad3343894eae819f98acc10ff89f [NON_LEADER]: Queue going to NON_LEADER mode. State: All replicated index: 0, Majority replicated index: 0, Committed index: 0, Last appended: 0.0, Last appended by leader: 0, Current term: 0, Majority size: -1, State: 0, Mode: NON_LEADER, active raft config: opid_index: -1 OBSOLETE_local: false peers { permanent_uuid: "97ec8709cb2342ccb6f5dd19b4140cbd" member_type: VOTER last_known_addr { host: "127.25.188.129" port: 42267 } } peers { permanent_uuid: "bc3490fda1b3402caeced69bb62c972e" member_type: VOTER last_known_addr { host: "127.25.188.130" port: 46331 } } peers { permanent_uuid: "6016ad3343894eae819f98acc10ff89f" member_type: VOTER last_known_addr { host: "127.25.188.131" port: 35657 } }
I20260710 10:59:48.338003 26734 consensus_queue.cc:1048] T 21fe63cbe43340139e6d39425af76c97 P bc3490fda1b3402caeced69bb62c972e [LEADER]: Connected to new peer: Peer: permanent_uuid: "6016ad3343894eae819f98acc10ff89f" member_type: VOTER last_known_addr { host: "127.25.188.131" port: 35657 }, Status: LMP_MISMATCH, Last received: 0.0, Next index: 1, Last known committed idx: 0, Time since last communication: 0.001s
I20260710 10:59:48.337098 26683 ts_tablet_manager.cc:1434] T 657e031704bd47ee8e2911067d17f72d P 6016ad3343894eae819f98acc10ff89f: Time spent starting tablet: real 0.124s	user 0.009s	sys 0.002s
I20260710 10:59:48.340202 26683 tablet_bootstrap.cc:492] T bed0100fd48d4c36908b5ef7d460cce7 P 6016ad3343894eae819f98acc10ff89f: Bootstrap starting.
I20260710 10:59:48.346239 26686 leader_election.cc:290] T 4004cf4a5e734c0ab73e122a3da85716 P 97ec8709cb2342ccb6f5dd19b4140cbd [CANDIDATE]: Term 1 pre-election: Requested pre-vote from peers bc3490fda1b3402caeced69bb62c972e (127.25.188.130:46331), 6016ad3343894eae819f98acc10ff89f (127.25.188.131:35657)
I20260710 10:59:48.339118 26712 raft_consensus.cc:515] T 4004cf4a5e734c0ab73e122a3da85716 P 97ec8709cb2342ccb6f5dd19b4140cbd [term 1 FOLLOWER]: Starting leader election with config: opid_index: -1 OBSOLETE_local: false peers { permanent_uuid: "97ec8709cb2342ccb6f5dd19b4140cbd" member_type: VOTER last_known_addr { host: "127.25.188.129" port: 42267 } } peers { permanent_uuid: "bc3490fda1b3402caeced69bb62c972e" member_type: VOTER last_known_addr { host: "127.25.188.130" port: 46331 } } peers { permanent_uuid: "6016ad3343894eae819f98acc10ff89f" member_type: VOTER last_known_addr { host: "127.25.188.131" port: 35657 } }
I20260710 10:59:48.348505 26712 leader_election.cc:290] T 4004cf4a5e734c0ab73e122a3da85716 P 97ec8709cb2342ccb6f5dd19b4140cbd [CANDIDATE]: Term 1 election: Requested vote from peers bc3490fda1b3402caeced69bb62c972e (127.25.188.130:46331), 6016ad3343894eae819f98acc10ff89f (127.25.188.131:35657)
I20260710 10:59:48.349169 26681 tablet_bootstrap.cc:654] T 657e031704bd47ee8e2911067d17f72d P 97ec8709cb2342ccb6f5dd19b4140cbd: Neither blocks nor log segments found. Creating new log.
I20260710 10:59:48.349463 26564 tablet_service.cc:1917] Received RequestConsensusVote() RPC: tablet_id: "4004cf4a5e734c0ab73e122a3da85716" candidate_uuid: "97ec8709cb2342ccb6f5dd19b4140cbd" candidate_term: 1 candidate_status { last_received { term: 0 index: 0 } } ignore_live_leader: false dest_uuid: "bc3490fda1b3402caeced69bb62c972e"
I20260710 10:59:48.350112 26564 raft_consensus.cc:3060] T 4004cf4a5e734c0ab73e122a3da85716 P bc3490fda1b3402caeced69bb62c972e [term 0 FOLLOWER]: Advancing to term 1
I20260710 10:59:48.351653 26636 tablet_service.cc:1917] Received RequestConsensusVote() RPC: tablet_id: "4004cf4a5e734c0ab73e122a3da85716" candidate_uuid: "97ec8709cb2342ccb6f5dd19b4140cbd" candidate_term: 1 candidate_status { last_received { term: 0 index: 0 } } ignore_live_leader: false dest_uuid: "6016ad3343894eae819f98acc10ff89f" is_pre_election: true
I20260710 10:59:48.352712 26636 raft_consensus.cc:2468] T 4004cf4a5e734c0ab73e122a3da85716 P 6016ad3343894eae819f98acc10ff89f [term 0 FOLLOWER]: Leader pre-election vote request: Granting yes vote for candidate 97ec8709cb2342ccb6f5dd19b4140cbd in term 0.
I20260710 10:59:48.358211 26637 tablet_service.cc:1917] Received RequestConsensusVote() RPC: tablet_id: "4004cf4a5e734c0ab73e122a3da85716" candidate_uuid: "97ec8709cb2342ccb6f5dd19b4140cbd" candidate_term: 1 candidate_status { last_received { term: 0 index: 0 } } ignore_live_leader: false dest_uuid: "6016ad3343894eae819f98acc10ff89f"
I20260710 10:59:48.359164 26637 raft_consensus.cc:3060] T 4004cf4a5e734c0ab73e122a3da85716 P 6016ad3343894eae819f98acc10ff89f [term 0 FOLLOWER]: Advancing to term 1
I20260710 10:59:48.361346 26384 catalog_manager.cc:5697] T 7feeb076c1f94cc1898bc8daca12e7d6 P 97ec8709cb2342ccb6f5dd19b4140cbd reported cstate change: term changed from 0 to 1, leader changed from <none> to 97ec8709cb2342ccb6f5dd19b4140cbd (127.25.188.129). New cstate: current_term: 1 leader_uuid: "97ec8709cb2342ccb6f5dd19b4140cbd" committed_config { opid_index: -1 OBSOLETE_local: false peers { permanent_uuid: "97ec8709cb2342ccb6f5dd19b4140cbd" member_type: VOTER last_known_addr { host: "127.25.188.129" port: 42267 } health_report { overall_health: HEALTHY } } peers { permanent_uuid: "bc3490fda1b3402caeced69bb62c972e" member_type: VOTER last_known_addr { host: "127.25.188.130" port: 46331 } health_report { overall_health: UNKNOWN } } peers { permanent_uuid: "6016ad3343894eae819f98acc10ff89f" member_type: VOTER last_known_addr { host: "127.25.188.131" port: 35657 } health_report { overall_health: UNKNOWN } } }
I20260710 10:59:48.371073 26683 tablet_bootstrap.cc:654] T bed0100fd48d4c36908b5ef7d460cce7 P 6016ad3343894eae819f98acc10ff89f: Neither blocks nor log segments found. Creating new log.
I20260710 10:59:48.377961 26637 raft_consensus.cc:2468] T 4004cf4a5e734c0ab73e122a3da85716 P 6016ad3343894eae819f98acc10ff89f [term 1 FOLLOWER]: Leader election vote request: Granting yes vote for candidate 97ec8709cb2342ccb6f5dd19b4140cbd in term 1.
I20260710 10:59:48.378736 26737 consensus_queue.cc:1048] T 9219b0b3aeab46fd8ca2d98cfd2b2400 P 97ec8709cb2342ccb6f5dd19b4140cbd [LEADER]: Connected to new peer: Peer: permanent_uuid: "6016ad3343894eae819f98acc10ff89f" member_type: VOTER last_known_addr { host: "127.25.188.131" port: 35657 }, Status: LMP_MISMATCH, Last received: 0.0, Next index: 1, Last known committed idx: 0, Time since last communication: 0.024s
I20260710 10:59:48.379897 26453 leader_election.cc:304] T 4004cf4a5e734c0ab73e122a3da85716 P 97ec8709cb2342ccb6f5dd19b4140cbd [CANDIDATE]: Term 1 election: Election decided. Result: candidate won. Election summary: received 2 responses out of 3 voters: 2 yes votes; 0 no votes. yes voters: 6016ad3343894eae819f98acc10ff89f, 97ec8709cb2342ccb6f5dd19b4140cbd; no voters: 
I20260710 10:59:48.381771 26712 consensus_queue.cc:1048] T 9219b0b3aeab46fd8ca2d98cfd2b2400 P 97ec8709cb2342ccb6f5dd19b4140cbd [LEADER]: Connected to new peer: Peer: permanent_uuid: "bc3490fda1b3402caeced69bb62c972e" member_type: VOTER last_known_addr { host: "127.25.188.130" port: 46331 }, Status: LMP_MISMATCH, Last received: 0.0, Next index: 1, Last known committed idx: 0, Time since last communication: 0.001s
I20260710 10:59:48.386781 26681 tablet_bootstrap.cc:492] T 657e031704bd47ee8e2911067d17f72d P 97ec8709cb2342ccb6f5dd19b4140cbd: No bootstrap required, opened a new log
I20260710 10:59:48.387918 26681 ts_tablet_manager.cc:1403] T 657e031704bd47ee8e2911067d17f72d P 97ec8709cb2342ccb6f5dd19b4140cbd: Time spent bootstrapping tablet: real 0.231s	user 0.015s	sys 0.014s
I20260710 10:59:48.391083 26681 raft_consensus.cc:359] T 657e031704bd47ee8e2911067d17f72d P 97ec8709cb2342ccb6f5dd19b4140cbd [term 0 FOLLOWER]: Replica starting. Triggering 0 pending ops. Active config: opid_index: -1 OBSOLETE_local: false peers { permanent_uuid: "97ec8709cb2342ccb6f5dd19b4140cbd" member_type: VOTER last_known_addr { host: "127.25.188.129" port: 42267 } } peers { permanent_uuid: "bc3490fda1b3402caeced69bb62c972e" member_type: VOTER last_known_addr { host: "127.25.188.130" port: 46331 } } peers { permanent_uuid: "6016ad3343894eae819f98acc10ff89f" member_type: VOTER last_known_addr { host: "127.25.188.131" port: 35657 } }
I20260710 10:59:48.391525 26737 raft_consensus.cc:2804] T 4004cf4a5e734c0ab73e122a3da85716 P 97ec8709cb2342ccb6f5dd19b4140cbd [term 1 FOLLOWER]: Leader election won for term 1
I20260710 10:59:48.391841 26681 raft_consensus.cc:385] T 657e031704bd47ee8e2911067d17f72d P 97ec8709cb2342ccb6f5dd19b4140cbd [term 0 FOLLOWER]: Consensus starting up: Expiring failure detector timer to make a prompt election more likely
I20260710 10:59:48.392091 26737 raft_consensus.cc:697] T 4004cf4a5e734c0ab73e122a3da85716 P 97ec8709cb2342ccb6f5dd19b4140cbd [term 1 LEADER]: Becoming Leader. State: Replica: 97ec8709cb2342ccb6f5dd19b4140cbd, State: Running, Role: LEADER
I20260710 10:59:48.392171 26681 raft_consensus.cc:740] T 657e031704bd47ee8e2911067d17f72d P 97ec8709cb2342ccb6f5dd19b4140cbd [term 0 FOLLOWER]: Becoming Follower/Learner. State: Replica: 97ec8709cb2342ccb6f5dd19b4140cbd, State: Initialized, Role: FOLLOWER
I20260710 10:59:48.393990 26681 consensus_queue.cc:260] T 657e031704bd47ee8e2911067d17f72d P 97ec8709cb2342ccb6f5dd19b4140cbd [NON_LEADER]: Queue going to NON_LEADER mode. State: All replicated index: 0, Majority replicated index: 0, Committed index: 0, Last appended: 0.0, Last appended by leader: 0, Current term: 0, Majority size: -1, State: 0, Mode: NON_LEADER, active raft config: opid_index: -1 OBSOLETE_local: false peers { permanent_uuid: "97ec8709cb2342ccb6f5dd19b4140cbd" member_type: VOTER last_known_addr { host: "127.25.188.129" port: 42267 } } peers { permanent_uuid: "bc3490fda1b3402caeced69bb62c972e" member_type: VOTER last_known_addr { host: "127.25.188.130" port: 46331 } } peers { permanent_uuid: "6016ad3343894eae819f98acc10ff89f" member_type: VOTER last_known_addr { host: "127.25.188.131" port: 35657 } }
I20260710 10:59:48.393929 26737 consensus_queue.cc:237] T 4004cf4a5e734c0ab73e122a3da85716 P 97ec8709cb2342ccb6f5dd19b4140cbd [LEADER]: Queue going to LEADER mode. State: All replicated index: 0, Majority replicated index: 0, Committed index: 0, Last appended: 0.0, Last appended by leader: 0, Current term: 1, Majority size: 2, State: 0, Mode: LEADER, active raft config: opid_index: -1 OBSOLETE_local: false peers { permanent_uuid: "97ec8709cb2342ccb6f5dd19b4140cbd" member_type: VOTER last_known_addr { host: "127.25.188.129" port: 42267 } } peers { permanent_uuid: "bc3490fda1b3402caeced69bb62c972e" member_type: VOTER last_known_addr { host: "127.25.188.130" port: 46331 } } peers { permanent_uuid: "6016ad3343894eae819f98acc10ff89f" member_type: VOTER last_known_addr { host: "127.25.188.131" port: 35657 } }
I20260710 10:59:48.399271 26681 ts_tablet_manager.cc:1434] T 657e031704bd47ee8e2911067d17f72d P 97ec8709cb2342ccb6f5dd19b4140cbd: Time spent starting tablet: real 0.011s	user 0.005s	sys 0.001s
I20260710 10:59:48.401304 26564 raft_consensus.cc:2468] T 4004cf4a5e734c0ab73e122a3da85716 P bc3490fda1b3402caeced69bb62c972e [term 1 FOLLOWER]: Leader election vote request: Granting yes vote for candidate 97ec8709cb2342ccb6f5dd19b4140cbd in term 1.
I20260710 10:59:48.402558 26681 tablet_bootstrap.cc:492] T bed0100fd48d4c36908b5ef7d460cce7 P 97ec8709cb2342ccb6f5dd19b4140cbd: Bootstrap starting.
I20260710 10:59:48.406922 26714 consensus_queue.cc:1048] T cf32c837c24b46a8987dfd2d911913c7 P bc3490fda1b3402caeced69bb62c972e [LEADER]: Connected to new peer: Peer: permanent_uuid: "6016ad3343894eae819f98acc10ff89f" member_type: VOTER last_known_addr { host: "127.25.188.131" port: 35657 }, Status: LMP_MISMATCH, Last received: 0.0, Next index: 1, Last known committed idx: 0, Time since last communication: 0.000s
I20260710 10:59:48.417307 26681 tablet_bootstrap.cc:654] T bed0100fd48d4c36908b5ef7d460cce7 P 97ec8709cb2342ccb6f5dd19b4140cbd: Neither blocks nor log segments found. Creating new log.
I20260710 10:59:48.424072 26714 raft_consensus.cc:493] T 2ac006faba8b45908bf3d8b9fd004a88 P bc3490fda1b3402caeced69bb62c972e [term 0 FOLLOWER]: Starting pre-election (no leader contacted us within the election timeout)
I20260710 10:59:48.424677 26714 raft_consensus.cc:515] T 2ac006faba8b45908bf3d8b9fd004a88 P bc3490fda1b3402caeced69bb62c972e [term 0 FOLLOWER]: Starting pre-election with config: opid_index: -1 OBSOLETE_local: false peers { permanent_uuid: "97ec8709cb2342ccb6f5dd19b4140cbd" member_type: VOTER last_known_addr { host: "127.25.188.129" port: 42267 } } peers { permanent_uuid: "bc3490fda1b3402caeced69bb62c972e" member_type: VOTER last_known_addr { host: "127.25.188.130" port: 46331 } } peers { permanent_uuid: "6016ad3343894eae819f98acc10ff89f" member_type: VOTER last_known_addr { host: "127.25.188.131" port: 35657 } }
I20260710 10:59:48.428735 26489 tablet_service.cc:1917] Received RequestConsensusVote() RPC: tablet_id: "2ac006faba8b45908bf3d8b9fd004a88" candidate_uuid: "bc3490fda1b3402caeced69bb62c972e" candidate_term: 1 candidate_status { last_received { term: 0 index: 0 } } ignore_live_leader: false dest_uuid: "97ec8709cb2342ccb6f5dd19b4140cbd" is_pre_election: true
I20260710 10:59:48.429754 26489 raft_consensus.cc:2468] T 2ac006faba8b45908bf3d8b9fd004a88 P 97ec8709cb2342ccb6f5dd19b4140cbd [term 0 FOLLOWER]: Leader pre-election vote request: Granting yes vote for candidate bc3490fda1b3402caeced69bb62c972e in term 0.
I20260710 10:59:48.431643 26528 leader_election.cc:304] T 2ac006faba8b45908bf3d8b9fd004a88 P bc3490fda1b3402caeced69bb62c972e [CANDIDATE]: Term 1 pre-election: Election decided. Result: candidate won. Election summary: received 2 responses out of 3 voters: 2 yes votes; 0 no votes. yes voters: 97ec8709cb2342ccb6f5dd19b4140cbd, bc3490fda1b3402caeced69bb62c972e; no voters: 
I20260710 10:59:48.433420 26734 raft_consensus.cc:2804] T 2ac006faba8b45908bf3d8b9fd004a88 P bc3490fda1b3402caeced69bb62c972e [term 0 FOLLOWER]: Leader pre-election won for term 1
I20260710 10:59:48.433939 26734 raft_consensus.cc:493] T 2ac006faba8b45908bf3d8b9fd004a88 P bc3490fda1b3402caeced69bb62c972e [term 0 FOLLOWER]: Starting leader election (no leader contacted us within the election timeout)
I20260710 10:59:48.434369 26734 raft_consensus.cc:3060] T 2ac006faba8b45908bf3d8b9fd004a88 P bc3490fda1b3402caeced69bb62c972e [term 0 FOLLOWER]: Advancing to term 1
I20260710 10:59:48.445606 26714 leader_election.cc:290] T 2ac006faba8b45908bf3d8b9fd004a88 P bc3490fda1b3402caeced69bb62c972e [CANDIDATE]: Term 1 pre-election: Requested pre-vote from peers 97ec8709cb2342ccb6f5dd19b4140cbd (127.25.188.129:42267), 6016ad3343894eae819f98acc10ff89f (127.25.188.131:35657)
I20260710 10:59:48.447016 26683 tablet_bootstrap.cc:492] T bed0100fd48d4c36908b5ef7d460cce7 P 6016ad3343894eae819f98acc10ff89f: No bootstrap required, opened a new log
I20260710 10:59:48.447734 26683 ts_tablet_manager.cc:1403] T bed0100fd48d4c36908b5ef7d460cce7 P 6016ad3343894eae819f98acc10ff89f: Time spent bootstrapping tablet: real 0.108s	user 0.016s	sys 0.008s
I20260710 10:59:48.451220 26637 tablet_service.cc:1917] Received RequestConsensusVote() RPC: tablet_id: "2ac006faba8b45908bf3d8b9fd004a88" candidate_uuid: "bc3490fda1b3402caeced69bb62c972e" candidate_term: 1 candidate_status { last_received { term: 0 index: 0 } } ignore_live_leader: false dest_uuid: "6016ad3343894eae819f98acc10ff89f" is_pre_election: true
I20260710 10:59:48.423211 26384 catalog_manager.cc:5697] T 8ce850389b58407eacde426c77f6bd54 P bc3490fda1b3402caeced69bb62c972e reported cstate change: term changed from 0 to 1, leader changed from <none> to bc3490fda1b3402caeced69bb62c972e (127.25.188.130). New cstate: current_term: 1 leader_uuid: "bc3490fda1b3402caeced69bb62c972e" committed_config { opid_index: -1 OBSOLETE_local: false peers { permanent_uuid: "97ec8709cb2342ccb6f5dd19b4140cbd" member_type: VOTER last_known_addr { host: "127.25.188.129" port: 42267 } health_report { overall_health: UNKNOWN } } peers { permanent_uuid: "bc3490fda1b3402caeced69bb62c972e" member_type: VOTER last_known_addr { host: "127.25.188.130" port: 46331 } health_report { overall_health: HEALTHY } } peers { permanent_uuid: "6016ad3343894eae819f98acc10ff89f" member_type: VOTER last_known_addr { host: "127.25.188.131" port: 35657 } health_report { overall_health: UNKNOWN } } }
W20260710 10:59:48.456279 26528 leader_election.cc:343] T 2ac006faba8b45908bf3d8b9fd004a88 P bc3490fda1b3402caeced69bb62c972e [CANDIDATE]: Term 1 pre-election: Tablet error from VoteRequest() call to peer 6016ad3343894eae819f98acc10ff89f (127.25.188.131:35657): Illegal state: must be running to vote when last-logged opid is not known
I20260710 10:59:48.473685 26683 raft_consensus.cc:359] T bed0100fd48d4c36908b5ef7d460cce7 P 6016ad3343894eae819f98acc10ff89f [term 0 FOLLOWER]: Replica starting. Triggering 0 pending ops. Active config: opid_index: -1 OBSOLETE_local: false peers { permanent_uuid: "97ec8709cb2342ccb6f5dd19b4140cbd" member_type: VOTER last_known_addr { host: "127.25.188.129" port: 42267 } } peers { permanent_uuid: "bc3490fda1b3402caeced69bb62c972e" member_type: VOTER last_known_addr { host: "127.25.188.130" port: 46331 } } peers { permanent_uuid: "6016ad3343894eae819f98acc10ff89f" member_type: VOTER last_known_addr { host: "127.25.188.131" port: 35657 } }
I20260710 10:59:48.486754 26714 consensus_queue.cc:1048] T cf32c837c24b46a8987dfd2d911913c7 P bc3490fda1b3402caeced69bb62c972e [LEADER]: Connected to new peer: Peer: permanent_uuid: "97ec8709cb2342ccb6f5dd19b4140cbd" member_type: VOTER last_known_addr { host: "127.25.188.129" port: 42267 }, Status: LMP_MISMATCH, Last received: 0.0, Next index: 1, Last known committed idx: 0, Time since last communication: 0.001s
I20260710 10:59:48.486758 26681 tablet_bootstrap.cc:492] T bed0100fd48d4c36908b5ef7d460cce7 P 97ec8709cb2342ccb6f5dd19b4140cbd: No bootstrap required, opened a new log
I20260710 10:59:48.494010 26681 ts_tablet_manager.cc:1403] T bed0100fd48d4c36908b5ef7d460cce7 P 97ec8709cb2342ccb6f5dd19b4140cbd: Time spent bootstrapping tablet: real 0.094s	user 0.007s	sys 0.013s
I20260710 10:59:48.495855 26681 raft_consensus.cc:359] T bed0100fd48d4c36908b5ef7d460cce7 P 97ec8709cb2342ccb6f5dd19b4140cbd [term 0 FOLLOWER]: Replica starting. Triggering 0 pending ops. Active config: opid_index: -1 OBSOLETE_local: false peers { permanent_uuid: "97ec8709cb2342ccb6f5dd19b4140cbd" member_type: VOTER last_known_addr { host: "127.25.188.129" port: 42267 } } peers { permanent_uuid: "bc3490fda1b3402caeced69bb62c972e" member_type: VOTER last_known_addr { host: "127.25.188.130" port: 46331 } } peers { permanent_uuid: "6016ad3343894eae819f98acc10ff89f" member_type: VOTER last_known_addr { host: "127.25.188.131" port: 35657 } }
I20260710 10:59:48.496325 26681 raft_consensus.cc:385] T bed0100fd48d4c36908b5ef7d460cce7 P 97ec8709cb2342ccb6f5dd19b4140cbd [term 0 FOLLOWER]: Consensus starting up: Expiring failure detector timer to make a prompt election more likely
I20260710 10:59:48.496526 26681 raft_consensus.cc:740] T bed0100fd48d4c36908b5ef7d460cce7 P 97ec8709cb2342ccb6f5dd19b4140cbd [term 0 FOLLOWER]: Becoming Follower/Learner. State: Replica: 97ec8709cb2342ccb6f5dd19b4140cbd, State: Initialized, Role: FOLLOWER
I20260710 10:59:48.497125 26681 consensus_queue.cc:260] T bed0100fd48d4c36908b5ef7d460cce7 P 97ec8709cb2342ccb6f5dd19b4140cbd [NON_LEADER]: Queue going to NON_LEADER mode. State: All replicated index: 0, Majority replicated index: 0, Committed index: 0, Last appended: 0.0, Last appended by leader: 0, Current term: 0, Majority size: -1, State: 0, Mode: NON_LEADER, active raft config: opid_index: -1 OBSOLETE_local: false peers { permanent_uuid: "97ec8709cb2342ccb6f5dd19b4140cbd" member_type: VOTER last_known_addr { host: "127.25.188.129" port: 42267 } } peers { permanent_uuid: "bc3490fda1b3402caeced69bb62c972e" member_type: VOTER last_known_addr { host: "127.25.188.130" port: 46331 } } peers { permanent_uuid: "6016ad3343894eae819f98acc10ff89f" member_type: VOTER last_known_addr { host: "127.25.188.131" port: 35657 } }
I20260710 10:59:48.499329 26681 ts_tablet_manager.cc:1434] T bed0100fd48d4c36908b5ef7d460cce7 P 97ec8709cb2342ccb6f5dd19b4140cbd: Time spent starting tablet: real 0.005s	user 0.000s	sys 0.004s
I20260710 10:59:48.499750 26683 raft_consensus.cc:385] T bed0100fd48d4c36908b5ef7d460cce7 P 6016ad3343894eae819f98acc10ff89f [term 0 FOLLOWER]: Consensus starting up: Expiring failure detector timer to make a prompt election more likely
I20260710 10:59:48.501533 26683 raft_consensus.cc:740] T bed0100fd48d4c36908b5ef7d460cce7 P 6016ad3343894eae819f98acc10ff89f [term 0 FOLLOWER]: Becoming Follower/Learner. State: Replica: 6016ad3343894eae819f98acc10ff89f, State: Initialized, Role: FOLLOWER
I20260710 10:59:48.502307 26683 consensus_queue.cc:260] T bed0100fd48d4c36908b5ef7d460cce7 P 6016ad3343894eae819f98acc10ff89f [NON_LEADER]: Queue going to NON_LEADER mode. State: All replicated index: 0, Majority replicated index: 0, Committed index: 0, Last appended: 0.0, Last appended by leader: 0, Current term: 0, Majority size: -1, State: 0, Mode: NON_LEADER, active raft config: opid_index: -1 OBSOLETE_local: false peers { permanent_uuid: "97ec8709cb2342ccb6f5dd19b4140cbd" member_type: VOTER last_known_addr { host: "127.25.188.129" port: 42267 } } peers { permanent_uuid: "bc3490fda1b3402caeced69bb62c972e" member_type: VOTER last_known_addr { host: "127.25.188.130" port: 46331 } } peers { permanent_uuid: "6016ad3343894eae819f98acc10ff89f" member_type: VOTER last_known_addr { host: "127.25.188.131" port: 35657 } }
I20260710 10:59:48.491966 26734 raft_consensus.cc:515] T 2ac006faba8b45908bf3d8b9fd004a88 P bc3490fda1b3402caeced69bb62c972e [term 1 FOLLOWER]: Starting leader election with config: opid_index: -1 OBSOLETE_local: false peers { permanent_uuid: "97ec8709cb2342ccb6f5dd19b4140cbd" member_type: VOTER last_known_addr { host: "127.25.188.129" port: 42267 } } peers { permanent_uuid: "bc3490fda1b3402caeced69bb62c972e" member_type: VOTER last_known_addr { host: "127.25.188.130" port: 46331 } } peers { permanent_uuid: "6016ad3343894eae819f98acc10ff89f" member_type: VOTER last_known_addr { host: "127.25.188.131" port: 35657 } }
I20260710 10:59:48.505833 26489 tablet_service.cc:1917] Received RequestConsensusVote() RPC: tablet_id: "2ac006faba8b45908bf3d8b9fd004a88" candidate_uuid: "bc3490fda1b3402caeced69bb62c972e" candidate_term: 1 candidate_status { last_received { term: 0 index: 0 } } ignore_live_leader: false dest_uuid: "97ec8709cb2342ccb6f5dd19b4140cbd"
I20260710 10:59:48.506421 26489 raft_consensus.cc:3060] T 2ac006faba8b45908bf3d8b9fd004a88 P 97ec8709cb2342ccb6f5dd19b4140cbd [term 0 FOLLOWER]: Advancing to term 1
